000
CDUS41 KRNK 282116
CLILYH


CLIMATE REPORT
NATIONAL WEATHER SERVICE BLACKSBURG VA
512 PM EDT SAT MAR 28 2015


...................................

...THE LYNCHBURG VA CLIMATE SUMMARY FOR MARCH 28 2015...
VALID TODAY AS OF 0500 PM LOCAL TIME.

CLIMATE NORMAL PERIOD 1981 TO 2010
CLIMATE RECORD PERIOD 1893 TO 2015


WEATHER ITEM   OBSERVED TIME   RECORD YEAR NORMAL DEPARTURE LAST
                VALUE   (LST)  VALUE       VALUE  FROM      YEAR
                                                  NORMAL
..................................................................
TEMPERATURE (F)
 TODAY
  MAXIMUM         38    400 PM  88    1910  62    -24       67
  MINIMUM         28    645 AM  18    1969  37     -9       44
  AVERAGE         33                        50    -17       56

PRECIPITATION (IN)
  TODAY            0.00          1.78 1984   0.12  -0.12      T
  MONTH TO DATE    3.27                      3.21   0.06     2.55
  SINCE MAR 1      3.27                      3.21   0.06     2.55
  SINCE JAN 1      7.65                      9.28  -1.63     9.63

SNOWFALL (IN)
  TODAY            0.0
  MONTH TO DATE    2.5
  SINCE MAR 1      2.5
  SINCE JUL 1     22.9
  SNOW DEPTH       0

DEGREE DAYS
 HEATING
  TODAY           32                        15     17        9
  MONTH TO DATE  550                       551     -1      620
  SINCE MAR 1    550                       551     -1      620
  SINCE JUL 1   4239                      3975    264     4134

 COOLING
  TODAY            0                         0      0        0
  MONTH TO DATE    0                         0      0        0
  SINCE MAR 1      0                         0      0        0
  SINCE JAN 1      0                         0      0        0
..................................................................


WIND (MPH)
  HIGHEST WIND SPEED    16   HIGHEST WIND DIRECTION    NW (300)
  HIGHEST GUST SPEED    24   HIGHEST GUST DIRECTION    NW (320)
  AVERAGE WIND SPEED     6.8


SKY COVER
  POSSIBLE SUNSHINE  MM
  AVERAGE SKY COVER 0.5


WEATHER CONDITIONS
 THE FOLLOWING WEATHER WAS RECORDED TODAY.
  NO SIGNIFICANT WEATHER WAS OBSERVED.


RELATIVE HUMIDITY (PERCENT)
 HIGHEST    70           100 AM
 LOWEST     29           200 PM
 AVERAGE    50

..........................................................


THE LYNCHBURG VA CLIMATE NORMALS FOR TOMORROW
                         NORMAL    RECORD    YEAR
 MAXIMUM TEMPERATURE (F)   63        92      1907
 MINIMUM TEMPERATURE (F)   38        23      1982
                                             1923


SUNRISE AND SUNSET
MARCH 28 2015.........SUNRISE   709 AM EDT   SUNSET   736 PM EDT
MARCH 29 2015.........SUNRISE   707 AM EDT   SUNSET   737 PM EDT


-  INDICATES NEGATIVE NUMBERS.
R  INDICATES RECORD WAS SET OR TIED.
MM INDICATES DATA IS MISSING.
T  INDICATES TRACE AMOUNT.


$$

PW
