000
CDUS41 KRNK 050638
CLILYH


CLIMATE REPORT
NATIONAL WEATHER SERVICE BLACKSBURG VA
236 AM EDT WED AUG 5 2015


...................................

...THE LYNCHBURG VA CLIMATE SUMMARY FOR AUGUST 4 2015...

CLIMATE NORMAL PERIOD 1981 TO 2010
CLIMATE RECORD PERIOD 1893 TO 2015


WEATHER ITEM   OBSERVED TIME   RECORD YEAR NORMAL DEPARTURE LAST
                VALUE   (LST)  VALUE       VALUE  FROM      YEAR
                                                  NORMAL
..................................................................
TEMPERATURE (F)
 YESTERDAY
  MAXIMUM         92    226 PM 100    1930  86      6       85
  MINIMUM         66    432 AM  52    1998  64      2       59
  AVERAGE         79                        75      4       72

PRECIPITATION (IN)
  YESTERDAY        0.16          2.50 1893   0.12   0.04     0.00
  MONTH TO DATE    0.16                      0.47  -0.31     0.80
  SINCE JUN 1      9.54                      8.45   1.09     8.99
  SINCE JAN 1     22.92                     25.14  -2.22    30.01

SNOWFALL (IN)
  YESTERDAY        0.0                                       0.0
  MONTH TO DATE    0.0                                       0.0
  SINCE JUN 1      0.0                                       0.0
  SINCE JUL 1      0.0                                       0.0
  SNOW DEPTH       0

DEGREE DAYS
 HEATING
  YESTERDAY        0                         0      0        0
  MONTH TO DATE    0                         0      0        0
  SINCE JUN 1     13                        15     -2        1
  SINCE JUL 1      0                         1     -1        0

 COOLING
  YESTERDAY       14                        10      4        7
  MONTH TO DATE   36                        40     -4       17
  SINCE JUN 1    643                       572     71      562
  SINCE JAN 1    791                       654    137      676
..................................................................


WIND (MPH)
  HIGHEST WIND SPEED    16   HIGHEST WIND DIRECTION     W (280)
  HIGHEST GUST SPEED    24   HIGHEST GUST DIRECTION     W (270)
  AVERAGE WIND SPEED     4.6


SKY COVER
  AVERAGE SKY COVER 0.0


WEATHER CONDITIONS
 THE FOLLOWING WEATHER WAS RECORDED YESTERDAY.
  THUNDERSTORM
  HEAVY RAIN
  RAIN
  FOG


RELATIVE HUMIDITY (PERCENT)
 HIGHEST    94           700 PM
 LOWEST     46          1100 AM
 AVERAGE    70

..........................................................


THE LYNCHBURG VA CLIMATE NORMALS FOR TODAY
                         NORMAL    RECORD    YEAR
 MAXIMUM TEMPERATURE (F)   86        98      1936
                                             1930
 MINIMUM TEMPERATURE (F)   64        54      1929


SUNRISE AND SUNSET
AUGUST  5 2015........SUNRISE   624 AM EDT   SUNSET   821 PM EDT
AUGUST  6 2015........SUNRISE   625 AM EDT   SUNSET   820 PM EDT


-  INDICATES NEGATIVE NUMBERS.
R  INDICATES RECORD WAS SET OR TIED.
MM INDICATES DATA IS MISSING.
T  INDICATES TRACE AMOUNT.

$$

RAB
