000
CDUS41 KRNK 220844
CLILYH


CLIMATE REPORT
NATIONAL WEATHER SERVICE BLACKSBURG VA
335 AM EST SUN JAN 22 2017


...................................

...THE LYNCHBURG VA CLIMATE SUMMARY FOR JANUARY 21 2017...

CLIMATE NORMAL PERIOD 1981 TO 2010
CLIMATE RECORD PERIOD 1893 TO 2017


WEATHER ITEM   OBSERVED TIME   RECORD YEAR NORMAL DEPARTURE LAST
                VALUE   (LST)  VALUE       VALUE  FROM      YEAR
                                                  NORMAL
..................................................................
TEMPERATURE (F)
 YESTERDAY
  MAXIMUM         52    410 PM  72    1932  46      6       38
  MINIMUM         47    817 AM -10    1985  25     22       19
  AVERAGE         50                        35     15       29

PRECIPITATION (IN)
  YESTERDAY        0.09          1.70 1974   0.10  -0.01     0.00
  MONTH TO DATE    2.06                      2.12  -0.06     1.47
  SINCE DEC 1      5.16                      5.36  -0.20     6.44
  SINCE JAN 1      2.06                      2.12  -0.06     1.47

SNOWFALL (IN)
  YESTERDAY        0.0                                       0.0
  MONTH TO DATE    5.9                                       0.1
  SINCE DEC 1      5.9                                       0.1
  SINCE JUL 1      5.9                                       0.1
  SNOW DEPTH       0

DEGREE DAYS
 HEATING
  YESTERDAY       15                        30    -15       36
  MONTH TO DATE  543                       630    -87      666
  SINCE DEC 1   1352                      1481   -129     1150
  SINCE JUL 1   1982                      2375   -393     1860

 COOLING
  YESTERDAY        0                         0      0        0
  MONTH TO DATE    0                         0      0        0
  SINCE DEC 1      0                         0      0        0
  SINCE JAN 1      0                         0      0        0
..................................................................


WIND (MPH)
  HIGHEST WIND SPEED    15   HIGHEST WIND DIRECTION     N (20)
  HIGHEST GUST SPEED    19   HIGHEST GUST DIRECTION     N (10)
  AVERAGE WIND SPEED     4.2


SKY COVER
  AVERAGE SKY COVER 1.0


WEATHER CONDITIONS
 THE FOLLOWING WEATHER WAS RECORDED YESTERDAY.
  RAIN
  LIGHT RAIN
  FOG
  FOG W/VISIBILITY <= 1/4 MILE


RELATIVE HUMIDITY (PERCENT)
 HIGHEST   100          1200 AM
 LOWEST     93          1200 PM
 AVERAGE    97

..........................................................


THE LYNCHBURG VA CLIMATE NORMALS FOR TODAY
                         NORMAL    RECORD    YEAR
 MAXIMUM TEMPERATURE (F)   46        74      1932
 MINIMUM TEMPERATURE (F)   25        -4      1970


SUNRISE AND SUNSET
JANUARY 22 2017.......SUNRISE   727 AM EST   SUNSET   531 PM EST
JANUARY 23 2017.......SUNRISE   726 AM EST   SUNSET   532 PM EST


-  INDICATES NEGATIVE NUMBERS.
R  INDICATES RECORD WAS SET OR TIED.
MM INDICATES DATA IS MISSING.
T  INDICATES TRACE AMOUNT.




$$
