830
CDUS41 KRNK 180735
CLILYH


CLIMATE REPORT
NATIONAL WEATHER SERVICE BLACKSBURG VA
232 AM EST THU JAN 18 2018


...................................

...THE LYNCHBURG VA CLIMATE SUMMARY FOR JANUARY 17 2018...

CLIMATE NORMAL PERIOD 1981 TO 2010
CLIMATE RECORD PERIOD 1893 TO 2018


WEATHER ITEM   OBSERVED TIME   RECORD YEAR NORMAL DEPARTURE LAST
                VALUE   (LST)  VALUE       VALUE  FROM      YEAR
                                                  NORMAL
..................................................................
TEMPERATURE (F)
 YESTERDAY
  MAXIMUM         35    310 AM  78    1943  45    -10       55
  MINIMUM         20   1159 PM  -8    1977  25     -5       37
  AVERAGE         28                        35     -7       46

PRECIPITATION (IN)
  YESTERDAY        0.32          1.81 2013   0.11   0.21     0.10
  MONTH TO DATE    1.80                      1.71   0.09     1.63
  SINCE DEC 1      2.49                      4.95  -2.46     4.73
  SINCE JAN 1      1.80                      1.71   0.09     1.63

SNOWFALL (IN)
  YESTERDAY        4.0                                       0.0
  MONTH TO DATE    4.0                                       5.9
  SINCE DEC 1      5.5                                       5.9
  SINCE JUL 1      5.5                                       5.9
  SNOW DEPTH       4

DEGREE DAYS
 HEATING
  YESTERDAY       37                        30      7       19
  MONTH TO DATE  629                       510    119      472
  SINCE DEC 1   1481                      1361    120     1281
  SINCE JUL 1   2296                      2255     41     1911

 COOLING
  YESTERDAY        0                         0      0        0
  MONTH TO DATE    0                         0      0        0
  SINCE DEC 1      0                         0      0        0
  SINCE JAN 1      0                         0      0        0
..................................................................


WIND (MPH)
  HIGHEST WIND SPEED    14   HIGHEST WIND DIRECTION    NE (30)
  HIGHEST GUST SPEED    20   HIGHEST GUST DIRECTION     N (350)
  AVERAGE WIND SPEED     5.6


SKY COVER
  AVERAGE SKY COVER 1.0


WEATHER CONDITIONS
 THE FOLLOWING WEATHER WAS RECORDED YESTERDAY.
  SNOW
  LIGHT SNOW
  FOG


RELATIVE HUMIDITY (PERCENT)
 HIGHEST    96           400 PM
 LOWEST     52          1100 PM
 AVERAGE    74

..........................................................


THE LYNCHBURG VA CLIMATE NORMALS FOR TODAY
                         NORMAL    RECORD    YEAR
 MAXIMUM TEMPERATURE (F)   45        70      1990
 MINIMUM TEMPERATURE (F)   25        -3      1893


SUNRISE AND SUNSET
JANUARY 18 2018.......SUNRISE   729 AM EST   SUNSET   526 PM EST
JANUARY 19 2018.......SUNRISE   728 AM EST   SUNSET   527 PM EST


-  INDICATES NEGATIVE NUMBERS.
R  INDICATES RECORD WAS SET OR TIED.
MM INDICATES DATA IS MISSING.
T  INDICATES TRACE AMOUNT.




$$
