000
CDUS41 KRNK 250540
CLILYH


CLIMATE REPORT
NATIONAL WEATHER SERVICE BLACKSBURG VA
1237 AM EST SAT FEB 25 2017


...................................

...THE LYNCHBURG VA CLIMATE SUMMARY FOR FEBRUARY 24 2017...

CLIMATE NORMAL PERIOD 1981 TO 2010
CLIMATE RECORD PERIOD 1893 TO 2017


WEATHER ITEM   OBSERVED TIME   RECORD YEAR NORMAL DEPARTURE LAST
                VALUE   (LST)  VALUE       VALUE  FROM      YEAR
                                                  NORMAL
..................................................................
TEMPERATURE (F)
 YESTERDAY
  MAXIMUM         74    400 PM  79    2012  51     23       60
                                      1985
  MINIMUM         44    510 AM  10    1947  29     15       39
  AVERAGE         59                        40     19       50

PRECIPITATION (IN)
  YESTERDAY        0.00          1.87 1979   0.11  -0.11     0.59
  MONTH TO DATE    0.47                      2.52  -2.05     4.52
  SINCE DEC 1      7.35                      8.90  -1.55    12.26
  SINCE JAN 1      4.25                      5.66  -1.41     7.29

SNOWFALL (IN)
  YESTERDAY        0.0                                       0.0
  MONTH TO DATE    0.0                                       5.4
  SINCE DEC 1      5.9                                      15.6
  SINCE JUL 1      5.9                                      15.6
  SNOW DEPTH       0

DEGREE DAYS
 HEATING
  YESTERDAY        6                        25    -19       15
  MONTH TO DATE  431                       654   -223      678
  SINCE DEC 1   2009                      2432   -423     2145
  SINCE JUL 1   2639                      3326   -687     2855

 COOLING
  YESTERDAY        0                         0      0        0
  MONTH TO DATE    1                         0      1        0
  SINCE DEC 1      1                         0      1        0
  SINCE JAN 1      1                         0      1        0
..................................................................


WIND (MPH)
  HIGHEST WIND SPEED    18   HIGHEST WIND DIRECTION     S (190)
  HIGHEST GUST SPEED    23   HIGHEST GUST DIRECTION     S (180)
  AVERAGE WIND SPEED     6.0


SKY COVER
  AVERAGE SKY COVER 0.2


WEATHER CONDITIONS
 THE FOLLOWING WEATHER WAS RECORDED YESTERDAY.
  FOG


RELATIVE HUMIDITY (PERCENT)
 HIGHEST    93           800 AM
 LOWEST     44           300 PM
 AVERAGE    69

..........................................................


THE LYNCHBURG VA CLIMATE NORMALS FOR TODAY
                         NORMAL    RECORD    YEAR
 MAXIMUM TEMPERATURE (F)   52        81      1930
 MINIMUM TEMPERATURE (F)   29         6      1967


SUNRISE AND SUNSET
FEBRUARY 25 2017......SUNRISE   653 AM EST   SUNSET   607 PM EST
FEBRUARY 26 2017......SUNRISE   652 AM EST   SUNSET   608 PM EST


-  INDICATES NEGATIVE NUMBERS.
R  INDICATES RECORD WAS SET OR TIED.
MM INDICATES DATA IS MISSING.
T  INDICATES TRACE AMOUNT.


REMARKS:

DUE TO A POWER OUTAGE CAUSING A MISSING LOW TEMPERATURE ON FEBRUARY
23...ALL TEMPERATURE AND HEATING DEGREE DAY INFORMATION WILL BE
CALCULATED WITHOUT DATA FROM THIS DATE.


$$
