000
CDUS44 KLZK 202108
CLILZK


CLIMATE REPORT
NATIONAL WEATHER SERVICE LITTLE ROCK AR
408 PM CDT SUN APR 20 2014


...................................

...THE NORTH LITTLE ROCK CLIMATE SUMMARY FOR APRIL 20 2014...
VALID TODAY AS OF 0400 PM LOCAL TIME.

CLIMATE NORMAL PERIOD 1981 TO 2010
CLIMATE RECORD PERIOD 1975 TO 2014


WEATHER ITEM   OBSERVED TIME   RECORD YEAR NORMAL DEPARTURE LAST
                VALUE   (LST)  VALUE       VALUE  FROM      YEAR
                                                  NORMAL
..................................................................
TEMPERATURE (F)
 TODAY
  MAXIMUM         79        MM  94    1987  74      5       69
  MINIMUM         58        MM  34    1983  54      4       44
  AVERAGE         69                        64      5       57

PRECIPITATION (IN)
  TODAY            0.00          1.20 1977   0.17  -0.17     0.00
  MONTH TO DATE    3.67                      3.10   0.57     3.46
  SINCE MAR 1      8.84                      7.87   0.97     8.45
  SINCE JAN 1     14.16                     14.95  -0.79    17.97

SNOWFALL (IN)
  TODAY            0.0          MM      MM   0.0    0.0      0.0
  MONTH TO DATE    0.0                       0.0    0.0      0.0
  SINCE MAR 1      1.6                       0.4    1.2       T
  SINCE JUL 1      5.2                       4.4    0.8     10.9
  SNOW DEPTH       0

DEGREE DAYS
 HEATING
  TODAY            0                         4     -4        8
  MONTH TO DATE  136                       111     25      143
  SINCE MAR 1    625                       471    154      656
  SINCE JUL 1   3452                      2957    495     2925

 COOLING
  TODAY            4                         3      1        0
  MONTH TO DATE   30                        36     -6       46
  SINCE MAR 1     30                        53    -23       49
  SINCE JAN 1     30                        55    -25       51
..................................................................


WIND (MPH)
  HIGHEST WIND SPEED    MM   HIGHEST WIND DIRECTION    MM
  HIGHEST GUST SPEED    MM   HIGHEST GUST DIRECTION    MM
  AVERAGE WIND SPEED    MM


SKY COVER
  POSSIBLE SUNSHINE  MM
  AVERAGE SKY COVER  MM


WEATHER CONDITIONS
 THE FOLLOWING WEATHER WAS RECORDED TODAY.
  NO SIGNIFICANT WEATHER WAS OBSERVED.


RELATIVE HUMIDITY (PERCENT)
 HIGHEST    MM
 LOWEST     MM
 AVERAGE    MM

..........................................................


THE NORTH LITTLE ROCK CLIMATE NORMALS FOR TOMORROW
                         NORMAL    RECORD    YEAR
 MAXIMUM TEMPERATURE (F)   74        88      1980
 MINIMUM TEMPERATURE (F)   54        40      1978


SUNRISE AND SUNSET
APRIL 20 2014.........SUNRISE   631 AM CDT   SUNSET   745 PM CDT
APRIL 21 2014.........SUNRISE   630 AM CDT   SUNSET   746 PM CDT


-  INDICATES NEGATIVE NUMBERS.
R  INDICATES RECORD WAS SET OR TIED.
MM INDICATES DATA IS MISSING.
T  INDICATES TRACE AMOUNT.




$$
