000
CDUS44 KLZK 300906
CLILZK


CLIMATE REPORT
NATIONAL WEATHER SERVICE LITTLE ROCK AR
405 AM CDT TUE JUN 30 2015


...................................

...THE NORTH LITTLE ROCK CLIMATE SUMMARY FOR JUNE 29 2015...

CLIMATE NORMAL PERIOD 1981 TO 2010
CLIMATE RECORD PERIOD 1975 TO 2015


WEATHER ITEM   OBSERVED TIME   RECORD YEAR NORMAL DEPARTURE LAST
                VALUE   (LST)  VALUE       VALUE  FROM      YEAR
                                                  NORMAL
..................................................................
TEMPERATURE (F)
 YESTERDAY
  MAXIMUM         90        MM 104    2012  91     -1       89
  MINIMUM         72        MM  61    1985  72      0       72
  AVERAGE         81                        81      0       81

PRECIPITATION (IN)
  YESTERDAY        0.00          1.32 2014   0.11  -0.11     1.32
  MONTH TO DATE    2.41                      3.20  -0.79     7.58
  SINCE JUN 1      2.41                      3.20  -0.79     7.58
  SINCE JAN 1     33.47                     24.80   8.67    30.06

SNOWFALL (IN)
  YESTERDAY        0.0          MM      MM   0.0    0.0      0.0
  MONTH TO DATE    0.0                       0.0    0.0      0.0
  SINCE JUN 1      0.0                       0.0    0.0      0.0
  SINCE JUL 1     10.6                       4.4    6.2      5.2
  SNOW DEPTH       0

DEGREE DAYS
 HEATING
  YESTERDAY        0                         0      0        0
  MONTH TO DATE    0                         0      0        0
  SINCE JUN 1      0                         0      0        0
  SINCE JUL 1   3312                      3005    307     3534

 COOLING
  YESTERDAY       16                        16      0       16
  MONTH TO DATE  433                       396     37      374
  SINCE JUN 1    433                       396     37      374
  SINCE JAN 1    716                       692     24      638
..................................................................


WIND (MPH)
  HIGHEST WIND SPEED     9   HIGHEST WIND DIRECTION     W (260)
  HIGHEST GUST SPEED    18   HIGHEST GUST DIRECTION     W (260)
  AVERAGE WIND SPEED     5.7


SKY COVER
  POSSIBLE SUNSHINE  MM
  AVERAGE SKY COVER 0.3


WEATHER CONDITIONS
 THE FOLLOWING WEATHER WAS RECORDED YESTERDAY.
  NO SIGNIFICANT WEATHER WAS OBSERVED.


RELATIVE HUMIDITY (PERCENT)
 HIGHEST    85          1000 PM
 LOWEST     53          1200 PM
 AVERAGE    69

..........................................................


THE NORTH LITTLE ROCK CLIMATE NORMALS FOR TODAY
                         NORMAL    RECORD    YEAR
 MAXIMUM TEMPERATURE (F)   91       102      2012
                                             1980
 MINIMUM TEMPERATURE (F)   72        64      1985


SUNRISE AND SUNSET
JUNE 30 2015..........SUNRISE   559 AM CDT   SUNSET   827 PM CDT
JULY  1 2015..........SUNRISE   559 AM CDT   SUNSET   827 PM CDT


-  INDICATES NEGATIVE NUMBERS.
R  INDICATES RECORD WAS SET OR TIED.
MM INDICATES DATA IS MISSING.
T  INDICATES TRACE AMOUNT.




$$
