678
CDUS46 KHNX 220042
CLIMAE


CLIMATE REPORT
NATIONAL WEATHER SERVICE SAN JOAQUIN VALLEY, CA
442 PM PST SAT JAN 21 2017


...................................

...THE MADERA CA CLIMATE SUMMARY FOR JANUARY 21 2017...
VALID AS OF 0400 PM LOCAL TIME.

CLIMATE NORMAL PERIOD 1981 TO 2010
CLIMATE RECORD PERIOD 1998 TO 2017


WEATHER ITEM   OBSERVED TIME   RECORD YEAR NORMAL DEPARTURE LAST
                VALUE   (LST)  VALUE       VALUE  FROM      YEAR
                                                  NORMAL
..................................................................
TEMPERATURE (F)
 TODAY
  MAXIMUM         55    333 PM  66    2014  55      0       59
  MINIMUM         40    224 AM  26    2007  37      3       45
  AVERAGE         48                        46      2       52

PRECIPITATION (IN)
  TODAY            0.02          0.49 2012   0.08  -0.06     0.00
  MONTH TO DATE    4.23                      1.94   2.29     2.48
  SINCE OCT 1      8.30                      5.67   2.63     7.04
  SINCE JAN 1      4.23                      1.94   2.29     2.48

SNOWFALL (IN)
  TODAY           MM
  MONTH TO DATE    0.0
  SINCE DEC 1      0.0
  SINCE JUL 1      0.0
  SNOW DEPTH       0

DEGREE DAYS
 HEATING
  TODAY           17                                        13
  MONTH TO DATE  331                                       317
  SINCE DEC 1    883                                       891
  SINCE JUL 1   1191                                      1302

 COOLING
  TODAY            0                                         0
  MONTH TO DATE    0                                         0
  SINCE DEC 1      0                                         0
  SINCE JAN 1      0                                         0
..................................................................


WIND (MPH)
  HIGHEST WIND SPEED    16   HIGHEST WIND DIRECTION    SE (130)
  HIGHEST GUST SPEED    21   HIGHEST GUST DIRECTION    SE (140)
  AVERAGE WIND SPEED     7.6




RELATIVE HUMIDITY (PERCENT)
 HIGHEST    89
 LOWEST     61
 AVERAGE    75

..........................................................


THE MADERA CA CLIMATE NORMALS FOR TOMORROW
                         NORMAL    RECORD    YEAR
 MAXIMUM TEMPERATURE (F)   55        68      2014
 MINIMUM TEMPERATURE (F)   38        26      2007


SUNRISE AND SUNSET
JANUARY 21 2017.......SUNRISE   710 AM PST   SUNSET   514 PM PST
JANUARY 22 2017.......SUNRISE   710 AM PST   SUNSET   515 PM PST


-  INDICATES NEGATIVE NUMBERS.
R  INDICATES RECORD WAS SET OR TIED.
MM INDICATES DATA IS MISSING.
T  INDICATES TRACE AMOUNT.




$$
