000
CDUS46 KHNX 240826
CLIMAE


CLIMATE REPORT
NATIONAL WEATHER SERVICE SAN JOAQUIN VALLEY, CA
125 AM PDT MON APR 24 2017


...................................

...THE MADERA CA AIRPORT CLIMATE SUMMARY FOR APRIL 23 2017...

CLIMATE NORMAL PERIOD 1981 TO 2010
CLIMATE RECORD PERIOD 1998 TO 2017


WEATHER ITEM   OBSERVED TIME   RECORD YEAR NORMAL DEPARTURE
                VALUE   (LST)  VALUE       VALUE  FROM
                                                  NORMAL
...............................................................
TEMPERATURE (F)
 YESTERDAY
  MAXIMUM         76    347 PM  88    2002  77     -1
  MINIMUM         52   1159 PM  39    1999  46      6
  AVERAGE         64                        62      2

PRECIPITATION (IN)
  YESTERDAY        0.00          0.01 2006   0.03  -0.03
  MONTH TO DATE    0.47                      0.75  -0.28
  SINCE OCT 1     14.17                     10.86   3.31
  SINCE JAN 1     10.10                      7.13   2.97

SNOWFALL (IN)
  YESTERDAY        0.0
  MONTH TO DATE    0.0
  SINCE MAR 1      0.0
  SINCE JUL 1      0.0
  SNOW DEPTH       0

DEGREE DAYS
 HEATING
  YESTERDAY        1
  MONTH TO DATE  108
  SINCE MAR 1    350
  SINCE JUL 1   2029

 COOLING
  YESTERDAY        0
  MONTH TO DATE    2
  SINCE MAR 1      8
  SINCE JAN 1      8
...............................................................


WIND (MPH)
  HIGHEST WIND SPEED    21   HIGHEST WIND DIRECTION     N (340)
  HIGHEST GUST SPEED    24   HIGHEST GUST DIRECTION     N (350)
  AVERAGE WIND SPEED    11.1




RELATIVE HUMIDITY (PERCENT)
 HIGHEST    77
 LOWEST     27
 AVERAGE    52

..........................................................


THE MADERA CA AIRPORT CLIMATE NORMALS FOR TODAY
                         NORMAL    RECORD    YEAR
 MAXIMUM TEMPERATURE (F)   77        88      2013
 MINIMUM TEMPERATURE (F)   47        38      2008


SUNRISE AND SUNSET
APRIL 24 2017.........SUNRISE   614 AM PDT   SUNSET   744 PM PDT
APRIL 25 2017.........SUNRISE   613 AM PDT   SUNSET   744 PM PDT


-  INDICATES NEGATIVE NUMBERS.
R  INDICATES RECORD WAS SET OR TIED.
MM INDICATES DATA IS MISSING.
T  INDICATES TRACE AMOUNT.




$$
