000
CDUS46 KHNX 290023
CLIMAE


CLIMATE REPORT
NATIONAL WEATHER SERVICE SAN JOAQUIN VALLEY, CA
523 PM PDT THU APR 28 2016


...................................

...THE MADERA CA CLIMATE SUMMARY FOR APRIL 28 2016...
VALID AS OF 0400 PM LOCAL TIME.

CLIMATE NORMAL PERIOD 1981 TO 2010
CLIMATE RECORD PERIOD 1998 TO 2016


WEATHER ITEM   OBSERVED TIME   RECORD YEAR NORMAL DEPARTURE LAST
                VALUE   (LST)  VALUE       VALUE  FROM      YEAR
                                                  NORMAL
..................................................................
TEMPERATURE (F)
 TODAY
  MAXIMUM         73    357 PM  97    2007  79     -6       90
  MINIMUM         45    333 AM  38    1999  47     -2       54
  AVERAGE         59                        63     -4       72

PRECIPITATION (IN)
  TODAY            0.00          0.23 2003   0.02  -0.02     0.00
  MONTH TO DATE    1.59                      0.90   0.69     1.00
  SINCE OCT 1     12.96                     11.01   1.95     5.26
  SINCE JAN 1      8.40                      7.28   1.12     1.58

SNOWFALL (IN)
  TODAY            0.0
  MONTH TO DATE    0.0
  SINCE MAR 1      0.0
  SINCE JUL 1      0.0
  SNOW DEPTH       0

DEGREE DAYS
 HEATING
  TODAY            6                                         0
  MONTH TO DATE   73                                       119
  SINCE MAR 1    310                                       249
  SINCE JUL 1   2054                                      1699

 COOLING
  TODAY            0                                         7
  MONTH TO DATE   29                                        30
  SINCE MAR 1     29                                        60
  SINCE JAN 1     29                                        62
..................................................................


WIND (MPH)
  HIGHEST WIND SPEED    14   HIGHEST WIND DIRECTION     N (360)
  HIGHEST GUST SPEED    20   HIGHEST GUST DIRECTION     N (20)
  AVERAGE WIND SPEED     4.8




RELATIVE HUMIDITY (PERCENT)
 HIGHEST    93
 LOWEST     41
 AVERAGE    67

..........................................................


THE MADERA CA CLIMATE NORMALS FOR TOMORROW
                         NORMAL    RECORD    YEAR
 MAXIMUM TEMPERATURE (F)   79        94      2007
 MINIMUM TEMPERATURE (F)   48        39      1999


SUNRISE AND SUNSET
APRIL 28 2016.........SUNRISE   609 AM PDT   SUNSET   747 PM PDT
APRIL 29 2016.........SUNRISE   608 AM PDT   SUNSET   748 PM PDT


-  INDICATES NEGATIVE NUMBERS.
R  INDICATES RECORD WAS SET OR TIED.
MM INDICATES DATA IS MISSING.
T  INDICATES TRACE AMOUNT.




$$
