000
CDUS46 KHNX 280022
CLIMAE


CLIMATE REPORT
NATIONAL WEATHER SERVICE SAN JOAQUIN VALLEY, CA
522 PM PDT THU JUL 27 2017


...................................

...THE MADERA CA CLIMATE SUMMARY FOR JULY 27 2017...
VALID AS OF 0400 PM LOCAL TIME.

CLIMATE NORMAL PERIOD 1981 TO 2010
CLIMATE RECORD PERIOD 1998 TO 2017


WEATHER ITEM   OBSERVED TIME   RECORD YEAR NORMAL DEPARTURE LAST
                VALUE   (LST)  VALUE       VALUE  FROM      YEAR
                                                  NORMAL
..................................................................
TEMPERATURE (F)
 TODAY
  MAXIMUM        102        MM 108    2016  97      5      108
  MINIMUM         66        MM  54    2000  60      6       67
  AVERAGE         84                        79      5       88

PRECIPITATION (IN)
  TODAY            0.00          0.00   MM   0.00   0.00     0.00
  MONTH TO DATE    0.00                      0.02  -0.02     0.00
  SINCE OCT 1     14.18                     11.75   2.43    12.96
  SINCE JAN 1     10.11                      8.02   2.09     8.40

SNOWFALL (IN)
  TODAY            0.0
  MONTH TO DATE    0.0
  SINCE JUN 1      0.0
  SINCE JUL 1      0.0
  SNOW DEPTH       0

DEGREE DAYS
 HEATING
  TODAY            0                                         0
  MONTH TO DATE    0                                         0
  SINCE JUN 1      6                                         1
  SINCE JUL 1      0                                         0

 COOLING
  TODAY           19                                        23
  MONTH TO DATE  480                                       389
  SINCE JUN 1    870                                       772
  SINCE JAN 1   1055                                       965
..................................................................


WIND (MPH)
  HIGHEST WIND SPEED    12   HIGHEST WIND DIRECTION    NW (330)
  HIGHEST GUST SPEED    MM   HIGHEST GUST DIRECTION    MM
  AVERAGE WIND SPEED     7.3




RELATIVE HUMIDITY (PERCENT)
 HIGHEST    73
 LOWEST     19
 AVERAGE    46

..........................................................


THE MADERA CA CLIMATE NORMALS FOR TOMORROW
                         NORMAL    RECORD    YEAR
 MAXIMUM TEMPERATURE (F)   97       106      2016
 MINIMUM TEMPERATURE (F)   60        56      2010


SUNRISE AND SUNSET
JULY 27 2017..........SUNRISE   602 AM PDT   SUNSET   811 PM PDT
JULY 28 2017..........SUNRISE   603 AM PDT   SUNSET   811 PM PDT


-  INDICATES NEGATIVE NUMBERS.
R  INDICATES RECORD WAS SET OR TIED.
MM INDICATES DATA IS MISSING.
T  INDICATES TRACE AMOUNT.




$$
