000
CDUS46 KHNX 080825
CLIMAE


CLIMATE REPORT
NATIONAL WEATHER SERVICE SAN JOAQUIN VALLEY, CA
1224 AM PST THU DEC 8 2016


...................................

...THE MADERA CA AIRPORT CLIMATE SUMMARY FOR DECEMBER 7 2016...

CLIMATE NORMAL PERIOD 1981 TO 2010
CLIMATE RECORD PERIOD 1998 TO 2016


WEATHER ITEM   OBSERVED TIME   RECORD YEAR NORMAL DEPARTURE
                VALUE   (LST)  VALUE       VALUE  FROM
                                                  NORMAL
...............................................................
TEMPERATURE (F)
 YESTERDAY
  MAXIMUM         52    404 PM  68    2014  56     -4
  MINIMUM         31    739 AM  28    2013  37     -6
                                      2011
  AVERAGE         42                        46     -4

PRECIPITATION (IN)
  YESTERDAY        0.01          0.62 2007   0.05  -0.04
  MONTH TO DATE    0.01                      0.25  -0.24
  SINCE OCT 1      2.21                      2.28  -0.07
  SINCE JAN 1     10.61                     10.57   0.04

SNOWFALL (IN)
  YESTERDAY        0.0
  MONTH TO DATE    0.0
  SINCE DEC 1      0.0
  SINCE JUL 1      0.0
  SNOW DEPTH       0

DEGREE DAYS
 HEATING
  YESTERDAY       23
  MONTH TO DATE  140
  SINCE DEC 1    140
  SINCE JUL 1    448

 COOLING
  YESTERDAY        0
  MONTH TO DATE    0
  SINCE DEC 1      0
  SINCE JAN 1   1819
...............................................................


WIND (MPH)
  HIGHEST WIND SPEED     9   HIGHEST WIND DIRECTION     E (110)
  HIGHEST GUST SPEED    11   HIGHEST GUST DIRECTION     E (110)
  AVERAGE WIND SPEED     2.4




RELATIVE HUMIDITY (PERCENT)
 HIGHEST    96
 LOWEST     59
 AVERAGE    78

..........................................................


THE MADERA CA AIRPORT CLIMATE NORMALS FOR TODAY
                         NORMAL    RECORD    YEAR
 MAXIMUM TEMPERATURE (F)   56        76      2006
 MINIMUM TEMPERATURE (F)   37        25      2013


SUNRISE AND SUNSET
DECEMBER  8 2016......SUNRISE   702 AM PST   SUNSET   444 PM PST
DECEMBER  9 2016......SUNRISE   702 AM PST   SUNSET   444 PM PST


-  INDICATES NEGATIVE NUMBERS.
R  INDICATES RECORD WAS SET OR TIED.
MM INDICATES DATA IS MISSING.
T  INDICATES TRACE AMOUNT.




$$
