000
CDUS46 KHNX 210021
CLIMAE


CLIMATE REPORT
NATIONAL WEATHER SERVICE SAN JOAQUIN VALLEY, CA
521 PM PDT MON OCT 20 2014


...................................

...THE MADERA CA CLIMATE SUMMARY FOR OCTOBER 20 2014...
VALID AS OF 0500 PM LOCAL TIME.

CLIMATE NORMAL PERIOD 1981 TO 2010
CLIMATE RECORD PERIOD 1998 TO 2014


WEATHER ITEM   OBSERVED TIME   RECORD YEAR NORMAL DEPARTURE LAST
                VALUE   (LST)  VALUE       VALUE  FROM      YEAR
                                                  NORMAL
..................................................................
TEMPERATURE (F)
 TODAY
  MAXIMUM         80    332 PM  87    2003  78      2       83
  MINIMUM         50    633 AM  43    1998  48      2       44
  AVERAGE         65                        63      2       64

PRECIPITATION (IN)
  TODAY            0.00          0.20 2004   0.03  -0.03     0.00
  MONTH TO DATE    T                         0.36  -0.36      T
  SINCE JUL 1      0.03                      0.65  -0.62     0.28
  SINCE JAN 1      3.64                      8.65  -5.01     3.80

SNOWFALL (IN)
  TODAY            0.0
  MONTH TO DATE    0.0
  SINCE SEP 1      0.0
  SINCE JUL 1      0.0
  SNOW DEPTH       0

DEGREE DAYS
 HEATING
  TODAY            0                                         1
  MONTH TO DATE    1                                        47
  SINCE SEP 1      1                                        56
  SINCE JUL 1      1                                        56

 COOLING
  TODAY            0                                         0
  MONTH TO DATE  119                                         9
  SINCE SEP 1    463                                       246
  SINCE JAN 1   2949                                      1688
..................................................................


WIND (MPH)
  HIGHEST WIND SPEED    15   HIGHEST WIND DIRECTION    NW (330)
  HIGHEST GUST SPEED    19   HIGHEST GUST DIRECTION    NW (330)
  AVERAGE WIND SPEED     8.3




RELATIVE HUMIDITY (PERCENT)
 HIGHEST    89
 LOWEST     30
 AVERAGE    60

..........................................................


THE MADERA CA CLIMATE NORMALS FOR TOMORROW
                         NORMAL    RECORD    YEAR
 MAXIMUM TEMPERATURE (F)   77        92      2003
 MINIMUM TEMPERATURE (F)   48        39      2007


SUNRISE AND SUNSET
OCTOBER 20 2014.......SUNRISE   713 AM PDT   SUNSET   617 PM PDT
OCTOBER 21 2014.......SUNRISE   714 AM PDT   SUNSET   616 PM PDT


-  INDICATES NEGATIVE NUMBERS.
R  INDICATES RECORD WAS SET OR TIED.
MM INDICATES DATA IS MISSING.
T  INDICATES TRACE AMOUNT.




$$
