000
CDUS46 KHNX 020023
CLIMAE


CLIMATE REPORT
NATIONAL WEATHER SERVICE SAN JOAQUIN VALLEY, CA
422 PM PST SUN FEB 1 2015


...................................

...THE MADERA CA CLIMATE SUMMARY FOR FEBRUARY 1 2015...
VALID AS OF 0400 PM LOCAL TIME.

CLIMATE NORMAL PERIOD 1981 TO 2010
CLIMATE RECORD PERIOD 1998 TO 2015


WEATHER ITEM   OBSERVED TIME   RECORD YEAR NORMAL DEPARTURE LAST
                VALUE   (LST)  VALUE       VALUE  FROM      YEAR
                                                  NORMAL
..................................................................
TEMPERATURE (F)
 TODAY
  MAXIMUM         68R   330 PM  65    2013  57     11       58
  MINIMUM         39    705 AM  27    2002  38      1       30
  AVERAGE         54                        48      6       44

PRECIPITATION (IN)
  TODAY            0.00          0.06 2008   0.05  -0.05     0.00
  MONTH TO DATE    0.00                      0.05  -0.05     0.00
  SINCE OCT 1      3.71                      6.23  -2.52     1.03
  SINCE JAN 1      0.03                      2.50  -2.47     0.34

SNOWFALL (IN)
  TODAY            0.0
  MONTH TO DATE    0.0
  SINCE DEC 1      0.0
  SINCE JUL 1      0.0
  SNOW DEPTH       0

DEGREE DAYS
 HEATING
  TODAY           11                                        21
  MONTH TO DATE   11                                        21
  SINCE DEC 1    888                                      1118
  SINCE JUL 1   1204                                      1536

 COOLING
  TODAY            0                                         0
  MONTH TO DATE    0                                         0
  SINCE DEC 1      1                                         0
  SINCE JAN 1      0                                         0
..................................................................


WIND (MPH)
  HIGHEST WIND SPEED     8   HIGHEST WIND DIRECTION    SE (140)
  HIGHEST GUST SPEED    11   HIGHEST GUST DIRECTION    SE (130)
  AVERAGE WIND SPEED     4.2




RELATIVE HUMIDITY (PERCENT)
 HIGHEST    92
 LOWEST     45
 AVERAGE    69

..........................................................


THE MADERA CA CLIMATE NORMALS FOR TOMORROW
                         NORMAL    RECORD    YEAR
 MAXIMUM TEMPERATURE (F)   58        70      2000
 MINIMUM TEMPERATURE (F)   39        28      2002


SUNRISE AND SUNSET
FEBRUARY  1 2015......SUNRISE   703 AM PST   SUNSET   526 PM PST
FEBRUARY  2 2015......SUNRISE   702 AM PST   SUNSET   527 PM PST


-  INDICATES NEGATIVE NUMBERS.
R  INDICATES RECORD WAS SET OR TIED.
MM INDICATES DATA IS MISSING.
T  INDICATES TRACE AMOUNT.




$$
