000
CDUS44 KMAF 030731
CLIMAF


CLIMATE REPORT
NATIONAL WEATHER SERVICE MIDLAND TX
230 AM CDT MON AUG 3 2015


...................................

...THE MIDLAND CLIMATE SUMMARY FOR AUGUST 2 2015...

CLIMATE NORMAL PERIOD 1981 TO 2010
CLIMATE RECORD PERIOD 1930 TO 2015


WEATHER ITEM   OBSERVED TIME   RECORD YEAR NORMAL DEPARTURE LAST
                VALUE   (LST)  VALUE       VALUE  FROM      YEAR
                                                  NORMAL
..................................................................
TEMPERATURE (F)
 YESTERDAY
  MAXIMUM        100    514 PM 106    2012  95      5       87
                                      1944
                                      1932
  MINIMUM         72    559 AM  61    1973  70      2       70
                                      1971
                                      1936
  AVERAGE         86                        82      4       79

PRECIPITATION (IN)
  YESTERDAY        0.00          2.72 2007   0.06  -0.06     0.00
  MONTH TO DATE    0.00                      0.12  -0.12     0.02
  SINCE JUN 1      4.01                      3.74   0.27     0.83
  SINCE JAN 1     13.00                      8.00   5.00     3.99

DEGREE DAYS
 COOLING
  YESTERDAY       21                        17      4       14
  MONTH TO DATE   42                        34      8       26
  SINCE JUN 1   1111                      1027     84     1141
  SINCE JAN 1   1469                      1416     53     1617
..................................................................


WIND (MPH)
  HIGHEST WIND SPEED    23   HIGHEST WIND DIRECTION    SE (150)
  HIGHEST GUST SPEED    42   HIGHEST GUST DIRECTION    SE (150)
  AVERAGE WIND SPEED     8.5


SKY COVER
  POSSIBLE SUNSHINE  MM
  AVERAGE SKY COVER 0.1


WEATHER CONDITIONS
 THE FOLLOWING WEATHER WAS RECORDED YESTERDAY.
  NO SIGNIFICANT WEATHER WAS OBSERVED.


RELATIVE HUMIDITY (PERCENT)
 HIGHEST    73           500 AM
 LOWEST     23           500 PM
 AVERAGE    48

..........................................................


THE MIDLAND CLIMATE NORMALS FOR TODAY
                         NORMAL    RECORD    YEAR
 MAXIMUM TEMPERATURE (F)   95       106      1953
                                             1944
 MINIMUM TEMPERATURE (F)   70        60      1971


SUNRISE AND SUNSET
AUGUST  3 2015........SUNRISE   705 AM CDT   SUNSET   844 PM CDT
AUGUST  4 2015........SUNRISE   706 AM CDT   SUNSET   843 PM CDT


-  INDICATES NEGATIVE NUMBERS.
R  INDICATES RECORD WAS SET OR TIED.
MM INDICATES DATA IS MISSING.
T  INDICATES TRACE AMOUNT.




$$
