000
CDUS44 KMAF 212216
CLIMAF


CLIMATE REPORT
NATIONAL WEATHER SERVICE MIDLAND/ODESSA TX
416 PM CST FRI NOV 21 2014


...................................

...THE MIDLAND CLIMATE SUMMARY FOR NOVEMBER 21 2014...
VALID TODAY AS OF 0400 PM LOCAL TIME.

CLIMATE NORMAL PERIOD 1981 TO 2010
CLIMATE RECORD PERIOD 1930 TO 2014


WEATHER ITEM   OBSERVED TIME   RECORD YEAR NORMAL DEPARTURE LAST
                VALUE   (LST)  VALUE       VALUE  FROM      YEAR
                                                  NORMAL
..................................................................
TEMPERATURE (F)
 TODAY
  MAXIMUM         72        MM  82    2010  64      8       79
  MINIMUM         46        MM  21    2008  37      9       39
  AVERAGE         59                        50      9       59

PRECIPITATION (IN)
  TODAY            0.00          0.36 1992   0.02  -0.02     0.00
  MONTH TO DATE    1.01                      0.50   0.51      T
  SINCE SEP 1      2.70                      4.09  -1.39     1.93
  SINCE JAN 1      7.44                     13.81  -6.37     6.50

SNOWFALL (IN)
  TODAY            0.0
  MONTH TO DATE    T
  SINCE SEP 1      T
  SINCE JUL 1      T
  SNOW DEPTH       0

DEGREE DAYS
 HEATING
  TODAY            6                        15     -9        6
  MONTH TO DATE  309                       223     86      184
  SINCE SEP 1    347                       332     15      263
  SINCE JUL 1    347                       332     15      263
..................................................................


WIND (MPH)
  HIGHEST WIND SPEED    16   HIGHEST WIND DIRECTION     S (160)
  HIGHEST GUST SPEED    20   HIGHEST GUST DIRECTION    SE (150)
  AVERAGE WIND SPEED     9.4


SKY COVER
  POSSIBLE SUNSHINE  MM
  AVERAGE SKY COVER 0.1


WEATHER CONDITIONS
 THE FOLLOWING WEATHER WAS RECORDED TODAY.
  FOG
  FOG W/VISIBILITY <= 1/4 MILE


RELATIVE HUMIDITY (PERCENT)
 HIGHEST   100           900 AM
 LOWEST     40           400 PM
 AVERAGE    70

..........................................................


THE MIDLAND CLIMATE NORMALS FOR TOMORROW
                         NORMAL    RECORD    YEAR
 MAXIMUM TEMPERATURE (F)   64        81      2003
                                             1966
 MINIMUM TEMPERATURE (F)   36        22      1988


SUNRISE AND SUNSET
NOVEMBER 21 2014......SUNRISE   723 AM CST   SUNSET   546 PM CST
NOVEMBER 22 2014......SUNRISE   724 AM CST   SUNSET   546 PM CST


-  INDICATES NEGATIVE NUMBERS.
R  INDICATES RECORD WAS SET OR TIED.
MM INDICATES DATA IS MISSING.
T  INDICATES TRACE AMOUNT.




$$
