417
CDUS44 KMAF 262111
CLIMAF


CLIMATE REPORT
NATIONAL WEATHER SERVICE MIDLAND TX
411 PM CDT MON SEP 26 2016


...................................

...THE MIDLAND CLIMATE SUMMARY FOR SEPTEMBER 26 2016...
VALID TODAY AS OF 0400 PM LOCAL TIME.

CLIMATE NORMAL PERIOD 1981 TO 2010
CLIMATE RECORD PERIOD 1930 TO 2016


WEATHER ITEM   OBSERVED TIME   RECORD YEAR NORMAL DEPARTURE LAST
                VALUE   (LST)  VALUE       VALUE  FROM      YEAR
                                                  NORMAL
..................................................................
TEMPERATURE (F)
 TODAY
  MAXIMUM         69    310 PM 105    1977  84    -15       90
  MINIMUM         59   1203 AM  44    1989  59      0       62
  AVERAGE         64                        71     -7       76

PRECIPITATION (IN)
  TODAY            0.00          0.91 1980   0.06  -0.06     0.00
  MONTH TO DATE    1.98                      1.64   0.34     1.77
  SINCE SEP 1      1.98                      1.64   0.34     1.77
  SINCE JAN 1     12.32                     11.36   0.96    15.78

DEGREE DAYS
 HEATING
  TODAY            1                         1      0        0
  MONTH TO DATE    1                         6     -5        0
  SINCE SEP 1      1                         6     -5        0
  SINCE JUL 1      1                         6     -5        0

 COOLING
  TODAY            0                         7     -7       11
  MONTH TO DATE  356                       270     86      413
  SINCE SEP 1    356                       270     86      413
  SINCE JAN 1   2588                      2154    434     2457
..................................................................


WIND (MPH)
  HIGHEST WIND SPEED    21   HIGHEST WIND DIRECTION    NE (60)
  HIGHEST GUST SPEED    29   HIGHEST GUST DIRECTION    NE (30)
  AVERAGE WIND SPEED    17.2


SKY COVER
  POSSIBLE SUNSHINE  MM
  AVERAGE SKY COVER 0.9


WEATHER CONDITIONS
 THE FOLLOWING WEATHER WAS RECORDED TODAY.
  NO SIGNIFICANT WEATHER WAS OBSERVED.


RELATIVE HUMIDITY (PERCENT)
 HIGHEST    72           100 AM
 LOWEST     33           200 PM
 AVERAGE    53

..........................................................


THE MIDLAND CLIMATE NORMALS FOR TOMORROW
                         NORMAL    RECORD    YEAR
 MAXIMUM TEMPERATURE (F)   84       102      1977
 MINIMUM TEMPERATURE (F)   58        42      1989
                                             1942


SUNRISE AND SUNSET
SEPTEMBER 26 2016.....SUNRISE   740 AM CDT   SUNSET   739 PM CDT
SEPTEMBER 27 2016.....SUNRISE   740 AM CDT   SUNSET   738 PM CDT


-  INDICATES NEGATIVE NUMBERS.
R  INDICATES RECORD WAS SET OR TIED.
MM INDICATES DATA IS MISSING.
T  INDICATES TRACE AMOUNT.




$$
