000
CDUS44 KMAF 290124
CLIMAF


CLIMATE REPORT
NATIONAL WEATHER SERVICE MIDLAND TX
824 PM CDT WED JUN 28 2017


...................................

...THE MIDLAND CLIMATE SUMMARY FOR JUNE 28 2017...
VALID TODAY AS OF 0500 PM LOCAL TIME.

CLIMATE NORMAL PERIOD 1981 TO 2010
CLIMATE RECORD PERIOD 1930 TO 2017


WEATHER ITEM   OBSERVED TIME   RECORD YEAR NORMAL DEPARTURE LAST
                VALUE   (LST)  VALUE       VALUE  FROM      YEAR
                                                  NORMAL
..................................................................
TEMPERATURE (F)
 TODAY
  MAXIMUM         97    418 PM 114    1994  95      2       93
  MINIMUM         71    644 AM  52    1985  69      2       71
  AVERAGE         84                        82      2       82

PRECIPITATION (IN)
  TODAY            0.00          0.23 1977   0.06  -0.06     0.00
  MONTH TO DATE    3.05                      1.68   1.37     3.16
  SINCE JUN 1      3.05                      1.68   1.37     3.16
  SINCE JAN 1      8.74                      5.94   2.80     6.90

DEGREE DAYS
 COOLING
  TODAY           19                        17      2       17
  MONTH TO DATE  524                       428     96      453
  SINCE JUN 1    524                       428     96      453
  SINCE JAN 1   1085                       817    268      933
..................................................................


WIND (MPH)
  HIGHEST WIND SPEED    18   HIGHEST WIND DIRECTION     S (160)
  HIGHEST GUST SPEED    21   HIGHEST GUST DIRECTION     S (180)
  AVERAGE WIND SPEED    14.5


SKY COVER
  POSSIBLE SUNSHINE  MM
  AVERAGE SKY COVER 0.0


WEATHER CONDITIONS
 THE FOLLOWING WEATHER WAS RECORDED TODAY.
  NO SIGNIFICANT WEATHER WAS OBSERVED.


RELATIVE HUMIDITY (PERCENT)
 HIGHEST    79           500 AM
 LOWEST     28           200 PM
 AVERAGE    54

..........................................................


THE MIDLAND CLIMATE NORMALS FOR TOMORROW
                         NORMAL    RECORD    YEAR
 MAXIMUM TEMPERATURE (F)   95       109      1946
 MINIMUM TEMPERATURE (F)   69        57      1985


SUNRISE AND SUNSET
JUNE 28 2017..........SUNRISE   645 AM CDT   SUNSET   859 PM CDT
JUNE 29 2017..........SUNRISE   646 AM CDT   SUNSET   859 PM CDT


-  INDICATES NEGATIVE NUMBERS.
R  INDICATES RECORD WAS SET OR TIED.
MM INDICATES DATA IS MISSING.
T  INDICATES TRACE AMOUNT.




$$
