000
CDUS44 KMAF 022114
CLIMAF


CLIMATE REPORT
NATIONAL WEATHER SERVICE MIDLAND TX
413 PM CDT MON MAY 2 2016


...................................

...THE MIDLAND CLIMATE SUMMARY FOR MAY 2 2016...
VALID TODAY AS OF 0400 PM LOCAL TIME.

CLIMATE NORMAL PERIOD 1981 TO 2010
CLIMATE RECORD PERIOD 1930 TO 2016


WEATHER ITEM   OBSERVED TIME   RECORD YEAR NORMAL DEPARTURE LAST
                VALUE   (LST)  VALUE       VALUE  FROM      YEAR
                                                  NORMAL
..................................................................
TEMPERATURE (F)
 TODAY
  MAXIMUM         70    313 PM  98    2012  84    -14       86
                                      1996
  MINIMUM         46    654 AM  36    1967  55     -9       59
  AVERAGE         58                        70    -12       73

PRECIPITATION (IN)
  TODAY            0.03          1.55 1941   0.03   0.00     0.00
  MONTH TO DATE    0.03                      0.06  -0.03     0.00
  SINCE MAR 1      1.82                      1.31   0.51     2.95
  SINCE JAN 1      2.30                      2.58  -0.28     5.64

DEGREE DAYS
 COOLING
  TODAY            0                         6     -6        8
  MONTH TO DATE    0                        11    -11       14
  SINCE MAR 1    158                       117     41      147
  SINCE JAN 1    173                       119     54      148
..................................................................


WIND (MPH)
  HIGHEST WIND SPEED    16   HIGHEST WIND DIRECTION     N (20)
  HIGHEST GUST SPEED    18   HIGHEST GUST DIRECTION     N (20)
  AVERAGE WIND SPEED    11.7


SKY COVER
  POSSIBLE SUNSHINE  MM
  AVERAGE SKY COVER 0.7


WEATHER CONDITIONS
 THE FOLLOWING WEATHER WAS RECORDED TODAY.
  LIGHT RAIN


RELATIVE HUMIDITY (PERCENT)
 HIGHEST    66           200 AM
 LOWEST     28           300 PM
 AVERAGE    47

..........................................................


THE MIDLAND CLIMATE NORMALS FOR TOMORROW
                         NORMAL    RECORD    YEAR
 MAXIMUM TEMPERATURE (F)   84        98      1947
 MINIMUM TEMPERATURE (F)   55        32      2013


SUNRISE AND SUNSET
MAY  2 2016...........SUNRISE   701 AM CDT   SUNSET   830 PM CDT
MAY  3 2016...........SUNRISE   701 AM CDT   SUNSET   831 PM CDT


-  INDICATES NEGATIVE NUMBERS.
R  INDICATES RECORD WAS SET OR TIED.
MM INDICATES DATA IS MISSING.
T  INDICATES TRACE AMOUNT.




$$
