000
CDUS44 KMAF 242323
CLIMAF


CLIMATE REPORT
NATIONAL WEATHER SERVICE MIDLAND/ODESSA TX
623 PM CDT THU APR 24 2014


...................................

...THE MIDLAND CLIMATE SUMMARY FOR APRIL 24 2014...
VALID TODAY AS OF 0500 PM LOCAL TIME.

CLIMATE NORMAL PERIOD 1981 TO 2010
CLIMATE RECORD PERIOD 1930 TO 2014


WEATHER ITEM   OBSERVED TIME   RECORD YEAR NORMAL DEPARTURE LAST
                VALUE   (LST)  VALUE       VALUE  FROM      YEAR
                                                  NORMAL
..................................................................
TEMPERATURE (F)
 TODAY
  MAXIMUM         82    522 PM  95    2012  82      0       64
                                      1943
  MINIMUM         58    621 AM  33    2013  52      6       33
  AVERAGE         70                        67      3       49

PRECIPITATION (IN)
  TODAY            0.00          0.67 1980   0.02  -0.02     0.00
  MONTH TO DATE    0.45                      0.51  -0.06      T
  SINCE MAR 1      0.64                      1.11  -0.47      T
  SINCE JAN 1      0.90                      2.38  -1.48     1.53

SNOWFALL (IN)
  TODAY            0.0
  MONTH TO DATE    0.0
  SINCE MAR 1      0.0
  SINCE JUL 1      0.8
  SNOW DEPTH       0

DEGREE DAYS
 HEATING
  TODAY            0                         2     -2       16
  MONTH TO DATE   68                       101    -33      127
  SINCE MAR 1    350                       408    -58      365
  SINCE JUL 1   2598                      2645    -47     2337

 COOLING
  TODAY            5                         4      1        0
  MONTH TO DATE  111                        61     50       80
  SINCE MAR 1    134                        77     57      115
  SINCE JAN 1    136                        79     57      115
..................................................................


WIND (MPH)
  HIGHEST WIND SPEED    30   HIGHEST WIND DIRECTION     N (350)
  HIGHEST GUST SPEED    37   HIGHEST GUST DIRECTION     N (360)
  AVERAGE WIND SPEED    13.5


SKY COVER
  POSSIBLE SUNSHINE  MM
  AVERAGE SKY COVER 0.0


WEATHER CONDITIONS
 THE FOLLOWING WEATHER WAS RECORDED TODAY.
  HAZE
  SANDSTORM


RELATIVE HUMIDITY (PERCENT)
 HIGHEST    68           300 AM
 LOWEST     15           300 PM
 AVERAGE    42

..........................................................


THE MIDLAND CLIMATE NORMALS FOR TOMORROW
                         NORMAL    RECORD    YEAR
 MAXIMUM TEMPERATURE (F)   82       104      2012
 MINIMUM TEMPERATURE (F)   53        39      1937


SUNRISE AND SUNSET
APRIL 24 2014.........SUNRISE   710 AM CDT   SUNSET   824 PM CDT
APRIL 25 2014.........SUNRISE   709 AM CDT   SUNSET   825 PM CDT


-  INDICATES NEGATIVE NUMBERS.
R  INDICATES RECORD WAS SET OR TIED.
MM INDICATES DATA IS MISSING.
T  INDICATES TRACE AMOUNT.




$$
