000
CDUS44 KMAF 160755
CLIMAF


CLIMATE REPORT
NATIONAL WEATHER SERVICE MIDLAND/ODESSA TX
254 AM CDT WED APR 16 2014


...................................

...THE MIDLAND CLIMATE SUMMARY FOR APRIL 15 2014...

CLIMATE NORMAL PERIOD 1981 TO 2010
CLIMATE RECORD PERIOD 1930 TO 2014


WEATHER ITEM   OBSERVED TIME   RECORD YEAR NORMAL DEPARTURE LAST
                VALUE   (LST)  VALUE       VALUE  FROM      YEAR
                                                  NORMAL
..................................................................
TEMPERATURE (F)
 YESTERDAY
  MAXIMUM         67    525 PM  95    2006  79    -12       90
                                      1990
  MINIMUM         30    640 AM  27    1933  49    -19       58
  AVERAGE         49                        64    -15       74

PRECIPITATION (IN)
  YESTERDAY        0.00          1.32 2010   0.03  -0.03     0.00
  MONTH TO DATE    T                         0.33  -0.33      T
  SINCE MAR 1      0.19                      0.93  -0.74      T
  SINCE JAN 1      0.45                      2.20  -1.75     1.53

SNOWFALL (IN)
  YESTERDAY        0.0
  MONTH TO DATE    0.0
  SINCE MAR 1      0.0
  SINCE JUL 1      0.8
  SNOW DEPTH       0

DEGREE DAYS
 HEATING
  YESTERDAY       16                         4     12        0
  MONTH TO DATE   68                        77     -9       71
  SINCE MAR 1    350                       384    -34      309
  SINCE JUL 1   2598                      2621    -23     2281

 COOLING
  YESTERDAY        0                         3     -3        9
  MONTH TO DATE   67                        30     37       48
  SINCE MAR 1     90                        46     44       83
  SINCE JAN 1     92                        48     44       83
..................................................................


WIND (MPH)
  HIGHEST WIND SPEED    21   HIGHEST WIND DIRECTION     S (170)
  HIGHEST GUST SPEED    27   HIGHEST GUST DIRECTION     S (160)
  AVERAGE WIND SPEED     9.4


SKY COVER
  POSSIBLE SUNSHINE  MM
  AVERAGE SKY COVER 0.0


WEATHER CONDITIONS
 THE FOLLOWING WEATHER WAS RECORDED YESTERDAY.
  HAZE


RELATIVE HUMIDITY (PERCENT)
 HIGHEST    47           500 AM
 LOWEST     11           500 PM
 AVERAGE    29

..........................................................


THE MIDLAND CLIMATE NORMALS FOR TODAY
                         NORMAL    RECORD    YEAR
 MAXIMUM TEMPERATURE (F)   79        96      1937
 MINIMUM TEMPERATURE (F)   49        31      1999


SUNRISE AND SUNSET
APRIL 16 2014.........SUNRISE   719 AM CDT   SUNSET   819 PM CDT
APRIL 17 2014.........SUNRISE   718 AM CDT   SUNSET   819 PM CDT


-  INDICATES NEGATIVE NUMBERS.
R  INDICATES RECORD WAS SET OR TIED.
MM INDICATES DATA IS MISSING.
T  INDICATES TRACE AMOUNT.




$$
