000
CDUS44 KMAF 310835
CLIMAF


CLIMATE REPORT
NATIONAL WEATHER SERVICE MIDLAND/ODESSA TX
235 AM CST SAT JAN 31 2015


...................................

...THE MIDLAND CLIMATE SUMMARY FOR JANUARY 30 2015...

CLIMATE NORMAL PERIOD 1981 TO 2010
CLIMATE RECORD PERIOD 1930 TO 2015


WEATHER ITEM   OBSERVED TIME   RECORD YEAR NORMAL DEPARTURE LAST
                VALUE   (LST)  VALUE       VALUE  FROM      YEAR
                                                  NORMAL
..................................................................
TEMPERATURE (F)
 YESTERDAY
  MAXIMUM         49    127 PM  80    1971  59    -10       79
                                      1967
                                      1963
  MINIMUM         42   1011 AM   8    1951  32     10       31
                                      1949
  AVERAGE         46                        45      1       55

PRECIPITATION (IN)
  YESTERDAY        0.01          0.29 1964   0.02  -0.01     0.00
  MONTH TO DATE    1.88                      0.53   1.35     0.00
  SINCE DEC 1      2.10                      1.13   0.97     1.44
  SINCE JAN 1      1.88                      0.53   1.35     0.00

SNOWFALL (IN)
  YESTERDAY       MM
  MONTH TO DATE    2.4
  SINCE DEC 1      2.5
  SINCE JUL 1      2.5
  SNOW DEPTH       0

DEGREE DAYS
 HEATING
  YESTERDAY       19                        20     -1       10
  MONTH TO DATE  696                       638     58      619
  SINCE DEC 1   1181                      1275    -94     1284
  SINCE JUL 1   1629                      1754   -125     1781
..................................................................


WIND (MPH)
  HIGHEST WIND SPEED    18   HIGHEST WIND DIRECTION     E (70)
  HIGHEST GUST SPEED    22   HIGHEST GUST DIRECTION     E (90)
  AVERAGE WIND SPEED    12.7


SKY COVER
  POSSIBLE SUNSHINE  MM
  AVERAGE SKY COVER 1.0


WEATHER CONDITIONS
 THE FOLLOWING WEATHER WAS RECORDED YESTERDAY.
  NO SIGNIFICANT WEATHER WAS OBSERVED.


RELATIVE HUMIDITY (PERCENT)
 HIGHEST    70          1100 PM
 LOWEST     46          1200 AM
 AVERAGE    58

..........................................................


THE MIDLAND CLIMATE NORMALS FOR TODAY
                         NORMAL    RECORD    YEAR
 MAXIMUM TEMPERATURE (F)   59        80      1963
 MINIMUM TEMPERATURE (F)   32         8      1985


SUNRISE AND SUNSET
JANUARY 31 2015.......SUNRISE   743 AM CST   SUNSET   622 PM CST
FEBRUARY  1 2015......SUNRISE   742 AM CST   SUNSET   623 PM CST


-  INDICATES NEGATIVE NUMBERS.
R  INDICATES RECORD WAS SET OR TIED.
MM INDICATES DATA IS MISSING.
T  INDICATES TRACE AMOUNT.




$$
