000
CDUS44 KMAF 070111
CLIMAF


CLIMATE REPORT
NATIONAL WEATHER SERVICE MIDLAND/ODESSA TX
711 PM CST FRI MAR 6 2015


...................................

...THE MIDLAND CLIMATE SUMMARY FOR MARCH 6 2015...
VALID TODAY AS OF 0500 PM LOCAL TIME.

CLIMATE NORMAL PERIOD 1981 TO 2010
CLIMATE RECORD PERIOD 1930 TO 2015


WEATHER ITEM   OBSERVED TIME   RECORD YEAR NORMAL DEPARTURE LAST
                VALUE   (LST)  VALUE       VALUE  FROM      YEAR
                                                  NORMAL
..................................................................
TEMPERATURE (F)
 TODAY
  MAXIMUM         57    534 PM  90    1946  67    -10       70
  MINIMUM         24    713 AM  15    1989  39    -15       29
  AVERAGE         41                        53    -12       50

PRECIPITATION (IN)
  TODAY            0.00          2.16 1970   0.02  -0.02     0.00
  MONTH TO DATE    0.13                      0.12   0.01      T
  SINCE MAR 1      0.13                      0.12   0.01      T
  SINCE JAN 1      2.82                      1.39   1.43     0.26

SNOWFALL (IN)
  TODAY            0.0
  MONTH TO DATE    T
  SINCE MAR 1      T
  SINCE JUL 1      3.6
  SNOW DEPTH       0

DEGREE DAYS
 HEATING
  TODAY           24                        12     12       15
  MONTH TO DATE  157                        76     81      103
  SINCE MAR 1    157                        76     81      103
  SINCE JUL 1   2307                      2313     -6     2351

 COOLING
  TODAY            0                         0      0        0
  MONTH TO DATE    0                         0      0        0
  SINCE MAR 1      0                         0      0        0
  SINCE JAN 1      1                         2     -1        2
..................................................................


WIND (MPH)
  HIGHEST WIND SPEED    15   HIGHEST WIND DIRECTION     S (180)
  HIGHEST GUST SPEED    18   HIGHEST GUST DIRECTION     S (180)
  AVERAGE WIND SPEED     6.8


SKY COVER
  POSSIBLE SUNSHINE  MM
  AVERAGE SKY COVER 0.0


WEATHER CONDITIONS
 THE FOLLOWING WEATHER WAS RECORDED TODAY.
  NO SIGNIFICANT WEATHER WAS OBSERVED.


RELATIVE HUMIDITY (PERCENT)
 HIGHEST    85           200 AM
 LOWEST     30           500 PM
 AVERAGE    58

..........................................................


THE MIDLAND CLIMATE NORMALS FOR TOMORROW
                         NORMAL    RECORD    YEAR
 MAXIMUM TEMPERATURE (F)   68        89      1972
 MINIMUM TEMPERATURE (F)   39        12      1996


SUNRISE AND SUNSET
MARCH  6 2015.........SUNRISE   710 AM CST   SUNSET   650 PM CST
MARCH  7 2015.........SUNRISE   709 AM CST   SUNSET   651 PM CST


-  INDICATES NEGATIVE NUMBERS.
R  INDICATES RECORD WAS SET OR TIED.
MM INDICATES DATA IS MISSING.
T  INDICATES TRACE AMOUNT.




$$
