000
CDUS44 KMAF 270732
CLIMAF

CLIMATE REPORT
NATIONAL WEATHER SERVICE MIDLAND TX
230 AM CDT THU APR 27 2017

...................................

...THE MIDLAND CLIMATE SUMMARY FOR APRIL 26 2017...

CLIMATE NORMAL PERIOD 1981 TO 2010
CLIMATE RECORD PERIOD 1930 TO 2017

WEATHER ITEM   OBSERVED TIME   RECORD YEAR NORMAL DEPARTURE LAST
                VALUE   (LST)  VALUE       VALUE  FROM      YEAR
                                                  NORMAL
..................................................................
TEMPERATURE (F)
 YESTERDAY
  MAXIMUM         78   1208 AM  97    1959  82     -4       90
                                      1943
  MINIMUM         55   1159 PM  37    1946  53      2       64
  AVERAGE         67                        68     -1       77

PRECIPITATION (IN)
  YESTERDAY        0.00          0.57 1936   0.02  -0.02     0.13
  MONTH TO DATE    2.51                      0.55   1.96     1.45
  SINCE MAR 1      2.99                      1.15   1.84     1.79
  SINCE JAN 1      4.83                      2.42   2.41     2.27

SNOWFALL (IN)
  YESTERDAY        0.0
  MONTH TO DATE    0.0
  SINCE MAR 1      0.0
  SINCE JUL 1      0.3
  SNOW DEPTH       0

DEGREE DAYS
 HEATING
  YESTERDAY        0                         2     -2        0
  MONTH TO DATE   46                       105    -59       54
  SINCE MAR 1    162                       412   -250      215
  SINCE JUL 1   1662                      2649   -987     2045

 COOLING
  YESTERDAY        2                         4     -2       12
  MONTH TO DATE  130                        69     61       98
  SINCE MAR 1    238                        85    153      133
  SINCE JAN 1    255                        87    168      148
..................................................................

WIND (MPH)
  HIGHEST WIND SPEED    33   HIGHEST WIND DIRECTION    NW (330)
  HIGHEST GUST SPEED    42   HIGHEST GUST DIRECTION    NW (310)
  AVERAGE WIND SPEED    14.3

SKY COVER
  POSSIBLE SUNSHINE  MM
  AVERAGE SKY COVER 0.0

WEATHER CONDITIONS
 THE FOLLOWING WEATHER WAS RECORDED YESTERDAY.
  HAZE
  SANDSTORM

RELATIVE HUMIDITY (PERCENT)
 HIGHEST    43           300 AM
 LOWEST     19          1200 AM
 AVERAGE    31

..........................................................

THE MIDLAND CLIMATE NORMALS FOR TODAY
                         NORMAL    RECORD    YEAR
 MAXIMUM TEMPERATURE (F)   83       101      1996
 MINIMUM TEMPERATURE (F)   53        36      1946

SUNRISE AND SUNSET
APRIL 27 2017.........SUNRISE   707 AM CDT   SUNSET   827 PM CDT
APRIL 28 2017.........SUNRISE   706 AM CDT   SUNSET   827 PM CDT

-  INDICATES NEGATIVE NUMBERS.
R  INDICATES RECORD WAS SET OR TIED.
MM INDICATES DATA IS MISSING.
T  INDICATES TRACE AMOUNT.

$$

44
