000
CDUS42 KTAE 280632
CLIMAI


CLIMATE REPORT
NATIONAL WEATHER SERVICE TALLAHASSEE FL
231 AM EDT TUE MAR 28 2017

...................................

...THE MARIANNA CLIMATE SUMMARY FOR MARCH 27 2017...

CLIMATE NORMAL PERIOD 1981 TO 2010
CLIMATE RECORD PERIOD 1950 TO 2017


WEATHER ITEM   OBSERVED NORMAL DEPARTURE LAST
                VALUE   VALUE  FROM      YEAR
                               NORMAL
...............................................
TEMPERATURE (F)
 YESTERDAY
  MAXIMUM         84     75      9       67
  MINIMUM         58     50      8       58
  AVERAGE         71     62      9       63

PRECIPITATION (IN)
  YESTERDAY        0.00   0.21  -0.21     1.40
  MONTH TO DATE    1.27   4.64  -3.37     6.71
  SINCE MAR 1      1.27   4.64  -3.37     6.71
  SINCE JAN 1     11.67  14.62  -2.95    15.15

DEGREE DAYS
 HEATING
  YESTERDAY        0            -4
  MONTH TO DATE  128           -36
  SINCE MAR 1    128           -36
  SINCE JUL 1    817          -752

 COOLING
  YESTERDAY        6             5
  MONTH TO DATE   67            40
  SINCE MAR 1     67            40
  SINCE JAN 1    124            82
...............................................


WIND (MPH)
  HIGHEST WIND SPEED    17   HIGHEST WIND DIRECTION    SW (230)
  HIGHEST GUST SPEED    22   HIGHEST GUST DIRECTION    SW (230)
  AVERAGE WIND SPEED     5.7




RELATIVE HUMIDITY (PERCENT)
 HIGHEST   100
 LOWEST     40
 AVERAGE    70

..........................................................




SUNRISE AND SUNSET
MARCH 28 2017.........SUNRISE   634 AM CDT   SUNSET   658 PM CDT
MARCH 29 2017.........SUNRISE   633 AM CDT   SUNSET   658 PM CDT


-  INDICATES NEGATIVE NUMBERS.
R  INDICATES RECORD WAS SET OR TIED.
MM INDICATES DATA IS MISSING.
T  INDICATES TRACE AMOUNT.


$$
