000
CDUS42 KTAE 270633
CLIMAI


CLIMATE REPORT
NATIONAL WEATHER SERVICE TALLAHASSEE FL
233 AM EDT WED JUL 27 2016


...................................

...THE MARIANNA CLIMATE SUMMARY FOR JULY 26 2016...

CLIMATE NORMAL PERIOD 1981 TO 2010
CLIMATE RECORD PERIOD 1950 TO 2016


WEATHER ITEM   OBSERVED NORMAL DEPARTURE LAST
                VALUE   VALUE  FROM      YEAR
                               NORMAL
...............................................
TEMPERATURE (F)
 YESTERDAY
  MAXIMUM         91     92     -1       92
  MINIMUM         75     73      2       74
  AVERAGE         83     82      1       83

PRECIPITATION (IN)
  YESTERDAY        0.23   0.15   0.08     0.00
  MONTH TO DATE    2.43   4.38  -1.95     4.42
  SINCE JUN 1      5.05   9.95  -4.90     8.34
  SINCE JAN 1     27.23  32.17  -4.94    33.91

DEGREE DAYS
 HEATING
  YESTERDAY        0             0
  MONTH TO DATE    0             0
  SINCE JUN 1      0             0
  SINCE JUL 1      0             0

 COOLING
  YESTERDAY       18             1
  MONTH TO DATE  494            52
  SINCE JUN 1    999            98
  SINCE JAN 1   1498           127
...............................................


WIND (MPH)
  HIGHEST WIND SPEED    25   HIGHEST WIND DIRECTION     S (180)
  HIGHEST GUST SPEED    33   HIGHEST GUST DIRECTION     S (180)
  AVERAGE WIND SPEED     7.4




RELATIVE HUMIDITY (PERCENT)
 HIGHEST   100
 LOWEST     56
 AVERAGE    78

..........................................................




SUNRISE AND SUNSET
JULY 27 2016..........SUNRISE   555 AM CDT   SUNSET   739 PM CDT
JULY 28 2016..........SUNRISE   556 AM CDT   SUNSET   738 PM CDT


-  INDICATES NEGATIVE NUMBERS.
R  INDICATES RECORD WAS SET OR TIED.
MM INDICATES DATA IS MISSING.
T  INDICATES TRACE AMOUNT.




$$
