000
CDUS42 KTAE 280631
CLIMAI


CLIMATE REPORT
NATIONAL WEATHER SERVICE TALLAHASSEE FL
231 AM EDT SUN MAY 28 2017


...................................

...THE MARIANNA CLIMATE SUMMARY FOR MAY 27 2017...

CLIMATE NORMAL PERIOD 1981 TO 2010
CLIMATE RECORD PERIOD 1950 TO 2017


WEATHER ITEM   OBSERVED NORMAL DEPARTURE LAST
                VALUE   VALUE  FROM      YEAR
                               NORMAL
...............................................
TEMPERATURE (F)
 YESTERDAY
  MAXIMUM         90     89      1       88
  MINIMUM         63     67     -4       67
  AVERAGE         77     78     -1       78

PRECIPITATION (IN)
  YESTERDAY        0.00   0.14  -0.14     0.00
  MONTH TO DATE    3.93   2.44   1.49     1.73
  SINCE MAR 1      8.05  11.69  -3.64    13.70
  SINCE JAN 1     18.45  21.67  -3.22    22.14

DEGREE DAYS
 HEATING
  YESTERDAY        0             0
  MONTH TO DATE    6             6
  SINCE MAR 1    153           -88
  SINCE JUL 1    842          -804

 COOLING
  YESTERDAY       12            -1
  MONTH TO DATE  254            -5
  SINCE MAR 1    559           157
  SINCE JAN 1    616           199
...............................................


WIND (MPH)
  HIGHEST WIND SPEED    15   HIGHEST WIND DIRECTION     W (280)
  HIGHEST GUST SPEED    20   HIGHEST GUST DIRECTION     W (290)
  AVERAGE WIND SPEED     5.7




RELATIVE HUMIDITY (PERCENT)
 HIGHEST   100
 LOWEST     47
 AVERAGE    74

..........................................................




SUNRISE AND SUNSET
MAY 28 2017...........SUNRISE   539 AM CDT   SUNSET   737 PM CDT
MAY 29 2017...........SUNRISE   539 AM CDT   SUNSET   738 PM CDT


-  INDICATES NEGATIVE NUMBERS.
R  INDICATES RECORD WAS SET OR TIED.
MM INDICATES DATA IS MISSING.
T  INDICATES TRACE AMOUNT.




$$
