000
CDUS42 KTAE 180634
CLIMAI


CLIMATE REPORT
NATIONAL WEATHER SERVICE TALLAHASSEE FL
134 AM EST WED JAN 18 2017


...................................

...THE MARIANNA CLIMATE SUMMARY FOR JANUARY 17 2017...

CLIMATE NORMAL PERIOD 1981 TO 2010
CLIMATE RECORD PERIOD 1950 TO 2017


WEATHER ITEM   OBSERVED NORMAL DEPARTURE LAST
                VALUE   VALUE  FROM      YEAR
                               NORMAL
...............................................
TEMPERATURE (F)
 YESTERDAY
  MAXIMUM         79     61     18       57
  MINIMUM         51     39     12       40
  AVERAGE         65     50     15       49

PRECIPITATION (IN)
  YESTERDAY        0.00   0.14  -0.14     0.48
  MONTH TO DATE    4.34   2.57   1.77     3.62
  SINCE DEC 1     16.11   6.48   9.63    12.75
  SINCE JAN 1      4.34   2.57   1.77     3.62

DEGREE DAYS
 HEATING
  YESTERDAY        0           -15
  MONTH TO DATE  143          -117
  SINCE DEC 1    366          -295
  SINCE JUL 1    498          -401

 COOLING
  YESTERDAY        0             0
  MONTH TO DATE    8             8
  SINCE DEC 1     35            23
  SINCE JAN 1      8             8
...............................................


WIND (MPH)
  HIGHEST WIND SPEED    10   HIGHEST WIND DIRECTION     S (180)
  HIGHEST GUST SPEED    15   HIGHEST GUST DIRECTION    SW (230)
  AVERAGE WIND SPEED     3.4




RELATIVE HUMIDITY (PERCENT)
 HIGHEST   100
 LOWEST     58
 AVERAGE    79

..........................................................




SUNRISE AND SUNSET
JANUARY 18 2017.......SUNRISE   638 AM CST   SUNSET   504 PM CST
JANUARY 19 2017.......SUNRISE   638 AM CST   SUNSET   505 PM CST


-  INDICATES NEGATIVE NUMBERS.
R  INDICATES RECORD WAS SET OR TIED.
MM INDICATES DATA IS MISSING.
T  INDICATES TRACE AMOUNT.




$$
