000
CDUS42 KTAE 300631
CLIMAI


CLIMATE REPORT
NATIONAL WEATHER SERVICE TALLAHASSEE FL
231 AM EDT FRI SEP 30 2016


...................................

...THE MARIANNA CLIMATE SUMMARY FOR SEPTEMBER 29 2016...

CLIMATE NORMAL PERIOD 1981 TO 2010
CLIMATE RECORD PERIOD 1950 TO 2016


WEATHER ITEM   OBSERVED NORMAL DEPARTURE LAST
                VALUE   VALUE  FROM      YEAR
                               NORMAL
...............................................
TEMPERATURE (F)
 YESTERDAY
  MAXIMUM         90     85      5       84
  MINIMUM         65     64      1       74
  AVERAGE         78     74      4       79

PRECIPITATION (IN)
  YESTERDAY        0.00   0.10  -0.10     0.21
  MONTH TO DATE    3.81   3.70   0.11     3.94
  SINCE SEP 1      3.81   3.70   0.11     3.94
  SINCE JAN 1     37.60  42.03  -4.43    40.92

DEGREE DAYS
 HEATING
  YESTERDAY        0             0
  MONTH TO DATE    0             0
  SINCE SEP 1      0             0
  SINCE JUL 1      0             0

 COOLING
  YESTERDAY       13             4
  MONTH TO DATE  479           100
  SINCE SEP 1    479           100
  SINCE JAN 1   2652           308
...............................................


WIND (MPH)
  HIGHEST WIND SPEED    15   HIGHEST WIND DIRECTION     W (270)
  HIGHEST GUST SPEED    20   HIGHEST GUST DIRECTION     W (280)
  AVERAGE WIND SPEED     5.8




RELATIVE HUMIDITY (PERCENT)
 HIGHEST   100
 LOWEST     34
 AVERAGE    67

..........................................................




SUNRISE AND SUNSET
SEPTEMBER 30 2016.....SUNRISE   634 AM CDT   SUNSET   627 PM CDT
OCTOBER  1 2016.......SUNRISE   635 AM CDT   SUNSET   625 PM CDT


-  INDICATES NEGATIVE NUMBERS.
R  INDICATES RECORD WAS SET OR TIED.
MM INDICATES DATA IS MISSING.
T  INDICATES TRACE AMOUNT.




$$
