000
CDUS43 KABR 011039
CLIMBG


CLIMATE REPORT
NATIONAL WEATHER SERVICE ABERDEEN SD
538 AM CDT SAT OCT 1 2016


...................................

...THE MOBRIDGE SD CLIMATE SUMMARY FOR SEPTEMBER 30 2016...

CLIMATE NORMAL PERIOD 1981 TO 2010
CLIMATE RECORD PERIOD 1911 TO 2016


WEATHER ITEM   OBSERVED TIME   RECORD YEAR NORMAL DEPARTURE LAST
                VALUE   (LST)  VALUE       VALUE  FROM      YEAR
                                                  NORMAL
..................................................................
TEMPERATURE (F)
 YESTERDAY
  MAXIMUM         75    348 PM  92    1989  67      8       75
  MINIMUM         55    550 AM  24    1939  41     14       58
  AVERAGE         65                        54     11       67

PRECIPITATION (IN)
  YESTERDAY        0.00          0.38 1983   0.05  -0.05     0.00
  MONTH TO DATE    0.60                      1.54  -0.94     0.74
  SINCE SEP 1      0.60                      1.54  -0.94     0.74
  SINCE JAN 1     17.57                     15.45   2.12    21.16

DEGREE DAYS
 HEATING
  YESTERDAY        0                        11    -11        0
  MONTH TO DATE   99                       187    -88       51
  SINCE SEP 1     99                       187    -88       51
  SINCE JUL 1    113                       220   -107       73

 COOLING
  YESTERDAY        0                         0      0        2
  MONTH TO DATE   66                        60      6      134
  SINCE SEP 1     66                        60      6      134
  SINCE JAN 1    944                       641    303      846
..................................................................


WIND (MPH)
  HIGHEST WIND SPEED    30   HIGHEST WIND DIRECTION    SE (150)
  HIGHEST GUST SPEED    37   HIGHEST GUST DIRECTION     S (170)
  AVERAGE WIND SPEED    19.3


SKY COVER
  POSSIBLE SUNSHINE  MM
  AVERAGE SKY COVER 0.0


WEATHER CONDITIONS
 THE FOLLOWING WEATHER WAS RECORDED YESTERDAY.
  NO SIGNIFICANT WEATHER WAS OBSERVED.


RELATIVE HUMIDITY (PERCENT)
 HIGHEST    72           300 AM
 LOWEST     35           100 PM
 AVERAGE    54

..........................................................


THE MOBRIDGE SD CLIMATE NORMALS FOR TODAY
                         NORMAL    RECORD    YEAR
 MAXIMUM TEMPERATURE (F)   67        95      1953
 MINIMUM TEMPERATURE (F)   40        23      1936


SUNRISE AND SUNSET
OCTOBER  1 2016.......SUNRISE   741 AM CDT   SUNSET   721 PM CDT
OCTOBER  2 2016.......SUNRISE   742 AM CDT   SUNSET   719 PM CDT


-  INDICATES NEGATIVE NUMBERS.
R  INDICATES RECORD WAS SET OR TIED.
MM INDICATES DATA IS MISSING.
T  INDICATES TRACE AMOUNT.




$$
