000
CDUS43 KABR 291042
CLIMBG


CLIMATE REPORT
NATIONAL WEATHER SERVICE ABERDEEN SD
541 AM CDT FRI APR 29 2016


...................................

...THE MOBRIDGE SD CLIMATE SUMMARY FOR APRIL 28 2016...

CLIMATE NORMAL PERIOD 1981 TO 2010
CLIMATE RECORD PERIOD 1911 TO 2016


WEATHER ITEM   OBSERVED TIME   RECORD YEAR NORMAL DEPARTURE LAST
                VALUE   (LST)  VALUE       VALUE  FROM      YEAR
                                                  NORMAL
..................................................................
TEMPERATURE (F)
 YESTERDAY
  MAXIMUM         54    517 PM  91    1952  63     -9       67
  MINIMUM         35    512 AM  20    1958  37     -2       34
  AVERAGE         45                        50     -5       51

PRECIPITATION (IN)
  YESTERDAY        0.35          2.11 1989   0.08   0.27     0.00
  MONTH TO DATE    4.62                      1.39   3.23     0.48
  SINCE MAR 1      5.41                      2.29   3.12     0.65
  SINCE JAN 1      6.63                      3.02   3.61     1.45

SNOWFALL (IN)
  YESTERDAY        0.0
  MONTH TO DATE    T
  SINCE OCT 1     18.3
  SINCE JUL 1     18.3
  SNOW DEPTH       0

DEGREE DAYS
 HEATING
  YESTERDAY       20                        15      5       14
  MONTH TO DATE  466                       565    -99      472
  SINCE MAR 1   1200                      1592   -392     1280
  SINCE JUL 1   6075                      7567  -1492     7039

 COOLING
  YESTERDAY        0                         0      0        0
  MONTH TO DATE    2                         0      2        0
  SINCE MAR 1      2                         0      2        0
  SINCE JAN 1      2                         0      2        0
..................................................................


WIND (MPH)
  HIGHEST WIND SPEED    16   HIGHEST WIND DIRECTION    NE (60)
  HIGHEST GUST SPEED    21   HIGHEST GUST DIRECTION    NE (60)
  AVERAGE WIND SPEED     7.4


SKY COVER
  POSSIBLE SUNSHINE  MM
  AVERAGE SKY COVER 1.0


WEATHER CONDITIONS
 THE FOLLOWING WEATHER WAS RECORDED YESTERDAY.
  LIGHT RAIN
  FOG


RELATIVE HUMIDITY (PERCENT)
 HIGHEST    92           100 AM
 LOWEST     50           300 PM
 AVERAGE    71

..........................................................


THE MOBRIDGE SD CLIMATE NORMALS FOR TODAY
                         NORMAL    RECORD    YEAR
 MAXIMUM TEMPERATURE (F)   64        89      1934
 MINIMUM TEMPERATURE (F)   38        19      1958


SUNRISE AND SUNSET
APRIL 29 2016.........SUNRISE   632 AM CDT   SUNSET   847 PM CDT
APRIL 30 2016.........SUNRISE   630 AM CDT   SUNSET   848 PM CDT


-  INDICATES NEGATIVE NUMBERS.
R  INDICATES RECORD WAS SET OR TIED.
MM INDICATES DATA IS MISSING.
T  INDICATES TRACE AMOUNT.




$$
