000
CDUS43 KABR 232235
CLIMBG


CLIMATE REPORT
NATIONAL WEATHER SERVICE ABERDEEN SD
534 PM CDT TUE SEP 23 2014


...................................

...THE MOBRIDGE SD CLIMATE SUMMARY FOR SEPTEMBER 23 2014...
VALID TODAY AS OF 0500 PM LOCAL TIME.

CLIMATE NORMAL PERIOD 1981 TO 2010
CLIMATE RECORD PERIOD 1911 TO 2014


WEATHER ITEM   OBSERVED TIME   RECORD YEAR NORMAL DEPARTURE LAST
                VALUE   (LST)  VALUE       VALUE  FROM      YEAR
                                                  NORMAL
..................................................................
TEMPERATURE (F)
 TODAY
  MAXIMUM         66   1042 AM  97    1958  71     -5       75
  MINIMUM         62    729 AM  25    1942  44     18       56
  AVERAGE         64                        57      7       66

PRECIPITATION (IN)
  TODAY            0.00          1.43 1941   0.05  -0.05     0.23
  MONTH TO DATE    0.56                      1.18  -0.62     3.20
  SINCE SEP 1      0.56                      1.18  -0.62     3.20
  SINCE JAN 1     19.88                     15.09   4.79    17.02

DEGREE DAYS
 HEATING
  TODAY            1                         9     -8        0
  MONTH TO DATE  137                       117     20       35
  SINCE SEP 1    137                       117     20       35
  SINCE JUL 1    184                       150     34       48

 COOLING
  TODAY            0                         1     -1        1
  MONTH TO DATE   21                        57    -36      114
  SINCE SEP 1     21                        57    -36      114
  SINCE JAN 1    424                       638   -214      698
..................................................................


WIND (MPH)
  HIGHEST WIND SPEED    22   HIGHEST WIND DIRECTION    SE (150)
  HIGHEST GUST SPEED    26   HIGHEST GUST DIRECTION    SE (140)
  AVERAGE WIND SPEED    14.4


SKY COVER
  POSSIBLE SUNSHINE  MM
  AVERAGE SKY COVER 0.8


WEATHER CONDITIONS
 THE FOLLOWING WEATHER WAS RECORDED TODAY.
  NO SIGNIFICANT WEATHER WAS OBSERVED.


RELATIVE HUMIDITY (PERCENT)
 HIGHEST    84           800 AM
 LOWEST     73          1200 AM
 AVERAGE    79

..........................................................


THE MOBRIDGE SD CLIMATE NORMALS FOR TOMORROW
                         NORMAL    RECORD    YEAR
 MAXIMUM TEMPERATURE (F)   70        93      1992
 MINIMUM TEMPERATURE (F)   44        24      1942


SUNRISE AND SUNSET
SEPTEMBER 23 2014.....SUNRISE   730 AM CDT   SUNSET   737 PM CDT
SEPTEMBER 24 2014.....SUNRISE   731 AM CDT   SUNSET   735 PM CDT


-  INDICATES NEGATIVE NUMBERS.
R  INDICATES RECORD WAS SET OR TIED.
MM INDICATES DATA IS MISSING.
T  INDICATES TRACE AMOUNT.




$$
