000
CDUS43 KABR 311031
CLIMBG


CLIMATE REPORT
NATIONAL WEATHER SERVICE ABERDEEN SD
531 AM CDT WED AUG 31 2016


...................................

...THE MOBRIDGE SD CLIMATE SUMMARY FOR AUGUST 30 2016...

CLIMATE NORMAL PERIOD 1981 TO 2010
CLIMATE RECORD PERIOD 1911 TO 2016


WEATHER ITEM   OBSERVED TIME   RECORD YEAR NORMAL DEPARTURE LAST
                VALUE   (LST)  VALUE       VALUE  FROM      YEAR
                                                  NORMAL
..................................................................
TEMPERATURE (F)
 YESTERDAY
  MAXIMUM         89    354 PM 101    1961  81      8       96
  MINIMUM         57    636 AM  32    1935  55      2       66
  AVERAGE         73                        68      5       81

PRECIPITATION (IN)
  YESTERDAY        0.00          2.53 1951   0.06  -0.06     0.00
  MONTH TO DATE    1.85                      1.97  -0.12     3.80
  SINCE JUN 1      6.59                      7.83  -1.24     9.63
  SINCE JAN 1     16.97                     13.85   3.12    20.42

DEGREE DAYS
 HEATING
  YESTERDAY        0                         2     -2        0
  MONTH TO DATE   13                        15     -2       22
  SINCE JUN 1     26                       102    -76       40
  SINCE JUL 1     14                        27    -13       22

 COOLING
  YESTERDAY        8                         5      3       16
  MONTH TO DATE  280                       214     66      221
  SINCE JUN 1    849                       562    287      690
  SINCE JAN 1    865                       578    287      706
..................................................................


WIND (MPH)
  HIGHEST WIND SPEED    18   HIGHEST WIND DIRECTION     E (110)
  HIGHEST GUST SPEED    24   HIGHEST GUST DIRECTION     E (100)
  AVERAGE WIND SPEED     9.4


SKY COVER
  POSSIBLE SUNSHINE  MM
  AVERAGE SKY COVER 0.1


WEATHER CONDITIONS
 THE FOLLOWING WEATHER WAS RECORDED YESTERDAY.
  NO SIGNIFICANT WEATHER WAS OBSERVED.


RELATIVE HUMIDITY (PERCENT)
 HIGHEST    78           200 AM
 LOWEST     31           200 PM
 AVERAGE    55

..........................................................


THE MOBRIDGE SD CLIMATE NORMALS FOR TODAY
                         NORMAL    RECORD    YEAR
 MAXIMUM TEMPERATURE (F)   81       101      1953
 MINIMUM TEMPERATURE (F)   55        39      1958


SUNRISE AND SUNSET
AUGUST 31 2016........SUNRISE   702 AM CDT   SUNSET   820 PM CDT
SEPTEMBER  1 2016.....SUNRISE   704 AM CDT   SUNSET   818 PM CDT


-  INDICATES NEGATIVE NUMBERS.
R  INDICATES RECORD WAS SET OR TIED.
MM INDICATES DATA IS MISSING.
T  INDICATES TRACE AMOUNT.




$$
