000
CDUS43 KABR 311035
CLIMBG


CLIMATE REPORT
NATIONAL WEATHER SERVICE ABERDEEN SD
534 AM CDT FRI OCT 31 2014


...................................

...THE MOBRIDGE SD CLIMATE SUMMARY FOR OCTOBER 30 2014...

CLIMATE NORMAL PERIOD 1981 TO 2010
CLIMATE RECORD PERIOD 1911 TO 2014


WEATHER ITEM   OBSERVED TIME   RECORD YEAR NORMAL DEPARTURE LAST
                VALUE   (LST)  VALUE       VALUE  FROM      YEAR
                                                  NORMAL
..................................................................
TEMPERATURE (F)
 YESTERDAY
  MAXIMUM         45   1220 PM  86    1950  53     -8       36
  MINIMUM         22   1152 PM   1    1991  30     -8       30
  AVERAGE         34                        41     -7       33

PRECIPITATION (IN)
  YESTERDAY        0.00          1.35 1947   0.04  -0.04      T
  MONTH TO DATE    0.56                      1.47  -0.91     5.69
  SINCE SEP 1      1.27                      3.01  -1.74     9.06
  SINCE JAN 1     20.59                     16.92   3.67    22.88

SNOWFALL (IN)
  YESTERDAY        0.0
  MONTH TO DATE    0.0
  SINCE OCT 1      0.0
  SINCE JUL 1      0.0
  SNOW DEPTH       0

DEGREE DAYS
 HEATING
  YESTERDAY       31                        24      7       32
  MONTH TO DATE  402                       530   -128      653
  SINCE SEP 1    557                       717   -160      723
  SINCE JUL 1    604                       750   -146      736

 COOLING
  YESTERDAY        0                         0      0        0
  MONTH TO DATE    5                         0      5        0
  SINCE SEP 1     68                        60      8      116
  SINCE JAN 1    471                       641   -170      700
..................................................................


WIND (MPH)
  HIGHEST WIND SPEED    23   HIGHEST WIND DIRECTION     N (360)
  HIGHEST GUST SPEED    30   HIGHEST GUST DIRECTION     N (20)
  AVERAGE WIND SPEED    13.4


SKY COVER
  POSSIBLE SUNSHINE  MM
  AVERAGE SKY COVER 0.5


WEATHER CONDITIONS
 THE FOLLOWING WEATHER WAS RECORDED YESTERDAY.
  NO SIGNIFICANT WEATHER WAS OBSERVED.


RELATIVE HUMIDITY (PERCENT)
 HIGHEST    86           500 AM
 LOWEST     67          1200 PM
 AVERAGE    77

..........................................................


THE MOBRIDGE SD CLIMATE NORMALS FOR TODAY
                         NORMAL    RECORD    YEAR
 MAXIMUM TEMPERATURE (F)   52        77      1944
 MINIMUM TEMPERATURE (F)   29         5      1991


SUNRISE AND SUNSET
OCTOBER 31 2014.......SUNRISE   820 AM CDT   SUNSET   630 PM CDT
NOVEMBER  1 2014......SUNRISE   821 AM CDT   SUNSET   629 PM CDT


-  INDICATES NEGATIVE NUMBERS.
R  INDICATES RECORD WAS SET OR TIED.
MM INDICATES DATA IS MISSING.
T  INDICATES TRACE AMOUNT.




$$
