000
CDUS43 KABR 031355
CLIMBG


CLIMATE REPORT
NATIONAL WEATHER SERVICE ABERDEEN SD
855 AM CDT THU SEP 3 2015


...................................

...THE MOBRIDGE SD CLIMATE SUMMARY FOR SEPTEMBER 2 2015...

CLIMATE NORMAL PERIOD 1981 TO 2010
CLIMATE RECORD PERIOD 1911 TO 2015


WEATHER ITEM   OBSERVED TIME   RECORD YEAR NORMAL DEPARTURE LAST
                VALUE   (LST)  VALUE       VALUE  FROM      YEAR
                                                  NORMAL
..................................................................
TEMPERATURE (F)
 YESTERDAY
  MAXIMUM         92    450 PM  99    1971  80     12       84
  MINIMUM         58    628 AM  39    1974  54      4       47
  AVERAGE         75                        67      8       66

PRECIPITATION (IN)
  YESTERDAY        0.00          2.65 1962   0.04  -0.04     0.00
  MONTH TO DATE    0.00                      0.09  -0.09     0.02
  SINCE SEP 1      0.00                      0.09  -0.09     0.02
  SINCE JAN 1     20.42                     14.00   6.42    19.34

DEGREE DAYS
 HEATING
  YESTERDAY        0                         3     -3        0
  MONTH TO DATE    0                         5     -5        2
  SINCE SEP 1      0                         5     -5        2
  SINCE JUL 1     22                        38    -16       49

 COOLING
  YESTERDAY       10                         4      6        1
  MONTH TO DATE   19                         9     10        1
  SINCE SEP 1     19                         9     10        1
  SINCE JAN 1    731                       590    141      404
..................................................................


WIND (MPH)
  HIGHEST WIND SPEED    16   HIGHEST WIND DIRECTION     E (110)
  HIGHEST GUST SPEED    21   HIGHEST GUST DIRECTION     E (90)
  AVERAGE WIND SPEED     8.8


SKY COVER
  POSSIBLE SUNSHINE  MM
  AVERAGE SKY COVER 0.2


WEATHER CONDITIONS
 THE FOLLOWING WEATHER WAS RECORDED YESTERDAY.
  FOG
  FOG W/VISIBILITY <= 1/4 MILE


RELATIVE HUMIDITY (PERCENT)
 HIGHEST   100          1200 AM
 LOWEST     49           400 PM
 AVERAGE    75

..........................................................


THE MOBRIDGE SD CLIMATE NORMALS FOR TODAY
                         NORMAL    RECORD    YEAR
 MAXIMUM TEMPERATURE (F)   80        99      2005
 MINIMUM TEMPERATURE (F)   53        33      1928


SUNRISE AND SUNSET
SEPTEMBER  3 2015.....SUNRISE   705 AM CDT   SUNSET   816 PM CDT
SEPTEMBER  4 2015.....SUNRISE   706 AM CDT   SUNSET   814 PM CDT


-  INDICATES NEGATIVE NUMBERS.
R  INDICATES RECORD WAS SET OR TIED.
MM INDICATES DATA IS MISSING.
T  INDICATES TRACE AMOUNT.




$$
