000
CDUS43 KABR 181252
CLIMBG


CLIMATE REPORT
NATIONAL WEATHER SERVICE ABERDEEN SD
652 AM CST SAT NOV 18 2017


...................................

...THE MOBRIDGE SD CLIMATE SUMMARY FOR NOVEMBER 17 2017...

CLIMATE NORMAL PERIOD 1981 TO 2010
CLIMATE RECORD PERIOD 1911 TO 2017


WEATHER ITEM   OBSERVED TIME   RECORD YEAR NORMAL DEPARTURE LAST
                VALUE   (LST)  VALUE       VALUE  FROM      YEAR
                                                  NORMAL
..................................................................
TEMPERATURE (F)
 YESTERDAY
  MAXIMUM         43    315 PM  73    1953  42      1       44
  MINIMUM         30   1159 PM  -8    1959  20     10       32
  AVERAGE         37                        31      6       38

PRECIPITATION (IN)
  YESTERDAY        T             0.33 1918   0.01  -0.01     0.21
  MONTH TO DATE    0.17                      0.40  -0.23     0.21
  SINCE SEP 1      2.36                      3.44  -1.08     1.32
  SINCE JAN 1     15.06                     17.35  -2.29    18.29

SNOWFALL (IN)
  YESTERDAY        0.0
  MONTH TO DATE    0.4
  SINCE OCT 1      0.4
  SINCE JUL 1      0.4
  SNOW DEPTH       0

DEGREE DAYS
 HEATING
  YESTERDAY       28                        34     -6       27
  MONTH TO DATE  561                       498     63      252
  SINCE SEP 1   1154                      1239    -85      731
  SINCE JUL 1   1160                      1272   -112      745

 COOLING
  YESTERDAY        0                         0      0        0
  MONTH TO DATE    0                         0      0        0
  SINCE SEP 1     80                        63     17       83
  SINCE JAN 1    791                       644    147      961
..................................................................


WIND (MPH)
  HIGHEST WIND SPEED    13   HIGHEST WIND DIRECTION     N (340)
  HIGHEST GUST SPEED    16   HIGHEST GUST DIRECTION    NW (330)
  AVERAGE WIND SPEED     4.6


SKY COVER
  POSSIBLE SUNSHINE  MM
  AVERAGE SKY COVER 0.6


WEATHER CONDITIONS
 THE FOLLOWING WEATHER WAS RECORDED YESTERDAY.
  LIGHT RAIN


RELATIVE HUMIDITY (PERCENT)
 HIGHEST    89           800 AM
 LOWEST     57           400 PM
 AVERAGE    73

..........................................................


THE MOBRIDGE SD CLIMATE NORMALS FOR TODAY
                         NORMAL    RECORD    YEAR
 MAXIMUM TEMPERATURE (F)   41        66      1949
 MINIMUM TEMPERATURE (F)   20         0      1947


SUNRISE AND SUNSET
NOVEMBER 18 2017......SUNRISE   745 AM CST   SUNSET   508 PM CST
NOVEMBER 19 2017......SUNRISE   747 AM CST   SUNSET   507 PM CST


-  INDICATES NEGATIVE NUMBERS.
R  INDICATES RECORD WAS SET OR TIED.
MM INDICATES DATA IS MISSING.
T  INDICATES TRACE AMOUNT.




$$
