000
CDUS43 KABR 262241
CLIMBG


CLIMATE REPORT
NATIONAL WEATHER SERVICE ABERDEEN SD
540 PM CDT SUN MAR 26 2017


...................................

...THE MOBRIDGE SD CLIMATE SUMMARY FOR MARCH 26 2017...
VALID TODAY AS OF 0500 PM LOCAL TIME.

CLIMATE NORMAL PERIOD 1981 TO 2010
CLIMATE RECORD PERIOD 1911 TO 2017


WEATHER ITEM   OBSERVED TIME   RECORD YEAR NORMAL DEPARTURE LAST
                VALUE   (LST)  VALUE       VALUE  FROM      YEAR
                                                  NORMAL
..................................................................
TEMPERATURE (F)
 TODAY
  MAXIMUM         55    359 PM  74    1918  48      7       44
                                      1946
  MINIMUM         38    304 AM  -7    1996  25     13       19
  AVERAGE         47                        36     11       32

PRECIPITATION (IN)
  TODAY            0.00          0.83 1950   0.02  -0.02     0.00
  MONTH TO DATE    0.62                      0.71  -0.09     0.57
  SINCE MAR 1      0.62                      0.71  -0.09     0.57
  SINCE JAN 1      1.38                      1.44  -0.06     1.79

SNOWFALL (IN)
  TODAY            0.0
  MONTH TO DATE    8.3
  SINCE OCT 1     47.3
  SINCE JUL 1     47.3
  SNOW DEPTH       0

DEGREE DAYS
 HEATING
  TODAY           18                        29    -11       33
  MONTH TO DATE  841                       891    -50      638
  SINCE MAR 1    841                       891    -50      638
  SINCE JUL 1   6278                      6866   -588     5513

 COOLING
  TODAY            0                         0      0        0
  MONTH TO DATE    0                         0      0        0
  SINCE MAR 1      0                         0      0        0
  SINCE JAN 1      0                         0      0        0
..................................................................


WIND (MPH)
  HIGHEST WIND SPEED    14   HIGHEST WIND DIRECTION    SE (150)
  HIGHEST GUST SPEED    18   HIGHEST GUST DIRECTION     S (160)
  AVERAGE WIND SPEED     3.5


SKY COVER
  POSSIBLE SUNSHINE  MM
  AVERAGE SKY COVER 0.8


WEATHER CONDITIONS
 THE FOLLOWING WEATHER WAS RECORDED TODAY.
  FOG
  HAZE


RELATIVE HUMIDITY (PERCENT)
 HIGHEST    85           300 AM
 LOWEST     46           300 PM
 AVERAGE    66

..........................................................


THE MOBRIDGE SD CLIMATE NORMALS FOR TOMORROW
                         NORMAL    RECORD    YEAR
 MAXIMUM TEMPERATURE (F)   48        84      1946
 MINIMUM TEMPERATURE (F)   25        -5      1913


SUNRISE AND SUNSET
MARCH 26 2017.........SUNRISE   733 AM CDT   SUNSET   802 PM CDT
MARCH 27 2017.........SUNRISE   731 AM CDT   SUNSET   804 PM CDT


-  INDICATES NEGATIVE NUMBERS.
R  INDICATES RECORD WAS SET OR TIED.
MM INDICATES DATA IS MISSING.
T  INDICATES TRACE AMOUNT.




$$
