000
CDUS43 KABR 191035
CLIMBG


CLIMATE REPORT
NATIONAL WEATHER SERVICE ABERDEEN SD
435 AM CST FRI JAN 19 2018


...................................

...THE MOBRIDGE SD CLIMATE SUMMARY FOR JANUARY 18 2018...

CLIMATE NORMAL PERIOD 1981 TO 2010
CLIMATE RECORD PERIOD 1911 TO 2018


WEATHER ITEM   OBSERVED TIME   RECORD YEAR NORMAL DEPARTURE LAST
                VALUE   (LST)  VALUE       VALUE  FROM      YEAR
                                                  NORMAL
..................................................................
TEMPERATURE (F)
 YESTERDAY
  MAXIMUM         42    325 PM  53    1991  26     16       29
  MINIMUM         18    759 AM -36    1943   6     12       16
  AVERAGE         30                        16     14       23

PRECIPITATION (IN)
  YESTERDAY        0.00          0.16 1979   0.01  -0.01     0.00
  MONTH TO DATE    0.05                      0.18  -0.13     0.42
  SINCE DEC 1      0.59                      0.62  -0.03     2.72
  SINCE JAN 1      0.05                      0.18  -0.13     0.42

SNOWFALL (IN)
  YESTERDAY        0.0
  MONTH TO DATE    1.5
  SINCE OCT 1     10.1
  SINCE JUL 1     10.1
  SNOW DEPTH       1

DEGREE DAYS
 HEATING
  YESTERDAY       35                        49    -14       42
  MONTH TO DATE  971                       882     89     1112
  SINCE DEC 1   2300                      2332    -32     2701
  SINCE JUL 1   3801                      4098   -297     3852

 COOLING
  YESTERDAY        0                         0      0        0
  MONTH TO DATE    0                         0      0        0
  SINCE DEC 1      0                         0      0        0
  SINCE JAN 1      0                         0      0        0
..................................................................


WIND (MPH)
  HIGHEST WIND SPEED    10   HIGHEST WIND DIRECTION    SE (130)
  HIGHEST GUST SPEED    12   HIGHEST GUST DIRECTION    SE (150)
  AVERAGE WIND SPEED     5.5


SKY COVER
  POSSIBLE SUNSHINE  MM
  AVERAGE SKY COVER 0.0


WEATHER CONDITIONS
 THE FOLLOWING WEATHER WAS RECORDED YESTERDAY.
  NO SIGNIFICANT WEATHER WAS OBSERVED.


RELATIVE HUMIDITY (PERCENT)
 HIGHEST    84           500 AM
 LOWEST     59           200 PM
 AVERAGE    72

..........................................................


THE MOBRIDGE SD CLIMATE NORMALS FOR TODAY
                         NORMAL    RECORD    YEAR
 MAXIMUM TEMPERATURE (F)   26        53      1919
                                             1942
 MINIMUM TEMPERATURE (F)    6       -37      1943


SUNRISE AND SUNSET
JANUARY 19 2018.......SUNRISE   815 AM CST   SUNSET   530 PM CST
JANUARY 20 2018.......SUNRISE   815 AM CST   SUNSET   531 PM CST


-  INDICATES NEGATIVE NUMBERS.
R  INDICATES RECORD WAS SET OR TIED.
MM INDICATES DATA IS MISSING.
T  INDICATES TRACE AMOUNT.




$$
