697
CDUS43 KDTX 252030
CLIMBS


CLIMATE REPORT
NATIONAL WEATHER SERVICE DETROIT/PONTIAC MI
429 PM EDT MON JUL 25 2016


...................................

...THE TRI CITIES MI CLIMATE SUMMARY FOR JULY 25 2016...
VALID TODAY AS OF 0400 PM LOCAL TIME.

CLIMATE NORMAL PERIOD 1981 TO 2010
CLIMATE RECORD PERIOD 1898 TO 2016


WEATHER ITEM   OBSERVED TIME   NORMAL DEPARTURE LAST
                VALUE   (LST)  VALUE  FROM      YEAR
                                      NORMAL
......................................................
TEMPERATURE (F)
 TODAY
  MAXIMUM         87    259 PM  82      5       87
  MINIMUM         73    605 AM  60     13       69
  AVERAGE         80            71      9       78

PRECIPITATION (IN)
  TODAY            0.00          0.09  -0.09     0.22
  MONTH TO DATE    2.72          2.06   0.66     2.36
  SINCE JUN 1      4.49          5.04  -0.55     6.44
  SINCE JAN 1     16.33         16.69  -0.36    15.08

SNOWFALL (IN)
  TODAY            0.0           0.0    0.0      0.0
  MONTH TO DATE    0.0           0.0    0.0      0.0
  SINCE JUN 1      0.0           0.0    0.0      0.0
  SINCE JUL 1      0.0           0.0    0.0      0.0
  SNOW DEPTH       0

DEGREE DAYS
 HEATING
  TODAY            0             0      0        0
  MONTH TO DATE    2             2      0        9
  SINCE JUN 1     28            61    -33       49
  SINCE JUL 1      2             2      0        9

 COOLING
  TODAY           15             6      9       13
  MONTH TO DATE  227           164     63      152
  SINCE JUN 1    362           288     74      270
  SINCE JAN 1    440           324    116      334
......................................................


WIND (MPH)
  HIGHEST WIND SPEED    22   HIGHEST WIND DIRECTION     W (280)
  HIGHEST GUST SPEED    27   HIGHEST GUST DIRECTION     W (270)
  AVERAGE WIND SPEED    10.4


SKY COVER
  AVERAGE SKY COVER 0.2


WEATHER CONDITIONS
 THE FOLLOWING WEATHER WAS RECORDED TODAY.
  FOG


..........................................................


THE TRI CITIES MI CLIMATE NORMALS FOR TOMORROW
                         NORMAL
 MAXIMUM TEMPERATURE (F)   81
 MINIMUM TEMPERATURE (F)   60


SUNRISE AND SUNSET
JULY 25 2016..........SUNRISE   619 AM EDT   SUNSET   906 PM EDT
JULY 26 2016..........SUNRISE   620 AM EDT   SUNSET   905 PM EDT


-  INDICATES NEGATIVE NUMBERS.
R  INDICATES RECORD WAS SET OR TIED.
MM INDICATES DATA IS MISSING.
T  INDICATES TRACE AMOUNT.




$$
