000
CDUS43 KDTX 120541
CLIMBS


CLIMATE REPORT
NATIONAL WEATHER SERVICE DETROIT/PONTIAC MI
1241 AM EST FRI FEB 12 2016


...................................

...THE TRI CITIES MI CLIMATE SUMMARY FOR FEBRUARY 11 2016...

CLIMATE NORMAL PERIOD 1981 TO 2010
CLIMATE RECORD PERIOD 1898 TO 2016


WEATHER ITEM   OBSERVED TIME   NORMAL DEPARTURE LAST
                VALUE   (LST)  VALUE  FROM      YEAR
                                      NORMAL
......................................................
TEMPERATURE (F)
 YESTERDAY
  MAXIMUM         21    516 PM  31    -10       33
  MINIMUM          8    118 AM  16     -8       20
  AVERAGE         15            24     -9

PRECIPITATION (IN)
  YESTERDAY        T             0.06  -0.06
  MONTH TO DATE    1.12          0.52   0.60
  SINCE DEC 1      6.26          4.09   2.17
  SINCE JAN 1      3.16          2.23   0.93

SNOWFALL (IN)
  YESTERDAY        T
  MONTH TO DATE    6.9
  SINCE DEC 1     19.2
  SINCE JUL 1     22.7
  SNOW DEPTH       7

DEGREE DAYS
 HEATING
  YESTERDAY       50                    9
  MONTH TO DATE  379                  -86
  SINCE DEC 1   2353                 -604
  SINCE JUL 1   3364                -1066

 COOLING
  YESTERDAY        0                    0
  MONTH TO DATE    0                    0
  SINCE DEC 1      0                    0
  SINCE JAN 1      0                    0
......................................................


WIND (MPH)
  HIGHEST WIND SPEED    20   HIGHEST WIND DIRECTION    NW (320)
  HIGHEST GUST SPEED    23   HIGHEST GUST DIRECTION    NW (310)
  AVERAGE WIND SPEED     9.0



WEATHER CONDITIONS
 THE FOLLOWING WEATHER WAS RECORDED YESTERDAY.
  LIGHT SNOW
  HAZE


RELATIVE HUMIDITY (PERCENT)
 HIGHEST    70
 LOWEST     49
 AVERAGE    60

..........................................................


THE TRI CITIES MI CLIMATE NORMALS FOR TODAY
                         NORMAL
 MAXIMUM TEMPERATURE (F)   31
 MINIMUM TEMPERATURE (F)   17


SUNRISE AND SUNSET
FEBRUARY 12 2016......SUNRISE   740 AM EST   SUNSET   602 PM EST
FEBRUARY 13 2016......SUNRISE   738 AM EST   SUNSET   603 PM EST


-  INDICATES NEGATIVE NUMBERS.
R  INDICATES RECORD WAS SET OR TIED.
MM INDICATES DATA IS MISSING.
T  INDICATES TRACE AMOUNT.




$$
