000
CDUS43 KDTX 060539
CLIMBS


CLIMATE REPORT
NATIONAL WEATHER SERVICE DETROIT/PONTIAC MI
139 AM EDT MON JUL 6 2015


...................................

...THE TRI CITIES MI CLIMATE SUMMARY FOR JULY 5 2015...

CLIMATE NORMAL PERIOD 1981 TO 2010
CLIMATE RECORD PERIOD 1898 TO 2015


WEATHER ITEM   OBSERVED TIME   NORMAL DEPARTURE LAST
                VALUE   (LST)  VALUE  FROM      YEAR
                                      NORMAL
......................................................
TEMPERATURE (F)
 YESTERDAY
  MAXIMUM         84    457 PM  82      2       81
  MINIMUM         61    509 AM  60      1       54
  AVERAGE         73            71      2

PRECIPITATION (IN)
  YESTERDAY        0.00          0.09  -0.09
  MONTH TO DATE    0.00          0.45  -0.45
  SINCE JUN 1      4.08          3.43   0.65
  SINCE JAN 1     12.72         15.08  -2.36

SNOWFALL (IN)
  YESTERDAY        0.0
  MONTH TO DATE    0.0
  SINCE JUN 1      0.0
  SINCE JUL 1      0.0
  SNOW DEPTH       0

DEGREE DAYS
 HEATING
  YESTERDAY        0                    0
  MONTH TO DATE    3                    1
  SINCE JUN 1     43                  -18
  SINCE JUL 1      3                    1

 COOLING
  YESTERDAY        8                    2
  MONTH TO DATE   13                  -17
  SINCE JUN 1    131                  -23
  SINCE JAN 1    195                    5
......................................................


WIND (MPH)
  HIGHEST WIND SPEED    10   HIGHEST WIND DIRECTION     S (200)
  HIGHEST GUST SPEED    15   HIGHEST GUST DIRECTION    SW (220)
  AVERAGE WIND SPEED     5.6



WEATHER CONDITIONS
 THE FOLLOWING WEATHER WAS RECORDED YESTERDAY.
  FOG
  HAZE


RELATIVE HUMIDITY (PERCENT)
 HIGHEST    90
 LOWEST     37
 AVERAGE    64

..........................................................


THE TRI CITIES MI CLIMATE NORMALS FOR TODAY
                         NORMAL
 MAXIMUM TEMPERATURE (F)   82
 MINIMUM TEMPERATURE (F)   60


SUNRISE AND SUNSET
JULY  6 2015..........SUNRISE   602 AM EDT   SUNSET   920 PM EDT
JULY  7 2015..........SUNRISE   603 AM EDT   SUNSET   920 PM EDT


-  INDICATES NEGATIVE NUMBERS.
R  INDICATES RECORD WAS SET OR TIED.
MM INDICATES DATA IS MISSING.
T  INDICATES TRACE AMOUNT.




$$
