000
CDUS43 KDTX 230536
CLIMBS


CLIMATE REPORT
NATIONAL WEATHER SERVICE DETROIT/PONTIAC MI
136 AM EDT TUE MAY 23 2017


...................................

...THE TRI CITIES MI CLIMATE SUMMARY FOR MAY 22 2017...

CLIMATE NORMAL PERIOD 1981 TO 2010
CLIMATE RECORD PERIOD 1898 TO 2017


WEATHER ITEM   OBSERVED TIME   NORMAL DEPARTURE LAST
                VALUE   (LST)  VALUE  FROM      YEAR
                                      NORMAL
......................................................
TEMPERATURE (F)
 YESTERDAY
  MAXIMUM         67    529 PM  70     -3       68
  MINIMUM         50    748 AM  49      1       51
  AVERAGE         59            59      0

PRECIPITATION (IN)
  YESTERDAY        0.00          0.11  -0.11
  MONTH TO DATE    1.69          2.44  -0.75
  SINCE MAR 1     10.38          7.39   2.99
  SINCE JAN 1     14.89         10.71   4.18

SNOWFALL (IN)
  YESTERDAY        0.0
  MONTH TO DATE    0.0
  SINCE MAR 1      7.5
  SINCE JUL 1     37.4
  SNOW DEPTH       0

DEGREE DAYS
 HEATING
  YESTERDAY        6                   -1
  MONTH TO DATE  242                   21
  SINCE MAR 1   1656                 -106
  SINCE JUL 1   5825                -1036

 COOLING
  YESTERDAY        0                   -1
  MONTH TO DATE   17                    3
  SINCE MAR 1     21                    3
  SINCE JAN 1     21                    3
......................................................


WIND (MPH)
  HIGHEST WIND SPEED    26   HIGHEST WIND DIRECTION     W (260)
  HIGHEST GUST SPEED    33   HIGHEST GUST DIRECTION     W (260)
  AVERAGE WIND SPEED    14.2



WEATHER CONDITIONS
 THE FOLLOWING WEATHER WAS RECORDED YESTERDAY.
  NO SIGNIFICANT WEATHER WAS OBSERVED.


RELATIVE HUMIDITY (PERCENT)
 HIGHEST    77
 LOWEST     45
 AVERAGE    61

..........................................................


THE TRI CITIES MI CLIMATE NORMALS FOR TODAY
                         NORMAL
 MAXIMUM TEMPERATURE (F)   70
 MINIMUM TEMPERATURE (F)   49


SUNRISE AND SUNSET
MAY 23 2017...........SUNRISE   604 AM EDT   SUNSET   903 PM EDT
MAY 24 2017...........SUNRISE   603 AM EDT   SUNSET   904 PM EDT


-  INDICATES NEGATIVE NUMBERS.
R  INDICATES RECORD WAS SET OR TIED.
MM INDICATES DATA IS MISSING.
T  INDICATES TRACE AMOUNT.




$$
