000
CDUS43 KDTX 210537
CLIMBS


CLIMATE REPORT
NATIONAL WEATHER SERVICE DETROIT/PONTIAC MI
137 AM EDT SUN SEP 21 2014


...................................

...THE  TRI CITIES MI CLIMATE SUMMARY FOR SEPTEMBER 20 2014...

CLIMATE NORMAL PERIOD 1981 TO 2010
CLIMATE RECORD PERIOD 1898 TO 2014


WEATHER ITEM   OBSERVED TIME   NORMAL DEPARTURE
                VALUE   (LST)  VALUE  FROM
                                      NORMAL
...................................................
TEMPERATURE (F)
 YESTERDAY
  MAXIMUM         79    359 PM  71      8
  MINIMUM         55    206 AM  49      6
  AVERAGE         67            60      7

PRECIPITATION (IN)
  YESTERDAY        0.14          0.13   0.01
  MONTH TO DATE    2.17          2.59  -0.42
  SINCE SEP 1      2.17          2.59  -0.42
  SINCE JAN 1     24.28         23.11   1.17

SNOWFALL (IN)
  YESTERDAY        0.0
  MONTH TO DATE    0.0
  SINCE SEP 1      0.0
  SINCE JUL 1      0.0
  SNOW DEPTH       0

DEGREE DAYS
 HEATING
  YESTERDAY        0                   -6
  MONTH TO DATE  101                   25
  SINCE SEP 1    101                   25
  SINCE JUL 1    127                   11

 COOLING
  YESTERDAY        2                    1
  MONTH TO DATE   52                   12
  SINCE SEP 1     52                   12
  SINCE JAN 1    537                   -7
...................................................


WIND (MPH)
  HIGHEST WIND SPEED    26   HIGHEST WIND DIRECTION    SW (220)
  HIGHEST GUST SPEED    34   HIGHEST GUST DIRECTION    SW (220)
  AVERAGE WIND SPEED    13.4




RELATIVE HUMIDITY (PERCENT)
 HIGHEST    87
 LOWEST     56
 AVERAGE    72

..........................................................


THE  TRI CITIES MI CLIMATE NORMALS FOR TODAY
                         NORMAL
 MAXIMUM TEMPERATURE (F)   70
 MINIMUM TEMPERATURE (F)   49


SUNRISE AND SUNSET
SEPTEMBER 21 2014.....SUNRISE   722 AM EDT   SUNSET   736 PM EDT
SEPTEMBER 22 2014.....SUNRISE   724 AM EDT   SUNSET   734 PM EDT


-  INDICATES NEGATIVE NUMBERS.
R  INDICATES RECORD WAS SET OR TIED.
MM INDICATES DATA IS MISSING.
T  INDICATES TRACE AMOUNT.




$$
