000
CDUS43 KDTX 032030
CLIMBS


CLIMATE REPORT
NATIONAL WEATHER SERVICE DETROIT/PONTIAC MI
429 PM EDT THU SEP 3 2015


...................................

...THE TRI CITIES MI CLIMATE SUMMARY FOR SEPTEMBER 3 2015...
VALID TODAY AS OF 0400 PM LOCAL TIME.

CLIMATE NORMAL PERIOD 1981 TO 2010
CLIMATE RECORD PERIOD 1898 TO 2015


WEATHER ITEM   OBSERVED TIME   NORMAL DEPARTURE LAST
                VALUE   (LST)  VALUE  FROM      YEAR
                                      NORMAL
......................................................
TEMPERATURE (F)
 TODAY
  MAXIMUM         76    917 AM  77     -1       82
  MINIMUM         66    534 AM  55     11       59
  AVERAGE         71            66      5       71

PRECIPITATION (IN)
  TODAY            1.04          0.12   0.92     0.00
  MONTH TO DATE    1.04          0.35   0.69     0.95
  SINCE SEP 1      1.04          0.35   0.69     0.95
  SINCE JAN 1     21.64         20.87   0.77    23.06

SNOWFALL (IN)
  TODAY            0.0           0.0    0.0      0.0
  MONTH TO DATE    0.0           0.0    0.0      0.0
  SINCE SEP 1      0.0           0.0    0.0      0.0
  SINCE JUL 1      0.0           0.0    0.0      0.0
  SNOW DEPTH       0

DEGREE DAYS
 HEATING
  TODAY            0             2     -2        0
  MONTH TO DATE    0             6     -6        0
  SINCE SEP 1      0             6     -6        0
  SINCE JUL 1     18            46    -28       26

 COOLING
  TODAY            6             3      3        6
  MONTH TO DATE   29             9     20       21
  SINCE SEP 1     29             9     20       21
  SINCE JAN 1    616           513    103      506
......................................................


WIND (MPH)
  HIGHEST WIND SPEED    29   HIGHEST WIND DIRECTION    NW (310)
  HIGHEST GUST SPEED    35   HIGHEST GUST DIRECTION    NW (310)
  AVERAGE WIND SPEED     5.6


SKY COVER
  AVERAGE SKY COVER 0.4


WEATHER CONDITIONS
 THE FOLLOWING WEATHER WAS RECORDED TODAY.
  THUNDERSTORM
  HEAVY RAIN
  RAIN
  LIGHT RAIN
  FOG


..........................................................


THE TRI CITIES MI CLIMATE NORMALS FOR TOMORROW
                         NORMAL
 MAXIMUM TEMPERATURE (F)   76
 MINIMUM TEMPERATURE (F)   55


SUNRISE AND SUNSET
SEPTEMBER  3 2015.....SUNRISE   702 AM EDT   SUNSET   809 PM EDT
SEPTEMBER  4 2015.....SUNRISE   703 AM EDT   SUNSET   807 PM EDT


-  INDICATES NEGATIVE NUMBERS.
R  INDICATES RECORD WAS SET OR TIED.
MM INDICATES DATA IS MISSING.
T  INDICATES TRACE AMOUNT.




$$
