000
CDUS43 KDTX 230536
CLIMBS


CLIMATE REPORT
NATIONAL WEATHER SERVICE DETROIT/PONTIAC MI
135 AM EDT MON OCT 23 2017


...................................

...THE TRI CITIES MI CLIMATE SUMMARY FOR OCTOBER 22 2017...

CLIMATE NORMAL PERIOD 1981 TO 2010
CLIMATE RECORD PERIOD 1898 TO 2017


WEATHER ITEM   OBSERVED TIME   NORMAL DEPARTURE LAST
                VALUE   (LST)  VALUE  FROM      YEAR
                                      NORMAL
......................................................
TEMPERATURE (F)
 YESTERDAY
  MAXIMUM         78    316 PM  57     21       55
  MINIMUM         58    508 AM  38     20       36
  AVERAGE         68            48     20

PRECIPITATION (IN)
  YESTERDAY        0.00          0.08  -0.08
  MONTH TO DATE    1.97          1.88   0.09
  SINCE SEP 1      2.41          5.71  -3.30
  SINCE JAN 1     32.19         26.23   5.96

SNOWFALL (IN)
  YESTERDAY        0.0
  MONTH TO DATE    0.0
  SINCE SEP 1      0.0
  SINCE JUL 1      0.0
  SNOW DEPTH       0

DEGREE DAYS
 HEATING
  YESTERDAY        0                  -17
  MONTH TO DATE  111                 -196
  SINCE SEP 1    213                 -253
  SINCE JUL 1    235                 -271

 COOLING
  YESTERDAY        3                    3
  MONTH TO DATE   21                   19
  SINCE SEP 1    147                   97
  SINCE JAN 1    665                  111
......................................................


WIND (MPH)
  HIGHEST WIND SPEED    23   HIGHEST WIND DIRECTION     S (190)
  HIGHEST GUST SPEED    31   HIGHEST GUST DIRECTION     S (190)
  AVERAGE WIND SPEED    12.7



WEATHER CONDITIONS
 THE FOLLOWING WEATHER WAS RECORDED YESTERDAY.
  NO SIGNIFICANT WEATHER WAS OBSERVED.


RELATIVE HUMIDITY (PERCENT)
 HIGHEST    72
 LOWEST     45
 AVERAGE    59

..........................................................


THE TRI CITIES MI CLIMATE NORMALS FOR TODAY
                         NORMAL
 MAXIMUM TEMPERATURE (F)   56
 MINIMUM TEMPERATURE (F)   38


SUNRISE AND SUNSET
OCTOBER 23 2017.......SUNRISE   801 AM EDT   SUNSET   640 PM EDT
OCTOBER 24 2017.......SUNRISE   802 AM EDT   SUNSET   638 PM EDT


-  INDICATES NEGATIVE NUMBERS.
R  INDICATES RECORD WAS SET OR TIED.
MM INDICATES DATA IS MISSING.
T  INDICATES TRACE AMOUNT.




$$
