000
CDUS43 KDTX 260538
CLIMBS


CLIMATE REPORT
NATIONAL WEATHER SERVICE DETROIT/PONTIAC MI
138 AM EDT THU MAY 26 2016


...................................

...THE TRI CITIES MI CLIMATE SUMMARY FOR MAY 25 2016...

CLIMATE NORMAL PERIOD 1981 TO 2010
CLIMATE RECORD PERIOD 1898 TO 2016


WEATHER ITEM   OBSERVED TIME   NORMAL DEPARTURE LAST
                VALUE   (LST)  VALUE  FROM      YEAR
                                      NORMAL
......................................................
TEMPERATURE (F)
 YESTERDAY
  MAXIMUM         89    237 PM  71     18       79
  MINIMUM         62   1045 PM  50     12       61
  AVERAGE         76            60     16

PRECIPITATION (IN)
  YESTERDAY        T             0.11  -0.11
  MONTH TO DATE    1.67          2.77  -1.10
  SINCE MAR 1      7.48          7.72  -0.24
  SINCE JAN 1     11.40         11.04   0.36

SNOWFALL (IN)
  YESTERDAY        0.0
  MONTH TO DATE    0.0
  SINCE MAR 1     16.5
  SINCE JUL 1     50.2
  SNOW DEPTH       0

DEGREE DAYS
 HEATING
  YESTERDAY        0                   -6
  MONTH TO DATE  214                  -27
  SINCE MAR 1   1634                 -148
  SINCE JUL 1   5647                -1234

 COOLING
  YESTERDAY       11                    9
  MONTH TO DATE   19                    0
  SINCE MAR 1     20                   -3
  SINCE JAN 1     20                   -3
......................................................


WIND (MPH)
  HIGHEST WIND SPEED    20   HIGHEST WIND DIRECTION    NE (40)
  HIGHEST GUST SPEED    22   HIGHEST GUST DIRECTION    NE (40)
  AVERAGE WIND SPEED     7.9



WEATHER CONDITIONS
 THE FOLLOWING WEATHER WAS RECORDED YESTERDAY.
  LIGHT RAIN


RELATIVE HUMIDITY (PERCENT)
 HIGHEST    84
 LOWEST     34
 AVERAGE    59

..........................................................


THE TRI CITIES MI CLIMATE NORMALS FOR TODAY
                         NORMAL
 MAXIMUM TEMPERATURE (F)   71
 MINIMUM TEMPERATURE (F)   50


SUNRISE AND SUNSET
MAY 26 2016...........SUNRISE   601 AM EDT   SUNSET   906 PM EDT
MAY 27 2016...........SUNRISE   601 AM EDT   SUNSET   907 PM EDT


-  INDICATES NEGATIVE NUMBERS.
R  INDICATES RECORD WAS SET OR TIED.
MM INDICATES DATA IS MISSING.
T  INDICATES TRACE AMOUNT.




$$
