000
CDUS46 KHNX 110826
CLIMCE


CLIMATE REPORT
NATIONAL WEATHER SERVICE SAN JOAQUIN VALLEY, CA
125 AM PDT FRI JUL 11 2014


...................................

...THE MERCED  CA CLIMATE SUMMARY FOR JULY 10 2014...

CLIMATE NORMAL PERIOD 1981 TO 2010
CLIMATE RECORD PERIOD 1998 TO 2014


WEATHER ITEM   OBSERVED TIME   RECORD YEAR NORMAL DEPARTURE
                VALUE   (LST)  VALUE       VALUE  FROM
                                                  NORMAL
...............................................................
TEMPERATURE (F)
 YESTERDAY
  MAXIMUM         93    441 PM 107    2008  95     -2
  MINIMUM         64    534 AM  56    2009  61      3
  AVERAGE         79                        78      1

PRECIPITATION (IN)
  YESTERDAY        0.00          T    2013   0.00   0.00
  MONTH TO DATE    0.00                      0.00   0.00
  SINCE JUL 1      0.00                      0.00   0.00
  SINCE JAN 1      3.96                      8.68  -4.72

SNOWFALL (IN)
  YESTERDAY        0.0
  MONTH TO DATE    0.0
  SINCE JUN 1      0.0
  SINCE JUL 1      0.0
  SNOW DEPTH       0

DEGREE DAYS
 HEATING
  YESTERDAY        0
  MONTH TO DATE    0
  SINCE JUN 1      0
  SINCE JUL 1      0

 COOLING
  YESTERDAY       14
  MONTH TO DATE  190
  SINCE JUN 1    543
  SINCE JAN 1    806
...............................................................


WIND (MPH)
  HIGHEST WIND SPEED    14   HIGHEST WIND DIRECTION    NW (320)
  HIGHEST GUST SPEED    19   HIGHEST GUST DIRECTION     N (360)
  AVERAGE WIND SPEED     8.3




RELATIVE HUMIDITY (PERCENT)
 HIGHEST    73
 LOWEST     28
 AVERAGE    51

..........................................................


THE MERCED  CA CLIMATE NORMALS FOR TODAY
                         NORMAL    RECORD    YEAR
 MAXIMUM TEMPERATURE (F)   95       107      2012
 MINIMUM TEMPERATURE (F)   61        58      2011
                                             2004


SUNRISE AND SUNSET
JULY 11 2014..........SUNRISE   551 AM PDT   SUNSET   824 PM PDT
JULY 12 2014..........SUNRISE   552 AM PDT   SUNSET   824 PM PDT


-  INDICATES NEGATIVE NUMBERS.
R  INDICATES RECORD WAS SET OR TIED.
MM INDICATES DATA IS MISSING.
T  INDICATES TRACE AMOUNT.




$$
