000
CDUS46 KHNX 240829
CLIMCE


CLIMATE REPORT
NATIONAL WEATHER SERVICE SAN JOAQUIN VALLEY, CA
129 AM PDT SAT JUN 24 2017


...................................

...THE MERCED  CA CLIMATE SUMMARY FOR JUNE 23 2017...

CLIMATE NORMAL PERIOD 1981 TO 2010
CLIMATE RECORD PERIOD 1998 TO 2017


WEATHER ITEM   OBSERVED TIME   RECORD YEAR NORMAL DEPARTURE
                VALUE   (LST)  VALUE       VALUE  FROM
                                                  NORMAL
...............................................................
TEMPERATURE (F)
 YESTERDAY
  MAXIMUM        104R       MM 104    2006  92     12
  MINIMUM         71        MM  51    2003  59     12
  AVERAGE         88                        75     13

PRECIPITATION (IN)
  YESTERDAY        0.00          T    2015   0.00   0.00
  MONTH TO DATE    0.05                      0.13  -0.08
  SINCE OCT 1     16.03                     12.19   3.84
  SINCE JAN 1     11.80                      8.68   3.12

SNOWFALL (IN)
  YESTERDAY        0.0
  MONTH TO DATE    0.0
  SINCE JUN 1      0.0
  SINCE JUL 1      0.0
  SNOW DEPTH       0

DEGREE DAYS
 HEATING
  YESTERDAY        0
  MONTH TO DATE   10
  SINCE JUN 1     10
  SINCE JUL 1   2381

 COOLING
  YESTERDAY       23
  MONTH TO DATE  268
  SINCE JUN 1    268
  SINCE JAN 1    420
...............................................................


WIND (MPH)
  HIGHEST WIND SPEED    13   HIGHEST WIND DIRECTION    NW (320)
  HIGHEST GUST SPEED    MM   HIGHEST GUST DIRECTION    MM
  AVERAGE WIND SPEED     8.4




RELATIVE HUMIDITY (PERCENT)
 HIGHEST    57
 LOWEST     22
 AVERAGE    40

..........................................................


THE MERCED  CA CLIMATE NORMALS FOR TODAY
                         NORMAL    RECORD    YEAR
 MAXIMUM TEMPERATURE (F)   92       103      2006
 MINIMUM TEMPERATURE (F)   60        52      2007


SUNRISE AND SUNSET
JUNE 24 2017..........SUNRISE   543 AM PDT   SUNSET   827 PM PDT
JUNE 25 2017..........SUNRISE   543 AM PDT   SUNSET   827 PM PDT


-  INDICATES NEGATIVE NUMBERS.
R  INDICATES RECORD WAS SET OR TIED.
MM INDICATES DATA IS MISSING.
T  INDICATES TRACE AMOUNT.




$$
