000
CDUS46 KHNX 180823
CLIMCE


CLIMATE REPORT
NATIONAL WEATHER SERVICE SAN JOAQUIN VALLEY, CA
1223 AM PST SUN FEB 18 2018


...................................

...THE MERCED  CA CLIMATE SUMMARY FOR FEBRUARY 17 2018...

CLIMATE NORMAL PERIOD 1981 TO 2010
CLIMATE RECORD PERIOD 1998 TO 2018


WEATHER ITEM   OBSERVED TIME   RECORD YEAR NORMAL DEPARTURE
                VALUE   (LST)  VALUE       VALUE  FROM
                                                  NORMAL
...............................................................
TEMPERATURE (F)
 YESTERDAY
  MAXIMUM         70    327 PM  72    2007  61      9
  MINIMUM         33R   714 AM  34    2012  39     -6
                                      2008
  AVERAGE         52                        50      2

PRECIPITATION (IN)
  YESTERDAY        0.00          0.66 2011   0.08  -0.08
  MONTH TO DATE    0.00                      1.35  -1.35
  SINCE OCT 1      2.29                      7.47  -5.18
  SINCE JAN 1      1.18                      3.96  -2.78

SNOWFALL (IN)
  YESTERDAY        0.0
  MONTH TO DATE    0.0
  SINCE DEC 1      0.0
  SINCE JUL 1      0.0
  SNOW DEPTH       0

DEGREE DAYS
 HEATING
  YESTERDAY       13
  MONTH TO DATE  193
  SINCE DEC 1   1200
  SINCE JUL 1   1554

 COOLING
  YESTERDAY        0
  MONTH TO DATE    0
  SINCE DEC 1      0
  SINCE JAN 1      0
...............................................................


WIND (MPH)
  HIGHEST WIND SPEED     7   HIGHEST WIND DIRECTION     S (170)
  HIGHEST GUST SPEED    11   HIGHEST GUST DIRECTION    SE (150)
  AVERAGE WIND SPEED     1.8




RELATIVE HUMIDITY (PERCENT)
 HIGHEST    82
 LOWEST     22
 AVERAGE    52

..........................................................


THE MERCED  CA CLIMATE NORMALS FOR TODAY
                         NORMAL    RECORD    YEAR
 MAXIMUM TEMPERATURE (F)   61        69      2015
 MINIMUM TEMPERATURE (F)   40        31      2003


SUNRISE AND SUNSET
FEBRUARY 18 2018......SUNRISE   648 AM PST   SUNSET   545 PM PST
FEBRUARY 19 2018......SUNRISE   646 AM PST   SUNSET   546 PM PST


-  INDICATES NEGATIVE NUMBERS.
R  INDICATES RECORD WAS SET OR TIED.
MM INDICATES DATA IS MISSING.
T  INDICATES TRACE AMOUNT.




$$
