000
CDUS46 KHNX 290822
CLIMCE


CLIMATE REPORT
NATIONAL WEATHER SERVICE SAN JOAQUIN VALLEY, CA
121 AM PDT SUN MAR 29 2015


...................................

...THE MERCED  CA CLIMATE SUMMARY FOR MARCH 28 2015...

CLIMATE NORMAL PERIOD 1981 TO 2010
CLIMATE RECORD PERIOD 1998 TO 2015


WEATHER ITEM   OBSERVED TIME   RECORD YEAR NORMAL DEPARTURE
                VALUE   (LST)  VALUE       VALUE  FROM
                                                  NORMAL
...............................................................
TEMPERATURE (F)
 YESTERDAY
  MAXIMUM         81R   417 PM  80    2009  67     14
  MINIMUM         52    547 AM  33    1999  43      9
  AVERAGE         67                        55     12

PRECIPITATION (IN)
  YESTERDAY        0.00          0.18 2005   0.05  -0.05
  MONTH TO DATE    0.19                      1.91  -1.72
  SINCE OCT 1      6.01                     10.37  -4.36
  SINCE JAN 1      1.26                      6.86  -5.60

SNOWFALL (IN)
  YESTERDAY        0.0
  MONTH TO DATE    0.0
  SINCE MAR 1      0.0
  SINCE JUL 1      0.0
  SNOW DEPTH       0

DEGREE DAYS
 HEATING
  YESTERDAY        0
  MONTH TO DATE  125
  SINCE MAR 1    125
  SINCE JUL 1   1589

 COOLING
  YESTERDAY        2
  MONTH TO DATE   13
  SINCE MAR 1     13
  SINCE JAN 1     13
...............................................................


WIND (MPH)
  HIGHEST WIND SPEED    20   HIGHEST WIND DIRECTION     N (340)
  HIGHEST GUST SPEED    25   HIGHEST GUST DIRECTION     N (340)
  AVERAGE WIND SPEED     9.9




RELATIVE HUMIDITY (PERCENT)
 HIGHEST    83
 LOWEST     30
 AVERAGE    57

..........................................................


THE MERCED  CA CLIMATE NORMALS FOR TODAY
                         NORMAL    RECORD    YEAR
 MAXIMUM TEMPERATURE (F)   68        84      2004
 MINIMUM TEMPERATURE (F)   43        32      1999


SUNRISE AND SUNSET
MARCH 29 2015.........SUNRISE   653 AM PDT   SUNSET   722 PM PDT
MARCH 30 2015.........SUNRISE   651 AM PDT   SUNSET   723 PM PDT


-  INDICATES NEGATIVE NUMBERS.
R  INDICATES RECORD WAS SET OR TIED.
MM INDICATES DATA IS MISSING.
T  INDICATES TRACE AMOUNT.




$$
