000
CDAK49 PAMC 051107
CLIMCG

CLIMATE REPORT
NATIONAL WEATHER SERVICE MCGRATH, AK
207 AM AKST THU MAR 5 2015

...................................
...THE MCGRATH AIRPORT CLIMATE SUMMARY FOR MARCH 4 2015...

CLIMATE NORMAL PERIOD  1981 TO  2010
CLIMATE RECORD PERIOD  1940 TO  2015

WEATHER ITEM   OBSERVED TIME    RECORD YEAR NORMAL DEPARTURE LAST
               VALUE    (LST)   VALUE       VALUE  FROM      YEAR
                                                   NORMAL
...................................................................
TEMPERATURE
YESTERDAY
 MAXIMUM            38  0246 PM    41  1988     20      18     16
 MINIMUM            33  1159 PM   -45  1971     -6      39     11
 AVERAGE            36                           7      29     14

PRECIPITATION
(INCHES)
 YESTERDAY        0.01           0.55  1955   0.03   -0.02   0.01
 MONTH TO DATE    0.02                        0.12   -0.10   0.01
 SINCE MAR 1      0.02                        0.12   -0.10   0.01
 SINCE JAN 1      0.46                        2.15   -1.69   1.70

SNOWFALL
(INCHES)
 YESTERDAY         0.0            5.5  1955    0.5    -0.5    0.1
 MONTH TO DATE     0.2                         1.8    -1.6    0.1
 SINCE MAR 1       0.2                         1.8    -1.6    0.1
 SINCE JUL 1      33.3                        81.8   -48.5   46.1
 SNOW DEPTH (IN)    12                                         15

DEGREE DAYS
 HEATING
  YESTERDAY         29                          58     -29     51
  MONTH TO DATE    170                         233     -63    203
  SINCE MAR 1      170                         233     -63    203
  SINCE JUL 1     9236                       10471   -1235   9028

 COOLING
  YESTERDAY          0                           0       0      0
  MONTH TO DATE      0                           0       0      0
  SINCE MAR 1        0                           0       0      0
  SINCE JAN 1        0                           0       0      0
...................................................................

WIND (MPH)
 HIGHEST WIND SPEED    13     HIGHEST WIND DIRECTION    200
 HIGHEST GUST SPEED    18     HIGHEST GUST DIRECTION    210
 AVERAGE WIND SPEED   4.5

WEATHER CONDITIONS
 THE FOLLOWING WEATHER WAS RECORDED YESTERDAY.
 FOG
 RAIN
...................................................................

THE MCGRATH CLIMATE NORMALS FOR TODAY
                           NORMAL    RECORD   YEAR
 MAXIMUM TEMPERATURE (F)     21        41     1963
 MINIMUM TEMPERATURE (F)     -6       -47     1956

SUNRISE AND SUNSET
 MAR 5 2015..........SUNRISE  8:14 AM      SUNSET  6:56 PM
 MAR 6 2015..........SUNRISE  8:11 AM      SUNSET  6:59 PM

-  INDICATES NEGATIVE NUMBERS.
R  INDICATES RECORD HAS BEEN SET OR TIED.
MM INDICATES DATA IS MISSING.
T  INDICATES TRACE OF PRECIPITATION.

&&
-------------------------------------------------------------------

AMOUNT OF DAYLIGHT TODAY  (HOUR:MIN)........10 HOURS 42 MINUTES
GAIN SINCE YESTERDAY (HOUR:MIN:SEC)....+0:06:12

$$
ADJ MAR 15
