000
CDAK49 PAMC 221107
CLIMCG

CLIMATE REPORT
NATIONAL WEATHER SERVICE MCGRATH, AK
307 AM AKDT TUE JUL 22 2014

...................................
...THE MCGRATH AIRPORT CLIMATE SUMMARY FOR JULY 21 2014...

CLIMATE NORMAL PERIOD  1981 TO  2010
CLIMATE RECORD PERIOD  1940 TO  2014

WEATHER ITEM   OBSERVED TIME    RECORD YEAR NORMAL DEPARTURE LAST
               VALUE    (LST)   VALUE       VALUE  FROM      YEAR
                                                   NORMAL
...................................................................
TEMPERATURE
YESTERDAY
 MAXIMUM            67  0547 PM    87  1993     69      -2     69
 MINIMUM            44  0554 AM    34  1965     51      -7     50
 AVERAGE            56                          60      -4     60

PRECIPITATION
(INCHES)
 YESTERDAY        0.00           0.67  2012   0.08   -0.08   0.00
 MONTH TO DATE    1.21                        1.53   -0.32   1.90
 SINCE JUN 1      2.73                        3.05   -0.32   2.76
 SINCE JAN 1      5.46                        7.72   -2.26   6.62

SNOWFALL
(INCHES)
 YESTERDAY         0.0            0.0  2014    0.0     0.0    0.0
 MONTH TO DATE     0.0                         0.0     0.0    0.0
 SINCE JUN 1       0.0                         0.0     0.0    0.0
 SINCE JUL 1       0.0                         0.0     0.0    0.0
 SNOW DEPTH (IN)     0                                          0

DEGREE DAYS
 HEATING
  YESTERDAY          9                           6       3      5
  MONTH TO DATE     96                         107     -11    154
  SINCE JUN 1      401                         341      60    289
  SINCE JUL 1       96                         107     -11    154

 COOLING
  YESTERDAY          0                           0       0      0
  MONTH TO DATE     11                          11       0      4
  SINCE JUN 1       11                          16      -5     55
  SINCE JAN 1       11                          16      -5     64
...................................................................

WIND (MPH)
 HIGHEST WIND SPEED    12     HIGHEST WIND DIRECTION    160
 HIGHEST GUST SPEED    14     HIGHEST GUST DIRECTION    200
 AVERAGE WIND SPEED   4.1

WEATHER CONDITIONS
 THE FOLLOWING WEATHER WAS RECORDED YESTERDAY.
 NO SIGNIFICANT WEATHER WAS OBSERVED.
...................................................................

THE MCGRATH CLIMATE NORMALS FOR TODAY
                           NORMAL    RECORD   YEAR
 MAXIMUM TEMPERATURE (F)     68        86     1955
 MINIMUM TEMPERATURE (F)     51        37     1999

SUNRISE AND SUNSET
 JUL 22 2014..........SUNRISE  5:13 AM      SUNSET 11:44 PM
 JUL 23 2014..........SUNRISE  5:16 AM      SUNSET 11:41 PM

-  INDICATES NEGATIVE NUMBERS.
R  INDICATES RECORD HAS BEEN SET OR TIED.
MM INDICATES DATA IS MISSING.
T  INDICATES TRACE OF PRECIPITATION.

&&
-------------------------------------------------------------------

AMOUNT OF DAYLIGHT TODAY  (HOUR:MIN)........18 HOURS 31 MINUTES
LOSS SINCE YESTERDAY (HOUR:MIN:SEC)....-0:05:28

$$
ADJ JUL 14
