495
CDAK49 PAFG 100955
CLIMCG

CLIMATE REPORT
NATIONAL WEATHER SERVICE FAIRBANKS AK
1255 AM AKST SAT DEC 10 2016


...................................

...THE MCGRATH AK CLIMATE SUMMARY FOR DECEMBER 9 2016...

CLIMATE NORMAL PERIOD 1981 TO 2010
CLIMATE RECORD PERIOD 1946 TO 2016


WEATHER ITEM   OBSERVED TIME   RECORD YEAR NORMAL DEPARTURE LAST
                VALUE   (LST)  VALUE       VALUE  FROM      YEAR
                                                  NORMAL
..................................................................
TEMPERATURE (F)
 YESTERDAY
  MAXIMUM        -14    247 PM  40    2005   7    -21       MM
                                      1972
                                      1960
  MINIMUM        -25    809 AM -53    1946 -10    -15       MM
  AVERAGE        -19                        -2    -17       MM

PRECIPITATION (IN)
  YESTERDAY        0.00          0.80 1961   0.04  -0.04    MM
  MONTH TO DATE    T                         0.35  -0.35    MM
  SINCE DEC 1      T                         0.35  -0.35    MM
  SINCE JAN 1     18.53                     17.06   1.47    MM

SNOWFALL (IN)
  YESTERDAY        0.0           8.2  1979   0.7   -0.7     MM
  MONTH TO DATE    0.1                       5.7   -5.6     MM
  SINCE DEC 1      0.1                       5.7   -5.6     MM
  SINCE JUL 1      8.4                      36.7  -28.3     MM
  SNOW DEPTH       5

DEGREE DAYS
 HEATING
  YESTERDAY       84                        67     17       MM
  MONTH TO DATE  744                       593    151       MM
  SINCE DEC 1    744                       593    151       MM
  SINCE JUL 1   4490                      4716   -226       MM

 COOLING
  YESTERDAY        0                         0      0       MM
  MONTH TO DATE    0                         0      0       MM
  SINCE DEC 1      0                         0      0       MM
  SINCE JAN 1     29                        20      9       MM
..................................................................


WIND (MPH)
  HIGHEST GUST SPEED     6   HIGHEST GUST DIRECTION     W (290)


SKY COVER
  AVERAGE SKY COVER 0.0


WEATHER CONDITIONS
 THE FOLLOWING WEATHER WAS RECORDED YESTERDAY.
  NO SIGNIFICANT WEATHER WAS OBSERVED.


RELATIVE HUMIDITY (PERCENT)
 HIGHEST    77
 LOWEST     62
 AVERAGE    70

..........................................................


THE MCGRATH AK CLIMATE NORMALS FOR TODAY
                         NORMAL    RECORD    YEAR
 MAXIMUM TEMPERATURE (F)    7        42      1986
 MINIMUM TEMPERATURE (F)  -10       -52      1955


SUNRISE AND SUNSET
DECEMBER 10 2016......SUNRISE  1047 AM AKST  SUNSET   345 PM AKST
DECEMBER 11 2016......SUNRISE  1049 AM AKST  SUNSET   344 PM AKST

-  INDICATES NEGATIVE NUMBERS.
R  INDICATES RECORD WAS SET OR TIED.
MM INDICATES DATA IS MISSING.
T  INDICATES TRACE AMOUNT.

&&

SNOW DEPTH IS MEASURED AT 3AM AKST/4AM AKDT.

----------------------------
AVAILABLE DAYLIGHT

AMOUNT OF DAYLIGHT TODAY  (HOUR:MIN)........4:57
GAIN/LOSS SINCE YESTERDAY (HOUR:MIN:SEC)....-0:02:35

$$
DEC 16
