733
CDAK49 PAFG 230949
CLIMCG

CLIMATE REPORT
NATIONAL WEATHER SERVICE FAIRBANKS AK
149 AM AKDT TUE MAY 23 2017


...................................

...THE MCGRATH AK CLIMATE SUMMARY FOR MAY 22 2017...

CLIMATE NORMAL PERIOD 1981 TO 2010
CLIMATE RECORD PERIOD 1946 TO 2017


WEATHER ITEM   OBSERVED TIME   RECORD YEAR NORMAL DEPARTURE LAST
                VALUE   (LST)  VALUE       VALUE  FROM      YEAR
                                                  NORMAL
..................................................................
TEMPERATURE (F)
 YESTERDAY
  MAXIMUM         58    451 PM  78    2002  60     -2       47
  MINIMUM         46    841 AM  28    1950  38      8       32
  AVERAGE         52                        49      3       40

PRECIPITATION (IN)
  YESTERDAY        0.08          0.95 1960   0.04   0.04     0.29
  MONTH TO DATE    0.22                      0.73  -0.51     1.04
  SINCE MAR 1      0.60                      2.28  -1.68     2.46
  SINCE JAN 1      1.80                      4.31  -2.51     2.52

SNOWFALL (IN)
  YESTERDAY        0.0           0.3  1964   0.0    0.0     MM
  MONTH TO DATE    0.0                       0.8   -0.8      0.0
  SINCE MAR 1      2.6                      17.2  -14.6      0.0
  SINCE JUL 1     51.3                      97.2  -45.9      0.0
  SNOW DEPTH       0

DEGREE DAYS
 HEATING
  YESTERDAY       13                        16     -3       25
  MONTH TO DATE  331                       441   -110      339
  SINCE MAR 1   3104                      3155    -51     2585
  SINCE JUL 1  12862                     13387   -525     3553

 COOLING
  YESTERDAY        0                         0      0        0
  MONTH TO DATE    0                         0      0        0
  SINCE MAR 1      0                         0      0        0
  SINCE JAN 1      0                         0      0        0
..................................................................


WIND (MPH)
  HIGHEST GUST SPEED    24   HIGHEST GUST DIRECTION     S (190)


SKY COVER
  AVERAGE SKY COVER 0.9


WEATHER CONDITIONS
 THE FOLLOWING WEATHER WAS RECORDED YESTERDAY.
  LIGHT RAIN
  FOG


RELATIVE HUMIDITY (PERCENT)
 HIGHEST    93
 LOWEST     50
 AVERAGE    72

..........................................................


THE MCGRATH AK CLIMATE NORMALS FOR TODAY
                         NORMAL    RECORD    YEAR
 MAXIMUM TEMPERATURE (F)   60        71      2009
                                             1974
                                             1942
 MINIMUM TEMPERATURE (F)   39        25      1964


SUNRISE AND SUNSET
MAY 23 2017...........SUNRISE   457 AM AKDT  SUNSET  1144 PM AKDT
MAY 24 2017...........SUNRISE   454 AM AKDT  SUNSET  1147 PM AKDT

-  INDICATES NEGATIVE NUMBERS.
R  INDICATES RECORD WAS SET OR TIED.
MM INDICATES DATA IS MISSING.
T  INDICATES TRACE AMOUNT.

&&

SNOW DEPTH IS MEASURED AT 3AM AKST/4AM AKDT.

----------------------------
AVAILABLE DAYLIGHT

AMOUNT OF DAYLIGHT TODAY  (HOUR:MIN)........18:47
GAIN/LOSS SINCE YESTERDAY (HOUR:MIN:SEC)....+0:05:21

$$
MAY 17
