000
CDAK49 PAMC 181107
CLIMCG

CLIMATE REPORT
NATIONAL WEATHER SERVICE MCGRATH, AK
307 AM AKDT FRI APR 18 2014

...................................
...THE MCGRATH AIRPORT CLIMATE SUMMARY FOR APRIL 17 2014...

CLIMATE NORMAL PERIOD  1981 TO  2010
CLIMATE RECORD PERIOD  1940 TO  2014

WEATHER ITEM   OBSERVED TIME    RECORD YEAR NORMAL DEPARTURE LAST
               VALUE    (LST)   VALUE       VALUE  FROM      YEAR
                                                   NORMAL
...................................................................
TEMPERATURE
YESTERDAY
 MAXIMUM            50  0441 PM    56  2012     42       8     33
 MINIMUM            24  0652 AM   -13  1984     20       4      0
 AVERAGE            37                          31       6     17

PRECIPITATION
(INCHES)
 YESTERDAY           T           0.35  1972   0.02   -0.02   0.00
 MONTH TO DATE    0.07                        0.40   -0.33   0.03
 SINCE MAR 1      0.11                        1.21   -1.10   0.52
 SINCE JAN 1      1.80                        3.24   -1.44   3.69

SNOWFALL
(INCHES)
 YESTERDAY         0.0            8.0  1972    0.2    -0.2    0.0
 MONTH TO DATE     0.7                         3.6    -2.9    0.4
 SINCE MAR 1       1.1                        14.9   -13.8    7.6
 SINCE JUL 1      47.1                        94.9   -47.8   73.5
 SNOW DEPTH (IN)     8                                         26

DEGREE DAYS
 HEATING
  YESTERDAY         28                          34      -6     48
  MONTH TO DATE    690                         679      11    908
  SINCE MAR 1     2290                        2335     -45   2624
  SINCE JUL 1    11094                       12573   -1479  13198

 COOLING
  YESTERDAY          0                           0       0      0
  MONTH TO DATE      0                           0       0      0
  SINCE MAR 1        0                           0       0      0
  SINCE JAN 1        0                           0       0      0
...................................................................

WIND (MPH)
 HIGHEST WIND SPEED    13     HIGHEST WIND DIRECTION     10
 HIGHEST GUST SPEED    16     HIGHEST GUST DIRECTION     20
 AVERAGE WIND SPEED   4.3

WEATHER CONDITIONS
 THE FOLLOWING WEATHER WAS RECORDED YESTERDAY.
 RAIN
...................................................................

THE MCGRATH CLIMATE NORMALS FOR TODAY
                           NORMAL    RECORD   YEAR
 MAXIMUM TEMPERATURE (F)     42        61     1998
 MINIMUM TEMPERATURE (F)     21       -18     2005

SUNRISE AND SUNSET
 APR 18 2014..........SUNRISE  6:45 AM      SUNSET 10:01 PM
 APR 19 2014..........SUNRISE  6:42 AM      SUNSET 10:04 PM

-  INDICATES NEGATIVE NUMBERS.
R  INDICATES RECORD HAS BEEN SET OR TIED.
MM INDICATES DATA IS MISSING.
T  INDICATES TRACE OF PRECIPITATION.

&&
-------------------------------------------------------------------

AMOUNT OF DAYLIGHT TODAY  (HOUR:MIN)........15 HOURS 16 MINUTES
GAIN SINCE YESTERDAY (HOUR:MIN:SEC)....+0:06:13

$$
ADJ APR 14
