000
CDAK49 PAFG 300940
CLIMCG

CLIMATE REPORT
NATIONAL WEATHER SERVICE FAIRBANKS AK
140 AM AKDT FRI SEP 30 2016


...................................

...THE MCGRATH AK CLIMATE SUMMARY FOR SEPTEMBER 29 2016...

CLIMATE NORMAL PERIOD 1981 TO 2010
CLIMATE RECORD PERIOD 1946 TO 2016


WEATHER ITEM   OBSERVED TIME   RECORD YEAR NORMAL DEPARTURE LAST
                VALUE   (LST)  VALUE       VALUE  FROM      YEAR
                                                  NORMAL
..................................................................
TEMPERATURE (F)
 YESTERDAY
  MAXIMUM         53    406 PM  65    1959  45      8       MM
  MINIMUM         32   1141 PM  13    1992  30      2       MM
  AVERAGE         43                        38      5       MM

PRECIPITATION (IN)
  YESTERDAY        0.00          0.97 1954   0.08  -0.08    MM
  MONTH TO DATE    5.08                      2.42   2.66    MM
  SINCE SEP 1      5.08                      2.42   2.66    MM
  SINCE JAN 1     17.91                     13.79   4.12    MM

SNOWFALL (IN)
  YESTERDAY        0.0           2.4  1972   0.2   -0.2     MM
  MONTH TO DATE    0.0                       1.4   -1.4     MM
  SINCE SEP 1      0.0                       1.4   -1.4     MM
  SINCE JUL 1      0.0                       1.4   -1.4     MM
  SNOW DEPTH       0

DEGREE DAYS
 HEATING
  YESTERDAY       22                        28     -6       MM
  MONTH TO DATE  518                       585    -67       MM
  SINCE SEP 1    518                       585    -67       MM
  SINCE JUL 1    794                      1076   -282       MM

 COOLING
  YESTERDAY        0                         0      0       MM
  MONTH TO DATE    0                         0      0       MM
  SINCE SEP 1      0                         0      0       MM
  SINCE JAN 1     29                        20      9       MM
..................................................................


WIND (MPH)
  HIGHEST GUST SPEED     7   HIGHEST GUST DIRECTION     E (70)


SKY COVER
  AVERAGE SKY COVER 0.4


WEATHER CONDITIONS
 THE FOLLOWING WEATHER WAS RECORDED YESTERDAY.
  FOG
  FOG W/VISIBILITY <= 1/4 MILE


RELATIVE HUMIDITY (PERCENT)
 HIGHEST   100
 LOWEST     59
 AVERAGE    80

..........................................................


THE MCGRATH AK CLIMATE NORMALS FOR TODAY
                         NORMAL    RECORD    YEAR
 MAXIMUM TEMPERATURE (F)   44        58      1969
                                             1954
                                             1950
 MINIMUM TEMPERATURE (F)   29         6      1957


SUNRISE AND SUNSET
SEPTEMBER 30 2016.....SUNRISE   830 AM AKDT  SUNSET   754 PM AKDT
OCTOBER 01 2016.......SUNRISE   833 AM AKDT  SUNSET   750 PM AKDT

-  INDICATES NEGATIVE NUMBERS.
R  INDICATES RECORD WAS SET OR TIED.
MM INDICATES DATA IS MISSING.
T  INDICATES TRACE AMOUNT.

&&

SNOW DEPTH IS MEASURED AT 3AM AKST/4AM AKDT.

----------------------------
AVAILABLE DAYLIGHT

AMOUNT OF DAYLIGHT TODAY  (HOUR:MIN)........11:24
GAIN/LOSS SINCE YESTERDAY (HOUR:MIN:SEC)....-0:06:06

$$
SDB SEP 16
