000
CDAK49 PAFG 280942
CLIMCG

CLIMATE REPORT
NATIONAL WEATHER SERVICE FAIRBANKS AK
142 AM AKDT WED JUN 28 2017


...................................

...THE MCGRATH AK CLIMATE SUMMARY FOR JUNE 27 2017...

CLIMATE NORMAL PERIOD 1981 TO 2010
CLIMATE RECORD PERIOD 1946 TO 2017


WEATHER ITEM   OBSERVED TIME   RECORD YEAR NORMAL DEPARTURE LAST
                VALUE   (LST)  VALUE       VALUE  FROM      YEAR
                                                  NORMAL
..................................................................
TEMPERATURE (F)
 YESTERDAY
  MAXIMUM         72    252 PM  86    2004  71      1       66
  MINIMUM         53    555 AM  34    1955  50      3       55
  AVERAGE         63                        60      3       61

PRECIPITATION (IN)
  YESTERDAY        0.10          0.38 2015   0.06   0.04     0.22
  MONTH TO DATE    1.22                      1.34  -0.12     2.37
  SINCE JUN 1      1.22                      1.34  -0.12     2.37
  SINCE JAN 1      4.21                      6.01  -1.80     5.02

SNOWFALL (IN)
  YESTERDAY        0.0           0.0    MM   0.0    0.0      0.0
  MONTH TO DATE    T                         0.0    0.0      0.0
  SINCE JUN 1      T                         0.0    0.0      0.0
  SINCE JUL 1     51.3                      97.3  -46.0      0.0
  SNOW DEPTH       0

DEGREE DAYS
 HEATING
  YESTERDAY        2                         5     -3        4
  MONTH TO DATE  142                       219    -77      189
  SINCE JUN 1    142                       219    -77      189
  SINCE JUL 1  13171                     13732   -561     3839

 COOLING
  YESTERDAY        0                         1     -1        0
  MONTH TO DATE    1                         2     -1        4
  SINCE JUN 1      1                         2     -1        4
  SINCE JAN 1      1                         2     -1        4
..................................................................


WIND (MPH)
  HIGHEST GUST SPEED    21   HIGHEST GUST DIRECTION     S (200)


SKY COVER
  AVERAGE SKY COVER 0.9


WEATHER CONDITIONS
 THE FOLLOWING WEATHER WAS RECORDED YESTERDAY.
  LIGHT RAIN
  FOG


RELATIVE HUMIDITY (PERCENT)
 HIGHEST    93
 LOWEST     34
 AVERAGE    64

..........................................................


THE MCGRATH AK CLIMATE NORMALS FOR TODAY
                         NORMAL    RECORD    YEAR
 MAXIMUM TEMPERATURE (F)   71        84      2005
 MINIMUM TEMPERATURE (F)   50        36      1979


SUNRISE AND SUNSET
JUNE 28 2017..........SUNRISE   421 AM AKDT  SUNSET  1230 AM AKDT
JUNE 29 2017..........SUNRISE   423 AM AKDT  SUNSET  1229 AM AKDT

-  INDICATES NEGATIVE NUMBERS.
R  INDICATES RECORD WAS SET OR TIED.
MM INDICATES DATA IS MISSING.
T  INDICATES TRACE AMOUNT.

&&

SNOW DEPTH IS MEASURED AT 3AM AKST/4AM AKDT.

----------------------------
AVAILABLE DAYLIGHT

AMOUNT OF DAYLIGHT TODAY  (HOUR:MIN)........20:10
GAIN/LOSS SINCE YESTERDAY (HOUR:MIN:SEC)....-0:01:48

$$
JUN 17
