000
CDUS43 KEAX 250637
CLIMCI

CLIMATE REPORT
NATIONAL WEATHER SERVICE KANSAS CITY/PLEASANT HILL MO
136 AM CDT SUN SEP 25 2016


...................................

...THE KANSAS CITY INTERNATIONAL MO CLIMATE SUMMARY FOR SEPTEMBER 24 2016...

CLIMATE NORMAL PERIOD 1981 TO 2010
CLIMATE RECORD PERIOD 1888 TO 2016


WEATHER ITEM   OBSERVED TIME   RECORD YEAR NORMAL DEPARTURE LAST
                VALUE   (LST)  VALUE       VALUE  FROM      YEAR
                                                  NORMAL
..................................................................
TEMPERATURE (F)
 YESTERDAY
  MAXIMUM         88    333 PM  92    1935  76     12       83
  MINIMUM         68   1132 PM  35    1989  54     14       67
  AVERAGE         78                        64     14       75

PRECIPITATION (IN)
  YESTERDAY        0.42          4.04 1973   0.16   0.26     0.00
  MONTH TO DATE    4.73                      3.75   0.98     5.73
  SINCE SEP 1      4.73                      3.75   0.98     5.73
  SINCE JAN 1     44.16                     31.15  13.01    37.64

SNOWFALL (IN)
  YESTERDAY        0.0           0.0    MM   0.0    0.0      0.0
  MONTH TO DATE    0.0                       0.0    0.0      0.0
  SINCE SEP 1      0.0                       0.0    0.0      0.0
  SINCE JUL 1      0.0                       0.0    0.0      0.0
  SNOW DEPTH       0

DEGREE DAYS
 HEATING
  YESTERDAY        0                         4     -4        0
  MONTH TO DATE    1                        37    -36       12
  SINCE SEP 1      1                        37    -36       12
  SINCE JUL 1      1                        39    -38       15

 COOLING
  YESTERDAY       13                         3     10       10
  MONTH TO DATE  220                       143     77      236
  SINCE SEP 1    220                       143     77      236
  SINCE JAN 1   1517                      1316    201     1311
..................................................................


WIND (MPH)
  HIGHEST WIND SPEED    21   HIGHEST WIND DIRECTION    NW (310)
  HIGHEST GUST SPEED    28   HIGHEST GUST DIRECTION    NW (300)
  AVERAGE WIND SPEED    10.5


SKY COVER
  POSSIBLE SUNSHINE  MM
  AVERAGE SKY COVER 0.5


WEATHER CONDITIONS
 THE FOLLOWING WEATHER WAS RECORDED YESTERDAY.
  THUNDERSTORM
  HEAVY RAIN
  RAIN
  LIGHT RAIN
  FOG


RELATIVE HUMIDITY (PERCENT)
 HIGHEST    84           500 AM
 LOWEST     53           300 PM
 AVERAGE    69

..........................................................


THE KANSAS CITY INTERNATIONAL MO CLIMATE NORMALS FOR TODAY
                         NORMAL    RECORD    YEAR
 MAXIMUM TEMPERATURE (F)   75        91      1904
                                             1898
 MINIMUM TEMPERATURE (F)   53        38      1926


SUNRISE AND SUNSET
SEPTEMBER 25 2016.....SUNRISE   710 AM CDT   SUNSET   710 PM CDT
SEPTEMBER 26 2016.....SUNRISE   711 AM CDT   SUNSET   709 PM CDT


-  INDICATES NEGATIVE NUMBERS.
R  INDICATES RECORD WAS SET OR TIED.
MM INDICATES DATA IS MISSING.
T  INDICATES TRACE AMOUNT.


&&

...MISCELLANEOUS CLIMATE DATA FROM YESTERDAY...

LOCATION                HIGH    LOW      PRECIP
ST. JOSEPH               90      66       1.04
DOWNTOWN KANSAS CITY     91      71       0.11
OLATHE NEW CENTURY       89      69       0.11
OLATHE JO CO EXEC        87      67       0.05
LEES SUMMIT              89      70       0.00
KIRKSVILLE               87      62       0.00
CHILLICOTHE              90      67       0.00
SEDALIA                  90      67       0.02
NWS PLEASANT HILL MO     90      66       0.00


THIS PRODUCT...ALONG WITH OTHER WEATHER...HYDROLOGICAL AND CLIMATE
INFORMATION...IS AVAILABLE ON THE WEB AT HTTP://WWW.WEATHER.GOV/EAX
OR AT HTTP://WEATHER.GOV

$$
