000
CDUS43 KEAX 011355
CLIMCI

STLCLIWRK 000
TTAA00 KEAX 010700


CLIMATE REPORT
NATIONAL WEATHER SERVICE KANSAS CITY/PLEASANT HILL MO
1247 AM CST SUN FEB 1 2015


...................................

...THE KANSAS CITY INTERNATIONAL MO CLIMATE SUMMARY FOR JANUARY 31 2015...

CLIMATE NORMAL PERIOD 1981 TO 2010
CLIMATE RECORD PERIOD 1888 TO 2015


WEATHER ITEM   OBSERVED TIME   RECORD YEAR NORMAL DEPARTURE LAST
                VALUE   (LST)  VALUE       VALUE  FROM      YEAR
                                                  NORMAL
..................................................................
TEMPERATURE (F)
 YESTERDAY
  MAXIMUM         39    121 PM  70    2009  39      0       27
  MINIMUM         32    104 AM -10    1985  20     12       18
  AVERAGE         36                        30      6       23

PRECIPITATION (IN)
  YESTERDAY        0.99R         0.83 1988   0.04   0.95     0.03
  MONTH TO DATE    1.20                      1.07   0.13     0.39
  SINCE DEC 1      3.04                      2.60   0.44     1.19
  SINCE JAN 1      1.20                      1.07   0.13     0.39

SNOWFALL (IN)
  YESTERDAY        0.7           4.0  1981   0.2    0.5      0.5
  MONTH TO DATE    2.3                       4.6   -2.3      5.6
  SINCE DEC 1      4.9                       9.4   -4.5     11.3
  SINCE JUL 1      5.4                      10.8   -5.4     11.3
  SNOW DEPTH       1

DEGREE DAYS
 HEATING
  YESTERDAY       29                        35     -6       42
  MONTH TO DATE 1038                      1114    -76     1247
  SINCE DEC 1   1981                      2162   -181     2379
  SINCE JUL 1   3102                      3164    -62     3444

 COOLING
  YESTERDAY        0                         0      0        0
  MONTH TO DATE    0                         0      0        0
  SINCE DEC 1      0                         0      0        0
  SINCE JAN 1      0                         0      0        0
..................................................................


WIND (MPH)
  HIGHEST WIND SPEED    17   HIGHEST WIND DIRECTION     S (180)
  HIGHEST GUST SPEED    19   HIGHEST GUST DIRECTION     S (180)
  AVERAGE WIND SPEED     8.5


SKY COVER
  POSSIBLE SUNSHINE  MM
  AVERAGE SKY COVER 1.0


WEATHER CONDITIONS
 THE FOLLOWING WEATHER WAS RECORDED YESTERDAY.
  RAIN
  LIGHT RAIN
  SNOW
  LIGHT SNOW
  SLEET
  FOG


RELATIVE HUMIDITY (PERCENT)
 HIGHEST   100           700 AM
 LOWEST     64          1200 AM
 AVERAGE    82

..........................................................


THE KANSAS CITY INTERNATIONAL MO CLIMATE NORMALS FOR TODAY
                         NORMAL    RECORD    YEAR
 MAXIMUM TEMPERATURE (F)   39        71      1911
 MINIMUM TEMPERATURE (F)   20       -12      1985
                                             1979


SUNRISE AND SUNSET
FEBRUARY  1 2015......SUNRISE   726 AM CST   SUNSET   539 PM CST
FEBRUARY  2 2015......SUNRISE   725 AM CST   SUNSET   540 PM CST


-  INDICATES NEGATIVE NUMBERS.
R  INDICATES RECORD WAS SET OR TIED.
MM INDICATES DATA IS MISSING.
T  INDICATES TRACE AMOUNT.




$$
