000
CDUS43 KEAX 270643
CLIMCI

CLIMATE REPORT
NATIONAL WEATHER SERVICE KANSAS CITY/PLEASANT HILL MO
142 AM CDT SAT MAY 27 2017


...................................

...THE KANSAS CITY INTERNATIONAL MO CLIMATE SUMMARY FOR MAY 26 2017...

CLIMATE NORMAL PERIOD 1981 TO 2010
CLIMATE RECORD PERIOD 1888 TO 2017


WEATHER ITEM   OBSERVED TIME   RECORD YEAR NORMAL DEPARTURE LAST
                VALUE   (LST)  VALUE       VALUE  FROM      YEAR
                                                  NORMAL
..................................................................
TEMPERATURE (F)
 YESTERDAY
  MAXIMUM         84    544 PM  92    1985  78      6       78
  MINIMUM         61    516 AM  42    1992  57      4       61
  AVERAGE         73                        68      5       70

PRECIPITATION (IN)
  YESTERDAY        0.04          3.87 2016   0.16  -0.12     3.87
  MONTH TO DATE    4.98                      4.39   0.59     8.60
  SINCE MAR 1     14.43                     10.46   3.97    18.47
  SINCE JAN 1     15.88                     12.99   2.89    19.63

SNOWFALL (IN)
  YESTERDAY        0.0           0.0    MM   0.0    0.0      0.0
  MONTH TO DATE    0.0                       0.0    0.0      0.0
  SINCE MAR 1      0.4                       2.6   -2.2      0.6
  SINCE JUL 1      4.9                      18.8  -13.9      5.9
  SNOW DEPTH       0

DEGREE DAYS
 HEATING
  YESTERDAY        0                         2     -2        0
  MONTH TO DATE  109                        97     12      120
  SINCE MAR 1    892                      1072   -180      805
  SINCE JUL 1   4146                      5117   -971     4162

 COOLING
  YESTERDAY        8                         4      4        5
  MONTH TO DATE   64                        63      1       33
  SINCE MAR 1     97                        91      6       47
  SINCE JAN 1     97                        91      6       47
..................................................................


WIND (MPH)
  HIGHEST WIND SPEED    24   HIGHEST WIND DIRECTION    SE (130)
  HIGHEST GUST SPEED    30   HIGHEST GUST DIRECTION    SE (130)
  AVERAGE WIND SPEED     7.4


SKY COVER
  POSSIBLE SUNSHINE  MM
  AVERAGE SKY COVER 0.5


WEATHER CONDITIONS
 THE FOLLOWING WEATHER WAS RECORDED YESTERDAY.
  THUNDERSTORM
  LIGHT RAIN


RELATIVE HUMIDITY (PERCENT)
 HIGHEST    90           500 AM
 LOWEST     51           400 PM
 AVERAGE    71

..........................................................


THE KANSAS CITY INTERNATIONAL MO CLIMATE NORMALS FOR TODAY
                         NORMAL    RECORD    YEAR
 MAXIMUM TEMPERATURE (F)   78        94      2006
 MINIMUM TEMPERATURE (F)   58        38      1992


SUNRISE AND SUNSET
MAY 27 2017...........SUNRISE   556 AM CDT   SUNSET   836 PM CDT
MAY 28 2017...........SUNRISE   556 AM CDT   SUNSET   837 PM CDT


-  INDICATES NEGATIVE NUMBERS.
R  INDICATES RECORD WAS SET OR TIED.
MM INDICATES DATA IS MISSING.
T  INDICATES TRACE AMOUNT.


&&

...MISCELLANEOUS CLIMATE DATA FROM YESTERDAY...

LOCATION                HIGH    LOW      PRECIP
ST. JOSEPH               86      59       T
DOWNTOWN KANSAS CITY     87      65       T
OLATHE NEW CENTURY       84      63       0.01
OLATHE JO CO EXEC        84      61       T
LEES SUMMIT              84      63       0.10
KIRKSVILLE               83      58       0.11
CHILLICOTHE              84      61       0.26
SEDALIA                  83      62       0.02
NWS PLEASANT HILL MO     84      62       0.02


THIS PRODUCT...ALONG WITH OTHER WEATHER...HYDROLOGICAL AND CLIMATE
INFORMATION...IS AVAILABLE ON THE WEB AT HTTP://WWW.WEATHER.GOV/EAX
OR AT HTTP://WEATHER.GOV

$$

CUTTER
