000
CDUS43 KEAX 200636
CLIMCI

CLIMATE REPORT
NATIONAL WEATHER SERVICE KANSAS CITY/PLEASANT HILL MO
1236 AM CST TUE FEB 20 2018


...................................

...THE KANSAS CITY INTERNATIONAL MO CLIMATE SUMMARY FOR FEBRUARY 19 2018...

CLIMATE NORMAL PERIOD 1981 TO 2010
CLIMATE RECORD PERIOD 1888 TO 2018


WEATHER ITEM   OBSERVED TIME   RECORD YEAR NORMAL DEPARTURE LAST
                VALUE   (LST)  VALUE       VALUE  FROM      YEAR
                                                  NORMAL
..................................................................
TEMPERATURE (F)
 YESTERDAY
  MAXIMUM         66    918 AM  74    2017  45     21       74
                                      1930
  MINIMUM         29   1124 PM  -3    1936  25      4       44
  AVERAGE         48                        35     13       59

PRECIPITATION (IN)
  YESTERDAY        0.02          1.41 1891   0.05  -0.03     0.00
  MONTH TO DATE    0.13                      0.95  -0.82      T
  SINCE DEC 1      1.45                      3.55  -2.10     2.58
  SINCE JAN 1      1.26                      2.02  -0.76     1.39

SNOWFALL (IN)
  YESTERDAY       MM             3.0  1911   0.2   MM        0.0
  MONTH TO DATE    0.5                       4.0   -3.5      0.0
  SINCE DEC 1      5.4                      13.4   -8.0      4.5
  SINCE JUL 1      5.4                      14.8   -9.4      4.5
  SNOW DEPTH       0

DEGREE DAYS
 HEATING
  YESTERDAY       17                        30    -13        6
  MONTH TO DATE  658                       627     31      450
  SINCE DEC 1   2795                      2789      6     2528
  SINCE JUL 1   3675                      3791   -116     3112

 COOLING
  YESTERDAY        0                         0      0        0
  MONTH TO DATE    0                         0      0        0
  SINCE DEC 1      0                         0      0        0
  SINCE JAN 1      0                         0      0        0
..................................................................


WIND (MPH)
  HIGHEST WIND SPEED    31   HIGHEST WIND DIRECTION     S (200)
  HIGHEST GUST SPEED    43   HIGHEST GUST DIRECTION     S (200)
  AVERAGE WIND SPEED    14.1


SKY COVER
  POSSIBLE SUNSHINE  MM
  AVERAGE SKY COVER 1.0


WEATHER CONDITIONS
 THE FOLLOWING WEATHER WAS RECORDED YESTERDAY.
  LIGHT RAIN
  LT FREEZING RAIN
  FOG
  HAZE


RELATIVE HUMIDITY (PERCENT)
 HIGHEST   100          1100 PM
 LOWEST     84           500 AM
 AVERAGE    92

..........................................................


THE KANSAS CITY INTERNATIONAL MO CLIMATE NORMALS FOR TODAY
                         NORMAL    RECORD    YEAR
 MAXIMUM TEMPERATURE (F)   45        75      2016
 MINIMUM TEMPERATURE (F)   25         2      1918


SUNRISE AND SUNSET
FEBRUARY 20 2018......SUNRISE   704 AM CST   SUNSET   601 PM CST
FEBRUARY 21 2018......SUNRISE   703 AM CST   SUNSET   603 PM CST


-  INDICATES NEGATIVE NUMBERS.
R  INDICATES RECORD WAS SET OR TIED.
MM INDICATES DATA IS MISSING.
T  INDICATES TRACE AMOUNT.


&&

...MISCELLANEOUS CLIMATE DATA FROM YESTERDAY...

LOCATION                HIGH    LOW      PRECIP
ST. JOSEPH               61      28       0.07
DOWNTOWN KANSAS CITY     69      32       0.02
OLATHE NEW CENTURY       67      30       0.02
OLATHE JO CO EXEC        66      30       0.03
LEES SUMMIT              67      32       0.08
KIRKSVILLE               68      38       0.81
CHILLICOTHE              68      34       0.13
SEDALIA                  67      40       0.89
NWS PLEASANT HILL MO     67      33       0.38


THIS PRODUCT...ALONG WITH OTHER WEATHER...HYDROLOGICAL AND CLIMATE
INFORMATION...IS AVAILABLE ON THE WEB AT HTTP://WWW.WEATHER.GOV/EAX
OR AT HTTP://WEATHER.GOV

$$

CUTTER
