000
CDUS43 KGLD 180753
CLIMCK

CLIMATE REPORT
NATIONAL WEATHER SERVICE GOODLAND
1253 AM MST THU JAN 18 2018


...................................

...THE MCCOOK NE CLIMATE SUMMARY FOR JANUARY 17 2018...

CLIMATE NORMAL PERIOD 1981 TO 2010
CLIMATE RECORD PERIOD 1896 TO 2018


WEATHER ITEM   OBSERVED TIME   RECORD YEAR NORMAL DEPARTURE LAST
                VALUE   (LST)  VALUE       VALUE  FROM      YEAR
                                                  NORMAL
..................................................................
TEMPERATURE (F)
 YESTERDAY
  MAXIMUM         40    450 PM  63    1938  41     -1       47
  MINIMUM          1    546 AM -24    1930  14    -13       23
  AVERAGE         21                        27     -6       35

PRECIPITATION (IN)
  YESTERDAY        0.00                      0.01  -0.01     0.00
  MONTH TO DATE    0.05                      0.28  -0.23     0.69
  SINCE DEC 1      0.15                      0.92  -0.77     1.12
  SINCE JAN 1      0.05                      0.28  -0.23     0.69

..................................................................

THE MCCOOK NE CLIMATE NORMALS FOR TODAY
                         NORMAL    RECORD    YEAR
 MAXIMUM TEMPERATURE (F)   41        68      2006
                                             2005
 MINIMUM TEMPERATURE (F)   14       -20      1984



-  INDICATES NEGATIVE NUMBERS.
R  INDICATES RECORD WAS SET OR TIED.
MM INDICATES DATA IS MISSING.
T  INDICATES TRACE AMOUNT.




$$
