000
CDUS43 KGLD 100742
CLIMCK

CLIMATE REPORT
NATIONAL WEATHER SERVICE GOODLAND
139 AM MDT THU JUL 10 2014

...................................

...THE MCCOOK NE CLIMATE SUMMARY FOR JULY 9 2014...

CLIMATE NORMAL PERIOD 1981 TO 2010
CLIMATE RECORD PERIOD 1896 TO 2014

WEATHER ITEM   OBSERVED TIME   RECORD YEAR NORMAL DEPARTURE LAST
                VALUE   (LST)  VALUE       VALUE  FROM      YEAR
                                                  NORMAL
..................................................................
TEMPERATURE (F)
 YESTERDAY
  MAXIMUM         90    425 PM 105    2002  90      0      100
                                      2000
  MINIMUM         59    531 AM  46    1969  62     -3       66
  AVERAGE         75                        76     -1       83

PRECIPITATION (IN)
  YESTERDAY        0.22                      0.11   0.11     0.01
  MONTH TO DATE    0.65                      0.95  -0.30     0.46
  SINCE JUN 1      8.70                      4.33   4.37     1.56
  SINCE JAN 1     13.66                     12.27   1.39     6.45

..................................................................

THE MCCOOK NE CLIMATE NORMALS FOR TODAY
                         NORMAL    RECORD    YEAR
 MAXIMUM TEMPERATURE (F)   90       109      1954
 MINIMUM TEMPERATURE (F)   62        49      1924

-  INDICATES NEGATIVE NUMBERS.
R  INDICATES RECORD WAS SET OR TIED.
MM INDICATES DATA IS MISSING.
T  INDICATES TRACE AMOUNT.

$$
