000
CDUS42 KFFC 030022
CLIMCN


CLIMATE REPORT
NATIONAL WEATHER SERVICE PEACHTREE CITY GA
821 PM EDT THU JUL 2 2015


...................................

...THE MACON CLIMATE SUMMARY FOR JULY 2 2015...
VALID AS OF 0800 PM LOCAL TIME.

CLIMATE NORMAL PERIOD 1981 TO 2010
CLIMATE RECORD PERIOD 1899 TO 2015


WEATHER ITEM   OBSERVED TIME   RECORD YEAR NORMAL DEPARTURE LAST
                VALUE   (LST)  VALUE       VALUE  FROM      YEAR
                                                  NORMAL
..................................................................
TEMPERATURE (F)
 TODAY
  MAXIMUM         92    303 PM 103    1954  92      0       94
  MINIMUM         69    613 AM  58    2008  70     -1       72
                                      1937
  AVERAGE         81                        81      0       83

PRECIPITATION (IN)
  TODAY            0.14          1.40 1953   0.16  -0.02     0.00
  MONTH TO DATE    0.17                      0.31  -0.14     0.00
  SINCE JUN 1      3.95                      4.37  -0.42     5.65
  SINCE JAN 1     20.45                     23.20  -2.75    27.84

DEGREE DAYS
 COOLING
  TODAY           16                        16      0       18
  MONTH TO DATE   31                        32     -1       34
  SINCE JUN 1    512                       451     61      449
  SINCE JAN 1    897                       764    133      727
..................................................................


WIND (MPH)
  HIGHEST WIND SPEED    31   HIGHEST WIND DIRECTION     S (160)
  HIGHEST GUST SPEED    84   HIGHEST GUST DIRECTION     E (90)
  AVERAGE WIND SPEED     5.9


SKY COVER
  AVERAGE SKY COVER 0.1


WEATHER CONDITIONS
 THE FOLLOWING WEATHER WAS RECORDED TODAY.
  THUNDERSTORM
  HEAVY RAIN
  RAIN
  LIGHT RAIN
  FOG
  HAZE


RELATIVE HUMIDITY (PERCENT)
 HIGHEST    97           300 AM
 LOWEST     49           300 PM

..........................................................


THE MACON CLIMATE NORMALS FOR TOMORROW
                         NORMAL    RECORD
 MAXIMUM TEMPERATURE (F)   92       104
 MINIMUM TEMPERATURE (F)   70        63


SUNRISE AND SUNSET
JULY  2 2015..........SUNRISE   631 AM EDT   SUNSET   846 PM EDT
JULY  3 2015..........SUNRISE   631 AM EDT   SUNSET   846 PM EDT


-  INDICATES NEGATIVE NUMBERS.
R  INDICATES RECORD WAS SET OR TIED.
MM INDICATES DATA IS MISSING.
T  INDICATES TRACE AMOUNT.




$$
