000
CDUS42 KFFC 240021
CLIMCN


CLIMATE REPORT
NATIONAL WEATHER SERVICE PEACHTREE CITY GA
721 PM EST THU FEB 23 2017


...................................

...THE MACON CLIMATE SUMMARY FOR FEBRUARY 23 2017...
VALID AS OF 0700 PM LOCAL TIME.

CLIMATE NORMAL PERIOD 1981 TO 2010
CLIMATE RECORD PERIOD 1899 TO 2017


WEATHER ITEM   OBSERVED TIME   RECORD YEAR NORMAL DEPARTURE LAST
                VALUE   (LST)  VALUE       VALUE  FROM      YEAR
                                                  NORMAL
..................................................................
TEMPERATURE (F)
 TODAY
  MAXIMUM         78    401 PM  81    1980  64     14       76
                                      1909
  MINIMUM         55    741 AM  22    1963  40     15       56
  AVERAGE         67                        52     15       66

PRECIPITATION (IN)
  TODAY            T             1.73 2013   0.16  -0.16     0.00
  MONTH TO DATE    1.53                      3.59  -2.06     2.66
  SINCE DEC 1     18.74                     11.87   6.87    17.80
  SINCE JAN 1     12.79                      7.83   4.96     5.18

SNOWFALL (IN)
  TODAY            0.0           0.0  2002   0.0    0.0      0.0
  MONTH TO DATE    0.0                       0.0    0.0       T
  SINCE DEC 1      0.0                       0.5   -0.5       T
  SINCE JUL 1      0.0                       0.5   -0.5       T
  SNOW DEPTH       0

DEGREE DAYS
 HEATING
  TODAY            0                        13    -13        0
  MONTH TO DATE  182                       357   -175      331
  SINCE DEC 1    915                      1467   -552     1178
  SINCE JUL 1   1157                      1862   -705     1450
..................................................................


WIND (MPH)
  HIGHEST WIND SPEED    15   HIGHEST WIND DIRECTION     E (70)
  HIGHEST GUST SPEED    18   HIGHEST GUST DIRECTION     E (100)
  AVERAGE WIND SPEED     6.7


SKY COVER
  AVERAGE SKY COVER 0.5


WEATHER CONDITIONS
 THE FOLLOWING WEATHER WAS RECORDED TODAY.
  LIGHT RAIN
  FOG


RELATIVE HUMIDITY (PERCENT)
 HIGHEST   100           800 AM
 LOWEST     46           400 PM

..........................................................


THE MACON CLIMATE NORMALS FOR TOMORROW
                         NORMAL    RECORD
 MAXIMUM TEMPERATURE (F)   64        79
 MINIMUM TEMPERATURE (F)   40        18


SUNRISE AND SUNSET
FEBRUARY 23 2017......SUNRISE   709 AM EST   SUNSET   627 PM EST
FEBRUARY 24 2017......SUNRISE   708 AM EST   SUNSET   628 PM EST


-  INDICATES NEGATIVE NUMBERS.
R  INDICATES RECORD WAS SET OR TIED.
MM INDICATES DATA IS MISSING.
T  INDICATES TRACE AMOUNT.




$$
