000
CDUS42 KFFC 240027
CLIMCN


CLIMATE REPORT
NATIONAL WEATHER SERVICE PEACHTREE CITY GA
726 PM EST FRI FEB 23 2018


...................................

...THE MACON CLIMATE SUMMARY FOR FEBRUARY 23 2018...
VALID AS OF 0700 PM LOCAL TIME.

CLIMATE NORMAL PERIOD 1981 TO 2010
CLIMATE RECORD PERIOD 1899 TO 2018


WEATHER ITEM   OBSERVED TIME   RECORD YEAR NORMAL DEPARTURE LAST
                VALUE   (LST)  VALUE       VALUE  FROM      YEAR
                                                  NORMAL
..................................................................
TEMPERATURE (F)
 TODAY
  MAXIMUM         80    412 PM  81    1980  64     16       78
                                      1909
  MINIMUM         56    704 AM  22    1963  40     16       55
  AVERAGE         68                        52     16       67

PRECIPITATION (IN)
  TODAY            0.00          1.73 2013   0.16  -0.16      T
  MONTH TO DATE    2.79                      3.59  -0.80     1.53
  SINCE DEC 1      8.19                     11.87  -3.68    18.74
  SINCE JAN 1      4.93                      7.83  -2.90    12.79

SNOWFALL (IN)
  TODAY            0.0           0.0  2002   0.0    0.0      0.0
  MONTH TO DATE    0.0                       0.0    0.0      0.0
  SINCE DEC 1      1.0                       0.5    0.5      0.0
  SINCE JUL 1      1.0                       0.5    0.5      0.0
  SNOW DEPTH       0

DEGREE DAYS
 HEATING
  TODAY            0                        13    -13        0
  MONTH TO DATE  162                       357   -195      182
  SINCE DEC 1   1280                      1467   -187      915
  SINCE JUL 1   1638                      1862   -224     1157
..................................................................


WIND (MPH)
  HIGHEST WIND SPEED    12   HIGHEST WIND DIRECTION     S (160)
  HIGHEST GUST SPEED    19   HIGHEST GUST DIRECTION    SW (210)
  AVERAGE WIND SPEED     5.3


SKY COVER
  AVERAGE SKY COVER 0.5


WEATHER CONDITIONS
 THE FOLLOWING WEATHER WAS RECORDED TODAY.
  FOG
  FOG W/VISIBILITY <= 1/4 MILE


RELATIVE HUMIDITY (PERCENT)
 HIGHEST   100           400 AM
 LOWEST     50           600 PM

..........................................................


THE MACON CLIMATE NORMALS FOR TOMORROW
                         NORMAL    RECORD
 MAXIMUM TEMPERATURE (F)   64        81
 MINIMUM TEMPERATURE (F)   40        18


SUNRISE AND SUNSET
FEBRUARY 23 2018......SUNRISE   709 AM EST   SUNSET   627 PM EST
FEBRUARY 24 2018......SUNRISE   708 AM EST   SUNSET   628 PM EST


-  INDICATES NEGATIVE NUMBERS.
R  INDICATES RECORD WAS SET OR TIED.
MM INDICATES DATA IS MISSING.
T  INDICATES TRACE AMOUNT.




$$
