000
CDUS42 KFFC 230829
CLIMCN


CLIMATE REPORT
NATIONAL WEATHER SERVICE PEACHTREE CITY GA
427 AM EDT THU MAR 23 2017


...................................

...THE MACON CLIMATE SUMMARY FOR MARCH 22 2017...

CLIMATE NORMAL PERIOD 1981 TO 2010
CLIMATE RECORD PERIOD 1899 TO 2017


WEATHER ITEM   OBSERVED TIME   RECORD YEAR NORMAL DEPARTURE LAST
                VALUE   (LST)  VALUE       VALUE  FROM      YEAR
                                                  NORMAL
..................................................................
TEMPERATURE (F)
 YESTERDAY
  MAXIMUM         82    316 PM  91    1907  71     11       69
  MINIMUM         56    659 AM  24    1965  45     11       32
  AVERAGE         69                        58     11       51

PRECIPITATION (IN)
  YESTERDAY        0.00          2.62 1944   0.14  -0.14     0.00
  MONTH TO DATE    1.25                      3.29  -2.04     1.69
  SINCE MAR 1      1.25                      3.29  -2.04     1.69
  SINCE JAN 1     14.45                     11.89   2.56     7.42

SNOWFALL (IN)
  YESTERDAY        0.0           0.0  2002   0.0    0.0      0.0
                                      2001
                                      2000
  MONTH TO DATE    0.0                       0.2   -0.2      0.0
  SINCE MAR 1      0.0                       0.2   -0.2      0.0
  SINCE JUL 1      0.0                       0.7   -0.7       T
  SNOW DEPTH       0

DEGREE DAYS
 HEATING
  YESTERDAY        0                         7     -7       14
  MONTH TO DATE  230                       213     17      133
  SINCE MAR 1    230                       213     17      133
  SINCE JUL 1   1417                      2138   -721     1663

 COOLING
  YESTERDAY        4                         1      3        0
  MONTH TO DATE   17                        11      6       43
  SINCE MAR 1     17                        11      6       43
  SINCE JAN 1     28                        14     14       44
..................................................................


WIND (MPH)
  RESULTANT WIND SPEED   6   RESULTANT WIND DIRECTION   N (360)
  HIGHEST WIND SPEED    18   HIGHEST WIND DIRECTION     N (20)
  HIGHEST GUST SPEED    22   HIGHEST GUST DIRECTION     N (350)
  AVERAGE WIND SPEED     8.1


SKY COVER
  AVERAGE SKY COVER 0.2


WEATHER CONDITIONS
 THE FOLLOWING WEATHER WAS RECORDED YESTERDAY.
  NO SIGNIFICANT WEATHER WAS OBSERVED.


RELATIVE HUMIDITY (PERCENT)
 HIGHEST    93           700 AM
 LOWEST     30           200 PM
 AVERAGE    62

..........................................................


THE MACON CLIMATE NORMALS FOR TODAY
                         NORMAL    RECORD    YEAR
 MAXIMUM TEMPERATURE (F)   71        91      1907
 MINIMUM TEMPERATURE (F)   46        26      1915


SUNRISE AND SUNSET
MARCH 23 2017.........SUNRISE   734 AM EDT   SUNSET   749 PM EDT
MARCH 24 2017.........SUNRISE   733 AM EDT   SUNSET   749 PM EDT


-  INDICATES NEGATIVE NUMBERS.
R  INDICATES RECORD WAS SET OR TIED.
MM INDICATES DATA IS MISSING.
T  INDICATES TRACE AMOUNT.




$$
