000
CDUS42 KFFC 282036
CLIMCN


CLIMATE REPORT
NATIONAL WEATHER SERVICE PEACHTREE CITY GA
436 PM EDT WED JUN 28 2017


...................................

...THE MACON CLIMATE SUMMARY FOR JUNE 28 2017...
VALID TODAY AS OF 0400 PM LOCAL TIME.

CLIMATE NORMAL PERIOD 1981 TO 2010
CLIMATE RECORD PERIOD 1899 TO 2017


WEATHER ITEM   OBSERVED TIME   RECORD YEAR NORMAL DEPARTURE LAST
                VALUE   (LST)  VALUE       VALUE  FROM      YEAR
                                                  NORMAL
..................................................................
TEMPERATURE (F)
 TODAY
  MAXIMUM         90    304 PM 106    1954  92     -2       97
  MINIMUM         64    504 AM  55    1968  70     -6       71
  AVERAGE         77                        81     -4       84

PRECIPITATION (IN)
  TODAY            0.00          2.24 2008   0.14  -0.14     0.66
  MONTH TO DATE    4.55                      3.76   0.79     1.89
  SINCE JUN 1      4.55                      3.76   0.79     1.89
  SINCE JAN 1     28.28                     22.59   5.69    19.85

DEGREE DAYS
 HEATING
  TODAY            0                         0      0        0
  MONTH TO DATE    0                         0      0        0
  SINCE JUN 1      0                         0      0        0
  SINCE JUL 1   1480                      2322   -842     1798

 COOLING
  TODAY           12                        16     -4       19
  MONTH TO DATE  364                       388    -24      462
  SINCE JUN 1    364                       388    -24      462
  SINCE JAN 1    809                       701    108      814
..................................................................


WIND (MPH)
  RESULTANT WIND SPEED   3   RESULTANT WIND DIRECTION   E (100)
  HIGHEST WIND SPEED    15   HIGHEST WIND DIRECTION    SE (140)
  HIGHEST GUST SPEED    21   HIGHEST GUST DIRECTION    SE (140)
  AVERAGE WIND SPEED     5.4


SKY COVER
  AVERAGE SKY COVER 0.1


WEATHER CONDITIONS
 THE FOLLOWING WEATHER WAS RECORDED TODAY.
  FOG


RELATIVE HUMIDITY (PERCENT)
 HIGHEST    93           100 AM
 LOWEST     41           200 PM
 AVERAGE    67

..........................................................


THE MACON CLIMATE NORMALS FOR TOMORROW
                         NORMAL    RECORD    YEAR
 MAXIMUM TEMPERATURE (F)   92       106      2012
 MINIMUM TEMPERATURE (F)   70        54      1968


SUNRISE AND SUNSET
JUNE 28 2017..........SUNRISE   629 AM EDT   SUNSET   846 PM EDT
JUNE 29 2017..........SUNRISE   630 AM EDT   SUNSET   846 PM EDT


-  INDICATES NEGATIVE NUMBERS.
R  INDICATES RECORD WAS SET OR TIED.
MM INDICATES DATA IS MISSING.
T  INDICATES TRACE AMOUNT.




$$
