000
CDUS42 KFFC 310023
CLIMCN


CLIMATE REPORT
NATIONAL WEATHER SERVICE PEACHTREE CITY GA
823 PM EDT SAT AUG 30 2014


...................................

...THE MACON CLIMATE SUMMARY FOR AUGUST 30 2014...
VALID AS OF 0800 PM LOCAL TIME.

CLIMATE NORMAL PERIOD 1981 TO 2010
CLIMATE RECORD PERIOD 1899 TO 2014


WEATHER ITEM   OBSERVED TIME   RECORD YEAR NORMAL DEPARTURE LAST
                VALUE   (LST)  VALUE       VALUE  FROM      YEAR
                                                  NORMAL
..................................................................
TEMPERATURE (F)
 TODAY
  MAXIMUM         95    340 PM 100    1948  90      5       91
  MINIMUM         70    617 AM  57    1986  69      1       73
  AVERAGE         83                        79      4       82

PRECIPITATION (IN)
  TODAY            0.00          1.95 1940   0.13  -0.13     0.00
  MONTH TO DATE    0.92                      3.97  -3.05    10.20
  SINCE JUN 1     11.61                     12.98  -1.37    29.44
  SINCE JAN 1     33.80                     31.81   1.99    58.13

DEGREE DAYS
 COOLING
  TODAY           18                        14      4       17
  MONTH TO DATE  446                       478    -32      405
  SINCE JUN 1   1300                      1418   -118     1250
  SINCE JAN 1   1578                      1731   -153     1460
..................................................................


WIND (MPH)
  HIGHEST WIND SPEED    15   HIGHEST WIND DIRECTION    SE (130)
  HIGHEST GUST SPEED    22   HIGHEST GUST DIRECTION    SE (150)
  AVERAGE WIND SPEED     4.0


SKY COVER
  AVERAGE SKY COVER 0.2


WEATHER CONDITIONS
 THE FOLLOWING WEATHER WAS RECORDED TODAY.
  NO SIGNIFICANT WEATHER WAS OBSERVED.


RELATIVE HUMIDITY (PERCENT)
 HIGHEST    94           800 AM
 LOWEST     46           200 PM

..........................................................


THE MACON CLIMATE NORMALS FOR TOMORROW
                         NORMAL    RECORD
 MAXIMUM TEMPERATURE (F)   90        99
 MINIMUM TEMPERATURE (F)   69        59


SUNRISE AND SUNSET
AUGUST 30 2014........SUNRISE   708 AM EDT   SUNSET   802 PM EDT
AUGUST 31 2014........SUNRISE   709 AM EDT   SUNSET   801 PM EDT


-  INDICATES NEGATIVE NUMBERS.
R  INDICATES RECORD WAS SET OR TIED.
MM INDICATES DATA IS MISSING.
T  INDICATES TRACE AMOUNT.




$$
