000
CDUS42 KFFC 270023
CLIMCN


CLIMATE REPORT
NATIONAL WEATHER SERVICE PEACHTREE CITY GA
723 PM EST THU FEB 26 2015


...................................

...THE MACON CLIMATE SUMMARY FOR FEBRUARY 26 2015...
VALID AS OF 0700 PM LOCAL TIME.

CLIMATE NORMAL PERIOD 1981 TO 2010
CLIMATE RECORD PERIOD 1899 TO 2015


WEATHER ITEM   OBSERVED TIME   RECORD YEAR NORMAL DEPARTURE LAST
                VALUE   (LST)  VALUE       VALUE  FROM      YEAR
                                                  NORMAL
..................................................................
TEMPERATURE (F)
 TODAY
  MAXIMUM         52    342 PM  81    1981  65    -13       54
                                      1951
                                      1944
  MINIMUM         37    850 AM  15    1967  40     -3       37
  AVERAGE         45                        52     -7       46

PRECIPITATION (IN)
  TODAY            0.02          3.27 1929   0.16  -0.14     0.61
  MONTH TO DATE    4.33                      4.06   0.27     4.60
  SINCE DEC 1     12.66                     12.34   0.32    16.87
  SINCE JAN 1      6.77                      8.30  -1.53     7.83

SNOWFALL (IN)
  TODAY            0.0           0.0  2002   0.0    0.0      0.0
  MONTH TO DATE    0.0                       0.0    0.0       T
  SINCE DEC 1      0.0                       0.5   -0.5      2.1
  SINCE JUL 1      0.0                       0.5   -0.5      2.1
  SNOW DEPTH       0

DEGREE DAYS
 HEATING
  TODAY           20                        13      7       19
  MONTH TO DATE  546                       396    150      383
  SINCE DEC 1   1610                      1506    104     1636
  SINCE JUL 1   2170                      1901    269     2085
..................................................................


WIND (MPH)
  HIGHEST WIND SPEED    14   HIGHEST WIND DIRECTION     N (360)
  HIGHEST GUST SPEED    17   HIGHEST GUST DIRECTION    NW (330)
  AVERAGE WIND SPEED     7.9


SKY COVER
  AVERAGE SKY COVER 1.0


WEATHER CONDITIONS
 THE FOLLOWING WEATHER WAS RECORDED TODAY.
  LIGHT RAIN
  FOG


RELATIVE HUMIDITY (PERCENT)
 HIGHEST   100           300 AM
 LOWEST     59           300 PM

..........................................................


THE MACON CLIMATE NORMALS FOR TOMORROW
                         NORMAL    RECORD
 MAXIMUM TEMPERATURE (F)   65        82
 MINIMUM TEMPERATURE (F)   41        18


SUNRISE AND SUNSET
FEBRUARY 26 2015......SUNRISE   706 AM EST   SUNSET   629 PM EST
FEBRUARY 27 2015......SUNRISE   705 AM EST   SUNSET   630 PM EST


-  INDICATES NEGATIVE NUMBERS.
R  INDICATES RECORD WAS SET OR TIED.
MM INDICATES DATA IS MISSING.
T  INDICATES TRACE AMOUNT.




$$
