000
CDUS42 KFFC 250935
CLIMCN


CLIMATE REPORT
NATIONAL WEATHER SERVICE PEACHTREE CITY GA
435 AM EST THU DEC 25 2014


...................................

...THE MACON CLIMATE SUMMARY FOR DECEMBER 24 2014...

CLIMATE NORMAL PERIOD 1981 TO 2010
CLIMATE RECORD PERIOD 1899 TO 2014


WEATHER ITEM   OBSERVED TIME   RECORD YEAR NORMAL DEPARTURE LAST
                VALUE   (LST)  VALUE       VALUE  FROM      YEAR
                                                  NORMAL
..................................................................
TEMPERATURE (F)
 YESTERDAY
  MAXIMUM         68    450 PM  77    1964  58     10       51
  MINIMUM         50   1159 PM  10    1989  35     15       30
                                      1983
  AVERAGE         59                        46     13       41

PRECIPITATION (IN)
  YESTERDAY        2.68R         2.04 1924   0.14   2.54     0.00
  MONTH TO DATE    4.74                      3.13   1.61     6.50
  SINCE DEC 1      4.74                      3.13   1.61     6.50
  SINCE JAN 1     47.34                     44.77   2.57    70.37

SNOWFALL (IN)
  YESTERDAY        0.0           0.0  2001   0.0    0.0      0.0
  MONTH TO DATE    0.0                       0.0    0.0      0.0
  SINCE DEC 1      0.0                       0.0    0.0      0.0
  SINCE JUL 1      0.0                       0.0    0.0      0.0
  SNOW DEPTH       0

DEGREE DAYS
 HEATING
  YESTERDAY        6                        19    -13       24
  MONTH TO DATE  328                       398    -70      304
  SINCE DEC 1    328                       398    -70      304
  SINCE JUL 1    888                       793     95      753

 COOLING
  YESTERDAY        0                         0      0        0
  MONTH TO DATE    0                         0      0       10
  SINCE DEC 1      0                         0      0       10
  SINCE JAN 1   2048                      2163   -115     1859
..................................................................


WIND (MPH)
  RESULTANT WIND SPEED   4   RESULTANT WIND DIRECTION   W (250)
  HIGHEST WIND SPEED    25   HIGHEST WIND DIRECTION     W (260)
  HIGHEST GUST SPEED    35   HIGHEST GUST DIRECTION     W (270)
  AVERAGE WIND SPEED     9.5


SKY COVER
  AVERAGE SKY COVER 0.8


WEATHER CONDITIONS
 THE FOLLOWING WEATHER WAS RECORDED YESTERDAY.
  HEAVY RAIN
  RAIN
  LIGHT RAIN
  FOG


RELATIVE HUMIDITY (PERCENT)
 HIGHEST   100          1200 AM
 LOWEST     77           900 PM
 AVERAGE    89

..........................................................


THE MACON CLIMATE NORMALS FOR TODAY
                         NORMAL    RECORD    YEAR
 MAXIMUM TEMPERATURE (F)   58        78      1982
 MINIMUM TEMPERATURE (F)   35         7      1983


SUNRISE AND SUNSET
DECEMBER 25 2014......SUNRISE   735 AM EST   SUNSET   535 PM EST
DECEMBER 26 2014......SUNRISE   735 AM EST   SUNSET   535 PM EST


-  INDICATES NEGATIVE NUMBERS.
R  INDICATES RECORD WAS SET OR TIED.
MM INDICATES DATA IS MISSING.
T  INDICATES TRACE AMOUNT.




$$
