482
CDUS42 KFFC 050817
CLIMCN


CLIMATE REPORT
NATIONAL WEATHER SERVICE PEACHTREE CITY GA
417 AM EDT THU MAY 5 2016


...................................

...THE MACON CLIMATE SUMMARY FOR MAY 4 2016...

CLIMATE NORMAL PERIOD 1981 TO 2010
CLIMATE RECORD PERIOD 1899 TO 2016


WEATHER ITEM   OBSERVED TIME   RECORD YEAR NORMAL DEPARTURE LAST
                VALUE   (LST)  VALUE       VALUE  FROM      YEAR
                                                  NORMAL
..................................................................
TEMPERATURE (F)
 YESTERDAY
  MAXIMUM         75    450 PM  93    1955  82     -7       83
                                      1950
                                      1902
  MINIMUM         56    610 AM  40    1971  55      1       51
  AVERAGE         66                        68     -2       67

PRECIPITATION (IN)
  YESTERDAY        0.00          2.20 1931   0.08  -0.08     0.00
  MONTH TO DATE    0.33                      0.31   0.02     0.00
  SINCE MAR 1     10.60                      7.82   2.78     8.55
  SINCE JAN 1     16.33                     16.42  -0.09    15.35

DEGREE DAYS
 HEATING
  YESTERDAY        0                         1     -1        0
  MONTH TO DATE    0                         4     -4        6
  SINCE MAR 1    257                       386   -129      258
  SINCE JUL 1   1787                      2311   -524     2471

 COOLING
  YESTERDAY        1                         4     -3        2
  MONTH TO DATE   34                        16     18        2
  SINCE MAR 1    153                        97     56      126
  SINCE JAN 1    154                       100     54      126
..................................................................


WIND (MPH)
  RESULTANT WIND SPEED   8   RESULTANT WIND DIRECTION  NW (300)
  HIGHEST WIND SPEED    17   HIGHEST WIND DIRECTION    NW (300)
  HIGHEST GUST SPEED    23   HIGHEST GUST DIRECTION     W (290)
  AVERAGE WIND SPEED     9.1


SKY COVER
  AVERAGE SKY COVER 0.3


WEATHER CONDITIONS
 THE FOLLOWING WEATHER WAS RECORDED YESTERDAY.
  NO SIGNIFICANT WEATHER WAS OBSERVED.


RELATIVE HUMIDITY (PERCENT)
 HIGHEST    87           100 AM
 LOWEST     35           400 PM
 AVERAGE    61

..........................................................


THE MACON CLIMATE NORMALS FOR TODAY
                         NORMAL    RECORD    YEAR
 MAXIMUM TEMPERATURE (F)   82        95      1950
 MINIMUM TEMPERATURE (F)   56        40      1997


SUNRISE AND SUNSET
MAY  5 2016...........SUNRISE   643 AM EDT   SUNSET   820 PM EDT
MAY  6 2016...........SUNRISE   643 AM EDT   SUNSET   820 PM EDT


-  INDICATES NEGATIVE NUMBERS.
R  INDICATES RECORD WAS SET OR TIED.
MM INDICATES DATA IS MISSING.
T  INDICATES TRACE AMOUNT.




$$
