000
CDUS42 KFFC 110856
CLIMCN

CLIMATE REPORT
NATIONAL WEATHER SERVICE PEACHTREE CITY GA
456 AM EDT FRI JUL 11 2014


...................................

...THE MACON CLIMATE SUMMARY FOR JULY 10 2014...


CLIMATE NORMAL PERIOD 1981 TO 2010
CLIMATE RECORD PERIOD 1899 TO 2014


WEATHER ITEM   OBSERVED TIME   RECORD YEAR NORMAL DEPARTURE LAST
                VALUE   (LST)  VALUE       VALUE  FROM      YEAR
                                                  NORMAL
..................................................................
TEMPERATURE (F)
 TODAY
  MAXIMUM         89    133 PM 103    1980  93     -4       87
                                      1930
  MINIMUM         70    644 AM  58    1972  71     -1       71
  AVERAGE         80                        82     -2       79

PRECIPITATION (IN)
  TODAY            T             3.10 1941   0.17  -0.17     0.00
  MONTH TO DATE    0.82                      1.59  -0.77     4.35
  SINCE JUN 1      6.47                      5.65   0.82    16.60
  SINCE JAN 1     28.66                     24.48   4.18    45.29

DEGREE DAYS
 COOLING
  TODAY           15                        17     -2       14
  MONTH TO DATE  154                       164    -10      138
  SINCE JUN 1    569                       583    -14      534
  SINCE JAN 1    847                       896    -49      744
..................................................................


WIND (MPH)
  HIGHEST WIND SPEED    13   HIGHEST WIND DIRECTION     N (350)
  HIGHEST GUST SPEED    40   HIGHEST GUST DIRECTION    SW (240)
  AVERAGE WIND SPEED    MM


SKY COVER
  AVERAGE SKY COVER 0.0


WEATHER CONDITIONS
 THE FOLLOWING WEATHER WAS RECORDED TODAY.
  NO SIGNIFICANT WEATHER WAS OBSERVED.


RELATIVE HUMIDITY (PERCENT)
 HIGHEST     0          1200 AM
 LOWEST      0          1200 AM

..........................................................


THE MACON CLIMATE NORMALS FOR TOMORROW
                         NORMAL    RECORD
 MAXIMUM TEMPERATURE (F)   93       104
 MINIMUM TEMPERATURE (F)   71        61


SUNRISE AND SUNSET
JULY 10 2014..........SUNRISE   635 AM EDT   SUNSET   845 PM EDT
JULY 11 2014..........SUNRISE   635 AM EDT   SUNSET   845 PM EDT


-  INDICATES NEGATIVE NUMBERS.
R  INDICATES RECORD WAS SET OR TIED.
MM INDICATES DATA IS MISSING.
T  INDICATES TRACE AMOUNT.




$$
