000
CDUS42 KMLB 060627
CLIMCO


CLIMATE REPORT
NATIONAL WEATHER SERVICE MELBOURNE FL
126 AM EST SAT FEB 6 2016


...................................

...THE ORLANDO  CLIMATE SUMMARY FOR FEBRUARY 5 2016...

CLIMATE NORMAL PERIOD 1981 TO 2010
CLIMATE RECORD PERIOD 1892 TO 2016


WEATHER ITEM   OBSERVED TIME   RECORD YEAR NORMAL DEPARTURE LAST
                VALUE   (LST)  VALUE       VALUE  FROM      YEAR
                                                  NORMAL
..................................................................
TEMPERATURE (F)
 YESTERDAY
  MAXIMUM         61    310 PM  87    1982  73    -12       67
  MINIMUM         45    738 AM  26    1996  51     -6       50
  AVERAGE         53                        62     -9       59

PRECIPITATION (IN)
  YESTERDAY        0.00          2.09 1897   0.08  -0.08     1.52
  MONTH TO DATE    0.11                      0.42  -0.31     1.65
  SINCE DEC 1      6.48                      5.35   1.13     6.76
  SINCE JAN 1      5.76                      2.77   2.99     5.17

SNOWFALL (IN)
  YESTERDAY        0.0
  MONTH TO DATE    0.0
  SINCE DEC 1      0.0
  SINCE JUL 1      0.0

DEGREE DAYS
 HEATING
  YESTERDAY       12                         5      7        6
  MONTH TO DATE   12                        25    -13       20
  SINCE DEC 1    212                       362   -150      255
  SINCE JUL 1    221                       409   -188      337

 COOLING
  YESTERDAY        0                         2     -2        0
  MONTH TO DATE   30                        10     20        0
  SINCE DEC 1    268                       125    143      156
  SINCE JAN 1     45                        55    -10       52
..................................................................


WIND (MPH)
  HIGHEST WIND SPEED    24   HIGHEST WIND DIRECTION     N (340)
  HIGHEST GUST SPEED    30   HIGHEST GUST DIRECTION     N (340)
  AVERAGE WIND SPEED    14.6


SKY COVER
  AVERAGE SKY COVER 0.4


WEATHER CONDITIONS
 THE FOLLOWING WEATHER WAS RECORDED YESTERDAY.
  NO SIGNIFICANT WEATHER WAS OBSERVED.


RELATIVE HUMIDITY (PERCENT)
 HIGHEST    86          1200 AM
 LOWEST     27           200 PM
 AVERAGE    57

..........................................................


THE ORLANDO  CLIMATE NORMALS FOR TODAY
                         NORMAL    RECORD    YEAR
 MAXIMUM TEMPERATURE (F)   73        89      1923
 MINIMUM TEMPERATURE (F)   51        28      1917


SUNRISE AND SUNSET
FEBRUARY  6 2016......SUNRISE   710 AM EST   SUNSET   609 PM EST
FEBRUARY  7 2016......SUNRISE   710 AM EST   SUNSET   609 PM EST


-  INDICATES NEGATIVE NUMBERS.
R  INDICATES RECORD WAS SET OR TIED.
MM INDICATES DATA IS MISSING.
T  INDICATES TRACE AMOUNT.




$$
