000
CDUS42 KMLB 180629
CLIMCO


CLIMATE REPORT
NATIONAL WEATHER SERVICE MELBOURNE FL
229 AM EDT WED OCT 18 2017


...................................

...THE ORLANDO INTL CLIMATE SUMMARY FOR OCTOBER 17 2017...

CLIMATE NORMAL PERIOD 1981 TO 2010
CLIMATE RECORD PERIOD 1892 TO 2017


WEATHER ITEM   OBSERVED TIME   RECORD YEAR NORMAL DEPARTURE LAST
                VALUE   (LST)  VALUE       VALUE  FROM      YEAR
                                                  NORMAL
..................................................................
TEMPERATURE (F)
 YESTERDAY
  MAXIMUM         83   1202 PM  95    1925  84     -1       86
  MINIMUM         70    326 AM  47    1943  66      4       70
  AVERAGE         77                        75      2       78

PRECIPITATION (IN)
  YESTERDAY        0.18          5.84 1950   0.10   0.08      T
  MONTH TO DATE    3.00                      2.13   0.87     2.77
  SINCE SEP 1     17.09                      8.19   8.90    10.03
  SINCE JAN 1     45.51                     44.80   0.71    51.72

SNOWFALL (IN)
  YESTERDAY        0.0
  MONTH TO DATE    0.0
  SINCE JUL 1      0.0

DEGREE DAYS
 HEATING
  YESTERDAY        0                         0      0        0
  MONTH TO DATE    0                         0      0        0
  SINCE SEP 1      0                         0      0        0
  SINCE JUL 1      0                         0      0        0

 COOLING
  YESTERDAY       12                        10      2       13
  MONTH TO DATE  259                       208     51      239
  SINCE SEP 1    748                       691     57      762
  SINCE JAN 1   3346                      3084    262     3435
..................................................................


WIND (MPH)
  HIGHEST WIND SPEED    23   HIGHEST WIND DIRECTION     N (20)
  HIGHEST GUST SPEED    29   HIGHEST GUST DIRECTION    NE (30)
  AVERAGE WIND SPEED    12.3


SKY COVER
  AVERAGE SKY COVER 0.9


WEATHER CONDITIONS
 THE FOLLOWING WEATHER WAS RECORDED YESTERDAY.
  RAIN
  LIGHT RAIN


RELATIVE HUMIDITY (PERCENT)
 HIGHEST   100          1200 AM
 LOWEST     69           200 PM
 AVERAGE    85

..........................................................


THE ORLANDO INTL CLIMATE NORMALS FOR TODAY
                         NORMAL    RECORD    YEAR
 MAXIMUM TEMPERATURE (F)   84        94      1925
 MINIMUM TEMPERATURE (F)   66        45      1977


SUNRISE AND SUNSET
OCTOBER 18 2017.......SUNRISE   728 AM EDT   SUNSET   652 PM EDT
OCTOBER 19 2017.......SUNRISE   729 AM EDT   SUNSET   651 PM EDT


-  INDICATES NEGATIVE NUMBERS.
R  INDICATES RECORD WAS SET OR TIED.
MM INDICATES DATA IS MISSING.
T  INDICATES TRACE AMOUNT.




$$
