000
CDUS42 KMLB 212130
CLIMCO


CLIMATE REPORT
NATIONAL WEATHER SERVICE MELBOURNE FL
429 PM EST FRI NOV 21 2014


...................................

...THE ORLANDO  CLIMATE SUMMARY FOR NOVEMBER 21 2014...
VALID TODAY AS OF 400 PM LOCAL TIME.

CLIMATE NORMAL PERIOD 1981 TO 2010
CLIMATE RECORD PERIOD 1892 TO 2014


WEATHER ITEM   OBSERVED TIME   RECORD YEAR NORMAL DEPARTURE LAST
                VALUE   (LST)  VALUE       VALUE  FROM      YEAR
                                                  NORMAL
..................................................................
TEMPERATURE (F)
 TODAY
  MAXIMUM         76    211 PM  89    1922  77     -1       79
  MINIMUM         54    514 AM  30    1937  57     -3       71
                                      1914
  AVERAGE         65                        67     -2       75

PRECIPITATION (IN)
  TODAY            0.00          1.30 1912   0.06  -0.06     0.25
  MONTH TO DATE    1.38                      1.50  -0.12     0.82
  SINCE SEP 1     12.52                     10.87   1.65     6.75
  SINCE JAN 1     50.31                     47.48   2.83    42.34

SNOWFALL (IN)
  TODAY            0.0
  MONTH TO DATE    0.0
  SINCE SEP 1      0.0
  SINCE JUL 1      0.0

DEGREE DAYS
 HEATING
  TODAY            0                         2     -2        0
  MONTH TO DATE   55                        25     30        4
  SINCE SEP 1     55                        30     25        4
  SINCE JUL 1     55                        30     25        4

 COOLING
  TODAY            0                         4     -4       10
  MONTH TO DATE   55                       115    -60      161
  SINCE SEP 1    853                       929    -76     1030
  SINCE JAN 1   3451                      3322    129     3521
..................................................................


WIND (MPH)
  HIGHEST WIND SPEED    24   HIGHEST WIND DIRECTION    NE (40)
  HIGHEST GUST SPEED    31   HIGHEST GUST DIRECTION    NE (30)
  AVERAGE WIND SPEED    13.3


SKY COVER
  AVERAGE SKY COVER 0.6


WEATHER CONDITIONS
 THE FOLLOWING WEATHER WAS RECORDED TODAY.
  NO SIGNIFICANT WEATHER WAS OBSERVED.


RELATIVE HUMIDITY (PERCENT)
 HIGHEST    77           500 AM
 LOWEST     46          1200 PM
 AVERAGE    62

..........................................................


THE ORLANDO  CLIMATE NORMALS FOR TOMORROW
                         NORMAL    RECORD    YEAR
 MAXIMUM TEMPERATURE (F)   77        87      1973
                                             1922
                                             1907
 MINIMUM TEMPERATURE (F)   57        32      1937


SUNRISE AND SUNSET
NOVEMBER 21 2014......SUNRISE   652 AM EST   SUNSET   530 PM EST
NOVEMBER 22 2014......SUNRISE   653 AM EST   SUNSET   529 PM EST


-  INDICATES NEGATIVE NUMBERS.
R  INDICATES RECORD WAS SET OR TIED.
MM INDICATES DATA IS MISSING.
T  INDICATES TRACE AMOUNT.




$$
