000
CDUS42 KMLB 280635
CLIMCO


CLIMATE REPORT
NATIONAL WEATHER SERVICE MELBOURNE FL
235 AM EDT FRI APR 28 2017


...................................

...THE ORLANDO  CLIMATE SUMMARY FOR APRIL 27 2017...

CLIMATE NORMAL PERIOD 1981 TO 2010
CLIMATE RECORD PERIOD 1892 TO 2017


WEATHER ITEM   OBSERVED TIME   RECORD YEAR NORMAL DEPARTURE LAST
                VALUE   (LST)  VALUE       VALUE  FROM      YEAR
                                                  NORMAL
..................................................................
TEMPERATURE (F)
 YESTERDAY
  MAXIMUM         94    427 PM  97    1908  85      9       88
  MINIMUM         65    614 AM  46    1926  62      3       64
                                      1910
  AVERAGE         80                        73      7       76

PRECIPITATION (IN)
  YESTERDAY        T             1.41 1964   0.07  -0.07     0.00
  MONTH TO DATE    T                         2.46  -2.46     0.63
  SINCE MAR 1      0.10                      6.23  -6.13     5.94
  SINCE JAN 1      3.03                     10.96  -7.93    13.28

SNOWFALL (IN)
  YESTERDAY        0.0
  MONTH TO DATE    0.0
  SINCE MAR 1      0.0
  SINCE JUL 1      0.0

DEGREE DAYS
 HEATING
  YESTERDAY        0                         0      0        0
  MONTH TO DATE    3                        11     -8        0
  SINCE MAR 1     40                        70    -30       16
  SINCE JUL 1    209                       569   -360      370

 COOLING
  YESTERDAY       15                         8      7       11
  MONTH TO DATE  243                       173     70      202
  SINCE MAR 1    406                       291    115      419
  SINCE JAN 1    607                       395    212      481
..................................................................


WIND (MPH)
  HIGHEST WIND SPEED    16   HIGHEST WIND DIRECTION    SE (150)
  HIGHEST GUST SPEED    24   HIGHEST GUST DIRECTION    SE (150)
  AVERAGE WIND SPEED     7.8


SKY COVER
  AVERAGE SKY COVER 0.2


WEATHER CONDITIONS
 THE FOLLOWING WEATHER WAS RECORDED YESTERDAY.
  FOG


RELATIVE HUMIDITY (PERCENT)
 HIGHEST   100           300 AM
 LOWEST     28           500 PM
 AVERAGE    64

..........................................................


THE ORLANDO  CLIMATE NORMALS FOR TODAY
                         NORMAL    RECORD    YEAR
 MAXIMUM TEMPERATURE (F)   85        95      2011
 MINIMUM TEMPERATURE (F)   62        48      1977


SUNRISE AND SUNSET
APRIL 28 2017.........SUNRISE   647 AM EDT   SUNSET   759 PM EDT
APRIL 29 2017.........SUNRISE   646 AM EDT   SUNSET   759 PM EDT


-  INDICATES NEGATIVE NUMBERS.
R  INDICATES RECORD WAS SET OR TIED.
MM INDICATES DATA IS MISSING.
T  INDICATES TRACE AMOUNT.




$$
