000
CDUS42 KMLB 230627
CLIMCO


CLIMATE REPORT
NATIONAL WEATHER SERVICE MELBOURNE FL
226 AM EDT TUE SEP 23 2014


...................................

...THE ORLANDO  CLIMATE SUMMARY FOR SEPTEMBER 22 2014...

CLIMATE NORMAL PERIOD 1981 TO 2010
CLIMATE RECORD PERIOD 1892 TO 2014


WEATHER ITEM   OBSERVED TIME   RECORD YEAR NORMAL DEPARTURE LAST
                VALUE   (LST)  VALUE       VALUE  FROM      YEAR
                                                  NORMAL
..................................................................
TEMPERATURE (F)
 YESTERDAY
  MAXIMUM         87    120 PM  96    1990  89     -2       90
                                      1987
                                      1933
  MINIMUM         71    750 PM  57    1897  72     -1       73
  AVERAGE         79                        80     -1       82

PRECIPITATION (IN)
  YESTERDAY        0.07          4.72 1948   0.19  -0.12     0.27
  MONTH TO DATE    5.14                      4.59   0.55     3.71
  SINCE SEP 1      5.14                      4.59   0.55     3.71
  SINCE JAN 1     42.93                     41.20   1.73    39.30

SNOWFALL (IN)
  YESTERDAY        0.0
  MONTH TO DATE    0.0
  SINCE SEP 1      0.0
  SINCE JUL 1      0.0

DEGREE DAYS
 HEATING
  YESTERDAY        0                         0      0        0
  MONTH TO DATE    0                         0      0        0
  SINCE SEP 1      0                         0      0        0
  SINCE JUL 1      0                         0      0        0

 COOLING
  YESTERDAY       14                        15     -1       17
  MONTH TO DATE  363                       364     -1      377
  SINCE SEP 1    363                       364     -1      377
  SINCE JAN 1   2961                      2757    204     2868
..................................................................


WIND (MPH)
  HIGHEST WIND SPEED    21   HIGHEST WIND DIRECTION     S (200)
  HIGHEST GUST SPEED    25   HIGHEST GUST DIRECTION    SE (130)
  AVERAGE WIND SPEED     3.9


SKY COVER
  AVERAGE SKY COVER 0.8


WEATHER CONDITIONS
 THE FOLLOWING WEATHER WAS RECORDED YESTERDAY.
  THUNDERSTORM
  LIGHT RAIN
  FOG


RELATIVE HUMIDITY (PERCENT)
 HIGHEST   100           100 AM
 LOWEST     59           100 PM
 AVERAGE    80

..........................................................


THE ORLANDO  CLIMATE NORMALS FOR TODAY
                         NORMAL    RECORD    YEAR
 MAXIMUM TEMPERATURE (F)   89        98      1925
                                             1919
 MINIMUM TEMPERATURE (F)   72        61      1938
                                             1922
                                             1913


SUNRISE AND SUNSET
SEPTEMBER 23 2014.....SUNRISE   714 AM EDT   SUNSET   721 PM EDT
SEPTEMBER 24 2014.....SUNRISE   715 AM EDT   SUNSET   719 PM EDT


-  INDICATES NEGATIVE NUMBERS.
R  INDICATES RECORD WAS SET OR TIED.
MM INDICATES DATA IS MISSING.
T  INDICATES TRACE AMOUNT.




$$
