164
CDUS43 KDMX 240650 RRB
CLIMCW

CLIMATE REPORT
NATIONAL WEATHER SERVICE DES MOINES IA
1248 AM CST TUE JAN 24 2017


...................................

...THE MASON CITY IA CLIMATE SUMMARY FOR JANUARY 23 2017...

CLIMATE NORMAL PERIOD 1981 TO 2010
CLIMATE RECORD PERIOD 1893 TO 2017


WEATHER ITEM   OBSERVED TIME   RECORD YEAR NORMAL DEPARTURE LAST
                VALUE   (LST)  VALUE       VALUE  FROM      YEAR
                                                  NORMAL
..................................................................
TEMPERATURE (F)
 YESTERDAY
  MAXIMUM         33    204 PM  53    1981  25      8       24
  MINIMUM         31   1159 PM -29    1935   7     24       16
  AVERAGE         32                        16     16       20

PRECIPITATION (IN)
  YESTERDAY        0.00          0.56 1988   0.02  -0.02     0.00
  MONTH TO DATE    0.94                      0.59   0.35     0.37
  SINCE DEC 1      3.10                      1.83   1.27     4.00
  SINCE JAN 1      0.94                      0.59   0.35     0.37

SNOWFALL (IN)
  YESTERDAY        0.0           4.6  1988   0.4   -0.4      0.0
  MONTH TO DATE    0.6                       7.9   -7.3      3.0
  SINCE DEC 1     15.5                      17.2   -1.7     17.0
  SINCE JUL 1     15.5                      21.9   -6.4     27.0
  SNOW DEPTH       2

DEGREE DAYS
 HEATING
  YESTERDAY       33                        49    -16       45
  MONTH TO DATE 1059                      1127    -68     1201
  SINCE DEC 1   2450                      2536    -86     2266
  SINCE JUL 1   3614                      4216   -602     3621

 COOLING
  YESTERDAY        0                         0      0        0
  MONTH TO DATE    0                         0      0        0
  SINCE DEC 1      0                         0      0        0
  SINCE JAN 1      0                         0      0        0
..................................................................


WIND (MPH)
  HIGHEST WIND SPEED    15   HIGHEST WIND DIRECTION    NW (310)
  HIGHEST GUST SPEED    19   HIGHEST GUST DIRECTION    NW (310)
  AVERAGE WIND SPEED     7.5


SKY COVER
  POSSIBLE SUNSHINE  MM
  AVERAGE SKY COVER 1.0


WEATHER CONDITIONS
 THE FOLLOWING WEATHER WAS RECORDED YESTERDAY.
  FOG


RELATIVE HUMIDITY (PERCENT)
 HIGHEST   100           100 AM
 LOWEST     78           400 PM
 AVERAGE    89

..........................................................


THE MASON CITY IA CLIMATE NORMALS FOR TODAY
                         NORMAL    RECORD    YEAR
 MAXIMUM TEMPERATURE (F)   25        59      1981
 MINIMUM TEMPERATURE (F)    7       -29      1922


SUNRISE AND SUNSET
JANUARY 24 2017.......SUNRISE   736 AM CST   SUNSET   515 PM CST
JANUARY 25 2017.......SUNRISE   735 AM CST   SUNSET   517 PM CST


-  INDICATES NEGATIVE NUMBERS.
R  INDICATES RECORD WAS SET OR TIED.
MM INDICATES DATA IS MISSING.
T  INDICATES TRACE AMOUNT.




$$
