000
CDUS43 KDMX 300713 RRB
CLIMCW

CLIMATE REPORT
NATIONAL WEATHER SERVICE DES MOINES IA
212 AM CDT FRI SEP 30 2016


...................................

...THE MASON CITY IA CLIMATE SUMMARY FOR SEPTEMBER 29 2016...

CLIMATE NORMAL PERIOD 1981 TO 2010
CLIMATE RECORD PERIOD 1893 TO 2016


WEATHER ITEM   OBSERVED TIME   RECORD YEAR NORMAL DEPARTURE LAST
                VALUE   (LST)  VALUE       VALUE  FROM      YEAR
                                                  NORMAL
..................................................................
TEMPERATURE (F)
 YESTERDAY
  MAXIMUM         72    306 PM  88    1922  68      4       70
  MINIMUM         44   1245 AM  24    1945  42      2       40
  AVERAGE         58                        55      3       55

PRECIPITATION (IN)
  YESTERDAY        0.00          1.06 1973   0.10  -0.10     0.09
  MONTH TO DATE   11.03                      3.17   7.86     4.60
  SINCE SEP 1     11.03                      3.17   7.86     4.60
  SINCE JAN 1     42.35                     29.53  12.82    32.41

SNOWFALL (IN)
  YESTERDAY        0.0           0.0  2002   0.0    0.0      0.0
  MONTH TO DATE    0.0                       0.0    0.0      0.0
  SINCE SEP 1      0.0                       0.0    0.0      0.0
  SINCE JUL 1      0.0                       0.0    0.0      0.0
  SNOW DEPTH       0

DEGREE DAYS
 HEATING
  YESTERDAY        7                        11     -4       10
  MONTH TO DATE   62                       166   -104       67
  SINCE SEP 1     62                       166   -104       67
  SINCE JUL 1     80                       202   -122      125

 COOLING
  YESTERDAY        0                         1     -1        0
  MONTH TO DATE   85                        54     31      130
  SINCE SEP 1     85                        54     31      130
  SINCE JAN 1    693                       610     83      647
..................................................................


WIND (MPH)
  HIGHEST WIND SPEED    15   HIGHEST WIND DIRECTION     N (20)
  HIGHEST GUST SPEED    20   HIGHEST GUST DIRECTION     N (10)
  AVERAGE WIND SPEED     7.5


SKY COVER
  POSSIBLE SUNSHINE  MM
  AVERAGE SKY COVER 0.2


WEATHER CONDITIONS
 THE FOLLOWING WEATHER WAS RECORDED YESTERDAY.
  FOG


RELATIVE HUMIDITY (PERCENT)
 HIGHEST   100          1200 AM
 LOWEST     35           300 PM
 AVERAGE    68

..........................................................


THE MASON CITY IA CLIMATE NORMALS FOR TODAY
                         NORMAL    RECORD    YEAR
 MAXIMUM TEMPERATURE (F)   67        91      1952
 MINIMUM TEMPERATURE (F)   42        15      1899


SUNRISE AND SUNSET
SEPTEMBER 30 2016.....SUNRISE   710 AM CDT   SUNSET   655 PM CDT
OCTOBER  1 2016.......SUNRISE   711 AM CDT   SUNSET   654 PM CDT


-  INDICATES NEGATIVE NUMBERS.
R  INDICATES RECORD WAS SET OR TIED.
MM INDICATES DATA IS MISSING.
T  INDICATES TRACE AMOUNT.




$$
