000
CDUS43 KDMX 300632 RRB
CLIMCW

CLIMATE REPORT
NATIONAL WEATHER SERVICE DES MOINES IA
131 AM CDT THU MAR 30 2017

...................................

...THE MASON CITY IA CLIMATE SUMMARY FOR MARCH 29 2017...

CLIMATE NORMAL PERIOD 1981 TO 2010
CLIMATE RECORD PERIOD 1893 TO 2017


WEATHER ITEM   OBSERVED TIME   RECORD YEAR NORMAL DEPARTURE LAST
                VALUE   (LST)  VALUE       VALUE  FROM      YEAR
                                                  NORMAL
..................................................................
TEMPERATURE (F)
 YESTERDAY
  MAXIMUM         45   1135 AM  84    1986  49     -4       63
  MINIMUM         38   1155 PM   1    1969  28     10       35
  AVERAGE         42                        39      3       49

PRECIPITATION (IN)
  YESTERDAY        0.64          1.08 1933   0.09   0.55      T
  MONTH TO DATE    1.91                      2.03  -0.12     2.10
  SINCE MAR 1      1.91                      2.03  -0.12     2.10
  SINCE JAN 1      5.90                      3.85   2.05     3.39

SNOWFALL (IN)
  YESTERDAY        0.0           2.6  1939   0.2   -0.2      0.0
  MONTH TO DATE    8.5                       5.7    2.8      8.2
  SINCE MAR 1      8.5                       5.7    2.8      8.2
  SINCE JUL 1     47.9                      38.2    9.7     50.9
  SNOW DEPTH       0

DEGREE DAYS
 HEATING
  YESTERDAY       23                        26     -3       16
  MONTH TO DATE  967                       942     25      750
  SINCE MAR 1    967                       942     25      750
  SINCE JUL 1   5879                      6793   -914     5849

 COOLING
  YESTERDAY        0                         0      0        0
  MONTH TO DATE    0                         0      0        0
  SINCE MAR 1      0                         0      0        0
  SINCE JAN 1      0                         0      0        0
..................................................................


WIND (MPH)
  HIGHEST WIND SPEED    31   HIGHEST WIND DIRECTION     E (80)
  HIGHEST GUST SPEED    37   HIGHEST GUST DIRECTION     E (80)
  AVERAGE WIND SPEED    15.8


SKY COVER
  POSSIBLE SUNSHINE  MM
  AVERAGE SKY COVER 0.8


WEATHER CONDITIONS
 THE FOLLOWING WEATHER WAS RECORDED YESTERDAY.
  RAIN
  LIGHT RAIN
  FOG


RELATIVE HUMIDITY (PERCENT)
 HIGHEST    92           100 AM
 LOWEST     70           100 PM
 AVERAGE    81

..........................................................


THE MASON CITY IA CLIMATE NORMALS FOR TODAY
                         NORMAL    RECORD    YEAR
 MAXIMUM TEMPERATURE (F)   50        78      1967
 MINIMUM TEMPERATURE (F)   29         0      1964


SUNRISE AND SUNSET
MARCH 30 2017.........SUNRISE   658 AM CDT   SUNSET   738 PM CDT
MARCH 31 2017.........SUNRISE   657 AM CDT   SUNSET   739 PM CDT


-  INDICATES NEGATIVE NUMBERS.
R  INDICATES RECORD WAS SET OR TIED.
MM INDICATES DATA IS MISSING.
T  INDICATES TRACE AMOUNT.




$$
