000
CDUS41 KCTP 250626
CLIMDT


CLIMATE REPORT
NATIONAL WEATHER SERVICE STATE COLLEGE PA
225 AM EDT TUE APR 25 2017


...................................

...THE HARRISBURG PA CLIMATE SUMMARY FOR APRIL 24 2017...

CLIMATE NORMAL PERIOD 1981 TO 2010
CLIMATE RECORD PERIOD 1888 TO 2017


WEATHER ITEM   OBSERVED TIME   RECORD YEAR NORMAL DEPARTURE LAST
                VALUE   (LST)  VALUE       VALUE  FROM      YEAR
                                                  NORMAL
..................................................................
TEMPERATURE (F)
 YESTERDAY
  MAXIMUM         61    110 PM  90    1960  66     -5       67
  MINIMUM         46    213 AM  30    1930  45      1       40
  AVERAGE         54                        55     -1       54

PRECIPITATION (IN)
  YESTERDAY        0.03          1.74 1983   0.10  -0.07     0.00
  MONTH TO DATE    2.72                      2.48   0.24     1.85
  SINCE MAR 1      7.44                      5.85   1.59     3.15
  SINCE JAN 1     11.82                     11.12   0.70    13.07

SNOWFALL (IN)
  YESTERDAY       MM             T    2015   0.0   MM        0.0
                                      1927
  MONTH TO DATE    0.0                       0.4   -0.4      1.2
  SINCE MAR 1     18.4                       5.6   12.8      1.4
  SINCE JUL 1     23.9                      30.6   -6.7     39.1
  SNOW DEPTH       0

DEGREE DAYS
 HEATING
  YESTERDAY       11                        10      1       11
  MONTH TO DATE  203                       338   -135      334
  SINCE MAR 1    965                      1061    -96      854
  SINCE JUL 1   4203                      5049   -846     4226

 COOLING
  YESTERDAY        0                         0      0        0
  MONTH TO DATE    7                         0      7        7
  SINCE MAR 1      7                         1      6        8
  SINCE JAN 1      7                         1      6        8
..................................................................


WIND (MPH)
  HIGHEST WIND SPEED    13   HIGHEST WIND DIRECTION     E (110)
  HIGHEST GUST SPEED    24   HIGHEST GUST DIRECTION    NE (40)
  AVERAGE WIND SPEED     4.0


SKY COVER
  POSSIBLE SUNSHINE  MM
  AVERAGE SKY COVER 0.9


WEATHER CONDITIONS
 THE FOLLOWING WEATHER WAS RECORDED YESTERDAY.
  LIGHT RAIN
  HAZE


RELATIVE HUMIDITY (PERCENT)
 HIGHEST    93           400 AM
 LOWEST     53           500 PM
 AVERAGE    73

..........................................................


THE HARRISBURG PA CLIMATE NORMALS FOR TODAY
                         NORMAL    RECORD    YEAR
 MAXIMUM TEMPERATURE (F)   66        93      1915
 MINIMUM TEMPERATURE (F)   45        30      1956


SUNRISE AND SUNSET
APRIL 25 2017.........SUNRISE   614 AM EDT   SUNSET   756 PM EDT
APRIL 26 2017.........SUNRISE   613 AM EDT   SUNSET   757 PM EDT


-  INDICATES NEGATIVE NUMBERS.
R  INDICATES RECORD WAS SET OR TIED.
MM INDICATES DATA IS MISSING.
T  INDICATES TRACE AMOUNT.




$$
