000
CDUS41 KCTP 222116
CLIMDT


CLIMATE REPORT
NATIONAL WEATHER SERVICE STATE COLLEGE PA
516 PM EDT TUE JUL 22 2014


...................................

...THE HARRISBURG PA CLIMATE SUMMARY FOR JULY 22 2014...
VALID TODAY AS OF 0500 PM LOCAL TIME.

CLIMATE NORMAL PERIOD 1981 TO 2010
CLIMATE RECORD PERIOD 1888 TO 2014


WEATHER ITEM   OBSERVED TIME   RECORD YEAR NORMAL DEPARTURE LAST
                VALUE   (LST)  VALUE       VALUE  FROM      YEAR
                                                  NORMAL
..................................................................
TEMPERATURE (F)
 TODAY
  MAXIMUM         88    402 PM 103    2011  86      2       86
  MINIMUM         71    536 AM  50    1890  67      4       71
  AVERAGE         80                        76      4       79

PRECIPITATION (IN)
  TODAY            0.00          2.34 2013   0.15  -0.15     2.34
  MONTH TO DATE    2.24                      3.33  -1.09     4.03
  SINCE JUN 1      6.02                      6.93  -0.91     7.80
  SINCE JAN 1     27.66                     22.46   5.20    19.96

DEGREE DAYS
 HEATING
  TODAY            0                         0      0        0
  MONTH TO DATE    0                         0      0        0
  SINCE JUN 1      1                        18    -17        2
  SINCE JUL 1      0                         0      0        0

 COOLING
  TODAY           15                        11      4       14
  MONTH TO DATE  274                       240     34      343
  SINCE JUN 1    521                       453     68      567
  SINCE JAN 1    581                       518     63      650
..................................................................


WIND (MPH)
  HIGHEST WIND SPEED    13   HIGHEST WIND DIRECTION    SW (220)
  HIGHEST GUST SPEED    17   HIGHEST GUST DIRECTION     S (180)
  AVERAGE WIND SPEED     4.8


SKY COVER
  POSSIBLE SUNSHINE  MM
  AVERAGE SKY COVER 0.7


WEATHER CONDITIONS
 THE FOLLOWING WEATHER WAS RECORDED TODAY.
  NO SIGNIFICANT WEATHER WAS OBSERVED.


RELATIVE HUMIDITY (PERCENT)
 HIGHEST    84           500 AM
 LOWEST     53           400 PM
 AVERAGE    69

..........................................................


THE HARRISBURG PA CLIMATE NORMALS FOR TOMORROW
                         NORMAL    RECORD    YEAR
 MAXIMUM TEMPERATURE (F)   86       103      1991
 MINIMUM TEMPERATURE (F)   67        54      1983
                                             1947


SUNRISE AND SUNSET
JULY 22 2014..........SUNRISE   556 AM EDT   SUNSET   831 PM EDT
JULY 23 2014..........SUNRISE   557 AM EDT   SUNSET   830 PM EDT


-  INDICATES NEGATIVE NUMBERS.
R  INDICATES RECORD WAS SET OR TIED.
MM INDICATES DATA IS MISSING.
T  INDICATES TRACE AMOUNT.




$$
