000
CDUS41 KCTP 230616
CLIMDT


CLIMATE REPORT
NATIONAL WEATHER SERVICE STATE COLLEGE PA
216 AM EDT TUE SEP 23 2014


...................................

...THE HARRISBURG PA CLIMATE SUMMARY FOR SEPTEMBER 22 2014...

CLIMATE NORMAL PERIOD 1981 TO 2010
CLIMATE RECORD PERIOD 1888 TO 2014


WEATHER ITEM   OBSERVED TIME   RECORD YEAR NORMAL DEPARTURE LAST
                VALUE   (LST)  VALUE       VALUE  FROM      YEAR
                                                  NORMAL
..................................................................
TEMPERATURE (F)
 YESTERDAY
  MAXIMUM         69    149 PM  95    1970  73     -4       70
                                      1931
  MINIMUM         54   1159 PM  37    1904  54      0       55
  AVERAGE         62                        63     -1       63

PRECIPITATION (IN)
  YESTERDAY        0.00          1.12 2002   0.14  -0.14     0.00
  MONTH TO DATE    0.70                      2.93  -2.23     1.16
  SINCE SEP 1      0.70                      2.93  -2.23     1.16
  SINCE JAN 1     34.37                     29.87   4.50    25.43

DEGREE DAYS
 HEATING
  YESTERDAY        3                         3      0        2
  MONTH TO DATE   24                        30     -6       42
  SINCE SEP 1     24                        30     -6       42
  SINCE JUL 1     24                        32     -8       42

 COOLING
  YESTERDAY        0                         2     -2        0
  MONTH TO DATE  129                        87     42      108
  SINCE SEP 1    129                        87     42      108
  SINCE JAN 1   1030                       983     47     1060
..................................................................


WIND (MPH)
  HIGHEST WIND SPEED    29   HIGHEST WIND DIRECTION    NW (310)
  HIGHEST GUST SPEED    35   HIGHEST GUST DIRECTION    NW (310)
  AVERAGE WIND SPEED    15.3


SKY COVER
  POSSIBLE SUNSHINE  MM
  AVERAGE SKY COVER 0.4


WEATHER CONDITIONS
 THE FOLLOWING WEATHER WAS RECORDED YESTERDAY.
  NO SIGNIFICANT WEATHER WAS OBSERVED.


RELATIVE HUMIDITY (PERCENT)
 HIGHEST    73          1200 AM
 LOWEST     40           500 PM
 AVERAGE    57

..........................................................


THE HARRISBURG PA CLIMATE NORMALS FOR TODAY
                         NORMAL    RECORD    YEAR
 MAXIMUM TEMPERATURE (F)   73        94      1970
 MINIMUM TEMPERATURE (F)   53        36      1963


SUNRISE AND SUNSET
SEPTEMBER 23 2014.....SUNRISE   656 AM EDT   SUNSET   703 PM EDT
SEPTEMBER 24 2014.....SUNRISE   657 AM EDT   SUNSET   701 PM EDT


-  INDICATES NEGATIVE NUMBERS.
R  INDICATES RECORD WAS SET OR TIED.
MM INDICATES DATA IS MISSING.
T  INDICATES TRACE AMOUNT.




$$
