609
CDUS41 KCTP 240626
CLIMDT


CLIMATE REPORT
NATIONAL WEATHER SERVICE STATE COLLEGE PA
225 AM EDT TUE MAY 24 2016


...................................

...THE HARRISBURG PA CLIMATE SUMMARY FOR MAY 23 2016...

CLIMATE NORMAL PERIOD 1981 TO 2010
CLIMATE RECORD PERIOD 1888 TO 2016


WEATHER ITEM   OBSERVED TIME   RECORD YEAR NORMAL DEPARTURE LAST
                VALUE   (LST)  VALUE       VALUE  FROM      YEAR
                                                  NORMAL
..................................................................
TEMPERATURE (F)
 YESTERDAY
  MAXIMUM         72   1255 PM  94    1925  74     -2       71
  MINIMUM         55    233 AM  40    2002  55      0       47
  AVERAGE         64                        64      0       59

PRECIPITATION (IN)
  YESTERDAY        0.16          1.41 1979   0.12   0.04     0.00
  MONTH TO DATE    3.08                      2.78   0.30     1.85
  SINCE MAR 1      6.89                      9.25  -2.36     7.48
  SINCE JAN 1     16.81                     14.52   2.29    11.07

SNOWFALL (IN)
  YESTERDAY        0.0           0.0  2002   0.0    0.0      0.0
                                      2001
  MONTH TO DATE    0.0                       0.0    0.0      0.0
  SINCE MAR 1      1.4                       5.6   -4.2     11.8
  SINCE JUL 1     39.1                      30.6    8.5     39.2
  SNOW DEPTH       0

DEGREE DAYS
 HEATING
  YESTERDAY        1                         3     -2        6
  MONTH TO DATE  173                       127     46       45
  SINCE MAR 1   1084                      1242   -158     1284
  SINCE JUL 1   4456                      5230   -774     5587

 COOLING
  YESTERDAY        0                         3     -3        0
  MONTH TO DATE    2                        34    -32       93
  SINCE MAR 1     14                        41    -27       93
  SINCE JAN 1     14                        41    -27       93
..................................................................


WIND (MPH)
  HIGHEST WIND SPEED    20   HIGHEST WIND DIRECTION     N (360)
  HIGHEST GUST SPEED    25   HIGHEST GUST DIRECTION     N (350)
  AVERAGE WIND SPEED     6.8


SKY COVER
  POSSIBLE SUNSHINE  MM
  AVERAGE SKY COVER 0.8


WEATHER CONDITIONS
 THE FOLLOWING WEATHER WAS RECORDED YESTERDAY.
  THUNDERSTORM
  RAIN
  LIGHT RAIN
  FOG
  HAZE


RELATIVE HUMIDITY (PERCENT)
 HIGHEST    93           200 AM
 LOWEST     49          1000 AM
 AVERAGE    71

..........................................................


THE HARRISBURG PA CLIMATE NORMALS FOR TODAY
                         NORMAL    RECORD    YEAR
 MAXIMUM TEMPERATURE (F)   74        91      1964
 MINIMUM TEMPERATURE (F)   55        35      1963


SUNRISE AND SUNSET
MAY 24 2016...........SUNRISE   544 AM EDT   SUNSET   825 PM EDT
MAY 25 2016...........SUNRISE   543 AM EDT   SUNSET   825 PM EDT


-  INDICATES NEGATIVE NUMBERS.
R  INDICATES RECORD WAS SET OR TIED.
MM INDICATES DATA IS MISSING.
T  INDICATES TRACE AMOUNT.




$$
