000
CDUS41 KCTP 280616
CLIMDT


CLIMATE REPORT
NATIONAL WEATHER SERVICE STATE COLLEGE PA
216 AM EDT FRI JUL 28 2017


...................................

...THE HARRISBURG PA CLIMATE SUMMARY FOR JULY 27 2017...

CLIMATE NORMAL PERIOD 1981 TO 2010
CLIMATE RECORD PERIOD 1888 TO 2017


WEATHER ITEM   OBSERVED TIME   RECORD YEAR NORMAL DEPARTURE LAST
                VALUE   (LST)  VALUE       VALUE  FROM      YEAR
                                                  NORMAL
..................................................................
TEMPERATURE (F)
 YESTERDAY
  MAXIMUM         83    425 PM  99    1941  85     -2       92
                                      1940
  MINIMUM         69    318 AM  52    1962  66      3       71
  AVERAGE         76                        76      0       82

PRECIPITATION (IN)
  YESTERDAY        0.02          2.74 1969   0.14  -0.12     0.00
  MONTH TO DATE    8.74                      4.05   4.69     4.41
  SINCE JUN 1     12.30                      7.65   4.65     8.87
  SINCE JAN 1     28.75                     23.18   5.57    26.06

DEGREE DAYS
 HEATING
  YESTERDAY        0                         0      0        0
  MONTH TO DATE    0                         0      0        0
  SINCE JUN 1      7                        18    -11        5
  SINCE JUL 1      0                         0      0        0

 COOLING
  YESTERDAY       11                        11      0       17
  MONTH TO DATE  363                       295     68      394
  SINCE JUN 1    628                       508    120      660
  SINCE JAN 1    705                       573    132      757
..................................................................


WIND (MPH)
  HIGHEST WIND SPEED    10   HIGHEST WIND DIRECTION    SE (150)
  HIGHEST GUST SPEED    13   HIGHEST GUST DIRECTION    NE (60)
  AVERAGE WIND SPEED     4.3


SKY COVER
  POSSIBLE SUNSHINE  MM
  AVERAGE SKY COVER 0.9


WEATHER CONDITIONS
 THE FOLLOWING WEATHER WAS RECORDED YESTERDAY.
  THUNDERSTORM
  LIGHT RAIN
  FOG
  HAZE


RELATIVE HUMIDITY (PERCENT)
 HIGHEST    90           100 AM
 LOWEST     69           400 PM
 AVERAGE    80

..........................................................


THE HARRISBURG PA CLIMATE NORMALS FOR TODAY
                         NORMAL    RECORD    YEAR
 MAXIMUM TEMPERATURE (F)   85        99      1941
                                             1940
 MINIMUM TEMPERATURE (F)   66        51      1962


SUNRISE AND SUNSET
JULY 28 2017..........SUNRISE   602 AM EDT   SUNSET   825 PM EDT
JULY 29 2017..........SUNRISE   602 AM EDT   SUNSET   824 PM EDT


-  INDICATES NEGATIVE NUMBERS.
R  INDICATES RECORD WAS SET OR TIED.
MM INDICATES DATA IS MISSING.
T  INDICATES TRACE AMOUNT.




$$
