027
CDUS41 KCTP 222126
CLIMDT


CLIMATE REPORT
NATIONAL WEATHER SERVICE STATE COLLEGE PA
526 PM EDT FRI SEP 22 2017


...................................

...THE HARRISBURG PA CLIMATE SUMMARY FOR SEPTEMBER 22 2017...
VALID TODAY AS OF 0500 PM LOCAL TIME.

CLIMATE NORMAL PERIOD 1981 TO 2010
CLIMATE RECORD PERIOD 1888 TO 2017


WEATHER ITEM   OBSERVED TIME   RECORD YEAR NORMAL DEPARTURE LAST
                VALUE   (LST)  VALUE       VALUE  FROM      YEAR
                                                  NORMAL
..................................................................
TEMPERATURE (F)
 TODAY
  MAXIMUM         85    214 PM  95    1970  73     12       85
                                      1931
  MINIMUM         66    608 AM  37    1904  54     12       60
  AVERAGE         76                        63     13       73

PRECIPITATION (IN)
  TODAY            0.00          1.12 2002   0.14  -0.14     0.00
  MONTH TO DATE    2.55                      2.93  -0.38     2.53
  SINCE SEP 1      2.55                      2.93  -0.38     2.53
  SINCE JAN 1     36.76                     29.87   6.89    33.30

DEGREE DAYS
 HEATING
  TODAY            0                         3     -3        0
  MONTH TO DATE   28                        30     -2        0
  SINCE SEP 1     28                        30     -2        0
  SINCE JUL 1     30                        32     -2        0

 COOLING
  TODAY           11                         2      9        8
  MONTH TO DATE   90                        87      3      214
  SINCE SEP 1     90                        87      3      214
  SINCE JAN 1   1088                       983    105     1478
..................................................................


WIND (MPH)
  HIGHEST WIND SPEED    14   HIGHEST WIND DIRECTION     N (340)
  HIGHEST GUST SPEED    19   HIGHEST GUST DIRECTION     N (350)
  AVERAGE WIND SPEED     7.4


SKY COVER
  POSSIBLE SUNSHINE  MM
  AVERAGE SKY COVER 0.7


WEATHER CONDITIONS
 THE FOLLOWING WEATHER WAS RECORDED TODAY.
  NO SIGNIFICANT WEATHER WAS OBSERVED.


RELATIVE HUMIDITY (PERCENT)
 HIGHEST    97           100 AM
 LOWEST     40           200 PM
 AVERAGE    69

..........................................................


THE HARRISBURG PA CLIMATE NORMALS FOR TOMORROW
                         NORMAL    RECORD    YEAR
 MAXIMUM TEMPERATURE (F)   73        94      1970
 MINIMUM TEMPERATURE (F)   53        36      1963


SUNRISE AND SUNSET
SEPTEMBER 22 2017.....SUNRISE   655 AM EDT   SUNSET   704 PM EDT
SEPTEMBER 23 2017.....SUNRISE   656 AM EDT   SUNSET   702 PM EDT


-  INDICATES NEGATIVE NUMBERS.
R  INDICATES RECORD WAS SET OR TIED.
MM INDICATES DATA IS MISSING.
T  INDICATES TRACE AMOUNT.




$$
