797
CDUS41 KCTP 210715
CLIMDT


CLIMATE REPORT
NATIONAL WEATHER SERVICE STATE COLLEGE PA
215 AM EST TUE NOV 21 2017


...................................

...THE HARRISBURG PA CLIMATE SUMMARY FOR NOVEMBER 20 2017...

CLIMATE NORMAL PERIOD 1981 TO 2010
CLIMATE RECORD PERIOD 1888 TO 2017


WEATHER ITEM   OBSERVED TIME   RECORD YEAR NORMAL DEPARTURE LAST
                VALUE   (LST)  VALUE       VALUE  FROM      YEAR
                                                  NORMAL
..................................................................
TEMPERATURE (F)
 YESTERDAY
  MAXIMUM         48    314 PM  77    1942  51     -3       42
  MINIMUM         36    600 AM  20    2000  34      2       37
  AVERAGE         42                        42      0       40

PRECIPITATION (IN)
  YESTERDAY        0.00          1.78 1952   0.11  -0.11      T
  MONTH TO DATE    2.23                      2.05   0.18     0.52
  SINCE SEP 1      9.10                      9.39  -0.29     6.20
  SINCE JAN 1     43.31                     36.33   6.98    36.97

SNOWFALL (IN)
  YESTERDAY        0.0           3.4  1961   0.1   -0.1       T
  MONTH TO DATE    T                         0.2   -0.2       T
  SINCE SEP 1      T                         0.2   -0.2       T
  SINCE JUL 1      T                         0.2   -0.2       T
  SNOW DEPTH       0

DEGREE DAYS
 HEATING
  YESTERDAY       23                        23      0       25
  MONTH TO DATE  417                       380     37      319
  SINCE SEP 1    625                       790   -165      566
  SINCE JUL 1    627                       792   -165      566

 COOLING
  YESTERDAY        0                         0      0        0
  MONTH TO DATE    0                         0      0        0
  SINCE SEP 1    216                       106    110      251
  SINCE JAN 1   1214                      1002    212     1515
..................................................................


WIND (MPH)
  HIGHEST WIND SPEED    23   HIGHEST WIND DIRECTION    NW (300)
  HIGHEST GUST SPEED    29   HIGHEST GUST DIRECTION    NW (320)
  AVERAGE WIND SPEED    11.3


SKY COVER
  POSSIBLE SUNSHINE  MM
  AVERAGE SKY COVER 0.3


WEATHER CONDITIONS
 THE FOLLOWING WEATHER WAS RECORDED YESTERDAY.
  NO SIGNIFICANT WEATHER WAS OBSERVED.


RELATIVE HUMIDITY (PERCENT)
 HIGHEST    59          1200 AM
 LOWEST     38           100 PM
 AVERAGE    49

..........................................................


THE HARRISBURG PA CLIMATE NORMALS FOR TODAY
                         NORMAL    RECORD    YEAR
 MAXIMUM TEMPERATURE (F)   51        74      1900
 MINIMUM TEMPERATURE (F)   33        19      1951


SUNRISE AND SUNSET
NOVEMBER 21 2017......SUNRISE   700 AM EST   SUNSET   446 PM EST
NOVEMBER 22 2017......SUNRISE   701 AM EST   SUNSET   445 PM EST


-  INDICATES NEGATIVE NUMBERS.
R  INDICATES RECORD WAS SET OR TIED.
MM INDICATES DATA IS MISSING.
T  INDICATES TRACE AMOUNT.




$$
