000
CDUS43 KLOT 280639
CLIMDW


CLIMATE REPORT
NATIONAL WEATHER SERVICE CHICAGO IL
134 AM CDT FRI AUG 28 2015


...................................

...THE CHICAGO-MIDWAY CLIMATE SUMMARY FOR AUGUST 27 2015...

CLIMATE NORMAL PERIOD 1981 TO 2010
CLIMATE RECORD PERIOD 1928 TO 2015


WEATHER ITEM   OBSERVED TIME   RECORD YEAR NORMAL DEPARTURE LAST
                VALUE   (LST)  VALUE       VALUE  FROM      YEAR
                                                  NORMAL
..................................................................
TEMPERATURE (F)
 YESTERDAY
  MAXIMUM         75    259 PM  97    1973  81     -6       81
                                      1953
                                      1948
  MINIMUM         56    436 AM  46    1982  65     -9       70
                                      1935
  AVERAGE         66                        73     -7       76

PRECIPITATION (IN)
  YESTERDAY        0.00          1.57 2004   0.13  -0.13     0.00
  MONTH TO DATE    3.09                      3.50  -0.41     9.29
  SINCE JUN 1      8.30                     11.57  -3.27    22.19
  SINCE JAN 1     17.19                     26.06  -8.87    33.48

DEGREE DAYS
 HEATING
  YESTERDAY        0                         0      0        0
  MONTH TO DATE    2                         0      2        0
  SINCE JUN 1     26                        32     -6        3
  SINCE JUL 1      6                         1      5        1

 COOLING
  YESTERDAY        1                         8     -7       11
  MONTH TO DATE  268                       256     12      278
  SINCE JUN 1    779                       804    -25      768
  SINCE JAN 1    885                       878      7      879
..................................................................


WIND (MPH)
  RESULTANT WIND SPEED   3   RESULTANT WIND DIRECTION   E (110)
  HIGHEST WIND SPEED    14   HIGHEST WIND DIRECTION     E (70)
  HIGHEST GUST SPEED    18   HIGHEST GUST DIRECTION    NE (60)
  AVERAGE WIND SPEED     4.8



WEATHER CONDITIONS
 THE FOLLOWING WEATHER WAS RECORDED YESTERDAY.
  NO SIGNIFICANT WEATHER WAS OBSERVED.


..........................................................


THE CHICAGO-MIDWAY CLIMATE NORMALS FOR TODAY
                         NORMAL    RECORD    YEAR
 MAXIMUM TEMPERATURE (F)   81        97      1955
                                             1953
 MINIMUM TEMPERATURE (F)   65        46      1982
                                             1935


SUNRISE AND SUNSET
AUGUST 28 2015........SUNRISE   612 AM CDT   SUNSET   731 PM CDT
AUGUST 29 2015........SUNRISE   613 AM CDT   SUNSET   730 PM CDT


-  INDICATES NEGATIVE NUMBERS.
R  INDICATES RECORD WAS SET OR TIED.
MM INDICATES DATA IS MISSING.
T  INDICATES TRACE AMOUNT.




$$
