000
CDUS43 KLOT 270635
CLIMDW


CLIMATE REPORT
NATIONAL WEATHER SERVICE CHICAGO IL
1233 AM CST FRI FEB 27 2015


...................................

...THE CHICAGO-MIDWAY CLIMATE SUMMARY FOR FEBRUARY 26 2015...

CLIMATE NORMAL PERIOD 1981 TO 2010
CLIMATE RECORD PERIOD 1928 TO 2015


WEATHER ITEM   OBSERVED TIME   RECORD YEAR NORMAL DEPARTURE LAST
                VALUE   (LST)  VALUE       VALUE  FROM      YEAR
                                                  NORMAL
..................................................................
TEMPERATURE (F)
 YESTERDAY
  MAXIMUM         22    220 AM  64    2000  40    -18       19
  MINIMUM          7   1155 PM  -1    1963  25    -18        1
                                      1888
  AVERAGE         15                        32    -17       10

PRECIPITATION (IN)
  YESTERDAY       MM             1.76 2009   0.08  MM        0.00
  MONTH TO DATE    0.11                      1.77  -1.66     1.43
  SINCE DEC 1      2.12                      6.40  -4.28     3.42
  SINCE JAN 1      1.34                      3.83  -2.49     2.49

DEGREE DAYS
 HEATING
  YESTERDAY       50                        33     17       55
  MONTH TO DATE 1196                       949    247     1186
  SINCE DEC 1   3356                      3310     46     3906
  SINCE JUL 1   4613                      4445    168     5104

 COOLING
  YESTERDAY        0                         0      0        0
  MONTH TO DATE    0                         0      0        0
  SINCE DEC 1      0                         0      0        0
  SINCE JAN 1      0                         0      0        0
..................................................................


WIND (MPH)
  RESULTANT WIND SPEED  12   RESULTANT WIND DIRECTION   N (10)
  HIGHEST WIND SPEED    23   HIGHEST WIND DIRECTION    NE (30)
  HIGHEST GUST SPEED    27   HIGHEST GUST DIRECTION    NE (30)
  AVERAGE WIND SPEED    13.2



WEATHER CONDITIONS
 THE FOLLOWING WEATHER WAS RECORDED YESTERDAY.
  SNOW
  LIGHT SNOW
  FOG
  BLOWING SNOW


..........................................................


THE CHICAGO-MIDWAY CLIMATE NORMALS FOR TODAY
                         NORMAL    RECORD    YEAR
 MAXIMUM TEMPERATURE (F)   40        75      1976
 MINIMUM TEMPERATURE (F)   25        -6      1934
                                             1879


SUNRISE AND SUNSET
FEBRUARY 27 2015......SUNRISE   629 AM CST   SUNSET   539 PM CST
FEBRUARY 28 2015......SUNRISE   628 AM CST   SUNSET   540 PM CST


-  INDICATES NEGATIVE NUMBERS.
R  INDICATES RECORD WAS SET OR TIED.
MM INDICATES DATA IS MISSING.
T  INDICATES TRACE AMOUNT.




$$
