000
CDUS43 KLOT 190634
CLIMDW


CLIMATE REPORT
NATIONAL WEATHER SERVICE CHICAGO IL
133 AM CDT FRI SEP 19 2014


...................................

...THE CHICAGO-MIDWAY CLIMATE SUMMARY FOR SEPTEMBER 18 2014...

CLIMATE NORMAL PERIOD 1981 TO 2010
CLIMATE RECORD PERIOD 1928 TO 2014


WEATHER ITEM   OBSERVED TIME   RECORD YEAR NORMAL DEPARTURE LAST
                VALUE   (LST)  VALUE       VALUE  FROM      YEAR
                                                  NORMAL
..................................................................
TEMPERATURE (F)
 YESTERDAY
  MAXIMUM         72   1246 PM  94    1955  75     -3       82
  MINIMUM         53    445 AM  39    1929  57     -4       62
  AVERAGE         63                        66     -3       72

PRECIPITATION (IN)
  YESTERDAY        0.00          1.95 1983   0.11  -0.11     0.51
  MONTH TO DATE    2.38                      2.02   0.36     0.83
  SINCE SEP 1      2.38                      2.02   0.36     0.83
  SINCE JAN 1     35.88                     28.57   7.31    25.77

DEGREE DAYS
 HEATING
  YESTERDAY        2                         3     -1        0
  MONTH TO DATE   65                        26     39       20
  SINCE SEP 1     65                        26     39       20
  SINCE JUL 1     66                        31     35       24

 COOLING
  YESTERDAY        0                         3     -3        7
  MONTH TO DATE   93                        94     -1      135
  SINCE SEP 1     93                        94     -1      135
  SINCE JAN 1   1025                      1004     21     1031
..................................................................


WIND (MPH)
  RESULTANT WIND SPEED   5   RESULTANT WIND DIRECTION  NE (30)
  HIGHEST WIND SPEED    14   HIGHEST WIND DIRECTION     N (20)
  HIGHEST GUST SPEED    22   HIGHEST GUST DIRECTION    NE (60)
  AVERAGE WIND SPEED     5.9



WEATHER CONDITIONS
 THE FOLLOWING WEATHER WAS RECORDED YESTERDAY.
  FOG
  HAZE


..........................................................


THE CHICAGO-MIDWAY CLIMATE NORMALS FOR TODAY
                         NORMAL    RECORD    YEAR
 MAXIMUM TEMPERATURE (F)   74        93      1955
 MINIMUM TEMPERATURE (F)   56        37      1929


SUNRISE AND SUNSET
SEPTEMBER 19 2014.....SUNRISE   635 AM CDT   SUNSET   653 PM CDT
SEPTEMBER 20 2014.....SUNRISE   636 AM CDT   SUNSET   652 PM CDT


-  INDICATES NEGATIVE NUMBERS.
R  INDICATES RECORD WAS SET OR TIED.
MM INDICATES DATA IS MISSING.
T  INDICATES TRACE AMOUNT.




$$
