000
CDUS43 KLOT 130633
CLIMDW


CLIMATE REPORT
NATIONAL WEATHER SERVICE CHICAGO IL
1232 AM CST SAT FEB 13 2016


...................................

...THE CHICAGO-MIDWAY CLIMATE SUMMARY FOR FEBRUARY 12 2016...

CLIMATE NORMAL PERIOD 1981 TO 2010
CLIMATE RECORD PERIOD 1928 TO 2016


WEATHER ITEM   OBSERVED TIME   RECORD YEAR NORMAL DEPARTURE LAST
                VALUE   (LST)  VALUE       VALUE  FROM      YEAR
                                                  NORMAL
..................................................................
TEMPERATURE (F)
 YESTERDAY
  MAXIMUM         25   1258 PM  61    1984  35    -10       21
                                      1882
  MINIMUM          9   1159 PM -10    1981  21    -12       11
  AVERAGE         17                        28    -11       16

PRECIPITATION (IN)
  YESTERDAY        T             0.50 1984   0.07  -0.07      T
  MONTH TO DATE    T                         0.72  -0.72     0.05
  SINCE DEC 1      6.05                      5.35   0.70     2.06
  SINCE JAN 1      0.65                      2.78  -2.13     1.28

DEGREE DAYS
 HEATING
  YESTERDAY       48                        37     11       49
  MONTH TO DATE  440                       461    -21      487
  SINCE DEC 1   2333                      2822   -489     2647
  SINCE JUL 1   3143                      3957   -814     3904

 COOLING
  YESTERDAY        0                         0      0        0
  MONTH TO DATE    0                         0      0        0
  SINCE DEC 1      0                         0      0        0
  SINCE JAN 1      0                         0      0        0
..................................................................


WIND (MPH)
  RESULTANT WIND SPEED  13   RESULTANT WIND DIRECTION  NW (300)
  HIGHEST WIND SPEED    29   HIGHEST WIND DIRECTION    NW (320)
  HIGHEST GUST SPEED    37   HIGHEST GUST DIRECTION    NW (330)
  AVERAGE WIND SPEED    15.8



WEATHER CONDITIONS
 THE FOLLOWING WEATHER WAS RECORDED YESTERDAY.
  LIGHT SNOW


..........................................................


THE CHICAGO-MIDWAY CLIMATE NORMALS FOR TODAY
                         NORMAL    RECORD    YEAR
 MAXIMUM TEMPERATURE (F)   35        63      1938
 MINIMUM TEMPERATURE (F)   21        -5      1988
                                             1944


SUNRISE AND SUNSET
FEBRUARY 13 2016......SUNRISE   650 AM CST   SUNSET   521 PM CST
FEBRUARY 14 2016......SUNRISE   649 AM CST   SUNSET   522 PM CST


-  INDICATES NEGATIVE NUMBERS.
R  INDICATES RECORD WAS SET OR TIED.
MM INDICATES DATA IS MISSING.
T  INDICATES TRACE AMOUNT.




$$
