000
CDUS43 KLOT 270636
CLIMDW


CLIMATE REPORT
NATIONAL WEATHER SERVICE CHICAGO IL
134 AM CDT WED JUL 27 2016


...................................

...THE CHICAGO-MIDWAY CLIMATE SUMMARY FOR JULY 26 2016...

CLIMATE NORMAL PERIOD 1981 TO 2010
CLIMATE RECORD PERIOD 1928 TO 2016


WEATHER ITEM   OBSERVED TIME   RECORD YEAR NORMAL DEPARTURE LAST
                VALUE   (LST)  VALUE       VALUE  FROM      YEAR
                                                  NORMAL
..................................................................
TEMPERATURE (F)
 YESTERDAY
  MAXIMUM         87    236 PM 102    1936  84      3       82
  MINIMUM         73    515 AM  53    1962  68      5       71
  AVERAGE         80                        76      4       77

PRECIPITATION (IN)
  YESTERDAY        0.00          1.77 1932   0.14  -0.14      T
  MONTH TO DATE    4.47                      3.30   1.17     2.18
  SINCE JUN 1      6.03                      7.36  -1.33     5.14
  SINCE JAN 1     17.75                     21.85  -4.10    14.03

DEGREE DAYS
 HEATING
  YESTERDAY        0                         0      0        0
  MONTH TO DATE    0                         0      0        4
  SINCE JUN 1      6                        31    -25       24
  SINCE JUL 1      0                         0      0        4

 COOLING
  YESTERDAY       15                        11      4       12
  MONTH TO DATE  328                       284     44      247
  SINCE JUN 1    616                       494    122      429
  SINCE JAN 1    723                       568    155      535
..................................................................


WIND (MPH)
  RESULTANT WIND SPEED   5   RESULTANT WIND DIRECTION   E (90)
  HIGHEST WIND SPEED    14   HIGHEST WIND DIRECTION     E (70)
  HIGHEST GUST SPEED    17   HIGHEST GUST DIRECTION     E (80)
  AVERAGE WIND SPEED     4.9



WEATHER CONDITIONS
 THE FOLLOWING WEATHER WAS RECORDED YESTERDAY.
  NO SIGNIFICANT WEATHER WAS OBSERVED.


..........................................................


THE CHICAGO-MIDWAY CLIMATE NORMALS FOR TODAY
                         NORMAL    RECORD    YEAR
 MAXIMUM TEMPERATURE (F)   84       100      1955
 MINIMUM TEMPERATURE (F)   68        51      1937


SUNRISE AND SUNSET
JULY 27 2016..........SUNRISE   541 AM CDT   SUNSET   814 PM CDT
JULY 28 2016..........SUNRISE   542 AM CDT   SUNSET   813 PM CDT


-  INDICATES NEGATIVE NUMBERS.
R  INDICATES RECORD WAS SET OR TIED.
MM INDICATES DATA IS MISSING.
T  INDICATES TRACE AMOUNT.




$$
