000
CDUS43 KLOT 030634
CLIMDW


CLIMATE REPORT
NATIONAL WEATHER SERVICE CHICAGO IL
133 AM CDT TUE MAY 3 2016


...................................

...THE CHICAGO-MIDWAY CLIMATE SUMMARY FOR MAY 2 2016...

CLIMATE NORMAL PERIOD 1981 TO 2010
CLIMATE RECORD PERIOD 1928 TO 2016


WEATHER ITEM   OBSERVED TIME   RECORD YEAR NORMAL DEPARTURE LAST
                VALUE   (LST)  VALUE       VALUE  FROM      YEAR
                                                  NORMAL
..................................................................
TEMPERATURE (F)
 YESTERDAY
  MAXIMUM         58    207 PM  91    1959  66     -8       79
  MINIMUM         44   1146 PM  30    1978  47     -3       53
  AVERAGE         51                        57     -6       66

PRECIPITATION (IN)
  YESTERDAY        T             1.26 1979   0.12  -0.12     0.00
  MONTH TO DATE    0.38                      0.24   0.14     0.00
  SINCE MAR 1      5.76                      6.60  -0.84     3.42
  SINCE JAN 1      6.54                     10.60  -4.06     4.76

DEGREE DAYS
 HEATING
  YESTERDAY       14                         9      5        0
  MONTH TO DATE   31                        19     12       12
  SINCE MAR 1   1088                      1279   -191     1208
  SINCE JUL 1   4726                      5790  -1064     5930

 COOLING
  YESTERDAY        0                         1     -1        1
  MONTH TO DATE    0                         2     -2        1
  SINCE MAR 1     13                        15     -2        1
  SINCE JAN 1     13                        15     -2        1
..................................................................


WIND (MPH)
  RESULTANT WIND SPEED  12   RESULTANT WIND DIRECTION  NE (30)
  HIGHEST WIND SPEED    21   HIGHEST WIND DIRECTION    NE (50)
  HIGHEST GUST SPEED    26   HIGHEST GUST DIRECTION    NE (50)
  AVERAGE WIND SPEED    11.9



WEATHER CONDITIONS
 THE FOLLOWING WEATHER WAS RECORDED YESTERDAY.
  NO SIGNIFICANT WEATHER WAS OBSERVED.


..........................................................


THE CHICAGO-MIDWAY CLIMATE NORMALS FOR TODAY
                         NORMAL    RECORD    YEAR
 MAXIMUM TEMPERATURE (F)   66        92      1955
 MINIMUM TEMPERATURE (F)   48        32      1971


SUNRISE AND SUNSET
MAY  3 2016...........SUNRISE   544 AM CDT   SUNSET   752 PM CDT
MAY  4 2016...........SUNRISE   543 AM CDT   SUNSET   753 PM CDT


-  INDICATES NEGATIVE NUMBERS.
R  INDICATES RECORD WAS SET OR TIED.
MM INDICATES DATA IS MISSING.
T  INDICATES TRACE AMOUNT.




$$
