000
CDUS44 KMEG 100734
CLIMEG


CLIMATE REPORT
NATIONAL WEATHER SERVICE MEMPHIS TN
133 AM CST SAT DEC 10 2016


...................................

...THE MEMPHIS/GERMANTOWN WFO CLIMATE SUMMARY FOR DECEMBER 9 2016...

CLIMATE NORMAL PERIOD 1981 TO 2010
CLIMATE RECORD PERIOD 1988 TO 2016


WEATHER ITEM   OBSERVED TIME   RECORD YEAR NORMAL DEPARTURE LAST
                VALUE   (LST)  VALUE       VALUE  FROM      YEAR
                                                  NORMAL
..................................................................
TEMPERATURE (F)
 YESTERDAY
  MAXIMUM         39    333 PM  76    2007  53    -14       65
  MINIMUM         21    703 AM  16    2005  33    -12       48
  AVERAGE         30                        43    -13       57

PRECIPITATION (IN)
  YESTERDAY        0.00          3.71 2008   0.21  -0.21     0.00
  MONTH TO DATE    1.68                      1.83  -0.15     0.10
  SINCE DEC 1      1.68                      1.83  -0.15     0.10
  SINCE JAN 1     58.24                     50.78   7.46    48.49

SNOWFALL (IN)
  YESTERDAY        0.0           0.2  1998   0.0    0.0      0.0
  MONTH TO DATE    0.0                       0.0    0.0      0.0
  SINCE DEC 1      0.0                       0.0    0.0      0.0
  SINCE JUL 1      0.0                       0.0    0.0      0.0
  SNOW DEPTH       0

DEGREE DAYS
 HEATING
  YESTERDAY       35                        22     13        8
  MONTH TO DATE  206                       186     20      158
  SINCE DEC 1    206                       186     20      158
  SINCE JUL 1    528                       785   -257      539

 COOLING
  YESTERDAY        0                         0      0        0
  MONTH TO DATE    0                         0      0        0
  SINCE DEC 1      0                         0      0        0
  SINCE JAN 1   2423                      1926    497     2138
..................................................................







THE MEMPHIS/GERMANTOWN WFO CLIMATE NORMALS FOR TODAY
                         NORMAL    RECORD    YEAR
 MAXIMUM TEMPERATURE (F)   53        67      2015
 MINIMUM TEMPERATURE (F)   33        11      1995


SUNRISE AND SUNSET
DECEMBER 10 2016......SUNRISE   657 AM CST   SUNSET   447 PM CST
DECEMBER 11 2016......SUNRISE   658 AM CST   SUNSET   448 PM CST


-  INDICATES NEGATIVE NUMBERS.
R  INDICATES RECORD WAS SET OR TIED.
MM INDICATES DATA IS MISSING.
T  INDICATES TRACE AMOUNT.




$$
