000
CDUS44 KMEG 232159
CLIMEG


CLIMATE REPORT
NATIONAL WEATHER SERVICE MEMPHIS TN
458 PM CDT SAT JUL 23 2016


...................................

...THE MEMPHIS/GERMANTOWN WFO CLIMATE SUMMARY FOR JULY 23 2016...
VALID TODAY AS OF 0400 PM LOCAL TIME.

CLIMATE NORMAL PERIOD 1981 TO 2010
CLIMATE RECORD PERIOD 1988 TO 2016


WEATHER ITEM   OBSERVED TIME   RECORD YEAR NORMAL DEPARTURE LAST
                VALUE   (LST)  VALUE       VALUE  FROM      YEAR
                                                  NORMAL
..................................................................
TEMPERATURE (F)
 TODAY
  MAXIMUM         89    300 PM  99    2005  91     -2       89
  MINIMUM         75    600 AM  62    2009  71      4       73
                                      2006
  AVERAGE         82                        81      1       81

PRECIPITATION (IN)
  TODAY            0.05          3.33 1995   0.15  -0.10     0.62
  MONTH TO DATE    3.04                      3.40  -0.36     4.83
  SINCE JUN 1      7.15                      7.08   0.07     7.77
  SINCE JAN 1     43.60                     31.57  12.03    29.45

SNOWFALL (IN)
  TODAY            0.0

DEGREE DAYS
 HEATING
  TODAY            0                         0      0        0
  MONTH TO DATE    0                         0      0        0
  SINCE JUN 1      0                         2     -2        0
  SINCE JUL 1      0                         0      0        0

 COOLING
  TODAY           17                        16      1       16
  MONTH TO DATE  427                       366     61      409
  SINCE JUN 1    902                       747    155      861
  SINCE JAN 1   1147                       998    149     1161
..................................................................







THE MEMPHIS/GERMANTOWN WFO CLIMATE NORMALS FOR TOMORROW
                         NORMAL    RECORD    YEAR
 MAXIMUM TEMPERATURE (F)   91        98      2011
                                             2010
                                             2005
 MINIMUM TEMPERATURE (F)   71        61      2003


SUNRISE AND SUNSET
JULY 23 2016..........SUNRISE   602 AM CDT   SUNSET   809 PM CDT
JULY 24 2016..........SUNRISE   603 AM CDT   SUNSET   808 PM CDT


-  INDICATES NEGATIVE NUMBERS.
R  INDICATES RECORD WAS SET OR TIED.
MM INDICATES DATA IS MISSING.
T  INDICATES TRACE AMOUNT.




$$
