000
CDUS44 KMEG 240639
CLIMEG


CLIMATE REPORT
NATIONAL WEATHER SERVICE MEMPHIS TN
138 AM CDT THU JUL 24 2014


...................................

...THE MEMPHIS/GERMANTOWN WFO CLIMATE SUMMARY FOR JULY 23 2014...

CLIMATE NORMAL PERIOD 1981 TO 2010
CLIMATE RECORD PERIOD 1988 TO 2014


WEATHER ITEM   OBSERVED TIME   RECORD YEAR NORMAL DEPARTURE LAST
                VALUE   (LST)  VALUE       VALUE  FROM      YEAR
                                                  NORMAL
..................................................................
TEMPERATURE (F)
 YESTERDAY
  MAXIMUM         92    206 PM  99    2005  91      1       90
  MINIMUM         71   1125 PM  62    2009  71      0       69
                                      2006
  AVERAGE         82                        81      1       80

PRECIPITATION (IN)
  YESTERDAY        0.00          3.33 1995   0.15  -0.15     0.35
  MONTH TO DATE    2.95                      3.40  -0.45     5.81
  SINCE JUN 1     16.04                      7.08   8.96     9.68
  SINCE JAN 1     41.62                     31.57  10.05    46.02

SNOWFALL (IN)
  YESTERDAY        0.0          MM      MM   0.0    0.0      0.0
  MONTH TO DATE    0.0                       0.0    0.0      0.0
  SINCE JUN 1      0.0                       0.0    0.0      0.0
  SINCE JUL 1      0.0                       0.0    0.0      0.0
  SNOW DEPTH       0

DEGREE DAYS
 HEATING
  YESTERDAY        0                         0      0        0
  MONTH TO DATE    0                         0      0        0
  SINCE JUN 1      0                         2     -2        0
  SINCE JUL 1      0                         0      0        0

 COOLING
  YESTERDAY       17                        16      1       15
  MONTH TO DATE  265                       366   -101      337
  SINCE JUN 1    682                       747    -65      745
  SINCE JAN 1    981                       998    -17     1005
..................................................................







THE MEMPHIS/GERMANTOWN WFO CLIMATE NORMALS FOR TODAY
                         NORMAL    RECORD    YEAR
 MAXIMUM TEMPERATURE (F)   91        98      2011
                                             2010
                                             2005
 MINIMUM TEMPERATURE (F)   71        61      2003


SUNRISE AND SUNSET
JULY 24 2014..........SUNRISE   602 AM CDT   SUNSET   809 PM CDT
JULY 25 2014..........SUNRISE   603 AM CDT   SUNSET   808 PM CDT


-  INDICATES NEGATIVE NUMBERS.
R  INDICATES RECORD WAS SET OR TIED.
MM INDICATES DATA IS MISSING.
T  INDICATES TRACE AMOUNT.




$$
