000
CDUS44 KMEG 190632
CLIMEG


CLIMATE REPORT
NATIONAL WEATHER SERVICE MEMPHIS TN
132 AM CDT SAT AUG 19 2017


...................................

...THE MEMPHIS/GERMANTOWN WFO CLIMATE SUMMARY FOR AUGUST 18 2017...

CLIMATE NORMAL PERIOD 1981 TO 2010
CLIMATE RECORD PERIOD 1988 TO 2017


WEATHER ITEM   OBSERVED TIME   RECORD YEAR NORMAL DEPARTURE LAST
                VALUE   (LST)  VALUE       VALUE  FROM      YEAR
                                                  NORMAL
..................................................................
TEMPERATURE (F)
 YESTERDAY
  MAXIMUM         92        MM 101    2007  91      1       81
  MINIMUM         71        MM  56    1992  70      1       74
  AVERAGE         82                        80      2       78

PRECIPITATION (IN)
  YESTERDAY        0.00          3.90 2009   0.10  -0.10     0.12
  MONTH TO DATE    2.13                      2.07   0.06     3.15
  SINCE JUN 1     11.84                     10.29   1.55    13.24
  SINCE JAN 1     32.75                     34.78  -2.03    49.69

SNOWFALL (IN)
  YESTERDAY        0.0          MM      MM                   0.0
  MONTH TO DATE    0.0                                       0.0
  SINCE JUN 1      0.0                                       0.0
  SINCE JUL 1      0.0                                       0.0
  SNOW DEPTH       0

DEGREE DAYS
 HEATING
  YESTERDAY        0                         0      0        0
  MONTH TO DATE    0                         0      0        0
  SINCE JUN 1      0                         2     -2        0
  SINCE JUL 1      0                         0      0        0

 COOLING
  YESTERDAY       17                        15      2       13
  MONTH TO DATE  256                       283    -27      326
  SINCE JUN 1   1178                      1160     18     1374
  SINCE JAN 1   1523                      1411    112     1619
..................................................................







THE MEMPHIS/GERMANTOWN WFO CLIMATE NORMALS FOR TODAY
                         NORMAL    RECORD    YEAR
 MAXIMUM TEMPERATURE (F)   91        99      2005
 MINIMUM TEMPERATURE (F)   69        61      1992


SUNRISE AND SUNSET
AUGUST 19 2017........SUNRISE   622 AM CDT   SUNSET   743 PM CDT
AUGUST 20 2017........SUNRISE   623 AM CDT   SUNSET   741 PM CDT


-  INDICATES NEGATIVE NUMBERS.
R  INDICATES RECORD WAS SET OR TIED.
MM INDICATES DATA IS MISSING.
T  INDICATES TRACE AMOUNT.




$$
