000
CDUS44 KMEG 220642
CLIMEG


CLIMATE REPORT
NATIONAL WEATHER SERVICE MEMPHIS TN
142 AM CDT FRI MAY 22 2015


...................................

...THE MEMPHIS/GERMANTOWN WFO CLIMATE SUMMARY FOR MAY 21 2015...

CLIMATE NORMAL PERIOD 1981 TO 2010
CLIMATE RECORD PERIOD 1988 TO 2015


WEATHER ITEM   OBSERVED TIME   RECORD YEAR NORMAL DEPARTURE LAST
                VALUE   (LST)  VALUE       VALUE  FROM      YEAR
                                                  NORMAL
..................................................................
TEMPERATURE (F)
 YESTERDAY
  MAXIMUM         62   1200 AM  92    1998  82    -20       87
  MINIMUM         47   1150 PM  46    2002  61    -14       68
  AVERAGE         55                        71    -16       78

PRECIPITATION (IN)
  YESTERDAY        0.00          3.83 2013   0.15  -0.15     0.00
  MONTH TO DATE    3.60                      4.07  -0.47     3.64
  SINCE MAR 1     13.68                     14.34  -0.66    15.74
  SINCE JAN 1     19.76                     22.97  -3.21    24.36

SNOWFALL (IN)
  YESTERDAY        0.0          MM      MM   0.0    0.0      0.0
  MONTH TO DATE    0.0                       0.0    0.0      0.0
  SINCE MAR 1      4.1                       0.8    3.3      0.3
  SINCE JUL 1      6.3                       2.4    3.9      0.8
  SNOW DEPTH       0

DEGREE DAYS
 HEATING
  YESTERDAY       10                         1      9        0
  MONTH TO DATE   19                        35    -16       57
  SINCE MAR 1    546                       662   -116      739
  SINCE JUL 1   3453                      3408     45     3743

 COOLING
  YESTERDAY        0                         7     -7       13
  MONTH TO DATE  141                       103     38      133
  SINCE MAR 1    218                       168     50      181
  SINCE JAN 1    218                       169     49      181
..................................................................







THE MEMPHIS/GERMANTOWN WFO CLIMATE NORMALS FOR TODAY
                         NORMAL    RECORD    YEAR
 MAXIMUM TEMPERATURE (F)   82        94      2010
 MINIMUM TEMPERATURE (F)   61        48      2002


SUNRISE AND SUNSET
MAY 22 2015...........SUNRISE   551 AM CDT   SUNSET   801 PM CDT
MAY 23 2015...........SUNRISE   550 AM CDT   SUNSET   802 PM CDT


-  INDICATES NEGATIVE NUMBERS.
R  INDICATES RECORD WAS SET OR TIED.
MM INDICATES DATA IS MISSING.
T  INDICATES TRACE AMOUNT.




$$
