000
CDUS44 KMEG 270645
CLIMEG


CLIMATE REPORT
NATIONAL WEATHER SERVICE MEMPHIS TN
144 AM CDT THU APR 27 2017


...................................

...THE MEMPHIS/GERMANTOWN WFO CLIMATE SUMMARY FOR APRIL 26 2017...

CLIMATE NORMAL PERIOD 1981 TO 2010
CLIMATE RECORD PERIOD 1988 TO 2017


WEATHER ITEM   OBSERVED TIME   RECORD YEAR NORMAL DEPARTURE LAST
                VALUE   (LST)  VALUE       VALUE  FROM      YEAR
                                                  NORMAL
..................................................................
TEMPERATURE (F)
 YESTERDAY
  MAXIMUM         81        MM  86    2016  75      6       86
                                      2009
  MINIMUM         62        MM  42    1992  52     10       66
  AVERAGE         72                        64      8       76

PRECIPITATION (IN)
  YESTERDAY        0.93          4.15 2011   0.19   0.74     0.01
  MONTH TO DATE    3.92                      4.59  -0.67     4.10
  SINCE MAR 1      8.65                      9.54  -0.89    20.79
  SINCE JAN 1     13.86                     18.17  -4.31    29.74

SNOWFALL (IN)
  YESTERDAY       MM            MM      MM                   0.0
  MONTH TO DATE    0.0                                       0.0
  SINCE MAR 1      0.4                                        T
  SINCE JUL 1      1.4                                       0.9
  SNOW DEPTH      MM

DEGREE DAYS
 HEATING
  YESTERDAY        0                         4     -4        0
  MONTH TO DATE   58                       177   -119      104
  SINCE MAR 1    365                       613   -248      358
  SINCE JUL 1   2206                      3359  -1153     2445

 COOLING
  YESTERDAY        7                         3      4       11
  MONTH TO DATE   92                        43     49       38
  SINCE MAR 1    125                        54     71       51
  SINCE JAN 1    139                        55     84       51
..................................................................







THE MEMPHIS/GERMANTOWN WFO CLIMATE NORMALS FOR TODAY
                         NORMAL    RECORD    YEAR
 MAXIMUM TEMPERATURE (F)   75        88      1989
 MINIMUM TEMPERATURE (F)   53        39      1992


SUNRISE AND SUNSET
APRIL 27 2017.........SUNRISE   612 AM CDT   SUNSET   742 PM CDT
APRIL 28 2017.........SUNRISE   611 AM CDT   SUNSET   743 PM CDT


-  INDICATES NEGATIVE NUMBERS.
R  INDICATES RECORD WAS SET OR TIED.
MM INDICATES DATA IS MISSING.
T  INDICATES TRACE AMOUNT.




$$
