000
CDUS44 KMEG 170633
CLIMEG


CLIMATE REPORT
NATIONAL WEATHER SERVICE MEMPHIS TN
133 AM CDT TUE OCT 17 2017


...................................

...THE MEMPHIS/GERMANTOWN WFO CLIMATE SUMMARY FOR OCTOBER 16 2017...

CLIMATE NORMAL PERIOD 1981 TO 2010
CLIMATE RECORD PERIOD 1988 TO 2017


WEATHER ITEM   OBSERVED TIME   RECORD YEAR NORMAL DEPARTURE LAST
                VALUE   (LST)  VALUE       VALUE  FROM      YEAR
                                                  NORMAL
..................................................................
TEMPERATURE (F)
 YESTERDAY
  MAXIMUM         66        MM  86    2016  74     -8       86
                                      2011
  MINIMUM         45        MM  35    1991  49     -4       64
  AVERAGE         56                        62     -6       75

PRECIPITATION (IN)
  YESTERDAY        0.00          0.98 1992   0.14  -0.14     0.00
  MONTH TO DATE    2.27                      2.14   0.13     1.62
  SINCE SEP 1      3.64                      5.42  -1.78     2.18
  SINCE JAN 1     42.83                     41.43   1.40    53.42

SNOWFALL (IN)
  YESTERDAY        0.0          MM      MM                   0.0
  MONTH TO DATE    0.0                                       0.0
  SINCE SEP 1      0.0                                       0.0
  SINCE JUL 1      0.0                                       0.0
  SNOW DEPTH       0

DEGREE DAYS
 HEATING
  YESTERDAY        9                         5      4        0
  MONTH TO DATE   15                        59    -44        5
  SINCE SEP 1     19                        77    -58        7
  SINCE JUL 1     19                        77    -58        7

 COOLING
  YESTERDAY        0                         2     -2       10
  MONTH TO DATE  124                        46     78       90
  SINCE SEP 1    406                       303    103      483
  SINCE JAN 1   2098                      1898    200     2319
..................................................................







THE MEMPHIS/GERMANTOWN WFO CLIMATE NORMALS FOR TODAY
                         NORMAL    RECORD    YEAR
 MAXIMUM TEMPERATURE (F)   74        87      2016
                                             2011
 MINIMUM TEMPERATURE (F)   49        35      2001


SUNRISE AND SUNSET
OCTOBER 17 2017.......SUNRISE   707 AM CDT   SUNSET   621 PM CDT
OCTOBER 18 2017.......SUNRISE   708 AM CDT   SUNSET   620 PM CDT


-  INDICATES NEGATIVE NUMBERS.
R  INDICATES RECORD WAS SET OR TIED.
MM INDICATES DATA IS MISSING.
T  INDICATES TRACE AMOUNT.




$$
