000
CDUS44 KJAN 300727
CLIMEI


CLIMATE REPORT
NATIONAL WEATHER SERVICE JACKSON MS
219 AM CDT SUN APR 30 2017


...................................

...THE MERIDIAN CLIMATE SUMMARY FOR APRIL 29 2017...

CLIMATE NORMAL PERIOD 1981 TO 2010
CLIMATE RECORD PERIOD 1889 TO 2017


WEATHER ITEM   OBSERVED TIME   RECORD YEAR NORMAL DEPARTURE LAST
                VALUE   (LST)  VALUE       VALUE  FROM      YEAR
                                                  NORMAL
..................................................................
TEMPERATURE (F)
 YESTERDAY
  MAXIMUM         88    212 PM  91    1970  79      9       86
  MINIMUM         75    611 AM  39    1992  53     22       63
  AVERAGE         82                        66     16       75

PRECIPITATION (IN)
  YESTERDAY        0.01          3.83 1991   0.14  -0.13     0.00
  MONTH TO DATE    7.29                      4.64   2.65     3.85
  SINCE MAR 1     13.06                     10.06   3.00    16.23
  SINCE JAN 1     22.63                     20.79   1.84    23.72

SNOWFALL (IN)
  YESTERDAY        0.0           0.0    MM   0.0    0.0      0.0
  MONTH TO DATE    0.0                       0.1   -0.1      0.0
  SINCE MAR 1      0.0                       0.3   -0.3      0.0
  SINCE JUL 1      0.8                       0.6    0.2       T

DEGREE DAYS
 HEATING
  YESTERDAY        0                         2     -2        0
  MONTH TO DATE   31                       128    -97       63
  SINCE MAR 1    221                       435   -214      245
  SINCE JUL 1   1349                      2532  -1183     1807

 COOLING
  YESTERDAY       17                         3     14       10
  MONTH TO DATE  138                        55     83       59
  SINCE MAR 1    212                        72    140       91
  SINCE JAN 1    258                        79    179       96
..................................................................


WIND (MPH)
  HIGHEST WIND SPEED    24   HIGHEST WIND DIRECTION     S (170)
  HIGHEST GUST SPEED    32   HIGHEST GUST DIRECTION    SE (140)
  AVERAGE WIND SPEED    14.0


SKY COVER
  POSSIBLE SUNSHINE  MM
  AVERAGE SKY COVER 0.7


WEATHER CONDITIONS
 THE FOLLOWING WEATHER WAS RECORDED YESTERDAY.
  LIGHT RAIN


RELATIVE HUMIDITY (PERCENT)
 HIGHEST    87          1200 AM
 LOWEST     55           100 PM
 AVERAGE    71

..........................................................


THE MERIDIAN CLIMATE NORMALS FOR TODAY
                         NORMAL    RECORD    YEAR
 MAXIMUM TEMPERATURE (F)   80        92      1987
 MINIMUM TEMPERATURE (F)   54        39      1965


SUNRISE AND SUNSET
APRIL 30 2017.........SUNRISE   609 AM CDT   SUNSET   736 PM CDT
MAY  1 2017...........SUNRISE   608 AM CDT   SUNSET   736 PM CDT


-  INDICATES NEGATIVE NUMBERS.
R  INDICATES RECORD WAS SET OR TIED.
MM INDICATES DATA IS MISSING.
T  INDICATES TRACE AMOUNT.




$$
