000
CDUS44 KJAN 010746
CLIMEI


CLIMATE REPORT
NATIONAL WEATHER SERVICE JACKSON MS
241 AM CDT FRI AUG 1 2014


...................................

...THE MERIDIAN CLIMATE SUMMARY FOR JULY 31 2014...

CLIMATE NORMAL PERIOD 1981 TO 2010
CLIMATE RECORD PERIOD 1889 TO 2014


WEATHER ITEM   OBSERVED TIME   RECORD YEAR NORMAL DEPARTURE LAST
                VALUE   (LST)  VALUE       VALUE  FROM      YEAR
                                                  NORMAL
..................................................................
TEMPERATURE (F)
 YESTERDAY
  MAXIMUM         87    236 PM 102    1896  92     -5       93
  MINIMUM         64    239 AM  62    1965  70     -6       75
  AVERAGE         76                        81     -5       84

PRECIPITATION (IN)
  YESTERDAY        0.00          1.95 1959   0.16  -0.16     0.00
  MONTH TO DATE    1.89                      5.14  -3.25     4.61
  SINCE JUN 1      4.43                      9.54  -5.11    11.20
  SINCE JAN 1     36.15                     34.97   1.18    45.83

SNOWFALL (IN)
  YESTERDAY        0.0           0.0    MM   0.0    0.0      0.0
  MONTH TO DATE    0.0                       0.0    0.0      0.0
  SINCE JUN 1      0.0                       0.0    0.0      0.0
  SINCE JUL 1      0.0                       0.0    0.0      0.0

DEGREE DAYS
 HEATING
  YESTERDAY        0                         0      0        0
  MONTH TO DATE    0                         0      0        0
  SINCE JUN 1      0                         0      0        0
  SINCE JUL 1      0                         0      0        0

 COOLING
  YESTERDAY       11                        16     -5       19
  MONTH TO DATE  425                       484    -59      444
  SINCE JUN 1    835                       864    -29      864
  SINCE JAN 1   1105                      1147    -42     1124
..................................................................


WIND (MPH)
  HIGHEST WIND SPEED    12   HIGHEST WIND DIRECTION     N (340)
  HIGHEST GUST SPEED    14   HIGHEST GUST DIRECTION     N (350)
  AVERAGE WIND SPEED     3.1


SKY COVER
  POSSIBLE SUNSHINE  MM
  AVERAGE SKY COVER 0.2


WEATHER CONDITIONS
 THE FOLLOWING WEATHER WAS RECORDED YESTERDAY.
  NO SIGNIFICANT WEATHER WAS OBSERVED.


RELATIVE HUMIDITY (PERCENT)
 HIGHEST    87           300 AM
 LOWEST     37           100 PM
 AVERAGE    62

..........................................................


THE MERIDIAN CLIMATE NORMALS FOR TODAY
                         NORMAL    RECORD    YEAR
 MAXIMUM TEMPERATURE (F)   92       102      1999
 MINIMUM TEMPERATURE (F)   70        62      1936
                                             1925


SUNRISE AND SUNSET
AUGUST  1 2014........SUNRISE   610 AM CDT   SUNSET   753 PM CDT
AUGUST  2 2014........SUNRISE   610 AM CDT   SUNSET   752 PM CDT


-  INDICATES NEGATIVE NUMBERS.
R  INDICATES RECORD WAS SET OR TIED.
MM INDICATES DATA IS MISSING.
T  INDICATES TRACE AMOUNT.




$$
