000
CDUS44 KJAN 252110
CLIMEI


CLIMATE REPORT
NATIONAL WEATHER SERVICE JACKSON MS
409 PM CDT FRI JUL 25 2014


...................................

...THE MERIDIAN CLIMATE SUMMARY FOR JULY 25 2014...
VALID TODAY AS OF 0400 PM LOCAL TIME.

CLIMATE NORMAL PERIOD 1981 TO 2010
CLIMATE RECORD PERIOD 1889 TO 2014


WEATHER ITEM   OBSERVED TIME   RECORD YEAR NORMAL DEPARTURE LAST
                VALUE   (LST)  VALUE       VALUE  FROM      YEAR
                                                  NORMAL
..................................................................
TEMPERATURE (F)
 TODAY
  MAXIMUM         92    217 PM 100    1981  92      0       89
  MINIMUM         69    548 AM  58    1904  70     -1       68
  AVERAGE         81                        81      0       79

PRECIPITATION (IN)
  TODAY            0.00          3.37 1985   0.16  -0.16     0.00
  MONTH TO DATE    1.89                      4.18  -2.29     4.43
  SINCE JUN 1      4.43                      8.58  -4.15    11.02
  SINCE JAN 1     36.15                     34.01   2.14    45.65

SNOWFALL (IN)
  TODAY            0.0           0.0    MM   0.0    0.0      0.0
  MONTH TO DATE    0.0                       0.0    0.0      0.0
  SINCE JUN 1      0.0                       0.0    0.0      0.0
  SINCE JUL 1      0.0                       0.0    0.0      0.0

DEGREE DAYS
 HEATING
  TODAY            0                         0      0        0
  MONTH TO DATE    0                         0      0        0
  SINCE JUN 1      0                         0      0        0
  SINCE JUL 1      0                         0      0        0

 COOLING
  TODAY           16                        16      0       14
  MONTH TO DATE  344                       391    -47      351
  SINCE JUN 1    754                       771    -17      771
  SINCE JAN 1   1024                      1054    -30     1031
..................................................................


WIND (MPH)
  HIGHEST WIND SPEED    12   HIGHEST WIND DIRECTION    NW (300)
  HIGHEST GUST SPEED    14   HIGHEST GUST DIRECTION    NW (300)
  AVERAGE WIND SPEED     2.1


SKY COVER
  POSSIBLE SUNSHINE  MM
  AVERAGE SKY COVER 0.2


WEATHER CONDITIONS
 THE FOLLOWING WEATHER WAS RECORDED TODAY.
  FOG


RELATIVE HUMIDITY (PERCENT)
 HIGHEST    97           400 AM
 LOWEST     52           100 PM
 AVERAGE    75

..........................................................


THE MERIDIAN CLIMATE NORMALS FOR TOMORROW
                         NORMAL    RECORD    YEAR
 MAXIMUM TEMPERATURE (F)   92        99      1987
                                             1960
                                             1944
 MINIMUM TEMPERATURE (F)   70        59      1911


SUNRISE AND SUNSET
JULY 25 2014..........SUNRISE   605 AM CDT   SUNSET   758 PM CDT
JULY 26 2014..........SUNRISE   606 AM CDT   SUNSET   757 PM CDT


-  INDICATES NEGATIVE NUMBERS.
R  INDICATES RECORD WAS SET OR TIED.
MM INDICATES DATA IS MISSING.
T  INDICATES TRACE AMOUNT.




$$
