000
CDUS44 KJAN 270909
CLIMEI


CLIMATE REPORT
NATIONAL WEATHER SERVICE JACKSON MS
307 AM CST TUE JAN 27 2015


...................................

...THE MERIDIAN CLIMATE SUMMARY FOR JANUARY 26 2015...

CLIMATE NORMAL PERIOD 1981 TO 2010
CLIMATE RECORD PERIOD 1889 TO 2015


WEATHER ITEM   OBSERVED TIME   RECORD YEAR NORMAL DEPARTURE LAST
                VALUE   (LST)  VALUE       VALUE  FROM      YEAR
                                                  NORMAL
..................................................................
TEMPERATURE (F)
 YESTERDAY
  MAXIMUM         53    402 PM  83    1950  57     -4       64
  MINIMUM         33   1159 PM   7    1940  33      0       27
  AVERAGE         43                        45     -2       46

PRECIPITATION (IN)
  YESTERDAY        0.00          2.33 2012   0.18  -0.18     0.00
  MONTH TO DATE    6.71                      4.18   2.53     2.22
  SINCE DEC 1     15.39                      9.24   6.15     9.57
  SINCE JAN 1      6.71                      4.18   2.53     2.22

SNOWFALL (IN)
  YESTERDAY        0.0           T    2008   0.0    0.0      0.0
                                      1966
  MONTH TO DATE    0.0                       0.2   -0.2      0.0
  SINCE DEC 1      0.0                       0.3   -0.3      0.0
  SINCE JUL 1      0.0                       0.3   -0.3      0.0

DEGREE DAYS
 HEATING
  YESTERDAY       22                        20      2       19
  MONTH TO DATE  550                       531     19      659
  SINCE DEC 1    994                      1089    -95     1203
  SINCE JUL 1   1543                      1539      4     1704

 COOLING
  YESTERDAY        0                         0      0        0
  MONTH TO DATE    0                         0      0        0
  SINCE DEC 1      0                         6     -6       25
  SINCE JAN 1      0                         0      0        0
..................................................................


WIND (MPH)
  HIGHEST WIND SPEED    22   HIGHEST WIND DIRECTION    NW (320)
  HIGHEST GUST SPEED    31   HIGHEST GUST DIRECTION    NW (310)
  AVERAGE WIND SPEED     8.4


SKY COVER
  POSSIBLE SUNSHINE  MM
  AVERAGE SKY COVER 0.5


WEATHER CONDITIONS
 THE FOLLOWING WEATHER WAS RECORDED YESTERDAY.
  NO SIGNIFICANT WEATHER WAS OBSERVED.


RELATIVE HUMIDITY (PERCENT)
 HIGHEST    92           900 PM
 LOWEST     41           300 PM
 AVERAGE    67

..........................................................


THE MERIDIAN CLIMATE NORMALS FOR TODAY
                         NORMAL    RECORD    YEAR
 MAXIMUM TEMPERATURE (F)   57        78      1957
                                             1944
 MINIMUM TEMPERATURE (F)   33         2      1940


SUNRISE AND SUNSET
JANUARY 27 2015.......SUNRISE   652 AM CST   SUNSET   524 PM CST
JANUARY 28 2015.......SUNRISE   652 AM CST   SUNSET   524 PM CST


-  INDICATES NEGATIVE NUMBERS.
R  INDICATES RECORD WAS SET OR TIED.
MM INDICATES DATA IS MISSING.
T  INDICATES TRACE AMOUNT.




$$
