000
CDUS44 KJAN 280650
CLIMEI


CLIMATE REPORT
NATIONAL WEATHER SERVICE JACKSON MS
1248 AM CST FRI NOV 28 2014


...................................

...THE MERIDIAN CLIMATE SUMMARY FOR NOVEMBER 27 2014...

CLIMATE NORMAL PERIOD 1981 TO 2010
CLIMATE RECORD PERIOD 1889 TO 2014


WEATHER ITEM   OBSERVED TIME   RECORD YEAR NORMAL DEPARTURE LAST
                VALUE   (LST)  VALUE       VALUE  FROM      YEAR
                                                  NORMAL
..................................................................
TEMPERATURE (F)
 YESTERDAY
  MAXIMUM         52    216 PM  84    1973  64    -12       43
  MINIMUM         29   1111 PM  21    1903  39    -10       26
  AVERAGE         41                        51    -10       35

PRECIPITATION (IN)
  YESTERDAY        0.00          4.93 2001   0.18  -0.18     0.00
  MONTH TO DATE    3.18                      4.37  -1.19     4.77
  SINCE SEP 1      7.16                     11.56  -4.40    10.40
  SINCE JAN 1     45.52                     50.52  -5.00    59.92

SNOWFALL (IN)
  YESTERDAY        0.0           0.0  2001   0.0    0.0      0.0
  MONTH TO DATE    0.0                       0.0    0.0      0.0
  SINCE SEP 1      0.0                       0.0    0.0      0.0
  SINCE JUL 1      0.0                       0.0    0.0      0.0

DEGREE DAYS
 HEATING
  YESTERDAY       24                        14     10       30
  MONTH TO DATE  432                       282    150      340
  SINCE SEP 1    515                       406    109      428
  SINCE JUL 1    515                       406    109      428

 COOLING
  YESTERDAY        0                         0      0        0
  MONTH TO DATE    0                        13    -13        5
  SINCE SEP 1    492                       406     86      461
  SINCE JAN 1   2085                      2026     59     2041
..................................................................


WIND (MPH)
  HIGHEST WIND SPEED    21   HIGHEST WIND DIRECTION     N (10)
  HIGHEST GUST SPEED    29   HIGHEST GUST DIRECTION     N (340)
  AVERAGE WIND SPEED     6.5


SKY COVER
  POSSIBLE SUNSHINE  MM
  AVERAGE SKY COVER 0.0


WEATHER CONDITIONS
 THE FOLLOWING WEATHER WAS RECORDED YESTERDAY.
  NO SIGNIFICANT WEATHER WAS OBSERVED.


RELATIVE HUMIDITY (PERCENT)
 HIGHEST    92           200 AM
 LOWEST     41           200 PM
 AVERAGE    67

..........................................................


THE MERIDIAN CLIMATE NORMALS FOR TODAY
                         NORMAL    RECORD    YEAR
 MAXIMUM TEMPERATURE (F)   64        79      1908
 MINIMUM TEMPERATURE (F)   39        19      1938


SUNRISE AND SUNSET
NOVEMBER 28 2014......SUNRISE   636 AM CST   SUNSET   450 PM CST
NOVEMBER 29 2014......SUNRISE   637 AM CST   SUNSET   450 PM CST


-  INDICATES NEGATIVE NUMBERS.
R  INDICATES RECORD WAS SET OR TIED.
MM INDICATES DATA IS MISSING.
T  INDICATES TRACE AMOUNT.




$$
