000
CDUS44 KJAN 070649
CLIMEI


CLIMATE REPORT
NATIONAL WEATHER SERVICE JACKSON MS
1247 AM CST SUN FEB 7 2016


...................................

...THE MERIDIAN CLIMATE SUMMARY FOR FEBRUARY 6 2016...

CLIMATE NORMAL PERIOD 1981 TO 2010
CLIMATE RECORD PERIOD 1889 TO 2016


WEATHER ITEM   OBSERVED TIME   RECORD YEAR NORMAL DEPARTURE LAST
                VALUE   (LST)  VALUE       VALUE  FROM      YEAR
                                                  NORMAL
..................................................................
TEMPERATURE (F)
 YESTERDAY
  MAXIMUM         55    348 PM  78    1999  59     -4       59
                                      1921
  MINIMUM         28   1158 PM  17    1988  35     -7       23
  AVERAGE         42                        47     -5       41

PRECIPITATION (IN)
  YESTERDAY        0.00          1.67 1958   0.20  -0.20     0.00
  MONTH TO DATE    0.70                      1.23  -0.53     0.37
  SINCE DEC 1     10.02                     11.42  -1.40    15.76
  SINCE JAN 1      3.94                      6.36  -2.42     7.08

SNOWFALL (IN)
  YESTERDAY       MM             T    1967   0.0   MM        0.0
  MONTH TO DATE    0.0                       0.0    0.0      0.0
  SINCE DEC 1      T                         0.3   -0.3      0.0
  SINCE JUL 1      T                         0.3   -0.3      0.0

DEGREE DAYS
 HEATING
  YESTERDAY       23                        18      5       24
  MONTH TO DATE   84                       113    -29      137
  SINCE DEC 1    990                      1300   -310     1212
  SINCE JUL 1   1241                      1750   -509     1761

 COOLING
  YESTERDAY        0                         0      0        0
  MONTH TO DATE    4                         0      4        0
  SINCE DEC 1     47                         9     38        0
  SINCE JAN 1      4                         3      1        0
..................................................................


WIND (MPH)
  HIGHEST WIND SPEED    14   HIGHEST WIND DIRECTION    NE (40)
  HIGHEST GUST SPEED    20   HIGHEST GUST DIRECTION     N (20)
  AVERAGE WIND SPEED     2.9


SKY COVER
  POSSIBLE SUNSHINE  MM
  AVERAGE SKY COVER 0.0


WEATHER CONDITIONS
 THE FOLLOWING WEATHER WAS RECORDED YESTERDAY.
  NO SIGNIFICANT WEATHER WAS OBSERVED.


RELATIVE HUMIDITY (PERCENT)
 HIGHEST    92           100 AM
 LOWEST     20           200 PM
 AVERAGE    56

..........................................................


THE MERIDIAN CLIMATE NORMALS FOR TODAY
                         NORMAL    RECORD    YEAR
 MAXIMUM TEMPERATURE (F)   59        80      1999
 MINIMUM TEMPERATURE (F)   35        12      1895


SUNRISE AND SUNSET
FEBRUARY  7 2016......SUNRISE   645 AM CST   SUNSET   534 PM CST
FEBRUARY  8 2016......SUNRISE   644 AM CST   SUNSET   534 PM CST


-  INDICATES NEGATIVE NUMBERS.
R  INDICATES RECORD WAS SET OR TIED.
MM INDICATES DATA IS MISSING.
T  INDICATES TRACE AMOUNT.




$$
