000
CDUS44 KJAN 060755
CLIMEI


CLIMATE REPORT
NATIONAL WEATHER SERVICE JACKSON MS
150 AM CST TUE DEC 6 2016


...................................

...THE MERIDIAN CLIMATE SUMMARY FOR DECEMBER 5 2016...

CLIMATE NORMAL PERIOD 1981 TO 2010
CLIMATE RECORD PERIOD 1889 TO 2016


WEATHER ITEM   OBSERVED TIME   RECORD YEAR NORMAL DEPARTURE LAST
                VALUE   (LST)  VALUE       VALUE  FROM      YEAR
                                                  NORMAL
..................................................................
TEMPERATURE (F)
 YESTERDAY
  MAXIMUM         59   1159 PM  82    2013  61     -2       64
  MINIMUM         51    711 AM  18    2006  37     14       30
  AVERAGE         55                        49      6       47

PRECIPITATION (IN)
  YESTERDAY        0.66          1.56 1950   0.17   0.49     0.00
  MONTH TO DATE    1.36                      0.92   0.44     1.26
  SINCE DEC 1      1.36                      0.92   0.44     1.26
  SINCE JAN 1     43.19                     52.02  -8.83    54.40

SNOWFALL (IN)
  YESTERDAY        0.0           0.0  2001   0.0    0.0      0.0
  MONTH TO DATE    0.0                       0.0    0.0      0.0
  SINCE DEC 1      0.0                       0.0    0.0      0.0
  SINCE JUL 1      0.0                       0.0    0.0      0.0

DEGREE DAYS
 HEATING
  YESTERDAY       10                        16     -6       18
  MONTH TO DATE   71                        78     -7       75
  SINCE DEC 1     71                        78     -7       75
  SINCE JUL 1    280                       528   -248      326

 COOLING
  YESTERDAY        0                         0      0        0
  MONTH TO DATE    0                         0      0        0
  SINCE DEC 1      0                         0      0        0
  SINCE JAN 1   2856                      2029    827     2295
..................................................................


WIND (MPH)
  HIGHEST WIND SPEED    12   HIGHEST WIND DIRECTION    NE (30)
  HIGHEST GUST SPEED    14   HIGHEST GUST DIRECTION    SE (140)
  AVERAGE WIND SPEED     6.1


SKY COVER
  POSSIBLE SUNSHINE  MM
  AVERAGE SKY COVER 1.0


WEATHER CONDITIONS
 THE FOLLOWING WEATHER WAS RECORDED YESTERDAY.
  HEAVY RAIN
  RAIN
  LIGHT RAIN
  FOG


RELATIVE HUMIDITY (PERCENT)
 HIGHEST    93           300 PM
 LOWEST     86           200 PM
 AVERAGE    90

..........................................................


THE MERIDIAN CLIMATE NORMALS FOR TODAY
                         NORMAL    RECORD    YEAR
 MAXIMUM TEMPERATURE (F)   61        82      1951
 MINIMUM TEMPERATURE (F)   37        19      1895


SUNRISE AND SUNSET
DECEMBER  6 2016......SUNRISE   643 AM CST   SUNSET   450 PM CST
DECEMBER  7 2016......SUNRISE   644 AM CST   SUNSET   450 PM CST


-  INDICATES NEGATIVE NUMBERS.
R  INDICATES RECORD WAS SET OR TIED.
MM INDICATES DATA IS MISSING.
T  INDICATES TRACE AMOUNT.




$$
