000
CDUS44 KJAN 242116
CLIMEI


CLIMATE REPORT
NATIONAL WEATHER SERVICE JACKSON MS
414 PM CDT SAT JUN 24 2017


...................................

...THE MERIDIAN CLIMATE SUMMARY FOR JUNE 24 2017...
VALID TODAY AS OF 0400 PM LOCAL TIME.

CLIMATE NORMAL PERIOD 1981 TO 2010
CLIMATE RECORD PERIOD 1889 TO 2017


WEATHER ITEM   OBSERVED TIME   RECORD YEAR NORMAL DEPARTURE LAST
                VALUE   (LST)  VALUE       VALUE  FROM      YEAR
                                                  NORMAL
..................................................................
TEMPERATURE (F)
 TODAY
  MAXIMUM         89    225 PM 100    1944  91     -2       97
                                      1897
  MINIMUM         74    552 AM  58    1902  68      6       72
                                      1893
  AVERAGE         82                        79      3       85

PRECIPITATION (IN)
  TODAY            0.37          2.46 1947   0.16   0.21     0.00
  MONTH TO DATE    9.96                      3.45   6.51     3.51
  SINCE JUN 1      9.96                      3.45   6.51     3.51
  SINCE JAN 1     38.60                     28.88   9.72    28.50

SNOWFALL (IN)
  TODAY            0.0           0.0    MM   0.0    0.0      0.0
  MONTH TO DATE    0.0                       0.0    0.0      0.0
  SINCE JUN 1      0.0                       0.0    0.0      0.0
  SINCE JUL 1      0.8                       0.6    0.2       T

DEGREE DAYS
 HEATING
  TODAY            0                         0      0        0
  MONTH TO DATE    0                         0      0        0
  SINCE JUN 1      0                         0      0        0
  SINCE JUL 1   1362                      2553  -1191     1815

 COOLING
  TODAY           17                        14      3       20
  MONTH TO DATE  327                       293     34      421
  SINCE JUN 1    327                       293     34      421
  SINCE JAN 1    820                       576    244      733
..................................................................


WIND (MPH)
  HIGHEST WIND SPEED    16   HIGHEST WIND DIRECTION    SE (140)
  HIGHEST GUST SPEED    20   HIGHEST GUST DIRECTION     S (160)
  AVERAGE WIND SPEED     5.9


SKY COVER
  POSSIBLE SUNSHINE  MM
  AVERAGE SKY COVER 0.6


WEATHER CONDITIONS
 THE FOLLOWING WEATHER WAS RECORDED TODAY.
  HEAVY RAIN
  RAIN
  LIGHT RAIN
  FOG


RELATIVE HUMIDITY (PERCENT)
 HIGHEST    94           100 AM
 LOWEST     63           100 PM
 AVERAGE    79

..........................................................


THE MERIDIAN CLIMATE NORMALS FOR TOMORROW
                         NORMAL    RECORD    YEAR
 MAXIMUM TEMPERATURE (F)   91       101      1988
                                             1930
 MINIMUM TEMPERATURE (F)   68        57      1974


SUNRISE AND SUNSET
JUNE 24 2017..........SUNRISE   549 AM CDT   SUNSET   806 PM CDT
JUNE 25 2017..........SUNRISE   550 AM CDT   SUNSET   806 PM CDT


-  INDICATES NEGATIVE NUMBERS.
R  INDICATES RECORD WAS SET OR TIED.
MM INDICATES DATA IS MISSING.
T  INDICATES TRACE AMOUNT.




$$
