000
CDUS44 KJAN 230735
CLIMEI


CLIMATE REPORT
NATIONAL WEATHER SERVICE JACKSON MS
133 AM CST THU FEB 23 2017


...................................

...THE MERIDIAN CLIMATE SUMMARY FOR FEBRUARY 22 2017...

CLIMATE NORMAL PERIOD 1981 TO 2010
CLIMATE RECORD PERIOD 1889 TO 2017


WEATHER ITEM   OBSERVED TIME   RECORD YEAR NORMAL DEPARTURE LAST
                VALUE   (LST)  VALUE       VALUE  FROM      YEAR
                                                  NORMAL
..................................................................
TEMPERATURE (F)
 YESTERDAY
  MAXIMUM         72    456 PM  84    1980  63      9       64
  MINIMUM         53   1149 PM  15    1963  38     15       58
  AVERAGE         63                        50     13       61

PRECIPITATION (IN)
  YESTERDAY        0.00          3.20 2008   0.20  -0.20     1.28
  MONTH TO DATE    1.32                      4.44  -3.12     3.17
  SINCE DEC 1     12.59                     14.63  -2.04    12.49
  SINCE JAN 1      8.69                      9.57  -0.88     6.41

SNOWFALL (IN)
  YESTERDAY        0.0           0.0  2002   0.0    0.0      0.0
                                      2001
  MONTH TO DATE    0.0                       0.0    0.0      0.0
  SINCE DEC 1      0.8                       0.3    0.5       T
  SINCE JUL 1      0.8                       0.3    0.5       T

DEGREE DAYS
 HEATING
  YESTERDAY        2                        15    -13        4
  MONTH TO DATE  154                       377   -223      315
  SINCE DEC 1    884                      1564   -680     1221
  SINCE JUL 1   1093                      2014   -921     1472

 COOLING
  YESTERDAY        0                         0      0        0
  MONTH TO DATE   13                         0     13        5
  SINCE DEC 1     55                         9     46       48
  SINCE JAN 1     37                         3     34        5
..................................................................


WIND (MPH)
  HIGHEST WIND SPEED    13   HIGHEST WIND DIRECTION    NW (330)
  HIGHEST GUST SPEED    17   HIGHEST GUST DIRECTION    NW (330)
  AVERAGE WIND SPEED     3.7


SKY COVER
  POSSIBLE SUNSHINE  MM
  AVERAGE SKY COVER 0.7


WEATHER CONDITIONS
 THE FOLLOWING WEATHER WAS RECORDED YESTERDAY.
  FOG
  FOG W/VISIBILITY <= 1/4 MILE


RELATIVE HUMIDITY (PERCENT)
 HIGHEST   100          1200 AM
 LOWEST     66          1200 PM
 AVERAGE    83

..........................................................


THE MERIDIAN CLIMATE NORMALS FOR TODAY
                         NORMAL    RECORD    YEAR
 MAXIMUM TEMPERATURE (F)   63        85      1982
 MINIMUM TEMPERATURE (F)   38        16      1964


SUNRISE AND SUNSET
FEBRUARY 23 2017......SUNRISE   629 AM CST   SUNSET   548 PM CST
FEBRUARY 24 2017......SUNRISE   628 AM CST   SUNSET   549 PM CST


-  INDICATES NEGATIVE NUMBERS.
R  INDICATES RECORD WAS SET OR TIED.
MM INDICATES DATA IS MISSING.
T  INDICATES TRACE AMOUNT.




$$
