000
CDUS44 KJAN 010743
CLIMEI


CLIMATE REPORT
NATIONAL WEATHER SERVICE JACKSON MS
238 AM CDT WED OCT 1 2014


...................................

...THE MERIDIAN CLIMATE SUMMARY FOR SEPTEMBER 30 2014...

CLIMATE NORMAL PERIOD 1981 TO 2010
CLIMATE RECORD PERIOD 1889 TO 2014


WEATHER ITEM   OBSERVED TIME   RECORD YEAR NORMAL DEPARTURE LAST
                VALUE   (LST)  VALUE       VALUE  FROM      YEAR
                                                  NORMAL
..................................................................
TEMPERATURE (F)
 YESTERDAY
  MAXIMUM         88    318 PM  95    1981  82      6       72
  MINIMUM         62   1150 PM  34    1967  57      5       65
  AVERAGE         75                        70      5       69

PRECIPITATION (IN)
  YESTERDAY        0.00          3.81 1985   0.12  -0.12     0.07
  MONTH TO DATE    1.69                      3.43  -1.74     2.73
  SINCE SEP 1      1.69                      3.43  -1.74     2.73
  SINCE JAN 1     40.05                     42.39  -2.34    52.25

SNOWFALL (IN)
  YESTERDAY        0.0           0.0  2002   0.0    0.0      0.0
                                      2001
  MONTH TO DATE    0.0                       0.0    0.0      0.0
  SINCE SEP 1      0.0                       0.0    0.0      0.0
  SINCE JUL 1      0.0                       0.0    0.0      0.0

DEGREE DAYS
 HEATING
  YESTERDAY        0                         1     -1        0
  MONTH TO DATE    0                         6     -6        0
  SINCE SEP 1      0                         7     -7        0
  SINCE JUL 1      0                         7     -7        0

 COOLING
  YESTERDAY       10                         6      4        4
  MONTH TO DATE  369                       303     66      340
  SINCE SEP 1    369                       303     66      340
  SINCE JAN 1   1962                      1923     39     1920
..................................................................


WIND (MPH)
  HIGHEST WIND SPEED    10   HIGHEST WIND DIRECTION     N (350)
  HIGHEST GUST SPEED    13   HIGHEST GUST DIRECTION     N (350)
  AVERAGE WIND SPEED     2.3


SKY COVER
  POSSIBLE SUNSHINE  MM
  AVERAGE SKY COVER 0.2


WEATHER CONDITIONS
 THE FOLLOWING WEATHER WAS RECORDED YESTERDAY.
  FOG


RELATIVE HUMIDITY (PERCENT)
 HIGHEST   100           200 AM
 LOWEST     37           400 PM
 AVERAGE    69

..........................................................


THE MERIDIAN CLIMATE NORMALS FOR TODAY
                         NORMAL    RECORD    YEAR
 MAXIMUM TEMPERATURE (F)   82        95      2006
                                             1954
 MINIMUM TEMPERATURE (F)   57        40      1967
                                             1924


SUNRISE AND SUNSET
OCTOBER  1 2014.......SUNRISE   649 AM CDT   SUNSET   640 PM CDT
OCTOBER  2 2014.......SUNRISE   650 AM CDT   SUNSET   638 PM CDT


-  INDICATES NEGATIVE NUMBERS.
R  INDICATES RECORD WAS SET OR TIED.
MM INDICATES DATA IS MISSING.
T  INDICATES TRACE AMOUNT.




$$
