000
CDUS44 KMEG 240645
CLIMEM


CLIMATE REPORT
NATIONAL WEATHER SERVICE MEMPHIS TN
145 AM CDT SUN MAY 24 2015


...................................

...THE MEMPHIS CLIMATE SUMMARY FOR MAY 23 2015...

CLIMATE NORMAL PERIOD 1981 TO 2010
CLIMATE RECORD PERIOD 1872 TO 2015


WEATHER ITEM   OBSERVED TIME   RECORD YEAR NORMAL DEPARTURE LAST
                VALUE   (LST)  VALUE       VALUE  FROM      YEAR
                                                  NORMAL
..................................................................
TEMPERATURE (F)
 YESTERDAY
  MAXIMUM         84    429 PM  92    1996  83      1       87
  MINIMUM         63    523 AM  44    1963  64     -1       66
  AVERAGE         74                        74      0       77

PRECIPITATION (IN)
  YESTERDAY        0.00          1.49 1952   0.16  -0.16     0.00
  MONTH TO DATE    3.44                      4.01  -0.57     2.59
  SINCE MAR 1     11.99                     14.67  -2.68    16.11
  SINCE JAN 1     17.64                     23.04  -5.40    24.23

SNOWFALL (IN)
  YESTERDAY        0.0          MM      MM   0.0    0.0      0.0
  MONTH TO DATE    0.0                       0.0    0.0      0.0
  SINCE MAR 1      3.6                       0.4    3.2      0.5
  SINCE JUL 1      6.1                       3.8    2.3      0.8
  SNOW DEPTH       0

DEGREE DAYS
 HEATING
  YESTERDAY        0                         0      0        0
  MONTH TO DATE   13                        17     -4       49
  SINCE MAR 1    461                       512    -51      658
  SINCE JUL 1   3184                      2962    222     3484

 COOLING
  YESTERDAY        9                         9      0       12
  MONTH TO DATE  174                       146     28      156
  SINCE MAR 1    264                       238     26      212
  SINCE JAN 1    264                       241     23      212
..................................................................


WIND (MPH)
  HIGHEST WIND SPEED    14   HIGHEST WIND DIRECTION    SE (150)
  HIGHEST GUST SPEED    17   HIGHEST GUST DIRECTION    SE (150)
  AVERAGE WIND SPEED     6.8


SKY COVER
  POSSIBLE SUNSHINE  MM
  AVERAGE SKY COVER 0.7


WEATHER CONDITIONS
 THE FOLLOWING WEATHER WAS RECORDED YESTERDAY.
  NO SIGNIFICANT WEATHER WAS OBSERVED.


RELATIVE HUMIDITY (PERCENT)
 HIGHEST    63           600 AM
 LOWEST     32           300 PM
 AVERAGE    48

..........................................................


THE MEMPHIS CLIMATE NORMALS FOR TODAY
                         NORMAL    RECORD    YEAR
 MAXIMUM TEMPERATURE (F)   83        93      1996
 MINIMUM TEMPERATURE (F)   65        47      1925


SUNRISE AND SUNSET
MAY 24 2015...........SUNRISE   551 AM CDT   SUNSET   803 PM CDT
MAY 25 2015...........SUNRISE   550 AM CDT   SUNSET   804 PM CDT


-  INDICATES NEGATIVE NUMBERS.
R  INDICATES RECORD WAS SET OR TIED.
MM INDICATES DATA IS MISSING.
T  INDICATES TRACE AMOUNT.




$$
