000
CDUS44 KMEG 232151
CLIMEM


CLIMATE REPORT
NATIONAL WEATHER SERVICE MEMPHIS TN
450 PM CDT WED AUG 23 2017


...................................

...THE MEMPHIS CLIMATE SUMMARY FOR AUGUST 23 2017...
VALID TODAY AS OF 0400 PM LOCAL TIME.

CLIMATE NORMAL PERIOD 1981 TO 2010
CLIMATE RECORD PERIOD 1872 TO 2017


WEATHER ITEM   OBSERVED TIME   RECORD YEAR NORMAL DEPARTURE LAST
                VALUE   (LST)  VALUE       VALUE  FROM      YEAR
                                                  NORMAL
..................................................................
TEMPERATURE (F)
 TODAY
  MAXIMUM         85    217 PM 100    2007  91     -6       93
                                      1983
  MINIMUM         75    552 AM  60    1956  72      3       74
                                      1940
                                      1888
  AVERAGE         80                        82     -2       84

PRECIPITATION (IN)
  TODAY            0.00          2.27 1879   0.08  -0.08     0.00
  MONTH TO DATE    4.85                      2.28   2.57     4.12
  SINCE JUN 1     13.37                     10.50   2.87    13.31
  SINCE JAN 1     32.22                     34.78  -2.56    48.40

SNOWFALL (IN)
  TODAY            0.0

DEGREE DAYS
 HEATING
  TODAY            0                         0      0        0
  MONTH TO DATE    0                         0      0        0
  SINCE JUN 1      0                         0      0        0
  SINCE JUL 1      0                         0      0        0

 COOLING
  TODAY           15                        17     -2       19
  MONTH TO DATE  361                       403    -42      444
  SINCE JUN 1   1342                      1390    -48     1625
  SINCE JAN 1   1722                      1711     11     1930
..................................................................


WIND (MPH)
  HIGHEST WIND SPEED    14   HIGHEST WIND DIRECTION    NE (60)
  HIGHEST GUST SPEED    18   HIGHEST GUST DIRECTION    NE (50)
  AVERAGE WIND SPEED     6.5


SKY COVER
  POSSIBLE SUNSHINE  MM
  AVERAGE SKY COVER 0.7


WEATHER CONDITIONS
 THE FOLLOWING WEATHER WAS RECORDED TODAY.
  NO SIGNIFICANT WEATHER WAS OBSERVED.


RELATIVE HUMIDITY (PERCENT)
 HIGHEST    87           200 AM
 LOWEST     58           300 PM
 AVERAGE    73

..........................................................


THE MEMPHIS CLIMATE NORMALS FOR TOMORROW
                         NORMAL    RECORD    YEAR
 MAXIMUM TEMPERATURE (F)   91       100      2014
                                             2007
                                             1983
 MINIMUM TEMPERATURE (F)   72        53      1891


SUNRISE AND SUNSET
AUGUST 23 2017........SUNRISE   626 AM CDT   SUNSET   738 PM CDT
AUGUST 24 2017........SUNRISE   627 AM CDT   SUNSET   737 PM CDT


-  INDICATES NEGATIVE NUMBERS.
R  INDICATES RECORD WAS SET OR TIED.
MM INDICATES DATA IS MISSING.
T  INDICATES TRACE AMOUNT.




$$
