392
CDUS44 KMEG 192147
CLIMEM


CLIMATE REPORT
NATIONAL WEATHER SERVICE MEMPHIS TN
447 PM CDT THU OCT 19 2017


...................................

...THE MEMPHIS CLIMATE SUMMARY FOR OCTOBER 19 2017...
VALID TODAY AS OF 0400 PM LOCAL TIME.

CLIMATE NORMAL PERIOD 1981 TO 2010
CLIMATE RECORD PERIOD 1872 TO 2017


WEATHER ITEM   OBSERVED TIME   RECORD YEAR NORMAL DEPARTURE LAST
                VALUE   (LST)  VALUE       VALUE  FROM      YEAR
                                                  NORMAL
..................................................................
TEMPERATURE (F)
 TODAY
  MAXIMUM         78    259 PM  89    2005  73      5       88
  MINIMUM         49    621 AM  30    1948  53     -4       68
  AVERAGE         64                        63      1       78

PRECIPITATION (IN)
  TODAY            0.00          2.07 1905   0.14  -0.14     0.03
  MONTH TO DATE    2.55                      2.33   0.22     1.21
  SINCE SEP 1      4.16                      5.42  -1.26     1.88
  SINCE JAN 1     40.82                     40.80   0.02    51.69

SNOWFALL (IN)
  TODAY            0.0

DEGREE DAYS
 HEATING
  TODAY            1                         4     -3        0
  MONTH TO DATE   22                        50    -28        2
  SINCE SEP 1     25                        61    -36        2
  SINCE JUL 1     25                        61    -36        2

 COOLING
  TODAY            0                         2     -2       13
  MONTH TO DATE  135                        71     64      150
  SINCE SEP 1    456                       387     69      620
  SINCE JAN 1   2272                      2222     50     2721
..................................................................


WIND (MPH)
  HIGHEST WIND SPEED    10   HIGHEST WIND DIRECTION    SE (150)
  HIGHEST GUST SPEED    15   HIGHEST GUST DIRECTION     S (160)
  AVERAGE WIND SPEED     4.1


SKY COVER
  POSSIBLE SUNSHINE  MM
  AVERAGE SKY COVER 0.3


WEATHER CONDITIONS
 THE FOLLOWING WEATHER WAS RECORDED TODAY.
  NO SIGNIFICANT WEATHER WAS OBSERVED.


RELATIVE HUMIDITY (PERCENT)
 HIGHEST    83           500 AM
 LOWEST     33           300 PM
 AVERAGE    58

..........................................................


THE MEMPHIS CLIMATE NORMALS FOR TOMORROW
                         NORMAL    RECORD    YEAR
 MAXIMUM TEMPERATURE (F)   73        88      1941
 MINIMUM TEMPERATURE (F)   52        34      1964


SUNRISE AND SUNSET
OCTOBER 19 2017.......SUNRISE   710 AM CDT   SUNSET   620 PM CDT
OCTOBER 20 2017.......SUNRISE   710 AM CDT   SUNSET   618 PM CDT


-  INDICATES NEGATIVE NUMBERS.
R  INDICATES RECORD WAS SET OR TIED.
MM INDICATES DATA IS MISSING.
T  INDICATES TRACE AMOUNT.




$$
