000
CDUS44 KMEG 240640
CLIMEM


CLIMATE REPORT
NATIONAL WEATHER SERVICE MEMPHIS TN
139 AM CDT WED MAY 24 2017


...................................

...THE MEMPHIS CLIMATE SUMMARY FOR MAY 23 2017...

CLIMATE NORMAL PERIOD 1981 TO 2010
CLIMATE RECORD PERIOD 1872 TO 2017


WEATHER ITEM   OBSERVED TIME   RECORD YEAR NORMAL DEPARTURE LAST
                VALUE   (LST)  VALUE       VALUE  FROM      YEAR
                                                  NORMAL
..................................................................
TEMPERATURE (F)
 YESTERDAY
  MAXIMUM         80    400 PM  92    1996  83     -3       85
  MINIMUM         62   1159 PM  44    1963  64     -2       56
  AVERAGE         71                        74     -3       71

PRECIPITATION (IN)
  YESTERDAY        0.04          1.49 1952   0.16  -0.12     0.00
  MONTH TO DATE    2.19                      4.01  -1.82     2.31
  SINCE MAR 1     11.16                     14.67  -3.51    24.48
  SINCE JAN 1     16.82                     23.04  -6.22    32.33

SNOWFALL (IN)
  YESTERDAY        0.0          MM      MM   0.0    0.0      0.0
  MONTH TO DATE    0.0                       0.0    0.0      0.0
  SINCE MAR 1      T                         0.4   -0.4      0.0
  SINCE JUL 1      2.0                       3.8   -1.8      0.3
  SNOW DEPTH       0

DEGREE DAYS
 HEATING
  YESTERDAY        0                         0      0        0
  MONTH TO DATE   21                        17      4       22
  SINCE MAR 1    358                       512   -154      315
  SINCE JUL 1   2057                      2962   -905     2186

 COOLING
  YESTERDAY        6                         9     -3        6
  MONTH TO DATE  137                       146     -9       94
  SINCE MAR 1    289                       238     51      198
  SINCE JAN 1    311                       241     70      201
..................................................................


WIND (MPH)
  HIGHEST WIND SPEED    23   HIGHEST WIND DIRECTION    NW (320)
  HIGHEST GUST SPEED    30   HIGHEST GUST DIRECTION    NW (320)
  AVERAGE WIND SPEED     5.8


SKY COVER
  POSSIBLE SUNSHINE  MM
  AVERAGE SKY COVER 0.8


WEATHER CONDITIONS
 THE FOLLOWING WEATHER WAS RECORDED YESTERDAY.
  LIGHT RAIN


RELATIVE HUMIDITY (PERCENT)
 HIGHEST    93          1100 PM
 LOWEST     39           400 PM
 AVERAGE    66

..........................................................


THE MEMPHIS CLIMATE NORMALS FOR TODAY
                         NORMAL    RECORD    YEAR
 MAXIMUM TEMPERATURE (F)   83        93      1996
 MINIMUM TEMPERATURE (F)   65        47      1925


SUNRISE AND SUNSET
MAY 24 2017...........SUNRISE   550 AM CDT   SUNSET   804 PM CDT
MAY 25 2017...........SUNRISE   550 AM CDT   SUNSET   804 PM CDT


-  INDICATES NEGATIVE NUMBERS.
R  INDICATES RECORD WAS SET OR TIED.
MM INDICATES DATA IS MISSING.
T  INDICATES TRACE AMOUNT.




$$
