000
CDUS41 KCLE 030529
CLIMFD


CLIMATE REPORT
NATIONAL WEATHER SERVICE CLEVELAND OH
1228 AM EST TUE MAR 3 2015


...................................

...THE MANSFIELD OH CLIMATE SUMMARY FOR MARCH 2 2015...

CLIMATE NORMAL PERIOD 1981 TO 2010
CLIMATE RECORD PERIOD 1916 TO 2015


WEATHER ITEM   OBSERVED TIME   RECORD YEAR NORMAL DEPARTURE LAST
                VALUE   (LST)  VALUE       VALUE  FROM      YEAR
                                                  NORMAL
..................................................................
TEMPERATURE (F)
 YESTERDAY
  MAXIMUM         26    350 PM  66    1992  41    -15       26
  MINIMUM         11   1049 PM  -6    1980  24    -13       10
  AVERAGE         19                        32    -13       18

PRECIPITATION (IN)
  YESTERDAY        0.00                      0.09  -0.09     0.19
  MONTH TO DATE    0.45                      0.18   0.27     0.20
  SINCE MAR 1      0.45                      0.18   0.27     0.20
  SINCE JAN 1      5.61                      5.44   0.17     4.53

SNOWFALL (IN)
  YESTERDAY        0.0                       0.3   -0.3      2.5
  MONTH TO DATE    5.5                       0.7    4.8      2.6
  SINCE MAR 1      5.5                       0.7    4.8      2.6
  SINCE JUL 1     58.0                      38.6   19.4     56.5
  SNOW DEPTH       8

DEGREE DAYS
 HEATING
  YESTERDAY       46                        33     13       47
  MONTH TO DATE   86                        66     20       77
  SINCE MAR 1     86                        66     20       77
  SINCE JUL 1   5158                      4691    467     5121

 COOLING
  YESTERDAY        0                         0      0        0
  MONTH TO DATE    0                         0      0        0
  SINCE MAR 1      0                         0      0        0
  SINCE JAN 1      0                         0      0        0
..................................................................


WIND (MPH)
  HIGHEST WIND SPEED    17   HIGHEST WIND DIRECTION     W (270)
  HIGHEST GUST SPEED    27   HIGHEST GUST DIRECTION     W (280)
  AVERAGE WIND SPEED     8.3


SKY COVER
  POSSIBLE SUNSHINE  MM
  AVERAGE SKY COVER 0.3


WEATHER CONDITIONS
 THE FOLLOWING WEATHER WAS RECORDED YESTERDAY.
  FOG
  HAZE


RELATIVE HUMIDITY (PERCENT)
 HIGHEST    96          1200 AM
 LOWEST     50           300 PM
 AVERAGE    73

..........................................................


THE MANSFIELD OH CLIMATE NORMALS FOR TODAY
                         NORMAL    RECORD    YEAR
 MAXIMUM TEMPERATURE (F)   41        70      1976
 MINIMUM TEMPERATURE (F)   24        -2      1925


SUNRISE AND SUNSET
MARCH  3 2015.........SUNRISE   701 AM EST   SUNSET   623 PM EST
MARCH  4 2015.........SUNRISE   700 AM EST   SUNSET   624 PM EST


-  INDICATES NEGATIVE NUMBERS.
R  INDICATES RECORD WAS SET OR TIED.
MM INDICATES DATA IS MISSING.
T  INDICATES TRACE AMOUNT.




$$
