562
CDUS41 KCLE 240545
CLIMFD


CLIMATE REPORT
NATIONAL WEATHER SERVICE CLEVELAND OH
145 AM EDT SAT JUN 24 2017


...................................

...THE MANSFIELD OH CLIMATE SUMMARY FOR JUNE 23 2017...

CLIMATE NORMAL PERIOD 1981 TO 2010
CLIMATE RECORD PERIOD 1916 TO 2017


WEATHER ITEM   OBSERVED TIME   RECORD YEAR NORMAL DEPARTURE LAST
                VALUE   (LST)  VALUE       VALUE  FROM      YEAR
                                                  NORMAL
..................................................................
TEMPERATURE (F)
 YESTERDAY
  MAXIMUM         74    918 AM  91    1964  80     -6       77
  MINIMUM         67   1159 PM  41    1918  59      8       65
  AVERAGE         71                        70      1       71

PRECIPITATION (IN)
  YESTERDAY        1.05                      0.14   0.91     0.40
  MONTH TO DATE    5.48                      3.70   1.78     1.85
  SINCE JUN 1      5.48                      3.70   1.78     1.85
  SINCE JAN 1     26.63                     21.03   5.60    18.25

SNOWFALL (IN)
  YESTERDAY        0.0                       0.0    0.0      0.0
  MONTH TO DATE    0.0                       0.0    0.0      0.0
  SINCE JUN 1      0.0                       0.0    0.0      0.0
  SINCE JUL 1     36.6                      48.3  -11.7     27.6
  SNOW DEPTH       0

DEGREE DAYS
 HEATING
  YESTERDAY        0                         1     -1        0
  MONTH TO DATE   24                        48    -24       13
  SINCE JUN 1     24                        48    -24       13
  SINCE JUL 1   5020                      6265  -1245     5175

 COOLING
  YESTERDAY        6                         6      0        6
  MONTH TO DATE  150                        93     57      141
  SINCE JUN 1    150                        93     57      141
  SINCE JAN 1    207                       139     68      203
..................................................................


WIND (MPH)
  HIGHEST WIND SPEED    21   HIGHEST WIND DIRECTION     S (180)
  HIGHEST GUST SPEED    26   HIGHEST GUST DIRECTION     S (190)
  AVERAGE WIND SPEED    11.0


SKY COVER
  POSSIBLE SUNSHINE  MM
  AVERAGE SKY COVER 0.9


WEATHER CONDITIONS
 THE FOLLOWING WEATHER WAS RECORDED YESTERDAY.
  THUNDERSTORM
  HEAVY RAIN
  RAIN
  LIGHT RAIN
  FOG


RELATIVE HUMIDITY (PERCENT)
 HIGHEST   100          1100 AM
 LOWEST     79          1200 AM
 AVERAGE    90

..........................................................


THE MANSFIELD OH CLIMATE NORMALS FOR TODAY
                         NORMAL    RECORD    YEAR
 MAXIMUM TEMPERATURE (F)   80        93      1933
 MINIMUM TEMPERATURE (F)   60        44      1932
                                             1918


SUNRISE AND SUNSET
JUNE 24 2017..........SUNRISE   600 AM EDT   SUNSET   906 PM EDT
JUNE 25 2017..........SUNRISE   600 AM EDT   SUNSET   906 PM EDT


-  INDICATES NEGATIVE NUMBERS.
R  INDICATES RECORD WAS SET OR TIED.
MM INDICATES DATA IS MISSING.
T  INDICATES TRACE AMOUNT.




$$
