000
CDUS44 KBRO 160745
CLIMFE


CLIMATE REPORT
NATIONAL WEATHER SERVICE BROWNSVILLE TX
145 AM CST MON JAN 16 2017


...................................

...THE MCALLEN CLIMATE SUMMARY FOR JANUARY 15 2017...

CLIMATE NORMAL PERIOD 1981 TO 2010
CLIMATE RECORD PERIOD 1961 TO 2017


WEATHER ITEM   OBSERVED TIME   RECORD YEAR NORMAL DEPARTURE LAST
                VALUE   (LST)  VALUE       VALUE  FROM      YEAR
                                                  NORMAL
..................................................................
TEMPERATURE (F)
 YESTERDAY
  MAXIMUM         86R   304 PM  86    2016  71     15       86
  MINIMUM         69    431 AM  32    1979  50     19       48
  AVERAGE         78                        61     17

PRECIPITATION (IN)
  YESTERDAY        T             1.00 2008   0.04  -0.04     0.00
  MONTH TO DATE    0.16                      0.50  -0.34     0.40
  SINCE DEC 1      0.79                      1.69  -0.90     0.44
  SINCE JAN 1      0.16                      0.50  -0.34     0.40

SNOWFALL (IN)
  YESTERDAY        0.0
  MONTH TO DATE    0.0
  SINCE DEC 1      0.0
  SINCE JUL 1      0.0

DEGREE DAYS
 HEATING
  YESTERDAY        0                         6     -6        0
  MONTH TO DATE   60                       101    -41      108
  SINCE DEC 1    146                       278   -132      177
  SINCE JUL 1    153                       338   -185      211

 COOLING
  YESTERDAY       13                         2     11        2
  MONTH TO DATE  103                        30     73       10
  SINCE DEC 1    286                       113    173      154
  SINCE JAN 1    103                        30     73       10
..................................................................


WIND (MPH)
  HIGHEST WIND SPEED    33   HIGHEST WIND DIRECTION    SE (140)
  HIGHEST GUST SPEED    43   HIGHEST GUST DIRECTION    SE (150)
  AVERAGE WIND SPEED    17.1



WEATHER CONDITIONS
 THE FOLLOWING WEATHER WAS RECORDED YESTERDAY.
  NO SIGNIFICANT WEATHER WAS OBSERVED.


RELATIVE HUMIDITY (PERCENT)
 HIGHEST    90
 LOWEST     44
 AVERAGE    67

..........................................................


THE MCALLEN CLIMATE NORMALS FOR TODAY
                         NORMAL    RECORD    YEAR
 MAXIMUM TEMPERATURE (F)   71        88      2006
 MINIMUM TEMPERATURE (F)   51        32      1961


SUNRISE AND SUNSET
JANUARY 16 2017.......SUNRISE   722 AM CST   SUNSET   604 PM CST
JANUARY 17 2017.......SUNRISE   722 AM CST   SUNSET   605 PM CST


-  INDICATES NEGATIVE NUMBERS.
R  INDICATES RECORD WAS SET OR TIED.
MM INDICATES DATA IS MISSING.
T  INDICATES TRACE AMOUNT.




$$
