000
CDUS44 KBRO 010628
CLIMFE


CLIMATE REPORT
NATIONAL WEATHER SERVICE BROWNSVILLE TX
127 AM CDT WED JUL 1 2015


...................................

...THE MCALLEN CLIMATE SUMMARY FOR JUNE 30 2015...

CLIMATE NORMAL PERIOD 1981 TO 2010
CLIMATE RECORD PERIOD 1941 TO 2015


WEATHER ITEM   OBSERVED TIME   RECORD YEAR NORMAL DEPARTURE LAST
                VALUE   (LST)  VALUE       VALUE  FROM      YEAR
                                                  NORMAL
..................................................................
TEMPERATURE (F)
 YESTERDAY
  MAXIMUM         92    355 PM 103    2009  97     -5       98
  MINIMUM         78    329 AM  65    1974  76      2       78
  AVERAGE         85                        86     -1

PRECIPITATION (IN)
  YESTERDAY        0.01          6.66 2010   0.07  -0.06     0.00
  MONTH TO DATE    5.39                      2.58   2.81     0.30
  SINCE JUN 1      5.39                      2.58   2.81     0.30
  SINCE JAN 1     16.86                      9.36   7.50     3.18

SNOWFALL (IN)
  YESTERDAY        0.0
  MONTH TO DATE    0.0
  SINCE JUN 1      0.0
  SINCE JUL 1      0.0

DEGREE DAYS
 HEATING
  YESTERDAY        0                         0      0        0
  MONTH TO DATE    0                         0      0        0
  SINCE JUN 1      0                         0      0        0
  SINCE JUL 1    756                       579    177      883

 COOLING
  YESTERDAY       20                        21     -1       23
  MONTH TO DATE  641                       628     13      670
  SINCE JUN 1    641                       628     13      670
  SINCE JAN 1   1886                      1883      3     1726
..................................................................


WIND (MPH)
  HIGHEST WIND SPEED    22   HIGHEST WIND DIRECTION     S (160)
  HIGHEST GUST SPEED    27   HIGHEST GUST DIRECTION     S (160)
  AVERAGE WIND SPEED    10.4



WEATHER CONDITIONS
 THE FOLLOWING WEATHER WAS RECORDED YESTERDAY.
  LIGHT RAIN
  FOG
  HAZE


RELATIVE HUMIDITY (PERCENT)
 HIGHEST    85
 LOWEST     52
 AVERAGE    69

..........................................................


THE MCALLEN CLIMATE NORMALS FOR TODAY
                         NORMAL    RECORD    YEAR
 MAXIMUM TEMPERATURE (F)   97       102      1992
 MINIMUM TEMPERATURE (F)   76        68      1979
                                             1985


SUNRISE AND SUNSET
JULY  1 2015..........SUNRISE   644 AM CDT   SUNSET   829 PM CDT
JULY  2 2015..........SUNRISE   645 AM CDT   SUNSET   829 PM CDT


-  INDICATES NEGATIVE NUMBERS.
R  INDICATES RECORD WAS SET OR TIED.
MM INDICATES DATA IS MISSING.
T  INDICATES TRACE AMOUNT.




$$
