000
CDUS44 KBRO 290636
CLIMFE


CLIMATE REPORT
NATIONAL WEATHER SERVICE BROWNSVILLE TX
131 AM CDT MON MAY 29 2017


...................................

...THE MCALLEN CLIMATE SUMMARY FOR MAY 28 2017...

CLIMATE NORMAL PERIOD 1981 TO 2010
CLIMATE RECORD PERIOD 1961 TO 2017


WEATHER ITEM   OBSERVED TIME   RECORD YEAR NORMAL DEPARTURE LAST
                VALUE   (LST)  VALUE       VALUE  FROM      YEAR
                                                  NORMAL
..................................................................
TEMPERATURE (F)
 YESTERDAY
  MAXIMUM        101R   123 PM  98    2011  94      7       93
                                      2001
                                      1996
  MINIMUM         81    617 AM  65    1976  74      7       80
  AVERAGE         91                        84      7

PRECIPITATION (IN)
  YESTERDAY        0.00          3.00 1975   0.08  -0.08     0.00
  MONTH TO DATE    0.31                      2.01  -1.70     4.98
  SINCE MAR 1      3.56                      4.38  -0.82     5.60
  SINCE JAN 1      5.19                      6.54  -1.35     6.00

SNOWFALL (IN)
  YESTERDAY        0.0
  MONTH TO DATE    0.0
  SINCE MAR 1      0.0
  SINCE JUL 1      0.0

DEGREE DAYS
 HEATING
  YESTERDAY        0                         0      0        0
  MONTH TO DATE    0                         0      0        0
  SINCE MAR 1      1                        46    -45        7
  SINCE JUL 1    189                       579   -390      318

 COOLING
  YESTERDAY       26                        19      7       22
  MONTH TO DATE  556                       466     90      529
  SINCE MAR 1   1404                      1038    366     1351
  SINCE JAN 1   1885                      1197    688     1556
..................................................................


WIND (MPH)
  HIGHEST WIND SPEED    26   HIGHEST WIND DIRECTION    SE (120)
  HIGHEST GUST SPEED    33   HIGHEST GUST DIRECTION    SE (130)
  AVERAGE WIND SPEED    16.8



WEATHER CONDITIONS
 THE FOLLOWING WEATHER WAS RECORDED YESTERDAY.
  FOG
  HAZE


RELATIVE HUMIDITY (PERCENT)
 HIGHEST    91
 LOWEST     48
 AVERAGE    70

..........................................................


THE MCALLEN CLIMATE NORMALS FOR TODAY
                         NORMAL    RECORD    YEAR
 MAXIMUM TEMPERATURE (F)   94       102      2005
 MINIMUM TEMPERATURE (F)   74        64      1992


SUNRISE AND SUNSET
MAY 29 2017...........SUNRISE   641 AM CDT   SUNSET   820 PM CDT
MAY 30 2017...........SUNRISE   641 AM CDT   SUNSET   820 PM CDT


-  INDICATES NEGATIVE NUMBERS.
R  INDICATES RECORD WAS SET OR TIED.
MM INDICATES DATA IS MISSING.
T  INDICATES TRACE AMOUNT.




$$
