000
CDUS44 KBRO 090727
CLIMFE


CLIMATE REPORT
NATIONAL WEATHER SERVICE BROWNSVILLE TX
126 AM CST FRI DEC 9 2016


...................................

...THE MCALLEN CLIMATE SUMMARY FOR DECEMBER 8 2016...

CLIMATE NORMAL PERIOD 1981 TO 2010
CLIMATE RECORD PERIOD 1961 TO 2016


WEATHER ITEM   OBSERVED TIME   RECORD YEAR NORMAL DEPARTURE LAST
                VALUE   (LST)  VALUE       VALUE  FROM      YEAR
                                                  NORMAL
..................................................................
TEMPERATURE (F)
 YESTERDAY
  MAXIMUM         66    135 AM  89    2007  73     -7       78
  MINIMUM         45   1100 PM  33    1976  53     -8       52
  AVERAGE         56                        63     -7

PRECIPITATION (IN)
  YESTERDAY        0.19          0.70 1964   0.03   0.16     0.00
  MONTH TO DATE    0.55                      0.26   0.29     0.00
  SINCE DEC 1      0.55                      0.26   0.29     0.00
  SINCE JAN 1     13.70                     21.27  -7.57    26.36

SNOWFALL (IN)
  YESTERDAY       MM
  MONTH TO DATE    0.0
  SINCE DEC 1      0.0
  SINCE JUL 1      0.0

DEGREE DAYS
 HEATING
  YESTERDAY        9                         5      4        0
  MONTH TO DATE   19                        35    -16       21
  SINCE DEC 1     19                        35    -16       21
  SINCE JUL 1     26                        95    -69       55

 COOLING
  YESTERDAY        0                         3     -3        0
  MONTH TO DATE   30                        26      4        4
  SINCE DEC 1     30                        26      4        4
  SINCE JAN 1   5544                      4395   1149     4804
..................................................................


WIND (MPH)
  HIGHEST WIND SPEED    26   HIGHEST WIND DIRECTION     N (340)
  HIGHEST GUST SPEED    36   HIGHEST GUST DIRECTION     N (350)
  AVERAGE WIND SPEED    16.5



WEATHER CONDITIONS
 THE FOLLOWING WEATHER WAS RECORDED YESTERDAY.
  HEAVY RAIN
  LIGHT RAIN
  FOG
  HAZE


RELATIVE HUMIDITY (PERCENT)
 HIGHEST    90
 LOWEST     76
 AVERAGE    83

..........................................................


THE MCALLEN CLIMATE NORMALS FOR TODAY
                         NORMAL    RECORD    YEAR
 MAXIMUM TEMPERATURE (F)   73        91      2008
 MINIMUM TEMPERATURE (F)   53        34      1978


SUNRISE AND SUNSET
DECEMBER  9 2016......SUNRISE   709 AM CST   SUNSET   542 PM CST
DECEMBER 10 2016......SUNRISE   710 AM CST   SUNSET   542 PM CST


-  INDICATES NEGATIVE NUMBERS.
R  INDICATES RECORD WAS SET OR TIED.
MM INDICATES DATA IS MISSING.
T  INDICATES TRACE AMOUNT.




$$
