000
CDUS44 KBRO 250626
CLIMFE


CLIMATE REPORT
NATIONAL WEATHER SERVICE BROWNSVILLE TX
125 AM CDT MON SEP 25 2017


...................................

...THE MCALLEN CLIMATE SUMMARY FOR SEPTEMBER 24 2017...

CLIMATE NORMAL PERIOD 1981 TO 2010
CLIMATE RECORD PERIOD 1961 TO 2017


WEATHER ITEM   OBSERVED TIME   RECORD YEAR NORMAL DEPARTURE LAST
                VALUE   (LST)  VALUE       VALUE  FROM      YEAR
                                                  NORMAL
..................................................................
TEMPERATURE (F)
 YESTERDAY
  MAXIMUM         99    315 PM 105    2005  91      8      103
  MINIMUM         78    650 AM  55    1975  72      6       80
  AVERAGE         89                        82      7

PRECIPITATION (IN)
  YESTERDAY        0.00          4.59 2006   0.14  -0.14     0.00
  MONTH TO DATE    0.84                      3.76  -2.92     0.68
  SINCE SEP 1      0.84                      3.76  -2.92     0.68
  SINCE JAN 1      7.63                     17.33  -9.70     9.98

SNOWFALL (IN)
  YESTERDAY        0.0
  MONTH TO DATE    0.0
  SINCE SEP 1      0.0
  SINCE JUL 1      0.0

DEGREE DAYS
 HEATING
  YESTERDAY        0                         0      0        0
  MONTH TO DATE    0                         0      0        0
  SINCE SEP 1      0                         0      0        0
  SINCE JUL 1      0                         0      0        0

 COOLING
  YESTERDAY       24                        17      7       27
  MONTH TO DATE  529                       454     75      604
  SINCE SEP 1    529                       454     75      604
  SINCE JAN 1   4795                      3705   1090     4506
..................................................................


WIND (MPH)
  HIGHEST WIND SPEED    25   HIGHEST WIND DIRECTION     E (100)
  HIGHEST GUST SPEED    32   HIGHEST GUST DIRECTION     E (110)
  AVERAGE WIND SPEED    11.3



WEATHER CONDITIONS
 THE FOLLOWING WEATHER WAS RECORDED YESTERDAY.
  NO SIGNIFICANT WEATHER WAS OBSERVED.


RELATIVE HUMIDITY (PERCENT)
 HIGHEST    85
 LOWEST     42
 AVERAGE    64

..........................................................


THE MCALLEN CLIMATE NORMALS FOR TODAY
                         NORMAL    RECORD    YEAR
 MAXIMUM TEMPERATURE (F)   91       104      2011
                                             2005
 MINIMUM TEMPERATURE (F)   72        59      1989
                                             1975


SUNRISE AND SUNSET
SEPTEMBER 25 2017.....SUNRISE   723 AM CDT   SUNSET   726 PM CDT
SEPTEMBER 26 2017.....SUNRISE   723 AM CDT   SUNSET   725 PM CDT


-  INDICATES NEGATIVE NUMBERS.
R  INDICATES RECORD WAS SET OR TIED.
MM INDICATES DATA IS MISSING.
T  INDICATES TRACE AMOUNT.




$$
