795
CDUS46 KMFR 180836
CLIMFR


CLIMATE REPORT
NATIONAL WEATHER SERVICE MEDFORD, OR
136 AM PDT FRI AUG 18 2017


...................................

...THE MEDFORD OR CLIMATE SUMMARY FOR AUGUST 17 2017...

CLIMATE NORMAL PERIOD 1981 TO 2010
CLIMATE RECORD PERIOD 1911 TO 2017


WEATHER ITEM   OBSERVED TIME   RECORD YEAR NORMAL DEPARTURE LAST
                VALUE   (LST)  VALUE       VALUE  FROM      YEAR
                                                  NORMAL
..................................................................
TEMPERATURE (F)
 YESTERDAY
  MAXIMUM         98    445 PM 105    1992  91      7       96
  MINIMUM         58    548 AM  42    1914  57      1       61
  AVERAGE         78                        74      4       79

PRECIPITATION (IN)
  YESTERDAY        T             0.78 2010   0.02  -0.02     0.00
  MONTH TO DATE    0.14                      0.20  -0.06     0.00
  SINCE OCT 1     24.91                     17.58   7.33    19.77
  SINCE JAN 1     13.22                      9.94   3.28    10.01

SNOWFALL (IN)
  YESTERDAY        0.0                       0.0    0.0      0.0
  MONTH TO DATE    0.0                       0.0    0.0      0.0
  SINCE JUL 1      0.0                       0.0    0.0      0.0
  SNOW DEPTH       0

DEGREE DAYS
 HEATING
  YESTERDAY        0                         0      0        0
  MONTH TO DATE    0                         0      0        0
  SINCE JUN 1     45                        60    -15       42
  SINCE JUL 1      0                         6     -6        2

 COOLING
  YESTERDAY       13                         9      4       14
  MONTH TO DATE  276                       171    105      210
  SINCE JUN 1    901                       565    336      704
  SINCE JAN 1    988                       603    385      765
..................................................................


WIND (MPH)
  HIGHEST WIND SPEED    16   HIGHEST WIND DIRECTION     N (340)
  HIGHEST GUST SPEED    19   HIGHEST GUST DIRECTION     N (350)
  AVERAGE WIND SPEED     2.8


SKY COVER
  POSSIBLE SUNSHINE  MM
  AVERAGE SKY COVER 0.0


WEATHER CONDITIONS
 THE FOLLOWING WEATHER WAS RECORDED YESTERDAY.
  HAZE


RELATIVE HUMIDITY (PERCENT)
 HIGHEST    67           600 AM
 LOWEST     12           500 PM
 AVERAGE    40

..........................................................


THE MEDFORD OR CLIMATE NORMALS FOR TODAY
                         NORMAL    RECORD    YEAR
 MAXIMUM TEMPERATURE (F)   91       108      2016
 MINIMUM TEMPERATURE (F)   57        41      1913


SUNRISE AND SUNSET
AUGUST 18 2017........SUNRISE   622 AM PDT   SUNSET   807 PM PDT
AUGUST 19 2017........SUNRISE   623 AM PDT   SUNSET   806 PM PDT


-  INDICATES NEGATIVE NUMBERS.
R  INDICATES RECORD WAS SET OR TIED.
MM INDICATES DATA IS MISSING.
T  INDICATES TRACE AMOUNT.




$$
