000
CDUS46 KMFR 180837
CLIMFR


CLIMATE REPORT
NATIONAL WEATHER SERVICE MEDFORD, OR
1236 AM PST WED JAN 18 2017


...................................

...THE MEDFORD OR CLIMATE SUMMARY FOR JANUARY 17 2017...

CLIMATE NORMAL PERIOD 1981 TO 2010
CLIMATE RECORD PERIOD 1911 TO 2017


WEATHER ITEM   OBSERVED TIME   RECORD YEAR NORMAL DEPARTURE LAST
                VALUE   (LST)  VALUE       VALUE  FROM      YEAR
                                                  NORMAL
..................................................................
TEMPERATURE (F)
 YESTERDAY
  MAXIMUM         48   1159 PM  65    1981  48      0       52
  MINIMUM         26    414 AM   9    1952  33     -7       36
  AVERAGE         37                        40     -3       44

PRECIPITATION (IN)
  YESTERDAY        0.02          1.53 1951   0.07  -0.05     1.14
  MONTH TO DATE    3.71                      1.48   2.23     2.46
  SINCE OCT 1     15.40                      9.12   6.28    12.22
  SINCE JAN 1      3.71                      1.48   2.23     2.46

SNOWFALL (IN)
  YESTERDAY        0.0                       0.1   -0.1      0.0
  MONTH TO DATE   11.4                       0.8   10.6      0.0
  SINCE JUL 1     11.8                       2.5    9.3      0.7
  SNOW DEPTH       0

DEGREE DAYS
 HEATING
  YESTERDAY       28                        25      3       21
  MONTH TO DATE  537                       434    103      405
  SINCE DEC 1   1389                      1231    158     1105
  SINCE JUL 1   2162                      2200    -38     1909

 COOLING
  YESTERDAY        0                         0      0        0
  MONTH TO DATE    0                         0      0        0
  SINCE DEC 1      0                         0      0        0
  SINCE JAN 1      0                         0      0        0
..................................................................


WIND (MPH)
  HIGHEST WIND SPEED     9   HIGHEST WIND DIRECTION    NE (40)
  HIGHEST GUST SPEED    12   HIGHEST GUST DIRECTION    SE (140)
  AVERAGE WIND SPEED     2.9


SKY COVER
  POSSIBLE SUNSHINE  MM
  AVERAGE SKY COVER 0.7


WEATHER CONDITIONS
 THE FOLLOWING WEATHER WAS RECORDED YESTERDAY.
  LIGHT RAIN
  FOG
  FOG W/VISIBILITY <= 1/4 MILE


RELATIVE HUMIDITY (PERCENT)
 HIGHEST   100           200 AM
 LOWEST     65           200 PM
 AVERAGE    83

..........................................................


THE MEDFORD OR CLIMATE NORMALS FOR TODAY
                         NORMAL    RECORD    YEAR
 MAXIMUM TEMPERATURE (F)   48        65      1981
 MINIMUM TEMPERATURE (F)   33        13      1943


SUNRISE AND SUNSET
JANUARY 18 2017.......SUNRISE   736 AM PST   SUNSET   508 PM PST
JANUARY 19 2017.......SUNRISE   736 AM PST   SUNSET   509 PM PST


-  INDICATES NEGATIVE NUMBERS.
R  INDICATES RECORD WAS SET OR TIED.
MM INDICATES DATA IS MISSING.
T  INDICATES TRACE AMOUNT.




$$
