000
CDUS46 KMFR 250853
CLIMFR


CLIMATE REPORT
NATIONAL WEATHER SERVICE MEDFORD, OR
1253 AM PST THU DEC 25 2014


...................................

...THE MEDFORD OR CLIMATE SUMMARY FOR DECEMBER 24 2014...

CLIMATE NORMAL PERIOD 1981 TO 2010
CLIMATE RECORD PERIOD 1911 TO 2014


WEATHER ITEM   OBSERVED TIME   RECORD YEAR NORMAL DEPARTURE LAST
                VALUE   (LST)  VALUE       VALUE  FROM      YEAR
                                                  NORMAL
..................................................................
TEMPERATURE (F)
 YESTERDAY
  MAXIMUM         51    454 AM  62    1919  45      6       49
  MINIMUM         39   1115 PM  10    1990  32      7       30
  AVERAGE         45                        39      6       40

PRECIPITATION (IN)
  YESTERDAY        0.49          1.24 1965   0.11   0.38     0.00
  MONTH TO DATE    2.16                      2.77  -0.61     0.35
  SINCE SEP 1      8.74                      7.49   1.25     4.43
  SINCE JAN 1     20.13                     17.63   2.50     8.98

SNOWFALL (IN)
  YESTERDAY        0.0                       0.0    0.0      0.0
  MONTH TO DATE    0.0                       1.0   -1.0      3.4
  SINCE JUL 1      0.0                       1.2   -1.2      3.4
  SNOW DEPTH       0

DEGREE DAYS
 HEATING
  YESTERDAY       20                        26     -6       25
  MONTH TO DATE  401                       612   -211      816
  SINCE DEC 1    401                       612   -211      816
  SINCE JUL 1   1075                      1581   -506     1867

 COOLING
  YESTERDAY        0                         0      0        0
  MONTH TO DATE    0                         0      0        0
  SINCE DEC 1      0                         0      0        0
  SINCE JAN 1   1238                       829    409     1057
..................................................................


WIND (MPH)
  HIGHEST WIND SPEED    25   HIGHEST WIND DIRECTION    NW (300)
  HIGHEST GUST SPEED    35   HIGHEST GUST DIRECTION    NW (320)
  AVERAGE WIND SPEED     5.0


SKY COVER
  POSSIBLE SUNSHINE  MM
  AVERAGE SKY COVER 1.0


WEATHER CONDITIONS
 THE FOLLOWING WEATHER WAS RECORDED YESTERDAY.
  HEAVY RAIN
  RAIN
  LIGHT RAIN
  FOG


RELATIVE HUMIDITY (PERCENT)
 HIGHEST    93           700 AM
 LOWEST     76           500 PM
 AVERAGE    85

..........................................................


THE MEDFORD OR CLIMATE NORMALS FOR TODAY
                         NORMAL    RECORD    YEAR
 MAXIMUM TEMPERATURE (F)   45        60      1980
                                             1964
 MINIMUM TEMPERATURE (F)   32        12      1924


SUNRISE AND SUNSET
DECEMBER 25 2014......SUNRISE   739 AM PST   SUNSET   444 PM PST
DECEMBER 26 2014......SUNRISE   739 AM PST   SUNSET   445 PM PST


-  INDICATES NEGATIVE NUMBERS.
R  INDICATES RECORD WAS SET OR TIED.
MM INDICATES DATA IS MISSING.
T  INDICATES TRACE AMOUNT.




$$
