000
CDUS46 KMFR 010835
CLIMFR


CLIMATE REPORT
NATIONAL WEATHER SERVICE MEDFORD, OR
1235 AM PST WED MAR 1 2017


...................................

...THE MEDFORD OR CLIMATE SUMMARY FOR FEBRUARY 28 2017...

CLIMATE NORMAL PERIOD 1981 TO 2010
CLIMATE RECORD PERIOD 1911 TO 2017


WEATHER ITEM   OBSERVED TIME   RECORD YEAR NORMAL DEPARTURE LAST
                VALUE   (LST)  VALUE       VALUE  FROM      YEAR
                                                  NORMAL
..................................................................
TEMPERATURE (F)
 YESTERDAY
  MAXIMUM         51    411 PM  77    1968  57     -6       58
  MINIMUM         36    639 AM  19    1960  35      1       35
                                      1913
  AVERAGE         44                        46     -2       47

PRECIPITATION (IN)
  YESTERDAY        T             1.15 1970   0.07  -0.07      T
  MONTH TO DATE    4.12                      2.01   2.11     1.03
  SINCE OCT 1     20.70                     12.08   8.62    15.01
  SINCE JAN 1      9.01                      4.44   4.57     5.25

SNOWFALL (IN)
  YESTERDAY        0.0                       0.0    0.0      0.0
  MONTH TO DATE    T                         0.6   -0.6      1.2
  SINCE JUL 1     11.8                       3.6    8.2      1.9
  SNOW DEPTH       0

DEGREE DAYS
 HEATING
  YESTERDAY       21                        19      2       18
  MONTH TO DATE  547                       582    -35      475
  SINCE DEC 1   2272                      2145    127     1848
  SINCE JUL 1   3045                      3114    -69     2652

 COOLING
  YESTERDAY        0                         0      0        0
  MONTH TO DATE    0                         0      0        0
  SINCE DEC 1      0                         0      0        0
  SINCE JAN 1      0                         0      0        0
..................................................................


WIND (MPH)
  HIGHEST WIND SPEED    10   HIGHEST WIND DIRECTION    NW (320)
  HIGHEST GUST SPEED    14   HIGHEST GUST DIRECTION    NW (320)
  AVERAGE WIND SPEED     2.5


SKY COVER
  POSSIBLE SUNSHINE  MM
  AVERAGE SKY COVER 0.8


WEATHER CONDITIONS
 THE FOLLOWING WEATHER WAS RECORDED YESTERDAY.
  LIGHT RAIN


RELATIVE HUMIDITY (PERCENT)
 HIGHEST    92           400 AM
 LOWEST     46           400 PM
 AVERAGE    69

..........................................................


THE MEDFORD OR CLIMATE NORMALS FOR TODAY
                         NORMAL    RECORD    YEAR
 MAXIMUM TEMPERATURE (F)   57        73      1926
 MINIMUM TEMPERATURE (F)   35        14      1917


SUNRISE AND SUNSET
MARCH  1 2017.........SUNRISE   646 AM PST   SUNSET   602 PM PST
MARCH  2 2017.........SUNRISE   645 AM PST   SUNSET   603 PM PST


-  INDICATES NEGATIVE NUMBERS.
R  INDICATES RECORD WAS SET OR TIED.
MM INDICATES DATA IS MISSING.
T  INDICATES TRACE AMOUNT.




$$
