000
CDUS46 KMFR 200851
CLIMFR


CLIMATE REPORT
NATIONAL WEATHER SERVICE MEDFORD, OR
1251 AM PST SAT JAN 20 2018


...................................

...THE MEDFORD OR CLIMATE SUMMARY FOR JANUARY 19 2018...

CLIMATE NORMAL PERIOD 1981 TO 2010
CLIMATE RECORD PERIOD 1911 TO 2018


WEATHER ITEM   OBSERVED TIME   RECORD YEAR NORMAL DEPARTURE LAST
                VALUE   (LST)  VALUE       VALUE  FROM      YEAR
                                                  NORMAL
..................................................................
TEMPERATURE (F)
 YESTERDAY
  MAXIMUM         47    353 PM  63    1981  48     -1       52
  MINIMUM         34    427 AM   9    1922  33      1       38
  AVERAGE         41                        40      1       45

PRECIPITATION (IN)
  YESTERDAY        0.06          1.40 1964   0.08  -0.02     0.07
  MONTH TO DATE    1.14                      1.63  -0.49     4.31
  SINCE OCT 1      5.75                      9.27  -3.52    16.00
  SINCE JAN 1      1.14                      1.63  -0.49     4.31

SNOWFALL (IN)
  YESTERDAY        0.0                       0.0    0.0      0.0
  MONTH TO DATE    0.0                       0.8   -0.8     11.4
  SINCE JUL 1      0.0                       2.5   -2.5     11.8
  SNOW DEPTH       0

DEGREE DAYS
 HEATING
  YESTERDAY       24                        24      0       20
  MONTH TO DATE  409                       483    -74      574
  SINCE DEC 1   1235                      1280    -45     1426
  SINCE JUL 1   2170                      2249    -79     2199

 COOLING
  YESTERDAY        0                         0      0        0
  MONTH TO DATE    0                         0      0        0
  SINCE DEC 1      0                         0      0        0
  SINCE JAN 1      0                         0      0        0
..................................................................


WIND (MPH)
  HIGHEST WIND SPEED     8   HIGHEST WIND DIRECTION    NW (310)
  HIGHEST GUST SPEED    10   HIGHEST GUST DIRECTION    NW (310)
  AVERAGE WIND SPEED     2.3


SKY COVER
  POSSIBLE SUNSHINE  MM
  AVERAGE SKY COVER 0.9


WEATHER CONDITIONS
 THE FOLLOWING WEATHER WAS RECORDED YESTERDAY.
  RAIN
  LIGHT RAIN
  FOG


RELATIVE HUMIDITY (PERCENT)
 HIGHEST   100          1200 AM
 LOWEST     65           400 PM
 AVERAGE    83

..........................................................


THE MEDFORD OR CLIMATE NORMALS FOR TODAY
                         NORMAL    RECORD    YEAR
 MAXIMUM TEMPERATURE (F)   48        71      1961
 MINIMUM TEMPERATURE (F)   33         8      1937


SUNRISE AND SUNSET
JANUARY 20 2018.......SUNRISE   735 AM PST   SUNSET   510 PM PST
JANUARY 21 2018.......SUNRISE   734 AM PST   SUNSET   512 PM PST


-  INDICATES NEGATIVE NUMBERS.
R  INDICATES RECORD WAS SET OR TIED.
MM INDICATES DATA IS MISSING.
T  INDICATES TRACE AMOUNT.




$$
