570
CDUS46 KMFR 131502
CLIMFR

CLIMATE REPORT
NATIONAL WEATHER SERVICE MEDFORD, OR
0700 AM PST SAT FEB 13 2016


...................................

...THE MEDFORD OR CLIMATE SUMMARY FOR FEBRUARY 12 2016...

CLIMATE NORMAL PERIOD 1981 TO 2010
CLIMATE RECORD PERIOD 1911 TO 2016


WEATHER ITEM   OBSERVED TIME   RECORD YEAR NORMAL DEPARTURE LAST
                VALUE   (LST)  VALUE       VALUE  FROM      YEAR
                                                  NORMAL
..................................................................
TEMPERATURE (F)
 YESTERDAY
  MAXIMUM         65    200 PM  70    1996  54     11       59
  MINIMUM         42    358 AM  18    1948  34      8       33
                                      1929
  AVERAGE         54                        44     10       46

PRECIPITATION (IN)
  YESTERDAY        0.01          1.10 2014   0.07  -0.06     0.00
  MONTH TO DATE    0.26                      0.86  -0.60     2.68
  SINCE OCT 1     14.24                     10.93   3.31    10.78
  SINCE JAN 1      4.48                      3.29   1.19     3.93

SNOWFALL (IN)
  YESTERDAY        0.0                       0.0    0.0      0.0
  MONTH TO DATE    1.2                       0.3    0.9      0.0
  SINCE JUL 1      1.9                       3.3   -1.4       T
  SNOW DEPTH       0

DEGREE DAYS
 HEATING
  YESTERDAY       11                        21    -10       19
  MONTH TO DATE  203                       263    -60      182
  SINCE DEC 1   1576                      1826   -250     1477
  SINCE JUL 1   2380                      2795   -415     2151

 COOLING
  YESTERDAY        0                         0      0        0
  MONTH TO DATE    0                         0      0        0
  SINCE DEC 1      0                         0      0        0
  SINCE JAN 1      0                         0      0        0
..................................................................


WIND (MPH)
  HIGHEST WIND SPEED    17   HIGHEST WIND DIRECTION    NW (300)
  HIGHEST GUST SPEED    23   HIGHEST GUST DIRECTION    NW (300)
  AVERAGE WIND SPEED     4.3


SKY COVER
  POSSIBLE SUNSHINE  MM
  AVERAGE SKY COVER 0.5


WEATHER CONDITIONS
 THE FOLLOWING WEATHER WAS RECORDED YESTERDAY.
  LIGHT RAIN


RELATIVE HUMIDITY (PERCENT)
 HIGHEST    89           400 AM
 LOWEST     48           100 PM
 AVERAGE    69

..........................................................


THE MEDFORD OR CLIMATE NORMALS FOR TODAY
                         NORMAL    RECORD    YEAR
 MAXIMUM TEMPERATURE (F)   54        71      1996
 MINIMUM TEMPERATURE (F)   34        20      2001
                                             1990
                                             1966


SUNRISE AND SUNSET
FEBRUARY 13 2016......SUNRISE   711 AM PST   SUNSET   541 PM PST
FEBRUARY 14 2016......SUNRISE   710 AM PST   SUNSET   542 PM PST


-  INDICATES NEGATIVE NUMBERS.
R  INDICATES RECORD WAS SET OR TIED.
MM INDICATES DATA IS MISSING.
T  INDICATES TRACE AMOUNT.

&&

LOW TEMPERATURE THIS MORNING....38 DEGREES
24-HOUR PRECIPITATION.........0.01 INCHES

$$
