000
CDUS46 KMFR 281212
CLIMFR

CLIMATE REPORT
NATIONAL WEATHER SERVICE MEDFORD, OR
0415 AM PST WED JAN 28 2015


...................................

...THE MEDFORD OR CLIMATE SUMMARY FOR JANUARY 27 2015...

CLIMATE NORMAL PERIOD 1981 TO 2010
CLIMATE RECORD PERIOD 1911 TO 2015


WEATHER ITEM   OBSERVED TIME   RECORD YEAR NORMAL DEPARTURE LAST
                VALUE   (LST)  VALUE       VALUE  FROM      YEAR
                                                  NORMAL
..................................................................
TEMPERATURE (F)
 YESTERDAY
  MAXIMUM         51    521 PM  67    1987  50      1       47
  MINIMUM         35    113 AM  11    1957  33      2       29
  AVERAGE         43                        42      1       38

PRECIPITATION (IN)
  YESTERDAY        0.00          1.00 1954   0.06  -0.06     0.01
  MONTH TO DATE    1.25                      2.17  -0.92     0.54
  SINCE OCT 1      8.10                      9.81  -1.71     2.22
  SINCE JAN 1      1.25                      2.17  -0.92     0.54

SNOWFALL (IN)
  YESTERDAY        0.0                       0.1   -0.1      0.0
  MONTH TO DATE    T                         1.2   -1.2       T
  SINCE JUL 1      T                         2.9   -2.9      3.4
  SNOW DEPTH       0

DEGREE DAYS
 HEATING
  YESTERDAY       22                        23     -1       27
  MONTH TO DATE  622                       674    -52      680
  SINCE DEC 1   1214                      1471   -257     1720
  SINCE JUL 1   1888                      2440   -552     2771

 COOLING
  YESTERDAY        0                         0      0        0
  MONTH TO DATE    0                         0      0        0
  SINCE DEC 1      0                         0      0        0
  SINCE JAN 1      0                         0      0        0
..................................................................


WIND (MPH)
  HIGHEST WIND SPEED     5   HIGHEST WIND DIRECTION    SE (150)
  HIGHEST GUST SPEED    16   HIGHEST GUST DIRECTION     W (270)
  AVERAGE WIND SPEED     0.6


SKY COVER
  POSSIBLE SUNSHINE  MM
  AVERAGE SKY COVER 0.8


WEATHER CONDITIONS
 THE FOLLOWING WEATHER WAS RECORDED YESTERDAY.
  FOG
  FOG W/VISIBILITY <= 1/4 MILE


RELATIVE HUMIDITY (PERCENT)
 HIGHEST   100           100 AM
 LOWEST     71           400 PM
 AVERAGE    86

..........................................................


THE MEDFORD OR CLIMATE NORMALS FOR TODAY
                         NORMAL    RECORD    YEAR
 MAXIMUM TEMPERATURE (F)   50        65      1940
 MINIMUM TEMPERATURE (F)   33        11      1963


SUNRISE AND SUNSET
JANUARY 28 2015.......SUNRISE   729 AM PST   SUNSET   520 PM PST
JANUARY 29 2015.......SUNRISE   728 AM PST   SUNSET   522 PM PST


-  INDICATES NEGATIVE NUMBERS.
R  INDICATES RECORD WAS SET OR TIED.
MM INDICATES DATA IS MISSING.
T  INDICATES TRACE AMOUNT.

&&

LOW TEMPERATURE THIS MORNING.....35
24-HOUR PRECIPITATION..........NONE

$$
