000
CDUS46 KMFR 301207
CLIMFR

CLIMATE REPORT
NATIONAL WEATHER SERVICE MEDFORD, OR
505 AM PDT WED JUL 30 2014


...................................

...THE MEDFORD OR CLIMATE SUMMARY FOR JULY 29 2014...

CLIMATE NORMAL PERIOD 1981 TO 2010
CLIMATE RECORD PERIOD 1911 TO 2014


WEATHER ITEM   OBSERVED TIME   RECORD YEAR NORMAL DEPARTURE LAST
                VALUE   (LST)  VALUE       VALUE  FROM      YEAR
                                                  NORMAL
..................................................................
TEMPERATURE (F)
 YESTERDAY
  MAXIMUM        104    417 PM 109    2009  93     11       90
  MINIMUM         68    515 AM  44    1950  59      9       58
                                      1917
  AVERAGE         86                        76     10       74

PRECIPITATION (IN)
  YESTERDAY        0.00          0.22 1964   0.00   0.00     0.00
  MONTH TO DATE    0.10                      0.26  -0.16     0.00
  SINCE SEP 1     15.20                     17.93  -2.73    16.88
  SINCE JAN 1     10.76                      9.72   1.04     4.13

SNOWFALL (IN)
  YESTERDAY        0.0                       0.0    0.0      0.0
  MONTH TO DATE    0.0                       0.0    0.0      0.0
  SINCE JUL 1      0.0                       0.0    0.0      0.0
  SNOW DEPTH       0

DEGREE DAYS
 HEATING
  YESTERDAY        0                         0      0        0
  MONTH TO DATE    0                         1     -1        0
  SINCE JUN 1     22                        55    -33       35
  SINCE JUL 1      0                         1     -1        0

 COOLING
  YESTERDAY       21                        11     10        9
  MONTH TO DATE  432                       266    166      417
  SINCE JUN 1    543                       374    169      563
  SINCE JAN 1    599                       412    187      598
..................................................................


WIND (MPH)
  HIGHEST WIND SPEED    21   HIGHEST WIND DIRECTION     N (360)
  HIGHEST GUST SPEED    24   HIGHEST GUST DIRECTION     N (350)
  AVERAGE WIND SPEED     6.2


SKY COVER
  POSSIBLE SUNSHINE  MM
  AVERAGE SKY COVER 0.0


WEATHER CONDITIONS
 THE FOLLOWING WEATHER WAS RECORDED YESTERDAY.

  THUNDERSTORM
  HAZE


RELATIVE HUMIDITY (PERCENT)
 HIGHEST    61           400 AM
 LOWEST     11           200 PM
 AVERAGE    36

..........................................................


THE MEDFORD OR CLIMATE NORMALS FOR TODAY
                         NORMAL    RECORD    YEAR
 MAXIMUM TEMPERATURE (F)   93       107      2003
 MINIMUM TEMPERATURE (F)   59        44      1963


SUNRISE AND SUNSET
JULY 30 2014..........SUNRISE   602 AM PDT   SUNSET   833 PM PDT
JULY 31 2014..........SUNRISE   603 AM PDT   SUNSET   832 PM PDT


-  INDICATES NEGATIVE NUMBERS.
R  INDICATES RECORD WAS SET OR TIED.
MM INDICATES DATA IS MISSING.
T  INDICATES TRACE AMOUNT.

&&

LOW TEMPERATURE SINCE MIDNIGHT...67 DEGREES
24-HOUR PRECIPITATION............0

$$
