000
CDUS44 KBMX 192125
CLIMGM


CLIMATE REPORT
NATIONAL WEATHER SERVICE BIRMINGHAM, AL
425 PM CDT TUE AUG 19 2014


...................................

...THE MONTGOMERY CLIMATE SUMMARY FOR AUGUST 19 2014...
VALID AS OF 0400 PM LOCAL TIME.

CLIMATE NORMAL PERIOD 1981 TO 2010
CLIMATE RECORD PERIOD 1872 TO 2014


WEATHER ITEM   OBSERVED TIME   RECORD YEAR NORMAL DEPARTURE LAST
                VALUE   (LST)  VALUE       VALUE  FROM      YEAR
                                                  NORMAL
..................................................................
TEMPERATURE (F)
 TODAY
  MAXIMUM         90   1151 AM 101    1999  92     -2       87
                                      1990
                                      1983
  MINIMUM         73    357 AM  61    1976  71      2       70
  AVERAGE         82                        82      0       79

PRECIPITATION (IN)
  TODAY            0.61          3.28 1903   0.13   0.48     0.01
  MONTH TO DATE    3.04                      2.45   0.59     2.78
  SINCE JUN 1     10.49                     11.76  -1.27    15.99
  SINCE JAN 1     39.38                     35.20   4.18    41.70

DEGREE DAYS
 COOLING
  TODAY           17                        16      1       14
  MONTH TO DATE  331                       322      9      309
  SINCE JUN 1   1311                      1262     49     1276
  SINCE JAN 1   1677                      1601     76     1635
..................................................................


WIND (MPH)
  HIGHEST WIND SPEED    26   HIGHEST WIND DIRECTION     W (280)
  HIGHEST GUST SPEED    36   HIGHEST GUST DIRECTION     W (270)
  AVERAGE WIND SPEED     4.7


SKY COVER
  AVERAGE SKY COVER 0.2


WEATHER CONDITIONS
 THE FOLLOWING WEATHER WAS RECORDED TODAY.
  THUNDERSTORM
  HEAVY RAIN
  LIGHT RAIN
  FOG
  HAZE


RELATIVE HUMIDITY (PERCENT)
 HIGHEST    93           500 AM
 LOWEST     63          1100 AM
 AVERAGE    78

..........................................................


THE MONTGOMERY CLIMATE NORMALS FOR TOMORROW
                         NORMAL    RECORD    YEAR
 MAXIMUM TEMPERATURE (F)   92       103      1983
 MINIMUM TEMPERATURE (F)   71        63      1889


SUNRISE AND SUNSET
AUGUST 19 2014........SUNRISE   612 AM CDT   SUNSET   726 PM CDT
AUGUST 20 2014........SUNRISE   613 AM CDT   SUNSET   724 PM CDT


-  INDICATES NEGATIVE NUMBERS.
R  INDICATES RECORD WAS SET OR TIED.
MM INDICATES DATA IS MISSING.
T  INDICATES TRACE AMOUNT.




$$
