000
CDUS44 KBMX 300627
CLIMGM


CLIMATE REPORT
NATIONAL WEATHER SERVICE BIRMINGHAM, AL
125 AM CDT SAT MAY 30 2015


...................................

...THE MONTGOMERY CLIMATE SUMMARY FOR MAY 29 2015...

CLIMATE NORMAL PERIOD 1981 TO 2010
CLIMATE RECORD PERIOD 1994 TO 2015


WEATHER ITEM   OBSERVED TIME   RECORD YEAR NORMAL DEPARTURE LAST
                VALUE   (LST)  VALUE       VALUE  FROM      YEAR
                                                  NORMAL
..................................................................
TEMPERATURE (F)
 YESTERDAY
  MAXIMUM         88    400 PM  96    1962  87      1       79
                                      1937
  MINIMUM         68    410 AM  51    1961  64      4       69
  AVERAGE         78                        76      2       74

PRECIPITATION (IN)
  YESTERDAY        T             2.39 1959   0.11  -0.11      T
  MONTH TO DATE    3.85                      3.31   0.54     5.26
  SINCE MAR 1     12.35                     13.28  -0.93    20.93
  SINCE JAN 1     20.01                     23.21  -3.20    28.60

DEGREE DAYS
 COOLING
  YESTERDAY       13                        11      2        9
  MONTH TO DATE  290                       215     75      239
  SINCE MAR 1    511                       310    201      331
  SINCE JAN 1    511                       316    195      338
..................................................................


WIND (MPH)
  HIGHEST WIND SPEED    14   HIGHEST WIND DIRECTION     E (90)
  HIGHEST GUST SPEED    16   HIGHEST GUST DIRECTION     E (110)
  AVERAGE WIND SPEED     3.7


SKY COVER
  AVERAGE SKY COVER 0.4


WEATHER CONDITIONS
 THE FOLLOWING WEATHER WAS RECORDED YESTERDAY.
  FOG


RELATIVE HUMIDITY (PERCENT)
 HIGHEST    93           300 AM
 LOWEST     43           400 PM
 AVERAGE    68

..........................................................


THE MONTGOMERY CLIMATE NORMALS FOR TODAY
                         NORMAL    RECORD    YEAR
 MAXIMUM TEMPERATURE (F)   87        98      1937
                                             1914
 MINIMUM TEMPERATURE (F)   65        48      1984


SUNRISE AND SUNSET
MAY 30 2015...........SUNRISE   540 AM CDT   SUNSET   746 PM CDT
MAY 31 2015...........SUNRISE   540 AM CDT   SUNSET   747 PM CDT


-  INDICATES NEGATIVE NUMBERS.
R  INDICATES RECORD WAS SET OR TIED.
MM INDICATES DATA IS MISSING.
T  INDICATES TRACE AMOUNT.




$$
