000
CDUS44 KBMX 230830
CLIMGM


CLIMATE REPORT
NATIONAL WEATHER SERVICE BIRMINGHAM, AL
235 AM CDT FRI JUN 23 2017


...................................

...THE MONTGOMERY CLIMATE SUMMARY FOR JUNE 22 2017...

CLIMATE NORMAL PERIOD 1981 TO 2010
CLIMATE RECORD PERIOD 1872 TO 2017


WEATHER ITEM   OBSERVED TIME   RECORD YEAR NORMAL DEPARTURE LAST
                VALUE   (LST)  VALUE       VALUE  FROM      YEAR
                                                  NORMAL
..................................................................
TEMPERATURE (F)
 YESTERDAY
  MAXIMUM         86   1009 AM 101    2006  91     -5       93
                                      1930
                                      1899
  MINIMUM         77    445 AM  57    1976  69      8       66
  AVERAGE         82                        80      2       80

PRECIPITATION (IN)
  YESTERDAY        2.25          2.51 1885   0.15   2.10     0.00
  MONTH TO DATE   11.42                      2.75   8.67     2.42
  SINCE JUN 1     11.42                      2.75   8.67     2.42
  SINCE JAN 1     45.34                     26.19  19.15    24.65

DEGREE DAYS
 COOLING
  YESTERDAY       17                        15      2       15
  MONTH TO DATE  310                       294     16      363
  SINCE JUN 1    310                       294     16      363
  SINCE JAN 1    892                       633    259      824
..................................................................


WIND (MPH)
  HIGHEST WIND SPEED    14   HIGHEST WIND DIRECTION    SE (150)
  HIGHEST GUST SPEED    32   HIGHEST GUST DIRECTION    SW (210)
  AVERAGE WIND SPEED     9.1


SKY COVER
  AVERAGE SKY COVER 0.7


WEATHER CONDITIONS
 THE FOLLOWING WEATHER WAS RECORDED YESTERDAY.
  THUNDERSTORM
  HEAVY RAIN
  RAIN
  LIGHT RAIN
  FOG
  HAZE


RELATIVE HUMIDITY (PERCENT)
 HIGHEST    88           300 AM
 LOWEST     70          1000 AM
 AVERAGE    79

..........................................................


THE MONTGOMERY CLIMATE NORMALS FOR TODAY
                         NORMAL    RECORD    YEAR
 MAXIMUM TEMPERATURE (F)   91       102      1930
 MINIMUM TEMPERATURE (F)   70        57      1972


SUNRISE AND SUNSET
JUNE 23 2017..........SUNRISE   540 AM CDT   SUNSET   756 PM CDT
JUNE 24 2017..........SUNRISE   540 AM CDT   SUNSET   756 PM CDT


-  INDICATES NEGATIVE NUMBERS.
R  INDICATES RECORD WAS SET OR TIED.
MM INDICATES DATA IS MISSING.
T  INDICATES TRACE AMOUNT.




$$
