000
CDUS44 KBMX 200956
CLIMGM


CLIMATE REPORT
NATIONAL WEATHER SERVICE BIRMINGHAM, AL
456 AM CDT MON OCT 20 2014


...................................

...THE MONTGOMERY CLIMATE SUMMARY FOR OCTOBER 19 2014...

CLIMATE NORMAL PERIOD 1981 TO 2010
CLIMATE RECORD PERIOD 1872 TO 2014


WEATHER ITEM   OBSERVED TIME   RECORD YEAR NORMAL DEPARTURE LAST
                VALUE   (LST)  VALUE       VALUE  FROM      YEAR
                                                  NORMAL
..................................................................
TEMPERATURE (F)
 YESTERDAY
  MAXIMUM         76    346 PM  88    1993  77     -1       67
                                      1938
                                      1899
  MINIMUM         45    608 AM  34    1948  52     -7       54
  AVERAGE         61                        65     -4       61

PRECIPITATION (IN)
  YESTERDAY        0.00          1.83 1918   0.08  -0.08     0.05
  MONTH TO DATE    2.12                      1.77   0.35     0.43
  SINCE SEP 1      2.74                      5.74  -3.00     1.91
  SINCE JAN 1     42.49                     42.45   0.04    44.92

SNOWFALL (IN)
  YESTERDAY        0.0                       0.0    0.0      0.0
  MONTH TO DATE    0.0                       0.0    0.0      0.0
  SINCE SEP 1      0.0                       0.0    0.0      0.0
  SINCE JUL 1      0.0                       0.0    0.0      0.0
  SNOW DEPTH       0

DEGREE DAYS
 HEATING
  YESTERDAY        4                         3      1        4
  MONTH TO DATE   15                        34    -19        4
  SINCE SEP 1     15                        38    -23        4
  SINCE JUL 1     15                        38    -23        4

 COOLING
  YESTERDAY        0                         3     -3        0
  MONTH TO DATE  129                        88     41      138
  SINCE SEP 1    574                       429    145      540
  SINCE JAN 1   2473                      2218    255     2362
..................................................................


WIND (MPH)
  HIGHEST WIND SPEED    15   HIGHEST WIND DIRECTION     N (20)
  HIGHEST GUST SPEED    20   HIGHEST GUST DIRECTION     N (20)
  AVERAGE WIND SPEED     3.2


SKY COVER
  AVERAGE SKY COVER 0.0


WEATHER CONDITIONS
 THE FOLLOWING WEATHER WAS RECORDED YESTERDAY.
  NO SIGNIFICANT WEATHER WAS OBSERVED.


RELATIVE HUMIDITY (PERCENT)
 HIGHEST    89          1100 PM
 LOWEST     33           400 PM
 AVERAGE    61

..........................................................


THE MONTGOMERY CLIMATE NORMALS FOR TODAY
                         NORMAL    RECORD    YEAR
 MAXIMUM TEMPERATURE (F)   77        88      1993
                                             1985
                                             1910
 MINIMUM TEMPERATURE (F)   52        32      1989


SUNRISE AND SUNSET
OCTOBER 20 2014.......SUNRISE   653 AM CDT   SUNSET   607 PM CDT
OCTOBER 21 2014.......SUNRISE   654 AM CDT   SUNSET   606 PM CDT


-  INDICATES NEGATIVE NUMBERS.
R  INDICATES RECORD WAS SET OR TIED.
MM INDICATES DATA IS MISSING.
T  INDICATES TRACE AMOUNT.




$$
