000
CDUS44 KBMX 210839
CLIMGM


CLIMATE REPORT
NATIONAL WEATHER SERVICE BIRMINGHAM, AL
239 AM CST TUE NOV 21 2017


...................................

...THE MONTGOMERY CLIMATE SUMMARY FOR NOVEMBER 20 2017...

CLIMATE NORMAL PERIOD 1981 TO 2010
CLIMATE RECORD PERIOD 1872 TO 2017


WEATHER ITEM   OBSERVED TIME   RECORD YEAR NORMAL DEPARTURE LAST
                VALUE   (LST)  VALUE       VALUE  FROM      YEAR
                                                  NORMAL
..................................................................
TEMPERATURE (F)
 YESTERDAY
  MAXIMUM         59    240 PM  81    1900  68     -9       62
  MINIMUM         28    638 AM  18    1914  43    -15       33
  AVERAGE         44                        55    -11       48

PRECIPITATION (IN)
  YESTERDAY        0.00          1.71 1983   0.16  -0.16     0.00
  MONTH TO DATE    0.66                      2.91  -2.25      T
  SINCE SEP 1      8.55                      9.80  -1.25     2.36
  SINCE JAN 1     67.15                     46.51  20.64    35.40

SNOWFALL (IN)
  YESTERDAY        0.0                       0.0    0.0      0.0
  MONTH TO DATE    0.0                       0.0    0.0      0.0
  SINCE SEP 1      0.0                       0.0    0.0      0.0
  SINCE JUL 1      0.0                       0.0    0.0      0.0
  SNOW DEPTH       0

DEGREE DAYS
 HEATING
  YESTERDAY       21                        10     11       17
  MONTH TO DATE  144                       160    -16       88
  SINCE SEP 1    214                       251    -37      100
  SINCE JUL 1    214                       251    -37      100
..................................................................


WIND (MPH)
  HIGHEST WIND SPEED     9   HIGHEST WIND DIRECTION     E (100)
  HIGHEST GUST SPEED    13   HIGHEST GUST DIRECTION     E (100)
  AVERAGE WIND SPEED     2.4


SKY COVER
  AVERAGE SKY COVER 0.0


WEATHER CONDITIONS
 THE FOLLOWING WEATHER WAS RECORDED YESTERDAY.
  HAZE


RELATIVE HUMIDITY (PERCENT)
 HIGHEST    85           200 AM
 LOWEST     33           200 PM
 AVERAGE    59

..........................................................


THE MONTGOMERY CLIMATE NORMALS FOR TODAY
                         NORMAL    RECORD    YEAR
 MAXIMUM TEMPERATURE (F)   67        83      2011
 MINIMUM TEMPERATURE (F)   42        21      1887


SUNRISE AND SUNSET
NOVEMBER 21 2017......SUNRISE   620 AM CST   SUNSET   442 PM CST
NOVEMBER 22 2017......SUNRISE   621 AM CST   SUNSET   442 PM CST


-  INDICATES NEGATIVE NUMBERS.
R  INDICATES RECORD WAS SET OR TIED.
MM INDICATES DATA IS MISSING.
T  INDICATES TRACE AMOUNT.




$$
