000
CDUS44 KBMX 262215
CLIMGM


CLIMATE REPORT
NATIONAL WEATHER SERVICE BIRMINGHAM, AL
415 PM CST FRI DEC 26 2014


...................................

...THE MONTGOMERY CLIMATE SUMMARY FOR DECEMBER 26 2014...
VALID AS OF 0400 PM LOCAL TIME.

CLIMATE NORMAL PERIOD 1981 TO 2010
CLIMATE RECORD PERIOD 1872 TO 2014


WEATHER ITEM   OBSERVED TIME   RECORD YEAR NORMAL DEPARTURE LAST
                VALUE   (LST)  VALUE       VALUE  FROM      YEAR
                                                  NORMAL
..................................................................
TEMPERATURE (F)
 TODAY
  MAXIMUM         61    209 PM  80    1987  58      3       60
  MINIMUM         32    252 AM   8    1983  36     -4       35
  AVERAGE         47                        47      0       48

PRECIPITATION (IN)
  TODAY            0.00          1.88 1964   0.15  -0.15     0.00
  MONTH TO DATE    3.20                      4.14  -0.94     7.18
  SINCE DEC 1      3.20                      4.14  -0.94     7.18
  SINCE JAN 1     46.91                     52.35  -5.44    54.44

SNOWFALL (IN)
  TODAY            0.0                       0.0    0.0      0.0
  MONTH TO DATE    0.0                       0.1   -0.1      0.0
  SINCE DEC 1      0.0                       0.1   -0.1      0.0
  SINCE JUL 1      0.0                       0.1   -0.1      0.0
  SNOW DEPTH       0

..................................................................


WIND (MPH)
  HIGHEST WIND SPEED     8   HIGHEST WIND DIRECTION     E (70)
  HIGHEST GUST SPEED    12   HIGHEST GUST DIRECTION    NE (60)
  AVERAGE WIND SPEED     2.1


SKY COVER
  AVERAGE SKY COVER 0.0


WEATHER CONDITIONS
 THE FOLLOWING WEATHER WAS RECORDED TODAY.
  FOG


RELATIVE HUMIDITY (PERCENT)
 HIGHEST    89          1200 AM
 LOWEST     39           300 PM
 AVERAGE    64

..........................................................


THE MONTGOMERY CLIMATE NORMALS FOR TOMORROW
                         NORMAL    RECORD    YEAR
 MAXIMUM TEMPERATURE (F)   57        80      1987
                                             1982
 MINIMUM TEMPERATURE (F)   36        17      1902


SUNRISE AND SUNSET
DECEMBER 26 2014......SUNRISE   645 AM CST   SUNSET   447 PM CST
DECEMBER 27 2014......SUNRISE   645 AM CST   SUNSET   448 PM CST


-  INDICATES NEGATIVE NUMBERS.
R  INDICATES RECORD WAS SET OR TIED.
MM INDICATES DATA IS MISSING.
T  INDICATES TRACE AMOUNT.




$$
