000
CDUS44 KBMX 230015
CLIMGM


CLIMATE REPORT
NATIONAL WEATHER SERVICE BIRMINGHAM, AL
715 PM CDT MON SEP 22 2014


...................................

...THE MONTGOMERY CLIMATE SUMMARY FOR SEPTEMBER 22 2014...
VALID TODAY AS OF 0700 PM LOCAL TIME.

CLIMATE NORMAL PERIOD 1981 TO 2010
CLIMATE RECORD PERIOD 1872 TO 2014


WEATHER ITEM   OBSERVED TIME   RECORD YEAR NORMAL DEPARTURE LAST
                VALUE   (LST)  VALUE       VALUE  FROM      YEAR
                                                  NORMAL
..................................................................
TEMPERATURE (F)
 TODAY
  MAXIMUM         87    212 PM  99    1925  86      1       85
  MINIMUM         68   1009 AM  44    1983  63      5       64
  AVERAGE         78                        74      4       75

PRECIPITATION (IN)
  TODAY            0.02          2.16 2011   0.12  -0.10     0.00
  MONTH TO DATE    0.53                      2.98  -2.45     1.10
  SINCE SEP 1      0.53                      2.98  -2.45     1.10
  SINCE JAN 1     40.28                     39.69   0.59    44.11

DEGREE DAYS

 COOLING
  TODAY           13                        10      3       10
  MONTH TO DATE  373                       277     96      334
  SINCE SEP 1    373                       277     96      334
  SINCE JAN 1   2272                      2066    206     2156
..................................................................


WIND (MPH)
  HIGHEST WIND SPEED    16   HIGHEST WIND DIRECTION     N (10)
  HIGHEST GUST SPEED    21   HIGHEST GUST DIRECTION     N (340)
  AVERAGE WIND SPEED     5.2


SKY COVER
  AVERAGE SKY COVER 0.4


WEATHER CONDITIONS
 THE FOLLOWING WEATHER WAS RECORDED TODAY.
  LIGHT RAIN
  FOG
  HAZE


RELATIVE HUMIDITY (PERCENT)
 HIGHEST    84           400 AM
 LOWEST     32           300 PM
 AVERAGE    58

..........................................................


THE MONTGOMERY CLIMATE NORMALS FOR TOMORROW
                         NORMAL    RECORD    YEAR
 MAXIMUM TEMPERATURE (F)   85        97      1931
 MINIMUM TEMPERATURE (F)   63        43      1999


SUNRISE AND SUNSET
SEPTEMBER 22 2014.....SUNRISE   634 AM CDT   SUNSET   642 PM CDT
SEPTEMBER 23 2014.....SUNRISE   634 AM CDT   SUNSET   641 PM CDT


-  INDICATES NEGATIVE NUMBERS.
R  INDICATES RECORD WAS SET OR TIED.
MM INDICATES DATA IS MISSING.
T  INDICATES TRACE AMOUNT.




$$
