000
CDUS44 KBMX 230016
CLIMGM


CLIMATE REPORT
NATIONAL WEATHER SERVICE BIRMINGHAM, AL
716 PM CDT TUE APR 22 2014


...................................

...THE MONTGOMERY CLIMATE SUMMARY FOR APRIL 22 2014...
VALID TODAY AS OF 0700 PM LOCAL TIME.

CLIMATE NORMAL PERIOD 1981 TO 2010
CLIMATE RECORD PERIOD 1872 TO 2014


WEATHER ITEM   OBSERVED TIME   RECORD YEAR NORMAL DEPARTURE LAST
                VALUE   (LST)  VALUE       VALUE  FROM      YEAR
                                                  NORMAL
..................................................................
TEMPERATURE (F)
 TODAY
  MAXIMUM         78    147 PM  91    1987  78      0       76
  MINIMUM         59    548 AM  38    1993  53      6       55
  AVERAGE         69                        66      3       66

PRECIPITATION (IN)
  TODAY            0.00          3.36 1928   0.12  -0.12     0.00
  MONTH TO DATE    7.94                      3.14   4.80     3.88
  SINCE MAR 1     13.46                      9.09   4.37     7.25
  SINCE JAN 1     21.13                     19.02   2.11    24.02

SNOWFALL (IN)
  TODAY            0.0                       0.0    0.0      0.0
  MONTH TO DATE    0.0                       0.0    0.0      0.0
  SINCE MAR 1      0.0                       0.3   -0.3      0.0
  SINCE JUL 1      0.5                       0.4    0.1      0.0
  SNOW DEPTH       0

DEGREE DAYS

 COOLING
  TODAY            4                         3      1        1
  MONTH TO DATE   34                        44    -10       70
  SINCE MAR 1     37                        67    -30       81
  SINCE JAN 1     44                        73    -29      103
..................................................................


WIND (MPH)
  HIGHEST WIND SPEED    16   HIGHEST WIND DIRECTION     W (260)
  HIGHEST GUST SPEED    21   HIGHEST GUST DIRECTION     W (270)
  AVERAGE WIND SPEED     5.2


SKY COVER
  AVERAGE SKY COVER 0.5


WEATHER CONDITIONS
 THE FOLLOWING WEATHER WAS RECORDED TODAY.
  FOG


RELATIVE HUMIDITY (PERCENT)
 HIGHEST    90          1200 AM
 LOWEST     56           200 PM
 AVERAGE    73

..........................................................


THE MONTGOMERY CLIMATE NORMALS FOR TOMORROW
                         NORMAL    RECORD    YEAR
 MAXIMUM TEMPERATURE (F)   78        90      1896
 MINIMUM TEMPERATURE (F)   54        36      1993


SUNRISE AND SUNSET
APRIL 22 2014.........SUNRISE   609 AM CDT   SUNSET   720 PM CDT
APRIL 23 2014.........SUNRISE   607 AM CDT   SUNSET   721 PM CDT


-  INDICATES NEGATIVE NUMBERS.
R  INDICATES RECORD WAS SET OR TIED.
MM INDICATES DATA IS MISSING.
T  INDICATES TRACE AMOUNT.




$$
