000
CDUS44 KBMX 020831
CLIMGM


CLIMATE REPORT
NATIONAL WEATHER SERVICE BIRMINGHAM, AL
330 AM CDT MON MAY 2 2016


...................................

...THE MONTGOMERY CLIMATE SUMMARY FOR MAY 1 2016...

CLIMATE NORMAL PERIOD 1981 TO 2010
CLIMATE RECORD PERIOD 1872 TO 2016


WEATHER ITEM   OBSERVED TIME   RECORD YEAR NORMAL DEPARTURE LAST
                VALUE   (LST)  VALUE       VALUE  FROM      YEAR
                                                  NORMAL
..................................................................
TEMPERATURE (F)
 YESTERDAY
  MAXIMUM         85   1230 PM  92    1901  80      5       77
  MINIMUM         69   1159 PM  44    1999  56     13       52
                                      1996
                                      1908
  AVERAGE         77                        68      9       65

PRECIPITATION (IN)
  YESTERDAY        0.00          3.47 1873   0.11  -0.11     0.00
  MONTH TO DATE    0.00                      0.11  -0.11     0.00
  SINCE MAR 1     10.84                     10.08   0.76     8.50
  SINCE JAN 1     21.50                     20.01   1.49    16.16

SNOWFALL (IN)
  YESTERDAY        0.0                       0.0    0.0      0.0
  MONTH TO DATE    0.0                       0.0    0.0      0.0
  SINCE MAR 1      0.0                       0.3   -0.3      0.0
  SINCE JUL 1      T                         0.4   -0.4      0.0
  SNOW DEPTH       0

DEGREE DAYS
 HEATING
  YESTERDAY        0                         1     -1        0
  MONTH TO DATE    0                         1     -1        0
  SINCE MAR 1    159                       355   -196      165
  SINCE JUL 1   1484                      2227   -743     2135

 COOLING
  YESTERDAY       12                         4      8        0
  MONTH TO DATE   12                         4      8        0
  SINCE MAR 1    185                        99     86      221
  SINCE JAN 1    198                       105     93      221
..................................................................


WIND (MPH)
  HIGHEST WIND SPEED    26   HIGHEST WIND DIRECTION     W (290)
  HIGHEST GUST SPEED    34   HIGHEST GUST DIRECTION     W (290)
  AVERAGE WIND SPEED     4.5


SKY COVER
  AVERAGE SKY COVER 0.4


WEATHER CONDITIONS
 THE FOLLOWING WEATHER WAS RECORDED YESTERDAY.
  NO SIGNIFICANT WEATHER WAS OBSERVED.


RELATIVE HUMIDITY (PERCENT)
 HIGHEST    90           300 AM
 LOWEST     55          1100 AM
 AVERAGE    73

..........................................................


THE MONTGOMERY CLIMATE NORMALS FOR TODAY
                         NORMAL    RECORD    YEAR
 MAXIMUM TEMPERATURE (F)   81        93      1948
 MINIMUM TEMPERATURE (F)   56        44      2005
                                             1963
                                             1909


SUNRISE AND SUNSET
MAY  2 2016...........SUNRISE   558 AM CDT   SUNSET   728 PM CDT
MAY  3 2016...........SUNRISE   557 AM CDT   SUNSET   728 PM CDT


-  INDICATES NEGATIVE NUMBERS.
R  INDICATES RECORD WAS SET OR TIED.
MM INDICATES DATA IS MISSING.
T  INDICATES TRACE AMOUNT.




$$
