000
CDUS41 KPBZ 300701
CLIMGW


CLIMATE REPORT
NATIONAL WEATHER SERVICE PITTSBURGH PA
301 AM EDT MON MAY 30 2016


...................................

...THE MORGANTOWN WV CLIMATE SUMMARY FOR MAY 29 2016...

CLIMATE NORMAL PERIOD 1981 TO 2010
CLIMATE RECORD PERIOD 1948 TO 2016


WEATHER ITEM   OBSERVED TIME   RECORD YEAR NORMAL DEPARTURE LAST
                VALUE   (LST)  VALUE       VALUE  FROM      YEAR
                                                  NORMAL
..................................................................
TEMPERATURE (F)
 YESTERDAY
  MAXIMUM         80   1205 PM  89    2015  75      5       89
                                      1991
  MINIMUM         65   1159 PM  32    1949  54     11       66
  AVERAGE         73                        64      9       78

PRECIPITATION (IN)
  YESTERDAY        0.01         MM      MM   0.16  -0.15     0.07
  MONTH TO DATE    5.21                      4.30   0.91     1.18
  SINCE JUN 1     39.58                     41.52  -1.94    43.44
  SINCE JAN 1     16.04                     16.88  -0.84    17.21

DEGREE DAYS
 HEATING
  YESTERDAY        0                         3     -3        0
  MONTH TO DATE  171                       164      7       84
  SINCE MAR 1    942                      1258   -316     1158
  SINCE JUL 1   4036                      5147  -1111     5282

 COOLING
  YESTERDAY        8                         3      5       13
  MONTH TO DATE   53                        46      7      155
  SINCE MAR 1     59                        62     -3      163
  SINCE JAN 1     59                        62     -3      163
..................................................................


WIND (MPH)
  HIGHEST WIND SPEED    15   HIGHEST WIND DIRECTION    SE (150)
  HIGHEST GUST SPEED    18   HIGHEST GUST DIRECTION    SE (150)
  AVERAGE WIND SPEED     3.2


SKY COVER
  POSSIBLE SUNSHINE  MM
  AVERAGE SKY COVER 0.4


WEATHER CONDITIONS
 THE FOLLOWING WEATHER WAS RECORDED YESTERDAY.
  LIGHT RAIN
  FOG
  HAZE


RELATIVE HUMIDITY (PERCENT)
 HIGHEST    87           400 AM
 LOWEST     56           900 AM
 AVERAGE    72

..........................................................


THE MORGANTOWN WV CLIMATE NORMALS FOR TODAY
                         NORMAL    RECORD    YEAR
 MAXIMUM TEMPERATURE (F)   75        93      2006
 MINIMUM TEMPERATURE (F)   54        35      1961


SUNRISE AND SUNSET
MAY 30 2016...........SUNRISE   555 AM EDT   SUNSET   840 PM EDT
MAY 31 2016...........SUNRISE   554 AM EDT   SUNSET   841 PM EDT


-  INDICATES NEGATIVE NUMBERS.
R  INDICATES RECORD WAS SET OR TIED.
MM INDICATES DATA IS MISSING.
T  INDICATES TRACE AMOUNT.




$$
