000
CDUS41 KPBZ 300704
CLIMGW


CLIMATE REPORT
NATIONAL WEATHER SERVICE PITTSBURGH PA
303 AM EDT MON MAR 30 2015


...................................

...THE MORGANTOWN WV CLIMATE SUMMARY FOR MARCH 29 2015...

CLIMATE NORMAL PERIOD 1981 TO 2010
CLIMATE RECORD PERIOD 1948 TO 2015


WEATHER ITEM   OBSERVED TIME   RECORD YEAR NORMAL DEPARTURE LAST
                VALUE   (LST)  VALUE       VALUE  FROM      YEAR
                                                  NORMAL
..................................................................
TEMPERATURE (F)
 YESTERDAY
  MAXIMUM         46   1159 PM  83    1977  57    -11       63
  MINIMUM         14R   540 AM  20    1966  36    -22       38
  AVERAGE         30                        47    -17       51

PRECIPITATION (IN)
  YESTERDAY        0.01         MM      MM   0.13  -0.12     1.00
  MONTH TO DATE    6.17                      3.40   2.77     2.46
  SINCE JUN 1     36.69                     33.45   3.24    36.06
  SINCE JAN 1     10.46                      8.81   1.65     7.63

DEGREE DAYS
 HEATING
  YESTERDAY       35                        19     16       14
  MONTH TO DATE  731                       676     55      817
  SINCE MAR 1    731                       676     55      817
  SINCE JUL 1   4855                      4565    290     4943

 COOLING
  YESTERDAY        0                         0      0        0
  MONTH TO DATE    0                         0      0        0
  SINCE MAR 1      0                         0      0        0
  SINCE JAN 1      0                         0      0        0
..................................................................


WIND (MPH)
  HIGHEST WIND SPEED    21   HIGHEST WIND DIRECTION    SW (230)
  HIGHEST GUST SPEED    30   HIGHEST GUST DIRECTION    SW (230)
  AVERAGE WIND SPEED     5.6


SKY COVER
  POSSIBLE SUNSHINE  MM
  AVERAGE SKY COVER 0.2


WEATHER CONDITIONS
 THE FOLLOWING WEATHER WAS RECORDED YESTERDAY.
  LIGHT RAIN


RELATIVE HUMIDITY (PERCENT)
 HIGHEST    67           400 AM
 LOWEST     18           600 PM
 AVERAGE    43

..........................................................


THE MORGANTOWN WV CLIMATE NORMALS FOR TODAY
                         NORMAL    RECORD    YEAR
 MAXIMUM TEMPERATURE (F)   58        82      1986
 MINIMUM TEMPERATURE (F)   37        12      1970


SUNRISE AND SUNSET
MARCH 30 2015.........SUNRISE   707 AM EDT   SUNSET   742 PM EDT
MARCH 31 2015.........SUNRISE   706 AM EDT   SUNSET   742 PM EDT


-  INDICATES NEGATIVE NUMBERS.
R  INDICATES RECORD WAS SET OR TIED.
MM INDICATES DATA IS MISSING.
T  INDICATES TRACE AMOUNT.




$$
