000
CDUS41 KPBZ 230702
CLIMGW


CLIMATE REPORT
NATIONAL WEATHER SERVICE PITTSBURGH PA
301 AM EDT SAT SEP 23 2017


...................................

...THE MORGANTOWN WV CLIMATE SUMMARY FOR SEPTEMBER 22 2017...

CLIMATE NORMAL PERIOD 1981 TO 2010
CLIMATE RECORD PERIOD 1872 TO 2017


WEATHER ITEM   OBSERVED TIME   RECORD YEAR NORMAL DEPARTURE LAST
                VALUE   (LST)  VALUE       VALUE  FROM      YEAR
                                                  NORMAL
..................................................................
TEMPERATURE (F)
 YESTERDAY
  MAXIMUM         85    250 PM  91    1965  73     12       88
  MINIMUM         59    541 AM  34    1904  52      7       60
  AVERAGE         72                        63      9       74

PRECIPITATION (IN)
  YESTERDAY        0.00          2.90 1919   0.11  -0.11     0.00
  MONTH TO DATE    1.80                      2.35  -0.55     0.75
  SINCE JUN 1     17.32                     14.63   2.69    16.15
  SINCE JAN 1     40.41                     31.82   8.59    32.19

DEGREE DAYS
 HEATING
  YESTERDAY        0                         4     -4        0
  MONTH TO DATE   49                        44      5        0
  SINCE SEP 1     49                        44      5        0
  SINCE JUL 1     51                        55     -4        0

 COOLING
  YESTERDAY        7                         2      5        9
  MONTH TO DATE   65                        80    -15      195
  SINCE SEP 1     65                        80    -15      195
  SINCE JAN 1    818                       789     29     1206
..................................................................


WIND (MPH)
  HIGHEST WIND SPEED     9   HIGHEST WIND DIRECTION     N (360)
  HIGHEST GUST SPEED    13   HIGHEST GUST DIRECTION     N (350)
  AVERAGE WIND SPEED     1.6


SKY COVER
  POSSIBLE SUNSHINE  MM
  AVERAGE SKY COVER 0.0


WEATHER CONDITIONS
 THE FOLLOWING WEATHER WAS RECORDED YESTERDAY.
  FOG


RELATIVE HUMIDITY (PERCENT)
 HIGHEST    97           200 AM
 LOWEST     43           300 PM
 AVERAGE    70

..........................................................


THE MORGANTOWN WV CLIMATE NORMALS FOR TODAY
                         NORMAL    RECORD    YEAR
 MAXIMUM TEMPERATURE (F)   73       102      1893
 MINIMUM TEMPERATURE (F)   52        32      1947


SUNRISE AND SUNSET
SEPTEMBER 23 2017.....SUNRISE   708 AM EDT   SUNSET   715 PM EDT
SEPTEMBER 24 2017.....SUNRISE   709 AM EDT   SUNSET   713 PM EDT


-  INDICATES NEGATIVE NUMBERS.
R  INDICATES RECORD WAS SET OR TIED.
MM INDICATES DATA IS MISSING.
T  INDICATES TRACE AMOUNT.




$$
