000
CDUS41 KPBZ 302112
CLIMGW


CLIMATE REPORT
NATIONAL WEATHER SERVICE PITTSBURGH PA
512 PM EDT FRI SEP 30 2016


...................................

...THE MORGANTOWN WV CLIMATE SUMMARY FOR SEPTEMBER 30 2016...
VALID TODAY AS OF 0500 PM LOCAL TIME.

CLIMATE NORMAL PERIOD 1981 TO 2010
CLIMATE RECORD PERIOD 1948 TO 2016


WEATHER ITEM   OBSERVED TIME   RECORD YEAR NORMAL DEPARTURE LAST
                VALUE   (LST)  VALUE       VALUE  FROM      YEAR
                                                  NORMAL
..................................................................
TEMPERATURE (F)
 TODAY
  MAXIMUM         69   1132 AM  91    1953  70     -1       69
  MINIMUM         61    301 PM  33    1992  49     12       59
  AVERAGE         65                        60      5       64

PRECIPITATION (IN)
  TODAY            0.56         MM      MM   0.11   0.45     0.47
  MONTH TO DATE    3.15                      3.21  -0.06     3.60
  SINCE JUN 1     18.55                     15.49   3.06    15.44
  SINCE JAN 1     34.59                     32.68   1.91    32.69

DEGREE DAYS
 HEATING
  TODAY            0                         7     -7        1
  MONTH TO DATE    4                        88    -84       14
  SINCE SEP 1      4                        86    -82       14
  SINCE JUL 1      4                        97    -93       15

 COOLING
  TODAY            0                         1     -1        0
  MONTH TO DATE  222                        92    130      198
  SINCE SEP 1    222                        92    130      198
  SINCE JAN 1   1233                       801    432     1202
..................................................................


WIND (MPH)
  RESULTANT WIND SPEED   6   RESULTANT WIND DIRECTION   E (80)
  HIGHEST WIND SPEED    17   HIGHEST WIND DIRECTION    SE (140)
  HIGHEST GUST SPEED    26   HIGHEST GUST DIRECTION    SE (150)
  AVERAGE WIND SPEED     7.3


SKY COVER
  POSSIBLE SUNSHINE  MM
  AVERAGE SKY COVER 0.8


WEATHER CONDITIONS
 THE FOLLOWING WEATHER WAS RECORDED TODAY.
  HEAVY RAIN
  RAIN
  LIGHT RAIN
  FOG


RELATIVE HUMIDITY (PERCENT)
 HIGHEST    90           300 PM
 LOWEST     63          1200 PM
 AVERAGE    77

..........................................................


THE MORGANTOWN WV CLIMATE NORMALS FOR TOMORROW
                         NORMAL    RECORD    YEAR
 MAXIMUM TEMPERATURE (F)   70        85      1952
 MINIMUM TEMPERATURE (F)   49        26      1993


SUNRISE AND SUNSET
SEPTEMBER 30 2016.....SUNRISE   715 AM EDT   SUNSET   703 PM EDT
OCTOBER  1 2016.......SUNRISE   716 AM EDT   SUNSET   701 PM EDT


-  INDICATES NEGATIVE NUMBERS.
R  INDICATES RECORD WAS SET OR TIED.
MM INDICATES DATA IS MISSING.
T  INDICATES TRACE AMOUNT.




$$
