000
CDUS41 KPBZ 232140
CLIMGW


CLIMATE REPORT
NATIONAL WEATHER SERVICE PITTSBURGH PA
540 PM EDT THU OCT 23 2014


...................................

...THE MORGANTOWN WV CLIMATE SUMMARY FOR OCTOBER 23 2014...
VALID TODAY AS OF 0500 PM LOCAL TIME.

CLIMATE NORMAL PERIOD 1981 TO 2010
CLIMATE RECORD PERIOD 1948 TO 2014


WEATHER ITEM   OBSERVED TIME   RECORD YEAR NORMAL DEPARTURE LAST
                VALUE   (LST)  VALUE       VALUE  FROM      YEAR
                                                  NORMAL
..................................................................
TEMPERATURE (F)
 TODAY
  MAXIMUM         61    352 PM  80    1991  63     -2       42
  MINIMUM         47    523 AM  23    1969  42      5       37
  AVERAGE         54                        52      2       40

PRECIPITATION (IN)
  TODAY            0.00         MM      MM   0.09  -0.09     0.29
  MONTH TO DATE    3.73                      2.05   1.68     1.67
  SINCE JUN 1     21.04                     17.54   3.50    20.22
  SINCE JAN 1     36.53                     34.73   1.80    32.86

DEGREE DAYS
 HEATING
  TODAY           11                        13     -2       25
  MONTH TO DATE  187                       231    -44      161
  SINCE SEP 1    245                       317    -72      240
  SINCE JUL 1    251                       328    -77      249

 COOLING
  TODAY            0                         0      0        0
  MONTH TO DATE   13                        10      3       36
  SINCE SEP 1    143                       102     41      120
  SINCE JAN 1    976                       811    165      906
..................................................................


WIND (MPH)
  RESULTANT WIND SPEED   4   RESULTANT WIND DIRECTION  NW (320)
  HIGHEST WIND SPEED    10   HIGHEST WIND DIRECTION     W (280)
  HIGHEST GUST SPEED    18   HIGHEST GUST DIRECTION    NW (320)
  AVERAGE WIND SPEED     5.4


SKY COVER
  POSSIBLE SUNSHINE  MM
  AVERAGE SKY COVER 1.0


WEATHER CONDITIONS
 THE FOLLOWING WEATHER WAS RECORDED TODAY.
  NO SIGNIFICANT WEATHER WAS OBSERVED.


RELATIVE HUMIDITY (PERCENT)
 HIGHEST    77           800 AM
 LOWEST     49           300 PM
 AVERAGE    63

..........................................................


THE MORGANTOWN WV CLIMATE NORMALS FOR TOMORROW
                         NORMAL    RECORD    YEAR
 MAXIMUM TEMPERATURE (F)   62        83      1975
 MINIMUM TEMPERATURE (F)   42        17      1969


SUNRISE AND SUNSET
OCTOBER 23 2014.......SUNRISE   738 AM EDT   SUNSET   629 PM EDT
OCTOBER 24 2014.......SUNRISE   739 AM EDT   SUNSET   628 PM EDT


-  INDICATES NEGATIVE NUMBERS.
R  INDICATES RECORD WAS SET OR TIED.
MM INDICATES DATA IS MISSING.
T  INDICATES TRACE AMOUNT.




$$
