000
CDUS41 KPBZ 290702
CLIMGW


CLIMATE REPORT
NATIONAL WEATHER SERVICE PITTSBURGH PA
302 AM EDT WED JUL 29 2015


...................................

...THE MORGANTOWN WV CLIMATE SUMMARY FOR JULY 28 2015...

CLIMATE NORMAL PERIOD 1981 TO 2010
CLIMATE RECORD PERIOD 1948 TO 2015


WEATHER ITEM   OBSERVED TIME   RECORD YEAR NORMAL DEPARTURE LAST
                VALUE   (LST)  VALUE       VALUE  FROM      YEAR
                                                  NORMAL
..................................................................
TEMPERATURE (F)
 YESTERDAY
  MAXIMUM         91    228 PM  96    1952  83      8       73
  MINIMUM         70    558 AM  52    1962  63      7       58
  AVERAGE         81                        73      8       66

PRECIPITATION (IN)
  YESTERDAY        0.02         MM      MM   0.14  -0.12      T
  MONTH TO DATE    3.39                      4.23  -0.84     5.43
  SINCE JUN 1      9.54                      8.34   1.20     9.95
  SINCE JAN 1     26.79                     25.53   1.26    25.44

DEGREE DAYS
 HEATING
  YESTERDAY        0                         0      0        0
  MONTH TO DATE    0                         0      0        0
  SINCE JUN 1     13                        31    -18        2
  SINCE JUL 1      0                         0      0        0

 COOLING
  YESTERDAY       16                         8      8        1
  MONTH TO DATE  291                       224     67      233
  SINCE JUN 1    513                       386    127      473
  SINCE JAN 1    697                       453    244      582
..................................................................


WIND (MPH)
  HIGHEST WIND SPEED    12   HIGHEST WIND DIRECTION    NE (40)
  HIGHEST GUST SPEED    15   HIGHEST GUST DIRECTION    NE (40)
  AVERAGE WIND SPEED     3.3


SKY COVER
  POSSIBLE SUNSHINE  MM
  AVERAGE SKY COVER 0.3


WEATHER CONDITIONS
 THE FOLLOWING WEATHER WAS RECORDED YESTERDAY.
  LIGHT RAIN
  HAZE


RELATIVE HUMIDITY (PERCENT)
 HIGHEST    84          1200 AM
 LOWEST     44           200 PM
 AVERAGE    64

..........................................................


THE MORGANTOWN WV CLIMATE NORMALS FOR TODAY
                         NORMAL    RECORD    YEAR
 MAXIMUM TEMPERATURE (F)   83        94      1953
 MINIMUM TEMPERATURE (F)   63        50      1965


SUNRISE AND SUNSET
JULY 29 2015..........SUNRISE   616 AM EDT   SUNSET   836 PM EDT
JULY 30 2015..........SUNRISE   617 AM EDT   SUNSET   835 PM EDT


-  INDICATES NEGATIVE NUMBERS.
R  INDICATES RECORD WAS SET OR TIED.
MM INDICATES DATA IS MISSING.
T  INDICATES TRACE AMOUNT.




$$
