000
CDUS41 KPBZ 212216
CLIMGW


CLIMATE REPORT
NATIONAL WEATHER SERVICE PITTSBURGH PA
514 PM EST WED FEB 21 2018


...................................

...THE MORGANTOWN WV CLIMATE SUMMARY FOR FEBRUARY 21 2018...
VALID TODAY AS OF 0500 PM LOCAL TIME.

CLIMATE NORMAL PERIOD 1981 TO 2010
CLIMATE RECORD PERIOD 1872 TO 2018


WEATHER ITEM   OBSERVED TIME   RECORD YEAR NORMAL DEPARTURE LAST
                VALUE   (LST)  VALUE       VALUE  FROM      YEAR
                                                  NORMAL
..................................................................
TEMPERATURE (F)
 TODAY
  MAXIMUM         75R  1217 PM  75    1874  44     31       69
  MINIMUM         60    359 PM  -8    1968  26     34       48
  AVERAGE         68                        35     33       59

PRECIPITATION (IN)
  TODAY            T             1.00 1897   0.09  -0.09     0.00
  MONTH TO DATE    4.42                      1.91   2.51     1.75
  SINCE JUN 1     33.53                     29.36   4.17    35.21
  SINCE JAN 1      7.20                      4.72   2.48     5.80

DEGREE DAYS
 HEATING
  TODAY            0                        30    -30        6
  MONTH TO DATE  508                       662   -154      510
  SINCE DEC 1   2611                      2641    -30     2229
  SINCE JUL 1   3506                      3689   -183     2915

 COOLING
  TODAY            3                         0      3        0
  MONTH TO DATE    8                         0      8        0
  SINCE DEC 1      8                         0      8        0
  SINCE JAN 1      8                         0      8        0
..................................................................


WIND (MPH)
  RESULTANT WIND SPEED   3   RESULTANT WIND DIRECTION   S (200)
  HIGHEST WIND SPEED    18   HIGHEST WIND DIRECTION    SW (210)
  HIGHEST GUST SPEED    29   HIGHEST GUST DIRECTION     W (250)
  AVERAGE WIND SPEED     8.5


SKY COVER
  POSSIBLE SUNSHINE  MM
  AVERAGE SKY COVER 0.7


WEATHER CONDITIONS
 THE FOLLOWING WEATHER WAS RECORDED TODAY.
  NO SIGNIFICANT WEATHER WAS OBSERVED.


RELATIVE HUMIDITY (PERCENT)
 HIGHEST    75           500 PM
 LOWEST     52          1200 AM
 AVERAGE    64

..........................................................


THE MORGANTOWN WV CLIMATE NORMALS FOR TOMORROW
                         NORMAL    RECORD    YEAR
 MAXIMUM TEMPERATURE (F)   45        71      1930
                                             1922
 MINIMUM TEMPERATURE (F)   27        -5      1963


SUNRISE AND SUNSET
FEBRUARY 21 2018......SUNRISE   704 AM EST   SUNSET   603 PM EST
FEBRUARY 22 2018......SUNRISE   703 AM EST   SUNSET   604 PM EST


-  INDICATES NEGATIVE NUMBERS.
R  INDICATES RECORD WAS SET OR TIED.
MM INDICATES DATA IS MISSING.
T  INDICATES TRACE AMOUNT.




$$
