000
CDUS41 KPBZ 220813
CLIMGW


CLIMATE REPORT
NATIONAL WEATHER SERVICE PITTSBURGH PA
313 AM EST WED NOV 22 2017


...................................

...THE MORGANTOWN WV CLIMATE SUMMARY FOR NOVEMBER 21 2017...

CLIMATE NORMAL PERIOD 1981 TO 2010
CLIMATE RECORD PERIOD 1872 TO 2017


WEATHER ITEM   OBSERVED TIME   RECORD YEAR NORMAL DEPARTURE LAST
                VALUE   (LST)  VALUE       VALUE  FROM      YEAR
                                                  NORMAL
..................................................................
TEMPERATURE (F)
 YESTERDAY
  MAXIMUM         58    438 PM  79    1898  51      7       38
  MINIMUM         38   1247 AM  11    1969  35      3       30
  AVERAGE         48                        43      5       34

PRECIPITATION (IN)
  YESTERDAY        0.00          1.16 1900   0.11  -0.11     0.00
  MONTH TO DATE    2.97                      2.41   0.56     0.91
  SINCE JUN 1     24.70                     20.68   4.02    24.50
  SINCE JAN 1     47.79                     37.87   9.92    40.54

DEGREE DAYS
 HEATING
  YESTERDAY       17                        22     -5       31
  MONTH TO DATE  419                       390     29      316
  SINCE SEP 1    707                       821   -114      511
  SINCE JUL 1    709                       832   -123      511

 COOLING
  YESTERDAY        0                         0      0        0
  MONTH TO DATE    0                         0      0        5
  SINCE SEP 1    166                       104     62      272
  SINCE JAN 1    919                       813    106     1283
..................................................................


WIND (MPH)
  HIGHEST WIND SPEED    20   HIGHEST WIND DIRECTION    SW (230)
  HIGHEST GUST SPEED    29   HIGHEST GUST DIRECTION    SW (230)
  AVERAGE WIND SPEED     6.2


SKY COVER
  POSSIBLE SUNSHINE  MM
  AVERAGE SKY COVER 0.1


WEATHER CONDITIONS
 THE FOLLOWING WEATHER WAS RECORDED YESTERDAY.
  NO SIGNIFICANT WEATHER WAS OBSERVED.


RELATIVE HUMIDITY (PERCENT)
 HIGHEST    58           900 PM
 LOWEST     26           600 AM
 AVERAGE    42

..........................................................


THE MORGANTOWN WV CLIMATE NORMALS FOR TODAY
                         NORMAL    RECORD    YEAR
 MAXIMUM TEMPERATURE (F)   51        76      1953
 MINIMUM TEMPERATURE (F)   34         8      1880


SUNRISE AND SUNSET
NOVEMBER 22 2017......SUNRISE   712 AM EST   SUNSET   459 PM EST
NOVEMBER 23 2017......SUNRISE   713 AM EST   SUNSET   459 PM EST


-  INDICATES NEGATIVE NUMBERS.
R  INDICATES RECORD WAS SET OR TIED.
MM INDICATES DATA IS MISSING.
T  INDICATES TRACE AMOUNT.




$$
