000
CDUS41 KPBZ 060704
CLIMGW


CLIMATE REPORT
NATIONAL WEATHER SERVICE PITTSBURGH PA
301 AM EDT MON JUL 6 2015


...................................

...THE MORGANTOWN WV CLIMATE SUMMARY FOR JULY 5 2015...

CLIMATE NORMAL PERIOD 1981 TO 2010
CLIMATE RECORD PERIOD 1948 TO 2015


WEATHER ITEM   OBSERVED TIME   RECORD YEAR NORMAL DEPARTURE LAST
                VALUE   (LST)  VALUE       VALUE  FROM      YEAR
                                                  NORMAL
..................................................................
TEMPERATURE (F)
 YESTERDAY
  MAXIMUM         86    250 PM  96    1949  84      2       80
  MINIMUM         60    505 AM  45    1979  63     -3       50
  AVERAGE         73                        73      0       65

PRECIPITATION (IN)
  YESTERDAY        T            MM      MM   0.15  -0.15     0.00
  MONTH TO DATE    0.96                      0.75   0.21     0.00
  SINCE JUN 1      7.11                      4.86   2.25     4.52
  SINCE JAN 1     24.36                     22.05   2.31    20.01

DEGREE DAYS
 HEATING
  YESTERDAY        0                         0      0        0
  MONTH TO DATE    0                         0      0        0
  SINCE JUN 1     13                        31    -18        2
  SINCE JUL 1      0                         0      0        0

 COOLING
  YESTERDAY        8                         8      0        0
  MONTH TO DATE   31                        40     -9       40
  SINCE JUN 1    253                       202     51      280
  SINCE JAN 1    437                       269    168      389
..................................................................


WIND (MPH)
  HIGHEST WIND SPEED    10   HIGHEST WIND DIRECTION    SE (120)
  HIGHEST GUST SPEED    13   HIGHEST GUST DIRECTION     E (100)
  AVERAGE WIND SPEED     2.3


SKY COVER
  POSSIBLE SUNSHINE  MM
  AVERAGE SKY COVER 0.2


WEATHER CONDITIONS
 THE FOLLOWING WEATHER WAS RECORDED YESTERDAY.
  FOG
  FOG W/VISIBILITY <= 1/4 MILE
  HAZE


RELATIVE HUMIDITY (PERCENT)
 HIGHEST    84          1200 AM
 LOWEST     44           100 PM
 AVERAGE    64

..........................................................


THE MORGANTOWN WV CLIMATE NORMALS FOR TODAY
                         NORMAL    RECORD    YEAR
 MAXIMUM TEMPERATURE (F)   84        98      2012
 MINIMUM TEMPERATURE (F)   63        46      1951


SUNRISE AND SUNSET
JULY  6 2015..........SUNRISE   558 AM EDT   SUNSET   850 PM EDT
JULY  7 2015..........SUNRISE   559 AM EDT   SUNSET   850 PM EDT


-  INDICATES NEGATIVE NUMBERS.
R  INDICATES RECORD WAS SET OR TIED.
MM INDICATES DATA IS MISSING.
T  INDICATES TRACE AMOUNT.




$$
