000
CDUS41 KPBZ 220705
CLIMGW


CLIMATE REPORT
NATIONAL WEATHER SERVICE PITTSBURGH PA
304 AM EDT FRI MAY 22 2015


...................................

...THE MORGANTOWN WV CLIMATE SUMMARY FOR MAY 21 2015...

CLIMATE NORMAL PERIOD 1981 TO 2010
CLIMATE RECORD PERIOD 1948 TO 2015


WEATHER ITEM   OBSERVED TIME   RECORD YEAR NORMAL DEPARTURE LAST
                VALUE   (LST)  VALUE       VALUE  FROM      YEAR
                                                  NORMAL
..................................................................
TEMPERATURE (F)
 YESTERDAY
  MAXIMUM         57    230 PM  90    1977  73    -16       76
  MINIMUM         46   1159 PM  31    1990  52     -6       60
  AVERAGE         52                        62    -10       68

PRECIPITATION (IN)
  YESTERDAY        0.17         MM      MM   0.15   0.02     0.00
  MONTH TO DATE    0.94                      3.05  -2.11     3.89
  SINCE JUN 1     43.20                     40.27   2.93    43.28
  SINCE JAN 1     16.97                     15.63   1.34    14.85

DEGREE DAYS
 HEATING
  YESTERDAY       13                         5      8        0
  MONTH TO DATE   66                       134    -68      109
  SINCE MAR 1   1140                      1228    -88     1270
  SINCE JUL 1   5264                      5117    147     5396

 COOLING
  YESTERDAY        0                         2     -2        3
  MONTH TO DATE  107                        28     79       54
  SINCE MAR 1    115                        44     71       72
  SINCE JAN 1    115                        44     71       72
..................................................................


WIND (MPH)
  HIGHEST WIND SPEED    10   HIGHEST WIND DIRECTION     N (360)
  HIGHEST GUST SPEED    14   HIGHEST GUST DIRECTION     N (360)
  AVERAGE WIND SPEED     4.0


SKY COVER
  POSSIBLE SUNSHINE  MM
  AVERAGE SKY COVER 1.0


WEATHER CONDITIONS
 THE FOLLOWING WEATHER WAS RECORDED YESTERDAY.
  LIGHT RAIN
  FOG
  HAZE


RELATIVE HUMIDITY (PERCENT)
 HIGHEST    86           300 AM
 LOWEST     63          1200 AM
 AVERAGE    75

..........................................................


THE MORGANTOWN WV CLIMATE NORMALS FOR TODAY
                         NORMAL    RECORD    YEAR
 MAXIMUM TEMPERATURE (F)   73        90      1970
 MINIMUM TEMPERATURE (F)   52        30      2002


SUNRISE AND SUNSET
MAY 22 2015...........SUNRISE   600 AM EDT   SUNSET   833 PM EDT
MAY 23 2015...........SUNRISE   559 AM EDT   SUNSET   834 PM EDT


-  INDICATES NEGATIVE NUMBERS.
R  INDICATES RECORD WAS SET OR TIED.
MM INDICATES DATA IS MISSING.
T  INDICATES TRACE AMOUNT.




$$
