000
CDUS43 KFSD 300729
CLIMHE


CLIMATE REPORT
NATIONAL WEATHER SERVICE SIOUX FALLS SD
228 AM CDT MON MAR 30 2015


...................................

...THE MITCHELL SD CLIMATE SUMMARY FOR MARCH 29 2015...

CLIMATE NORMAL PERIOD 1981 TO 2010
CLIMATE RECORD PERIOD 1893 TO 2015


WEATHER ITEM   OBSERVED TIME   RECORD YEAR NORMAL DEPARTURE LAST
                VALUE   (LST)  VALUE       VALUE  FROM      YEAR
                                                  NORMAL
..................................................................
TEMPERATURE (F)
 YESTERDAY
  MAXIMUM         63    300 PM  85    1943  51     12       55
  MINIMUM         43   1104 PM   1    1969  28     15       20
  AVERAGE         53                        39     14       38

PRECIPITATION (IN)
  YESTERDAY        0.00          1.33 1977   0.06  -0.06     0.00
  MONTH TO DATE    0.13                      0.94  -0.81     1.01
  SINCE MAR 1      0.13                      0.94  -0.81     1.01
  SINCE JAN 1      0.90                      1.50  -0.60     1.51

SNOWFALL (IN)
  YESTERDAY        0.0           8.0  1924  MM     MM        0.0
  MONTH TO DATE    0.7                      MM     MM        8.3
  SINCE MAR 1      0.7                      MM     MM        8.3
  SINCE JUL 1     22.6                      MM     MM       30.5
  SNOW DEPTH       0

DEGREE DAYS
 HEATING
  YESTERDAY       12                        26    -14       27
  MONTH TO DATE  752                       908   -156     1007
  SINCE MAR 1    752                       908   -156     1007
  SINCE JUL 1   6242                      6430   -188     6957

 COOLING
  YESTERDAY        0                         0      0        0
  MONTH TO DATE    4                         0      4        0
  SINCE MAR 1      4                         0      4        0
  SINCE JAN 1      4                         0      4        0
..................................................................


WIND (MPH)
  HIGHEST WIND SPEED    45   HIGHEST WIND DIRECTION    NW (330)
  HIGHEST GUST SPEED    53   HIGHEST GUST DIRECTION    NW (310)
  AVERAGE WIND SPEED    18.7


SKY COVER
  POSSIBLE SUNSHINE  MM
  AVERAGE SKY COVER 0.2


WEATHER CONDITIONS
 THE FOLLOWING WEATHER WAS RECORDED YESTERDAY.
  NO SIGNIFICANT WEATHER WAS OBSERVED.


RELATIVE HUMIDITY (PERCENT)
 HIGHEST    77           300 AM
 LOWEST     19           400 PM
 AVERAGE    48

..........................................................


THE MITCHELL SD CLIMATE NORMALS FOR TODAY
                         NORMAL    RECORD    YEAR
 MAXIMUM TEMPERATURE (F)   51        95      1943
 MINIMUM TEMPERATURE (F)   28         1      1969


SUNRISE AND SUNSET
MARCH 30 2015.........SUNRISE   718 AM CDT   SUNSET   756 PM CDT
MARCH 31 2015.........SUNRISE   716 AM CDT   SUNSET   758 PM CDT


-  INDICATES NEGATIVE NUMBERS.
R  INDICATES RECORD WAS SET OR TIED.
MM INDICATES DATA IS MISSING.
T  INDICATES TRACE AMOUNT.




$$
