000
CDUS43 KFSD 270650
CLIMHE


CLIMATE REPORT
NATIONAL WEATHER SERVICE SIOUX FALLS SD
150 AM CDT WED MAY 27 2015


...................................

...THE MITCHELL SD CLIMATE SUMMARY FOR MAY 26 2015...

CLIMATE NORMAL PERIOD 1981 TO 2010
CLIMATE RECORD PERIOD 1893 TO 2015


WEATHER ITEM   OBSERVED TIME   RECORD YEAR NORMAL DEPARTURE LAST
                VALUE   (LST)  VALUE       VALUE  FROM      YEAR
                                                  NORMAL
..................................................................
TEMPERATURE (F)
 YESTERDAY
  MAXIMUM         78    516 PM 102    1967  74      4       84
  MINIMUM         52    544 AM  32    1971  51      1       61
  AVERAGE         65                        62      3       73

PRECIPITATION (IN)
  YESTERDAY        0.00          2.28 1908   0.14  -0.14     0.61
  MONTH TO DATE    4.46                      2.18   2.28     1.62
  SINCE MAR 1      6.01                      5.42   0.59     3.19
  SINCE JAN 1      6.78                      5.98   0.80     3.69

SNOWFALL (IN)
  YESTERDAY        0.0           0.0    MM  MM     MM        0.0
  MONTH TO DATE    0.0                      MM     MM        0.0
  SINCE MAR 1      0.7                      MM     MM        8.6
  SINCE JUL 1     22.6                      MM     MM       30.8
  SNOW DEPTH       0

DEGREE DAYS
 HEATING
  YESTERDAY        0                         4     -4        0
  MONTH TO DATE  188                       191     -3      242
  SINCE MAR 1   1352                      1669   -317     1815
  SINCE JUL 1   6842                      7191   -349     7765

 COOLING
  YESTERDAY        0                         2     -2        8
  MONTH TO DATE   11                        26    -15       33
  SINCE MAR 1     17                        28    -11       33
  SINCE JAN 1     17                        28    -11       33
..................................................................


WIND (MPH)
  HIGHEST WIND SPEED    18   HIGHEST WIND DIRECTION     N (340)
  HIGHEST GUST SPEED    22   HIGHEST GUST DIRECTION     N (360)
  AVERAGE WIND SPEED     8.6


SKY COVER
  POSSIBLE SUNSHINE  MM
  AVERAGE SKY COVER 0.4


WEATHER CONDITIONS
 THE FOLLOWING WEATHER WAS RECORDED YESTERDAY.
  NO SIGNIFICANT WEATHER WAS OBSERVED.


RELATIVE HUMIDITY (PERCENT)
 HIGHEST    93          1200 AM
 LOWEST     33           600 PM
 AVERAGE    63

..........................................................


THE MITCHELL SD CLIMATE NORMALS FOR TODAY
                         NORMAL    RECORD    YEAR
 MAXIMUM TEMPERATURE (F)   74        95      1969
 MINIMUM TEMPERATURE (F)   52        29      1907


SUNRISE AND SUNSET
MAY 27 2015...........SUNRISE   556 AM CDT   SUNSET   903 PM CDT
MAY 28 2015...........SUNRISE   556 AM CDT   SUNSET   904 PM CDT


-  INDICATES NEGATIVE NUMBERS.
R  INDICATES RECORD WAS SET OR TIED.
MM INDICATES DATA IS MISSING.
T  INDICATES TRACE AMOUNT.




$$
