000
CDUS43 KTOP 240637
CLIMHK


CLIMATE REPORT
NATIONAL WEATHER SERVICE TOPEKA KS
1235 AM CST SAT FEB 24 2018


...................................

...THE MANHATTAN KS CLIMATE SUMMARY FOR FEBRUARY 23 2018...

CLIMATE NORMAL PERIOD 1981 TO 2010
CLIMATE RECORD PERIOD 9999 TO 9999


WEATHER ITEM   OBSERVED NORMAL DEPARTURE LAST
                VALUE   VALUE  FROM      YEAR
                               NORMAL
...............................................
TEMPERATURE (F)
 YESTERDAY
  MAXIMUM         37     48    -11       61
  MINIMUM         31     23      8       41
  AVERAGE         34     35     -1       51

PRECIPITATION (IN)
  YESTERDAY        T      0.04  -0.04      T
  MONTH TO DATE    0.08   0.87  -0.79     0.41
  SINCE DEC 1      0.69   2.54  -1.85     2.73
  SINCE JAN 1      0.58   1.52  -0.94     1.79

DEGREE DAYS
 HEATING
  YESTERDAY       31     30      1       14
  MONTH TO DATE  786    751     35      489
  SINCE DEC 1   2807   2942   -135     2548
  SINCE JUL 1   3689   4017   -328     3158

 COOLING
  YESTERDAY        0      0      0        0
  MONTH TO DATE    0      0      0        0
  SINCE DEC 1      0      0      0        0
  SINCE JAN 1      0      0      0        0
...............................................


WIND (MPH)
  HIGHEST WIND SPEED    13   HIGHEST WIND DIRECTION    NE (60)
  HIGHEST GUST SPEED    16   HIGHEST GUST DIRECTION     E (70)
  AVERAGE WIND SPEED     4.5


SKY COVER
  AVERAGE SKY COVER 1.0


WEATHER CONDITIONS
 THE FOLLOWING WEATHER WAS RECORDED YESTERDAY.
  LIGHT RAIN
  FOG


RELATIVE HUMIDITY (PERCENT)
 HIGHEST    89
 LOWEST     75
 AVERAGE    82

..........................................................


THE MANHATTAN KS CLIMATE NORMALS FOR TODAY
                         NORMAL
 MAXIMUM TEMPERATURE (F)   48
 MINIMUM TEMPERATURE (F)   23


SUNRISE AND SUNSET
FEBRUARY 24 2018......SUNRISE   706 AM CST   SUNSET   614 PM CST
FEBRUARY 25 2018......SUNRISE   705 AM CST   SUNSET   615 PM CST


-  INDICATES NEGATIVE NUMBERS.
R  INDICATES RECORD WAS SET OR TIED.
MM INDICATES DATA IS MISSING.
T  INDICATES TRACE AMOUNT.




$$
