000
CDUS43 KTOP 210633
CLIMHK


CLIMATE REPORT
NATIONAL WEATHER SERVICE TOPEKA KS
1232 AM CST TUE NOV 21 2017


...................................

...THE MANHATTAN KS CLIMATE SUMMARY FOR NOVEMBER 20 2017...

CLIMATE NORMAL PERIOD 1981 TO 2010
CLIMATE RECORD PERIOD 9999 TO 9999


WEATHER ITEM   OBSERVED NORMAL DEPARTURE LAST
                VALUE   VALUE  FROM      YEAR
                               NORMAL
...............................................
TEMPERATURE (F)
 YESTERDAY
  MAXIMUM         65     53     12       59
  MINIMUM         40     28     12       25
  AVERAGE         53     40     13       42

PRECIPITATION (IN)
  YESTERDAY        0.00   0.05  -0.05     0.00
  MONTH TO DATE    0.10   1.22  -1.12     0.13
  SINCE SEP 1      4.38   6.61  -2.23     6.18
  SINCE JAN 1     27.94  31.15  -3.21    33.34

DEGREE DAYS
 HEATING
  YESTERDAY       12     25    -13       23
  MONTH TO DATE  419    405     14      243
  SINCE SEP 1    716    801    -85      414
  SINCE JUL 1    716    804    -88      414

 COOLING
  YESTERDAY        0      0      0        0
  MONTH TO DATE    0      0      0        3
  SINCE SEP 1    310    178    132      293
  SINCE JAN 1   1565   1361    204     1749
...............................................


WIND (MPH)
  HIGHEST WIND SPEED    29   HIGHEST WIND DIRECTION    SW (210)
  HIGHEST GUST SPEED    37   HIGHEST GUST DIRECTION    SW (220)
  AVERAGE WIND SPEED    14.9


SKY COVER
  AVERAGE SKY COVER 0.0


WEATHER CONDITIONS
 THE FOLLOWING WEATHER WAS RECORDED YESTERDAY.
  NO SIGNIFICANT WEATHER WAS OBSERVED.


RELATIVE HUMIDITY (PERCENT)
 HIGHEST    53
 LOWEST     23
 AVERAGE    38

..........................................................


THE MANHATTAN KS CLIMATE NORMALS FOR TODAY
                         NORMAL
 MAXIMUM TEMPERATURE (F)   52
 MINIMUM TEMPERATURE (F)   28


SUNRISE AND SUNSET
NOVEMBER 21 2017......SUNRISE   717 AM CST   SUNSET   508 PM CST
NOVEMBER 22 2017......SUNRISE   718 AM CST   SUNSET   508 PM CST


-  INDICATES NEGATIVE NUMBERS.
R  INDICATES RECORD WAS SET OR TIED.
MM INDICATES DATA IS MISSING.
T  INDICATES TRACE AMOUNT.




$$
