000
CDUS43 KTOP 272132
CLIMHK


CLIMATE REPORT
NATIONAL WEATHER SERVICE TOPEKA KS
431 PM CDT THU JUL 27 2017


...................................

...THE MANHATTAN KS CLIMATE SUMMARY FOR JULY 27 2017...
VALID TODAY AS OF 430 PM LOCAL TIME.

CLIMATE NORMAL PERIOD 1981 TO 2010
CLIMATE RECORD PERIOD 9999 TO 9999


WEATHER ITEM   OBSERVED NORMAL DEPARTURE LAST
                VALUE   VALUE  FROM      YEAR
                               NORMAL
...............................................
TEMPERATURE (F)
 TODAY
  MAXIMUM         90     92     -2       91
  MINIMUM         74     67      7       67
  AVERAGE         82     79      3       79

PRECIPITATION (IN)
  TODAY            0.07   0.12  -0.05     0.00
  MONTH TO DATE    1.19   3.51  -2.32     3.15
  SINCE JUN 1      3.82   8.60  -4.78     4.40
  SINCE JAN 1     17.68  19.80  -2.12    19.68

DEGREE DAYS
 HEATING
  TODAY            0      0      0        0
  MONTH TO DATE    0      0      0        0
  SINCE JUN 1      2     11     -9        0
  SINCE JUL 1      0      0      0        0

 COOLING
  TODAY           17     14      3       14
  MONTH TO DATE  484    379    105      447
  SINCE JUN 1    829    649    180      905
  SINCE JAN 1    963    749    214     1015
...............................................


WIND (MPH)
  HIGHEST WIND SPEED    16   HIGHEST WIND DIRECTION    NE (30)
  HIGHEST GUST SPEED    20   HIGHEST GUST DIRECTION    NE (30)
  AVERAGE WIND SPEED     9.4



WEATHER CONDITIONS
 THE FOLLOWING WEATHER WAS RECORDED TODAY.
  LIGHT RAIN
  FOG


RELATIVE HUMIDITY (PERCENT)
 HIGHEST   100
 LOWEST     52
 AVERAGE    76

..........................................................


THE MANHATTAN KS CLIMATE NORMALS FOR TOMORROW
                         NORMAL
 MAXIMUM TEMPERATURE (F)   92
 MINIMUM TEMPERATURE (F)   67


SUNRISE AND SUNSET
JULY 27 2017..........SUNRISE   623 AM CDT   SUNSET   843 PM CDT
JULY 28 2017..........SUNRISE   624 AM CDT   SUNSET   842 PM CDT


-  INDICATES NEGATIVE NUMBERS.
R  INDICATES RECORD WAS SET OR TIED.
MM INDICATES DATA IS MISSING.
T  INDICATES TRACE AMOUNT.




$$
