000
CDUS43 KTOP 290643
CLIMHK


CLIMATE REPORT
NATIONAL WEATHER SERVICE TOPEKA KS
143 AM CDT FRI APR 29 2016


...................................

...THE MANHATTAN KS CLIMATE SUMMARY FOR APRIL 28 2016...

CLIMATE NORMAL PERIOD 1981 TO 2010
CLIMATE RECORD PERIOD 9999 TO 9999


WEATHER ITEM   OBSERVED NORMAL DEPARTURE LAST
                VALUE   VALUE  FROM      YEAR
                               NORMAL
...............................................
TEMPERATURE (F)
 YESTERDAY
  MAXIMUM         62     70     -8       73
  MINIMUM         42     45     -3       37
  AVERAGE         52     58     -6       55

PRECIPITATION (IN)
  YESTERDAY        T      0.14  -0.14     0.00
  MONTH TO DATE    7.21   2.51   4.70     2.52
  SINCE MAR 1      7.71   4.71   3.00     2.78
  SINCE JAN 1      8.69   6.43   2.26     4.24

DEGREE DAYS
 HEATING
  YESTERDAY       13      8      5       10
  MONTH TO DATE  208    331   -123      228
  SINCE MAR 1    681   1007   -326      809
  SINCE JUL 1   3978   5167  -1189     5003

 COOLING
  YESTERDAY        0      1     -1        0
  MONTH TO DATE   19     17      2        6
  SINCE MAR 1     28     19      9        8
  SINCE JAN 1     28     19      9        8
...............................................


WIND (MPH)
  HIGHEST WIND SPEED    18   HIGHEST WIND DIRECTION     W (280)
  HIGHEST GUST SPEED    26   HIGHEST GUST DIRECTION     W (290)
  AVERAGE WIND SPEED     8.1


SKY COVER
  AVERAGE SKY COVER 0.5


WEATHER CONDITIONS
 THE FOLLOWING WEATHER WAS RECORDED YESTERDAY.
  NO SIGNIFICANT WEATHER WAS OBSERVED.


RELATIVE HUMIDITY (PERCENT)
 HIGHEST    77
 LOWEST     51
 AVERAGE    64

..........................................................


THE MANHATTAN KS CLIMATE NORMALS FOR TODAY
                         NORMAL
 MAXIMUM TEMPERATURE (F)   71
 MINIMUM TEMPERATURE (F)   46


SUNRISE AND SUNSET
APRIL 29 2016.........SUNRISE   630 AM CDT   SUNSET   818 PM CDT
APRIL 30 2016.........SUNRISE   629 AM CDT   SUNSET   819 PM CDT


-  INDICATES NEGATIVE NUMBERS.
R  INDICATES RECORD WAS SET OR TIED.
MM INDICATES DATA IS MISSING.
T  INDICATES TRACE AMOUNT.




$$
