000
CDUS43 KTOP 312140
CLIMHK


CLIMATE REPORT
NATIONAL WEATHER SERVICE TOPEKA KS
440 PM CDT WED AUG 31 2016


...................................

...THE MANHATTAN KS CLIMATE SUMMARY FOR AUGUST 31 2016...
VALID TODAY AS OF 0400 PM LOCAL TIME.

CLIMATE NORMAL PERIOD 1981 TO 2010
CLIMATE RECORD PERIOD 9999 TO 9999


WEATHER ITEM   OBSERVED NORMAL DEPARTURE LAST
                VALUE   VALUE  FROM      YEAR
                               NORMAL
...............................................
TEMPERATURE (F)
 TODAY
  MAXIMUM         79     87     -8       94
  MINIMUM         71     61     10       62
  AVERAGE         75     74      1       78

PRECIPITATION (IN)
  TODAY            0.06   0.17  -0.11     0.00
  MONTH TO DATE    6.92   4.28   2.64     3.35
  SINCE JUN 1     11.88  13.34  -1.46    10.74
  SINCE JAN 1     27.16  24.54   2.62    24.96

DEGREE DAYS
 HEATING
  TODAY            0      0      0        0
  MONTH TO DATE    0      0      0        0
  SINCE JUN 1      0     14    -14        0
  SINCE JUL 1      0      3     -3        0

 COOLING
  TODAY           10      9      1       13
  MONTH TO DATE  393    377     16      336
  SINCE JUN 1   1350   1083    267     1177
  SINCE JAN 1   1460   1183    277     1258
...............................................


WIND (MPH)
  HIGHEST WIND SPEED    13   HIGHEST WIND DIRECTION    NE (50)
  HIGHEST GUST SPEED    15   HIGHEST GUST DIRECTION    NE (50)
  AVERAGE WIND SPEED     5.0



WEATHER CONDITIONS
 THE FOLLOWING WEATHER WAS RECORDED TODAY.
  LIGHT RAIN
  FOG


RELATIVE HUMIDITY (PERCENT)
 HIGHEST    93
 LOWEST     74
 AVERAGE    84

..........................................................


THE MANHATTAN KS CLIMATE NORMALS FOR TOMORROW
                         NORMAL
 MAXIMUM TEMPERATURE (F)   86
 MINIMUM TEMPERATURE (F)   61


SUNRISE AND SUNSET
AUGUST 31 2016........SUNRISE   655 AM CDT   SUNSET   758 PM CDT
SEPTEMBER  1 2016.....SUNRISE   656 AM CDT   SUNSET   756 PM CDT


-  INDICATES NEGATIVE NUMBERS.
R  INDICATES RECORD WAS SET OR TIED.
MM INDICATES DATA IS MISSING.
T  INDICATES TRACE AMOUNT.




$$
