000
CDUS43 KTOP 050633
CLIMHK


CLIMATE REPORT
NATIONAL WEATHER SERVICE TOPEKA KS
132 AM CDT WED AUG 5 2015


...................................

...THE MANHATTAN KS CLIMATE SUMMARY FOR AUGUST 4 2015...

CLIMATE NORMAL PERIOD 1981 TO 2010
CLIMATE RECORD PERIOD 9999 TO 9999


WEATHER ITEM   OBSERVED NORMAL DEPARTURE LAST
                VALUE   VALUE  FROM      YEAR
                               NORMAL
...............................................
TEMPERATURE (F)
 YESTERDAY
  MAXIMUM         90     91     -1       98
  MINIMUM         71     67      4       68
  AVERAGE         81     79      2       83

PRECIPITATION (IN)
  YESTERDAY        0.37   0.08   0.29     0.00
  MONTH TO DATE    0.37   0.36   0.01      T
  SINCE JUN 1      7.76   9.42  -1.66     7.67
  SINCE JAN 1     21.98  20.62   1.36    13.52

DEGREE DAYS
 HEATING
  YESTERDAY        0      0      0        0
  MONTH TO DATE    0      0      0        0
  SINCE JUN 1      0     12    -12        1
  SINCE JUL 1      0      1     -1        1

 COOLING
  YESTERDAY       16     14      2       18
  MONTH TO DATE   69     56     13       61
  SINCE JUN 1    910    762    148      754
  SINCE JAN 1    991    862    129      957
...............................................


WIND (MPH)
  HIGHEST WIND SPEED    24   HIGHEST WIND DIRECTION     S (170)
  HIGHEST GUST SPEED    31   HIGHEST GUST DIRECTION     S (170)
  AVERAGE WIND SPEED     3.4


SKY COVER
  AVERAGE SKY COVER 0.4


WEATHER CONDITIONS
 THE FOLLOWING WEATHER WAS RECORDED YESTERDAY.
  THUNDERSTORM
  RAIN
  LIGHT RAIN
  FOG


RELATIVE HUMIDITY (PERCENT)
 HIGHEST   100
 LOWEST     59
 AVERAGE    80

..........................................................


THE MANHATTAN KS CLIMATE NORMALS FOR TODAY
                         NORMAL
 MAXIMUM TEMPERATURE (F)   91
 MINIMUM TEMPERATURE (F)   67


SUNRISE AND SUNSET
AUGUST  5 2015........SUNRISE   630 AM CDT   SUNSET   834 PM CDT
AUGUST  6 2015........SUNRISE   631 AM CDT   SUNSET   833 PM CDT


-  INDICATES NEGATIVE NUMBERS.
R  INDICATES RECORD WAS SET OR TIED.
MM INDICATES DATA IS MISSING.
T  INDICATES TRACE AMOUNT.




$$
