000
CDUS43 KTOP 280635
CLIMHK


CLIMATE REPORT
NATIONAL WEATHER SERVICE TOPEKA KS
135 AM CDT FRI APR 28 2017


...................................

...THE MANHATTAN KS CLIMATE SUMMARY FOR APRIL 27 2017...

CLIMATE NORMAL PERIOD 1981 TO 2010
CLIMATE RECORD PERIOD 9999 TO 9999


WEATHER ITEM   OBSERVED NORMAL DEPARTURE LAST
                VALUE   VALUE  FROM      YEAR
                               NORMAL
...............................................
TEMPERATURE (F)
 YESTERDAY
  MAXIMUM         61     70     -9       67
  MINIMUM         30     45    -15       47
  AVERAGE         46     58    -12       57

PRECIPITATION (IN)
  YESTERDAY        0.14   0.13   0.01     0.10
  MONTH TO DATE    3.29   2.37   0.92     7.21
  SINCE MAR 1      7.36   4.57   2.79     7.71
  SINCE JAN 1      9.16   6.29   2.87     8.69

DEGREE DAYS
 HEATING
  YESTERDAY       19      8     11        8
  MONTH TO DATE  234    323    -89      195
  SINCE MAR 1    743    999   -256      668
  SINCE JUL 1   4027   5159  -1132     3965

 COOLING
  YESTERDAY        0      1     -1        0
  MONTH TO DATE   38     16     22       19
  SINCE MAR 1     44     18     26       28
  SINCE JAN 1     44     18     26       28
...............................................


WIND (MPH)
  HIGHEST WIND SPEED    16   HIGHEST WIND DIRECTION    NE (60)
  HIGHEST GUST SPEED    20   HIGHEST GUST DIRECTION     E (70)
  AVERAGE WIND SPEED     5.4


SKY COVER
  AVERAGE SKY COVER 0.4


WEATHER CONDITIONS
 THE FOLLOWING WEATHER WAS RECORDED YESTERDAY.
  LIGHT RAIN
  FOG


RELATIVE HUMIDITY (PERCENT)
 HIGHEST    92
 LOWEST     39
 AVERAGE    66

..........................................................


THE MANHATTAN KS CLIMATE NORMALS FOR TODAY
                         NORMAL
 MAXIMUM TEMPERATURE (F)   70
 MINIMUM TEMPERATURE (F)   45


SUNRISE AND SUNSET
APRIL 28 2017.........SUNRISE   632 AM CDT   SUNSET   817 PM CDT
APRIL 29 2017.........SUNRISE   630 AM CDT   SUNSET   818 PM CDT


-  INDICATES NEGATIVE NUMBERS.
R  INDICATES RECORD WAS SET OR TIED.
MM INDICATES DATA IS MISSING.
T  INDICATES TRACE AMOUNT.




$$
