000
CDUS43 KTOP 310634
CLIMHK


CLIMATE REPORT
NATIONAL WEATHER SERVICE TOPEKA KS
133 AM CDT TUE MAY 31 2016


...................................

...THE MANHATTAN KS CLIMATE SUMMARY FOR MAY 30 2016...

CLIMATE NORMAL PERIOD 1981 TO 2010
CLIMATE RECORD PERIOD 9999 TO 9999


WEATHER ITEM   OBSERVED NORMAL DEPARTURE LAST
                VALUE   VALUE  FROM      YEAR
                               NORMAL
...............................................
TEMPERATURE (F)
 YESTERDAY
  MAXIMUM         86     81      5       65
  MINIMUM         58     56      2       53
  AVERAGE         72     68      4       59

PRECIPITATION (IN)
  YESTERDAY        0.00   0.18  -0.18     0.00
  MONTH TO DATE    5.88   4.30   1.58     9.98
  SINCE MAR 1     14.30   9.30   5.00    12.76
  SINCE JAN 1     15.28  11.02   4.26    14.22

DEGREE DAYS
 HEATING
  YESTERDAY        0      1     -1        6
  MONTH TO DATE  114    123     -9      107
  SINCE MAR 1    818   1144   -326      932
  SINCE JUL 1   4115   5304  -1189     5126

 COOLING
  YESTERDAY        7      5      2        0
  MONTH TO DATE   76     78     -2       73
  SINCE MAR 1    104     95      9       81
  SINCE JAN 1    104     95      9       81
...............................................


WIND (MPH)
  HIGHEST WIND SPEED    20   HIGHEST WIND DIRECTION     S (180)
  HIGHEST GUST SPEED    24   HIGHEST GUST DIRECTION     S (170)
  AVERAGE WIND SPEED     7.1


SKY COVER
  AVERAGE SKY COVER 0.0


WEATHER CONDITIONS
 THE FOLLOWING WEATHER WAS RECORDED YESTERDAY.
  NO SIGNIFICANT WEATHER WAS OBSERVED.


RELATIVE HUMIDITY (PERCENT)
 HIGHEST    97
 LOWEST     40
 AVERAGE    69

..........................................................


THE MANHATTAN KS CLIMATE NORMALS FOR TODAY
                         NORMAL
 MAXIMUM TEMPERATURE (F)   81
 MINIMUM TEMPERATURE (F)   57


SUNRISE AND SUNSET
MAY 31 2016...........SUNRISE   603 AM CDT   SUNSET   847 PM CDT
JUNE  1 2016..........SUNRISE   602 AM CDT   SUNSET   847 PM CDT


-  INDICATES NEGATIVE NUMBERS.
R  INDICATES RECORD WAS SET OR TIED.
MM INDICATES DATA IS MISSING.
T  INDICATES TRACE AMOUNT.




$$
