000
CDUS43 KTOP 280632
CLIMHK


CLIMATE REPORT
NATIONAL WEATHER SERVICE TOPEKA KS
131 AM CDT WED SEP 28 2016


...................................

...THE MANHATTAN KS CLIMATE SUMMARY FOR SEPTEMBER 27 2016...

CLIMATE NORMAL PERIOD 1981 TO 2010
CLIMATE RECORD PERIOD 9999 TO 9999


WEATHER ITEM   OBSERVED NORMAL DEPARTURE LAST
                VALUE   VALUE  FROM      YEAR
                               NORMAL
...............................................
TEMPERATURE (F)
 YESTERDAY
  MAXIMUM         83     76      7       85
  MINIMUM         48     50     -2       53
  AVERAGE         66     63      3       69

PRECIPITATION (IN)
  YESTERDAY        0.00   0.09  -0.09     0.00
  MONTH TO DATE    3.62   2.92   0.70     4.50
  SINCE SEP 1      3.62   2.92   0.70     4.50
  SINCE JAN 1     30.78  27.46   3.32    29.46

DEGREE DAYS
 HEATING
  YESTERDAY        0      5     -5        0
  MONTH TO DATE    9     51    -42       10
  SINCE SEP 1      9     51    -42       10
  SINCE JUL 1      9     54    -45       10

 COOLING
  YESTERDAY        1      3     -2        4
  MONTH TO DATE  243    147     96      306
  SINCE SEP 1    243    147     96      306
  SINCE JAN 1   1699   1330    369     1564
...............................................


WIND (MPH)
  HIGHEST WIND SPEED    12   HIGHEST WIND DIRECTION     W (270)
  HIGHEST GUST SPEED    16   HIGHEST GUST DIRECTION     W (260)
  AVERAGE WIND SPEED     3.2


SKY COVER
  AVERAGE SKY COVER 0.0


WEATHER CONDITIONS
 THE FOLLOWING WEATHER WAS RECORDED YESTERDAY.
  NO SIGNIFICANT WEATHER WAS OBSERVED.


RELATIVE HUMIDITY (PERCENT)
 HIGHEST   100
 LOWEST     33
 AVERAGE    67

..........................................................


THE MANHATTAN KS CLIMATE NORMALS FOR TODAY
                         NORMAL
 MAXIMUM TEMPERATURE (F)   76
 MINIMUM TEMPERATURE (F)   49


SUNRISE AND SUNSET
SEPTEMBER 28 2016.....SUNRISE   720 AM CDT   SUNSET   713 PM CDT
SEPTEMBER 29 2016.....SUNRISE   721 AM CDT   SUNSET   712 PM CDT


-  INDICATES NEGATIVE NUMBERS.
R  INDICATES RECORD WAS SET OR TIED.
MM INDICATES DATA IS MISSING.
T  INDICATES TRACE AMOUNT.




$$
