000
CDUS46 KMFR 230839
CLIMHS


CLIMATE REPORT
NATIONAL WEATHER SERVICE MEDFORD, OR
139 AM PDT THU MAR 23 2017


...................................

...THE MT SHASTA CITY CA CLIMATE SUMMARY FOR MARCH 22 2017...

CLIMATE NORMAL PERIOD 1981 TO 2010
CLIMATE RECORD PERIOD 1908 TO 2017


WEATHER ITEM   OBSERVED TIME   RECORD YEAR NORMAL DEPARTURE LAST
                VALUE   (LST)  VALUE       VALUE  FROM      YEAR
                                                  NORMAL
..................................................................
TEMPERATURE (F)
 YESTERDAY
  MAXIMUM         50   1216 PM  74    2004  56     -6       53
  MINIMUM         36   1157 PM  17    1952  31      5       33
  AVERAGE         43                        43      0       43

PRECIPITATION (IN)
  YESTERDAY        0.35          2.01 1998   0.16   0.19      T
  MONTH TO DATE    4.00                      4.70  -0.70    11.20
  SINCE OCT 1     47.31                     34.20  13.11    36.72
  SINCE JAN 1     26.15                     18.99   7.16    27.23

SNOWFALL (IN)
  YESTERDAY       MM                         0.3   MM       MM
  MONTH TO DATE   MM                        10.1   MM       MM
  SINCE JUL 1     MM                        83.0   MM       MM
  SNOW DEPTH      MM

DEGREE DAYS
 HEATING
  YESTERDAY       22                        22      0       22
  MONTH TO DATE  427                       514    -87      460
  SINCE MAR 1    427                       514    -87      460
  SINCE JUL 1   4324                      4489   -165     3975

 COOLING
  YESTERDAY        0                         0      0        0
  MONTH TO DATE    0                         0      0        0
  SINCE MAR 1      0                         0      0        0
  SINCE JAN 1      0                         0      0        0
..................................................................


WIND (MPH)
  HIGHEST WIND SPEED     9   HIGHEST WIND DIRECTION    NW (310)
  HIGHEST GUST SPEED    15   HIGHEST GUST DIRECTION    NW (300)
  AVERAGE WIND SPEED     2.3


SKY COVER
  POSSIBLE SUNSHINE  MM
  AVERAGE SKY COVER 0.7


WEATHER CONDITIONS
 THE FOLLOWING WEATHER WAS RECORDED YESTERDAY.
  HEAVY RAIN
  RAIN
  LIGHT RAIN
  FOG


RELATIVE HUMIDITY (PERCENT)
 HIGHEST    96          1200 AM
 LOWEST     66          1100 AM

..........................................................


THE MT SHASTA CITY CA CLIMATE NORMALS FOR TODAY
                         NORMAL    RECORD    YEAR
 MAXIMUM TEMPERATURE (F)   56        73      1960
 MINIMUM TEMPERATURE (F)   31        18      1929


SUNRISE AND SUNSET
MARCH 23 2017.........SUNRISE   707 AM PDT   SUNSET   725 PM PDT
MARCH 24 2017.........SUNRISE   705 AM PDT   SUNSET   726 PM PDT


-  INDICATES NEGATIVE NUMBERS.
R  INDICATES RECORD WAS SET OR TIED.
MM INDICATES DATA IS MISSING.
T  INDICATES TRACE AMOUNT.




$$
