000
CDUS46 KMFR 070046
CLIMHS


CLIMATE REPORT
NATIONAL WEATHER SERVICE MEDFORD, OR
446 PM PST FRI MAR 6 2015


...................................

...THE MT SHASTA CITY CA CLIMATE SUMMARY FOR MARCH 6 2015...
VALID TODAY AS OF 0400 PM LOCAL TIME.

CLIMATE NORMAL PERIOD 1981 TO 2010
CLIMATE RECORD PERIOD 1908 TO 2015


WEATHER ITEM   OBSERVED TIME   RECORD YEAR NORMAL DEPARTURE LAST
                VALUE   (LST)  VALUE       VALUE  FROM      YEAR
                                                  NORMAL
..................................................................
TEMPERATURE (F)
 TODAY
  MAXIMUM         70R   132 PM  69    1979  52     18       54
  MINIMUM         28    552 AM  14    1995  29     -1       34
  AVERAGE         49                        41      8       44

PRECIPITATION (IN)
  TODAY            0.00          1.55 1912   0.23  -0.23     0.06
  MONTH TO DATE    0.00                      1.50  -1.50     1.89
  SINCE OCT 1     30.16                     31.00  -0.84     9.04
  SINCE JAN 1     10.64                     15.79  -5.15     7.93

SNOWFALL (IN)
  TODAY           MM                         0.5   MM       MM
  MONTH TO DATE   MM                         3.3   MM       MM
  SINCE JUL 1     MM                        76.2   MM        0.0
  SNOW DEPTH      MM

DEGREE DAYS
 HEATING
  TODAY           16                        24     -8       21
  MONTH TO DATE  128                       147    -19      120
  SINCE MAR 1    128                       147    -19      120
  SINCE JUL 1   3094                      4122  -1028     3736

 COOLING
  TODAY            0                         0      0        0
  MONTH TO DATE    0                         0      0        0
  SINCE MAR 1      0                         0      0        0
  SINCE JAN 1      0                         0      0        0
..................................................................


WIND (MPH)
  HIGHEST WIND SPEED    10   HIGHEST WIND DIRECTION    NW (300)
  HIGHEST GUST SPEED    17   HIGHEST GUST DIRECTION     W (290)
  AVERAGE WIND SPEED     2.4


SKY COVER
  POSSIBLE SUNSHINE  MM
  AVERAGE SKY COVER 0.0


WEATHER CONDITIONS
 THE FOLLOWING WEATHER WAS RECORDED TODAY.
  NO SIGNIFICANT WEATHER WAS OBSERVED.


RELATIVE HUMIDITY (PERCENT)
 HIGHEST    75           400 AM
 LOWEST     23           200 PM

..........................................................


THE MT SHASTA CITY CA CLIMATE NORMALS FOR TOMORROW
                         NORMAL    RECORD    YEAR
 MAXIMUM TEMPERATURE (F)   53        69      2005
                                             1972
 MINIMUM TEMPERATURE (F)   30        15      1956


SUNRISE AND SUNSET
MARCH  6 2015.........SUNRISE   636 AM PST   SUNSET   606 PM PST
MARCH  7 2015.........SUNRISE   634 AM PST   SUNSET   607 PM PST


-  INDICATES NEGATIVE NUMBERS.
R  INDICATES RECORD WAS SET OR TIED.
MM INDICATES DATA IS MISSING.
T  INDICATES TRACE AMOUNT.




$$
