000
CDUS46 KMFR 030835
CLIMHS


CLIMATE REPORT
NATIONAL WEATHER SERVICE MEDFORD, OR
1235 AM PST SAT DEC 3 2016


...................................

...THE MT SHASTA CITY CA CLIMATE SUMMARY FOR DECEMBER 2 2016...

CLIMATE NORMAL PERIOD 1981 TO 2010
CLIMATE RECORD PERIOD 1908 TO 2016


WEATHER ITEM   OBSERVED TIME   RECORD YEAR NORMAL DEPARTURE LAST
                VALUE   (LST)  VALUE       VALUE  FROM      YEAR
                                                  NORMAL
..................................................................
TEMPERATURE (F)
 YESTERDAY
  MAXIMUM         44    208 PM  66    1940  46     -2       46
  MINIMUM         26    629 AM  17    1990  27     -1       38
  AVERAGE         35                        36     -1       42

PRECIPITATION (IN)
  YESTERDAY        0.00          2.84 1941   0.23  -0.23     0.06
  MONTH TO DATE    0.00                      0.45  -0.45     0.09
  SINCE OCT 1     16.47                      7.81   8.66     2.12
  SINCE JAN 1     49.37                     35.81  13.56    19.30

SNOWFALL (IN)
  YESTERDAY       MM                         0.5   MM       MM
  MONTH TO DATE   MM                         1.0   MM       MM
  SINCE JUL 1     MM                         8.8   MM       MM
  SNOW DEPTH      MM

DEGREE DAYS
 HEATING
  YESTERDAY       30                        29      1       23
  MONTH TO DATE   58                        57      1       52
  SINCE DEC 1     58                        57      1       52
  SINCE JUL 1   1243                      1454   -211     1184

 COOLING
  YESTERDAY        0                         0      0        0
  MONTH TO DATE    0                         0      0        0
  SINCE DEC 1      0                         0      0        0
  SINCE JAN 1    513                       288    225      544
..................................................................


WIND (MPH)
  HIGHEST WIND SPEED    12   HIGHEST WIND DIRECTION     N (340)
  HIGHEST GUST SPEED    19   HIGHEST GUST DIRECTION     N (340)
  AVERAGE WIND SPEED     2.4


SKY COVER
  POSSIBLE SUNSHINE  MM
  AVERAGE SKY COVER 0.6


WEATHER CONDITIONS
 THE FOLLOWING WEATHER WAS RECORDED YESTERDAY.
  FOG
  HAZE


RELATIVE HUMIDITY (PERCENT)
 HIGHEST    85           800 AM
 LOWEST     51          1200 PM

..........................................................


THE MT SHASTA CITY CA CLIMATE NORMALS FOR TODAY
                         NORMAL    RECORD    YEAR
 MAXIMUM TEMPERATURE (F)   46        66      1958
 MINIMUM TEMPERATURE (F)   27        12      1909


SUNRISE AND SUNSET
DECEMBER  3 2016......SUNRISE   718 AM PST   SUNSET   440 PM PST
DECEMBER  4 2016......SUNRISE   719 AM PST   SUNSET   440 PM PST


-  INDICATES NEGATIVE NUMBERS.
R  INDICATES RECORD WAS SET OR TIED.
MM INDICATES DATA IS MISSING.
T  INDICATES TRACE AMOUNT.




$$
