000
CDUS46 KMFR 250045
CLIMHS


CLIMATE REPORT
NATIONAL WEATHER SERVICE MEDFORD, OR
444 PM PST FRI NOV 24 2017


...................................

...THE MT SHASTA CITY CA CLIMATE SUMMARY FOR NOVEMBER 24 2017...
VALID TODAY AS OF 0400 PM LOCAL TIME.

CLIMATE NORMAL PERIOD 1981 TO 2010
CLIMATE RECORD PERIOD 1908 TO 2017


WEATHER ITEM   OBSERVED TIME   RECORD YEAR NORMAL DEPARTURE LAST
                VALUE   (LST)  VALUE       VALUE  FROM      YEAR
                                                  NORMAL
..................................................................
TEMPERATURE (F)
 TODAY
  MAXIMUM         54    212 PM  70    1950  48      6       45
  MINIMUM         36    742 AM   6    1993  28      8       31
  AVERAGE         45                        38      7       38

PRECIPITATION (IN)
  TODAY            T             2.90 1961   0.19  -0.19     0.00
  MONTH TO DATE    3.62                      3.87  -0.25     3.62
  SINCE OCT 1      4.27                      6.15  -1.88    15.49
  SINCE JAN 1     43.26                     34.15   9.11    48.39

SNOWFALL (IN)
  TODAY           MM                         0.4   MM       MM
  MONTH TO DATE   MM                         5.2   MM       MM
  SINCE JUL 1     MM                         5.4   MM       MM
  SNOW DEPTH      MM

DEGREE DAYS
 HEATING
  TODAY           20                        27     -7       27
  MONTH TO DATE  549                       567    -18      441
  SINCE SEP 1   1100                      1156    -56     1006
  SINCE JUL 1   1100                      1231   -131     1021

 COOLING
  TODAY            0                         0      0        0
  MONTH TO DATE    0                         0      0        0
  SINCE SEP 1    100                        28     72       35
  SINCE JAN 1    700                       288    412      513
..................................................................


WIND (MPH)
  HIGHEST WIND SPEED     8   HIGHEST WIND DIRECTION     E (80)
  HIGHEST GUST SPEED    13   HIGHEST GUST DIRECTION     E (90)
  AVERAGE WIND SPEED     2.5


SKY COVER
  POSSIBLE SUNSHINE  MM
  AVERAGE SKY COVER 0.1


WEATHER CONDITIONS
 THE FOLLOWING WEATHER WAS RECORDED TODAY.
  LIGHT RAIN


RELATIVE HUMIDITY (PERCENT)
 HIGHEST   100           500 AM
 LOWEST     59           100 PM

..........................................................


THE MT SHASTA CITY CA CLIMATE NORMALS FOR TOMORROW
                         NORMAL    RECORD    YEAR
 MAXIMUM TEMPERATURE (F)   48        68      1950
 MINIMUM TEMPERATURE (F)   28         6      1993


SUNRISE AND SUNSET
NOVEMBER 24 2017......SUNRISE   708 AM PST   SUNSET   443 PM PST
NOVEMBER 25 2017......SUNRISE   710 AM PST   SUNSET   443 PM PST


-  INDICATES NEGATIVE NUMBERS.
R  INDICATES RECORD WAS SET OR TIED.
MM INDICATES DATA IS MISSING.
T  INDICATES TRACE AMOUNT.




$$
