000
CDUS46 KMFR 300840
CLIMHS


CLIMATE REPORT
NATIONAL WEATHER SERVICE MEDFORD, OR
139 AM PDT TUE SEP 30 2014


...................................

...THE MT SHASTA CITY CA CLIMATE SUMMARY FOR SEPTEMBER 29 2014...

CLIMATE NORMAL PERIOD 1981 TO 2010
CLIMATE RECORD PERIOD 1908 TO 2014


WEATHER ITEM   OBSERVED TIME   RECORD YEAR NORMAL DEPARTURE LAST
                VALUE   (LST)  VALUE       VALUE  FROM      YEAR
                                                  NORMAL
..................................................................
TEMPERATURE (F)
 YESTERDAY
  MAXIMUM         76    257 PM  89    1915  74      2       57
                                      2008
                                      1980
  MINIMUM         41    541 AM  27    1929  40      1       49
  AVERAGE         59                        57      2       53

PRECIPITATION (IN)
  YESTERDAY        0.00          0.95 1918   0.03  -0.03     0.24
  MONTH TO DATE    2.56                      0.64   1.92     1.54
  SINCE SEP 1      2.56                      0.64   1.92     1.54
  SINCE JAN 1     14.84                     27.97 -13.13     8.72

SNOWFALL (IN)
  YESTERDAY       MM                         0.0   MM       MM
  MONTH TO DATE   MM                         0.0   MM       MM
  SINCE JUL 1     MM                         0.0   MM       MM
  SNOW DEPTH      MM

DEGREE DAYS
 HEATING
  YESTERDAY        6                         8     -2       12
  MONTH TO DATE   64                       153    -89      157
  SINCE SEP 1     64                       153    -89      157
  SINCE JUL 1     69                       228   -159      169

 COOLING
  YESTERDAY        0                         0      0        0
  MONTH TO DATE   49                        25     24       47
  SINCE SEP 1     49                        25     24       47
  SINCE JAN 1    547                       285    262      474
..................................................................


WIND (MPH)
  HIGHEST WIND SPEED    10   HIGHEST WIND DIRECTION     N (20)
  HIGHEST GUST SPEED    18   HIGHEST GUST DIRECTION     N (10)
  AVERAGE WIND SPEED     2.6


SKY COVER
  POSSIBLE SUNSHINE  MM
  AVERAGE SKY COVER 0.0


WEATHER CONDITIONS
 THE FOLLOWING WEATHER WAS RECORDED YESTERDAY.
  NO SIGNIFICANT WEATHER WAS OBSERVED.


RELATIVE HUMIDITY (PERCENT)
 HIGHEST    96           300 AM
 LOWEST     27          1200 PM

..........................................................


THE MT SHASTA CITY CA CLIMATE NORMALS FOR TODAY
                         NORMAL    RECORD    YEAR
 MAXIMUM TEMPERATURE (F)   74        91      2010
 MINIMUM TEMPERATURE (F)   40        25      1929


SUNRISE AND SUNSET
SEPTEMBER 30 2014.....SUNRISE   705 AM PDT   SUNSET   653 PM PDT
OCTOBER  1 2014.......SUNRISE   706 AM PDT   SUNSET   651 PM PDT


-  INDICATES NEGATIVE NUMBERS.
R  INDICATES RECORD WAS SET OR TIED.
MM INDICATES DATA IS MISSING.
T  INDICATES TRACE AMOUNT.




$$
