000
CDUS46 KMFR 300835
CLIMHS


CLIMATE REPORT
NATIONAL WEATHER SERVICE MEDFORD, OR
135 AM PDT SAT APR 30 2016


...................................

...THE MT SHASTA CITY CA CLIMATE SUMMARY FOR APRIL 29 2016...

CLIMATE NORMAL PERIOD 1981 TO 2010
CLIMATE RECORD PERIOD 1908 TO 2016


WEATHER ITEM   OBSERVED TIME   RECORD YEAR NORMAL DEPARTURE LAST
                VALUE   (LST)  VALUE       VALUE  FROM      YEAR
                                                  NORMAL
..................................................................
TEMPERATURE (F)
 YESTERDAY
  MAXIMUM         65   1158 AM  84    1981  64      1       68
  MINIMUM         40    548 AM  25    1950  36      4       46
  AVERAGE         53                        50      3       57

PRECIPITATION (IN)
  YESTERDAY        T             1.17 1941   0.08  -0.08     0.00
  MONTH TO DATE    1.90                      2.86  -0.96     1.48
  SINCE OCT 1     38.63                     38.32   0.31    32.91
  SINCE JAN 1     29.14                     23.11   6.03    13.39

SNOWFALL (IN)
  YESTERDAY       MM                         0.0   MM       MM
  MONTH TO DATE   MM                         5.3   MM       MM
  SINCE JUL 1     MM                        91.4   MM       MM
  SNOW DEPTH      MM

DEGREE DAYS
 HEATING
  YESTERDAY       12                        15     -3        8
  MONTH TO DATE  351                       521   -170      457
  SINCE MAR 1    979                      1225   -246      946
  SINCE JUL 1   4494                      5200   -706     3912

 COOLING
  YESTERDAY        0                         0      0        0
  MONTH TO DATE    0                         0      0        0
  SINCE MAR 1      0                         0      0        0
  SINCE JAN 1      0                         0      0        0
..................................................................


WIND (MPH)
  HIGHEST WIND SPEED    17   HIGHEST WIND DIRECTION    NW (330)
  HIGHEST GUST SPEED    31   HIGHEST GUST DIRECTION     N (350)
  AVERAGE WIND SPEED     6.6


SKY COVER
  POSSIBLE SUNSHINE  MM
  AVERAGE SKY COVER 0.1


WEATHER CONDITIONS
 THE FOLLOWING WEATHER WAS RECORDED YESTERDAY.
  LIGHT RAIN


RELATIVE HUMIDITY (PERCENT)
 HIGHEST    76           300 AM
 LOWEST     27          1100 AM

..........................................................


THE MT SHASTA CITY CA CLIMATE NORMALS FOR TODAY
                         NORMAL    RECORD    YEAR
 MAXIMUM TEMPERATURE (F)   65        86      1981
 MINIMUM TEMPERATURE (F)   36        22      1953


SUNRISE AND SUNSET
APRIL 30 2016.........SUNRISE   607 AM PDT   SUNSET   806 PM PDT
MAY  1 2016...........SUNRISE   606 AM PDT   SUNSET   807 PM PDT


-  INDICATES NEGATIVE NUMBERS.
R  INDICATES RECORD WAS SET OR TIED.
MM INDICATES DATA IS MISSING.
T  INDICATES TRACE AMOUNT.




$$
