000
CDUS46 KMFR 050842
CLIMHS


CLIMATE REPORT
NATIONAL WEATHER SERVICE MEDFORD, OR
142 AM PDT SUN JUL 5 2015


...................................

...THE MT SHASTA CITY CA CLIMATE SUMMARY FOR JULY 4 2015...

CLIMATE NORMAL PERIOD 1981 TO 2010
CLIMATE RECORD PERIOD 1908 TO 2015


WEATHER ITEM   OBSERVED TIME   RECORD YEAR NORMAL DEPARTURE LAST
                VALUE   (LST)  VALUE       VALUE  FROM      YEAR
                                                  NORMAL
..................................................................
TEMPERATURE (F)
 YESTERDAY
  MAXIMUM         95    326 PM  97    2007  83     12       91
                                      1984
  MINIMUM         56    521 AM  31    1947  49      7       52
  AVERAGE         76                        66     10       72

PRECIPITATION (IN)
  YESTERDAY        0.00          0.42 1914   0.01  -0.01     0.00
  MONTH TO DATE    0.00                      0.07  -0.07     0.00
  SINCE OCT 1     34.90                     41.88  -6.98    12.94
  SINCE JAN 1     15.38                     26.67 -11.29    11.83

SNOWFALL (IN)
  YESTERDAY       MM                         0.0   MM       MM
  MONTH TO DATE   MM                         0.0   MM       MM
  SINCE JUL 1     MM                         0.0   MM       MM
  SNOW DEPTH      MM

DEGREE DAYS
 HEATING
  YESTERDAY        0                         2     -2        0
  MONTH TO DATE    0                         8     -8        0
  SINCE JUN 1     21                       150   -129       56
  SINCE JUL 1      0                         8     -8        0

 COOLING
  YESTERDAY       11                         3      8        7
  MONTH TO DATE   49                        12     37       38
  SINCE JUN 1    224                        49    175       96
  SINCE JAN 1    229                        57    172      105
..................................................................


WIND (MPH)
  HIGHEST WIND SPEED     9   HIGHEST WIND DIRECTION     W (290)
  HIGHEST GUST SPEED    18   HIGHEST GUST DIRECTION    NW (300)
  AVERAGE WIND SPEED     0.7


SKY COVER
  POSSIBLE SUNSHINE  MM
  AVERAGE SKY COVER 0.1


WEATHER CONDITIONS
 THE FOLLOWING WEATHER WAS RECORDED YESTERDAY.
  HAZE


RELATIVE HUMIDITY (PERCENT)
 HIGHEST    87           200 AM
 LOWEST     26           300 PM

..........................................................


THE MT SHASTA CITY CA CLIMATE NORMALS FOR TODAY
                         NORMAL    RECORD    YEAR
 MAXIMUM TEMPERATURE (F)   83       100      2007
 MINIMUM TEMPERATURE (F)   49        33      1947


SUNRISE AND SUNSET
JULY  5 2015..........SUNRISE   542 AM PDT   SUNSET   845 PM PDT
JULY  6 2015..........SUNRISE   543 AM PDT   SUNSET   845 PM PDT


-  INDICATES NEGATIVE NUMBERS.
R  INDICATES RECORD WAS SET OR TIED.
MM INDICATES DATA IS MISSING.
T  INDICATES TRACE AMOUNT.




$$
