000
CDUS46 KMFR 280836
CLIMHS


CLIMATE REPORT
NATIONAL WEATHER SERVICE MEDFORD, OR
1235 AM PST WED JAN 28 2015


...................................

...THE MT SHASTA CITY CA CLIMATE SUMMARY FOR JANUARY 27 2015...

CLIMATE NORMAL PERIOD 1981 TO 2010
CLIMATE RECORD PERIOD 1908 TO 2015


WEATHER ITEM   OBSERVED TIME   RECORD YEAR NORMAL DEPARTURE LAST
                VALUE   (LST)  VALUE       VALUE  FROM      YEAR
                                                  NORMAL
..................................................................
TEMPERATURE (F)
 YESTERDAY
  MAXIMUM         52   1129 AM  66    1920  46      6       53
  MINIMUM         36    703 AM   7    1957  27      9       31
  AVERAGE         44                        37      7       42

PRECIPITATION (IN)
  YESTERDAY        0.00          2.25 1954   0.21  -0.21      T
  MONTH TO DATE    0.48                      6.22  -5.74     0.15
  SINCE OCT 1     20.00                     21.43  -1.43     1.26
  SINCE JAN 1      0.48                      6.22  -5.74     0.15

SNOWFALL (IN)
  YESTERDAY       MM                         0.6   MM       MM
  MONTH TO DATE   MM                        18.2   MM        0.0
  SINCE JUL 1     MM                        50.9   MM        0.0
  SNOW DEPTH      MM

DEGREE DAYS
 HEATING
  YESTERDAY       21                        28     -7       23
  MONTH TO DATE  603                       792   -189      674
  SINCE DEC 1   1336                      1717   -381     1612
  SINCE JUL 1   2346                      3114   -768     2849

 COOLING
  YESTERDAY        0                         0      0        0
  MONTH TO DATE    0                         0      0        0
  SINCE DEC 1      0                         0      0        0
  SINCE JAN 1      0                         0      0        0
..................................................................


WIND (MPH)
  HIGHEST WIND SPEED     8   HIGHEST WIND DIRECTION    SE (130)
  HIGHEST GUST SPEED    17   HIGHEST GUST DIRECTION    SE (140)
  AVERAGE WIND SPEED     2.0


SKY COVER
  POSSIBLE SUNSHINE  MM
  AVERAGE SKY COVER 0.3


WEATHER CONDITIONS
 THE FOLLOWING WEATHER WAS RECORDED YESTERDAY.
  FOG
  HAZE


RELATIVE HUMIDITY (PERCENT)
 HIGHEST    92           700 AM
 LOWEST     59          1100 AM

..........................................................


THE MT SHASTA CITY CA CLIMATE NORMALS FOR TODAY
                         NORMAL    RECORD    YEAR
 MAXIMUM TEMPERATURE (F)   46        65      1931
 MINIMUM TEMPERATURE (F)   27         6      2002


SUNRISE AND SUNSET
JANUARY 28 2015.......SUNRISE   724 AM PST   SUNSET   520 PM PST
JANUARY 29 2015.......SUNRISE   723 AM PST   SUNSET   522 PM PST


-  INDICATES NEGATIVE NUMBERS.
R  INDICATES RECORD WAS SET OR TIED.
MM INDICATES DATA IS MISSING.
T  INDICATES TRACE AMOUNT.




$$
