000
CDUS42 KMFL 290840
CLIMIA


CLIMATE REPORT
NATIONAL WEATHER SERVICE MIAMI, FL
439 AM EDT TUE JUL 29 2014


...................................

...THE MIAMI CLIMATE SUMMARY FOR JULY 28 2014...

CLIMATE NORMAL PERIOD 1981 TO 2010
CLIMATE RECORD PERIOD 1839 TO 2014


WEATHER ITEM   OBSERVED TIME   RECORD YEAR NORMAL DEPARTURE LAST
                VALUE   (LST)  VALUE       VALUE  FROM      YEAR
                                                  NORMAL
..................................................................
TEMPERATURE (F)
 YESTERDAY
  MAXIMUM         95    342 PM  96    1999  91      4       91
                                      1990
  MINIMUM         81    559 AM  68    1939  78      3       76
  AVERAGE         88                        84      4       84

PRECIPITATION (IN)
  YESTERDAY        0.00          2.43 1983   0.20  -0.20     0.05
  MONTH TO DATE    8.97                      5.88   3.09    12.40
  SINCE JUN 1     28.59                     15.55  13.04    18.58
  SINCE JAN 1     38.74                     30.90   7.84    37.95

SNOWFALL (IN)
  YESTERDAY        0.0
  MONTH TO DATE    0.0
  SINCE JUN 1      0.0
  SINCE JUL 1      0.0
  SNOW DEPTH       0

DEGREE DAYS
 HEATING
  YESTERDAY        0                         0      0
  MONTH TO DATE    0                         0      0
  SINCE JUN 1      0                         0      0
  SINCE JUL 1      0                         0      0

 COOLING
  YESTERDAY       23                        20      3
  MONTH TO DATE  532                       533     -1
  SINCE JUN 1   1034                      1065    -31
  SINCE JAN 1   2608                      2421    187
..................................................................


WIND (MPH)
  HIGHEST WIND SPEED    15   HIGHEST WIND DIRECTION     S (160)
  HIGHEST GUST SPEED    20   HIGHEST GUST DIRECTION     W (270)
  AVERAGE WIND SPEED     5.9


SKY COVER
  POSSIBLE SUNSHINE  94 PERCENT
  AVERAGE SKY COVER 0.6


WEATHER CONDITIONS
 THE FOLLOWING WEATHER WAS RECORDED YESTERDAY.
  NO SIGNIFICANT WEATHER WAS OBSERVED.


RELATIVE HUMIDITY (PERCENT)
 HIGHEST    79
 LOWEST     39
 AVERAGE    59

..........................................................


THE MIAMI CLIMATE NORMALS FOR TODAY
                         NORMAL    RECORD    YEAR
 MAXIMUM TEMPERATURE (F)   91        97      1990
 MINIMUM TEMPERATURE (F)   78        69      1910
                                             1906


SUNRISE AND SUNSET
JULY 29 2014..........SUNRISE   646 AM EDT   SUNSET   809 PM EDT
JULY 30 2014..........SUNRISE   646 AM EDT   SUNSET   808 PM EDT


-  INDICATES NEGATIVE NUMBERS.
R  INDICATES RECORD WAS SET OR TIED.
MM INDICATES DATA IS MISSING.
T  INDICATES TRACE AMOUNT.




$$
