000
CDUS42 KMFL 290822
CLIMIA


CLIMATE REPORT
NATIONAL WEATHER SERVICE MIAMI, FL
422 AM EDT SAT AUG 29 2015


...................................

...THE MIAMI CLIMATE SUMMARY FOR AUGUST 28 2015...

CLIMATE NORMAL PERIOD 1981 TO 2010
CLIMATE RECORD PERIOD 1895 TO 2015


WEATHER ITEM   OBSERVED TIME   RECORD YEAR NORMAL DEPARTURE LAST
                VALUE   (LST)  VALUE       VALUE  FROM      YEAR
                                                  NORMAL
..................................................................
TEMPERATURE (F)
 YESTERDAY
  MAXIMUM         92   1245 PM  96    1954  91      1       92
  MINIMUM         80   1159 PM  71    1994  77      3       80
                                      1929
                                      1921
  AVERAGE         86                        84      2       86

PRECIPITATION (IN)
  YESTERDAY        0.00          3.16 1957   0.32  -0.32     0.01
  MONTH TO DATE    6.12                      7.93  -1.81     9.07
  SINCE JUN 1     15.63                     24.10  -8.47    38.98
  SINCE JAN 1     27.13                     39.45 -12.32    49.13

SNOWFALL (IN)
  YESTERDAY        0.0
  MONTH TO DATE    0.0
  SINCE JUN 1      0.0
  SINCE JUL 1      0.0
  SNOW DEPTH       0

DEGREE DAYS
 HEATING
  YESTERDAY        0                         0      0        0
  MONTH TO DATE    0                         0      0        0
  SINCE JUN 1      0                         0      0        0
  SINCE JUL 1      0                         0      0        0

 COOLING
  YESTERDAY       21                        19      2       21
  MONTH TO DATE  560                       540     20      559
  SINCE JUN 1   1744                      1664     80     1654
  SINCE JAN 1   3421                      3020    401     3228
..................................................................


WIND (MPH)
  HIGHEST WIND SPEED    16   HIGHEST WIND DIRECTION     E (90)
  HIGHEST GUST SPEED    20   HIGHEST GUST DIRECTION    SE (130)
  AVERAGE WIND SPEED     7.0


SKY COVER
  POSSIBLE SUNSHINE  MM
  AVERAGE SKY COVER 0.7


WEATHER CONDITIONS
 THE FOLLOWING WEATHER WAS RECORDED YESTERDAY.
  THUNDERSTORM
  TORNADO


RELATIVE HUMIDITY (PERCENT)
 HIGHEST    85
 LOWEST     56
 AVERAGE    71

..........................................................


THE MIAMI CLIMATE NORMALS FOR TODAY
                         NORMAL    RECORD    YEAR
 MAXIMUM TEMPERATURE (F)   90        95      1952
 MINIMUM TEMPERATURE (F)   77        69      1912


SUNRISE AND SUNSET
AUGUST 29 2015........SUNRISE   700 AM EDT   SUNSET   744 PM EDT
AUGUST 30 2015........SUNRISE   700 AM EDT   SUNSET   743 PM EDT


-  INDICATES NEGATIVE NUMBERS.
R  INDICATES RECORD WAS SET OR TIED.
MM INDICATES DATA IS MISSING.
T  INDICATES TRACE AMOUNT.




$$
