000
CDUS42 KMFL 280923
CLIMIA


CLIMATE REPORT
NATIONAL WEATHER SERVICE MIAMI, FL
423 AM EST WED JAN 28 2015


...................................

...THE MIAMI CLIMATE SUMMARY FOR JANUARY 27 2015...

CLIMATE NORMAL PERIOD 1981 TO 2010
CLIMATE RECORD PERIOD 1895 TO 2015


WEATHER ITEM   OBSERVED TIME   RECORD YEAR NORMAL DEPARTURE LAST
                VALUE   (LST)  VALUE       VALUE  FROM      YEAR
                                                  NORMAL
..................................................................
TEMPERATURE (F)
 YESTERDAY
  MAXIMUM         70    454 PM  88    1984  77     -7       82
  MINIMUM         56    823 AM  28    1940  60     -4       62
  AVERAGE         63                        68     -5       72

PRECIPITATION (IN)
  YESTERDAY        0.00          1.45 1980   0.06  -0.06     0.00
  MONTH TO DATE    0.95                      1.40  -0.45     1.02
  SINCE NOV 1      4.93                      6.71  -1.78    11.42
  SINCE JAN 1      0.95                      1.40  -0.45     1.02

SNOWFALL (IN)
  YESTERDAY        0.0
  MONTH TO DATE    0.0
  SINCE DEC 1      0.0
  SINCE JUL 1      0.0
  SNOW DEPTH       0

DEGREE DAYS
 HEATING
  YESTERDAY        2                         1      1
  MONTH TO DATE    7                        52    -45
  SINCE DEC 1     25                        86    -61
  SINCE JUL 1     36                        89    -53

 COOLING
  YESTERDAY        0                         5     -5
  MONTH TO DATE  196                       135     61
  SINCE DEC 1    416                       338     78
  SINCE JAN 1    196                       135     61
..................................................................


WIND (MPH)
  HIGHEST WIND SPEED    17   HIGHEST WIND DIRECTION     W (250)
  HIGHEST GUST SPEED    22   HIGHEST GUST DIRECTION    SW (230)
  AVERAGE WIND SPEED     8.1


SKY COVER
  POSSIBLE SUNSHINE  92 PERCENT
  AVERAGE SKY COVER 0.1


WEATHER CONDITIONS
 THE FOLLOWING WEATHER WAS RECORDED YESTERDAY.
  NO SIGNIFICANT WEATHER WAS OBSERVED.


RELATIVE HUMIDITY (PERCENT)
 HIGHEST    80
 LOWEST     24
 AVERAGE    52

..........................................................


THE MIAMI CLIMATE NORMALS FOR TODAY
                         NORMAL    RECORD    YEAR
 MAXIMUM TEMPERATURE (F)   77        87      1991
 MINIMUM TEMPERATURE (F)   60        28      1940


SUNRISE AND SUNSET
JANUARY 28 2015.......SUNRISE   707 AM EST   SUNSET   602 PM EST
JANUARY 29 2015.......SUNRISE   706 AM EST   SUNSET   602 PM EST


-  INDICATES NEGATIVE NUMBERS.
R  INDICATES RECORD WAS SET OR TIED.
MM INDICATES DATA IS MISSING.
T  INDICATES TRACE AMOUNT.




$$
