000
CDUS42 KMFL 242017
CLIMIA


CLIMATE REPORT
NATIONAL WEATHER SERVICE MIAMI, FL
417 PM EDT MON JUL 24 2017


...................................

...THE MIAMI CLIMATE SUMMARY FOR JULY 24 2017...
VALID TODAY AS OF 0400 PM LOCAL TIME.

CLIMATE NORMAL PERIOD 1981 TO 2010
CLIMATE RECORD PERIOD 1895 TO 2017


WEATHER ITEM   OBSERVED TIME   RECORD YEAR NORMAL DEPARTURE LAST
                VALUE   (LST)  VALUE       VALUE  FROM      YEAR
                                                  NORMAL
..................................................................
TEMPERATURE (F)
 TODAY
  MAXIMUM         93    155 PM  98    1983  91      2       88
  MINIMUM         81    613 AM  69    1933  78      3       77
  AVERAGE         87                        84      3       83

PRECIPITATION (IN)
  TODAY            T             1.48 1937   0.19  -0.19      T
  MONTH TO DATE   11.04                      5.10   5.94     3.79
  SINCE JUN 1     27.01                     14.77  12.24    12.51
  SINCE JAN 1     40.49                     30.12  10.37    32.90

SNOWFALL (IN)
  TODAY            0.0
  MONTH TO DATE    0.0
  SINCE JUN 1      0.0
  SINCE JUL 1      0.0
  SNOW DEPTH       0

DEGREE DAYS
 HEATING
  TODAY            0                         0      0        0
  MONTH TO DATE    0                         0      0        0
  SINCE JUN 1      0                         0      0        0
  SINCE JUL 1      0                         0      0        0

 COOLING
  TODAY           22                        19      3       18
  MONTH TO DATE  502                       455     47      479
  SINCE JUN 1   1071                       987     84     1040
  SINCE JAN 1   2775                      2343    432     2502
..................................................................


WIND (MPH)
  HIGHEST WIND SPEED    14   HIGHEST WIND DIRECTION    SE (120)
  HIGHEST GUST SPEED    22   HIGHEST GUST DIRECTION     S (170)
  AVERAGE WIND SPEED     3.8


SKY COVER
  AVERAGE SKY COVER 0.6


WEATHER CONDITIONS
 THE FOLLOWING WEATHER WAS RECORDED TODAY.
  THUNDERSTORM
  LIGHT RAIN


RELATIVE HUMIDITY (PERCENT)
 HIGHEST    79
 LOWEST     56
 AVERAGE    68

..........................................................


THE MIAMI CLIMATE NORMALS FOR TOMORROW
                         NORMAL    RECORD    YEAR
 MAXIMUM TEMPERATURE (F)   91        96      1940
 MINIMUM TEMPERATURE (F)   78        71      1984
                                             1951
                                             1910


SUNRISE AND SUNSET
JULY 24 2017..........SUNRISE   644 AM EDT   SUNSET   811 PM EDT
JULY 25 2017..........SUNRISE   644 AM EDT   SUNSET   811 PM EDT


-  INDICATES NEGATIVE NUMBERS.
R  INDICATES RECORD WAS SET OR TIED.
MM INDICATES DATA IS MISSING.
T  INDICATES TRACE AMOUNT.




$$
