000
CDUS42 KMFL 250821
CLIMIA


CLIMATE REPORT
NATIONAL WEATHER SERVICE MIAMI, FL
421 AM EDT SAT OCT 25 2014


...................................

...THE MIAMI CLIMATE SUMMARY FOR OCTOBER 24 2014...

CLIMATE NORMAL PERIOD 1981 TO 2010
CLIMATE RECORD PERIOD 1839 TO 2014


WEATHER ITEM   OBSERVED TIME   RECORD YEAR NORMAL DEPARTURE LAST
                VALUE   (LST)  VALUE       VALUE  FROM      YEAR
                                                  NORMAL
..................................................................
TEMPERATURE (F)
 YESTERDAY
  MAXIMUM         79    403 PM  92    1990  85     -6       81
  MINIMUM         72   1159 PM  52    1937  72      0       73
                                      1923
  AVERAGE         76                        79     -3       77

PRECIPITATION (IN)
  YESTERDAY        0.50          3.23 1967   0.16   0.34     0.03
  MONTH TO DATE    3.24                      5.33  -2.09     6.86
  SINCE JUN 1     49.47                     40.24   9.23    40.64
  SINCE JAN 1     59.62                     55.59   4.03    60.01

SNOWFALL (IN)
  YESTERDAY        0.0
  MONTH TO DATE    0.0
  SINCE SEP 1      0.0
  SINCE JUL 1      0.0
  SNOW DEPTH       0

DEGREE DAYS
 HEATING
  YESTERDAY        0                         0      0
  MONTH TO DATE    0                         0      0
  SINCE SEP 1      0                         0      0
  SINCE JUL 1      0                         0      0

 COOLING
  YESTERDAY       11                        14     -3
  MONTH TO DATE  380                       371      9
  SINCE SEP 1    914                       908      6
  SINCE JAN 1   4209                      3983    226
..................................................................


WIND (MPH)
  HIGHEST WIND SPEED    20   HIGHEST WIND DIRECTION    NE (50)
  HIGHEST GUST SPEED    28   HIGHEST GUST DIRECTION    NE (40)
  AVERAGE WIND SPEED     9.6


SKY COVER
  POSSIBLE SUNSHINE  MM
  AVERAGE SKY COVER 0.9


WEATHER CONDITIONS
 THE FOLLOWING WEATHER WAS RECORDED YESTERDAY.
  RAIN
  LIGHT RAIN
  FOG


RELATIVE HUMIDITY (PERCENT)
 HIGHEST    93
 LOWEST     74
 AVERAGE    84

..........................................................


THE MIAMI CLIMATE NORMALS FOR TODAY
                         NORMAL    RECORD    YEAR
 MAXIMUM TEMPERATURE (F)   85        89      2002
                                             1904
                                             1896
 MINIMUM TEMPERATURE (F)   72        52      1937


SUNRISE AND SUNSET
OCTOBER 25 2014.......SUNRISE   725 AM EDT   SUNSET   645 PM EDT
OCTOBER 26 2014.......SUNRISE   726 AM EDT   SUNSET   644 PM EDT


-  INDICATES NEGATIVE NUMBERS.
R  INDICATES RECORD WAS SET OR TIED.
MM INDICATES DATA IS MISSING.
T  INDICATES TRACE AMOUNT.




$$
