000
CDUS42 KMFL 252019
CLIMIA


CLIMATE REPORT
NATIONAL WEATHER SERVICE MIAMI, FL
418 PM EDT THU MAY 25 2017


...................................

...THE MIAMI CLIMATE SUMMARY FOR MAY 25 2017...
VALID TODAY AS OF 0400 PM LOCAL TIME.

CLIMATE NORMAL PERIOD 1981 TO 2010
CLIMATE RECORD PERIOD 1895 TO 2017


WEATHER ITEM   OBSERVED TIME   RECORD YEAR NORMAL DEPARTURE LAST
                VALUE   (LST)  VALUE       VALUE  FROM      YEAR
                                                  NORMAL
..................................................................
TEMPERATURE (F)
 TODAY
  MAXIMUM         91    132 PM  93    2005  88      3       86
                                      1996
                                      1989
  MINIMUM         76   1212 AM  64    1928  74      2       77
  AVERAGE         84                        81      3       82

PRECIPITATION (IN)
  TODAY            0.01          5.03 1925   0.22  -0.21     0.00
  MONTH TO DATE    2.51                      3.84  -1.33     8.18
  SINCE NOV 1     16.57                     19.16  -2.59    37.67
  SINCE JAN 1     13.30                     13.85  -0.55    20.30

SNOWFALL (IN)
  TODAY            0.0
  MONTH TO DATE    0.0
  SINCE MAR 1      0.0
  SINCE JUL 1      0.0
  SNOW DEPTH       0

DEGREE DAYS
 HEATING
  TODAY            0                         0      0        0
  MONTH TO DATE    0                         0      0        0
  SINCE MAR 1      3                        12     -9        0
  SINCE JUL 1     17                       128   -111       67

 COOLING
  TODAY           19                        16      3       17
  MONTH TO DATE  412                       364     48      379
  SINCE MAR 1   1079                       935    144     1110
  SINCE JAN 1   1573                      1257    316     1367
..................................................................


WIND (MPH)
  HIGHEST WIND SPEED    22   HIGHEST WIND DIRECTION    SW (210)
  HIGHEST GUST SPEED    31   HIGHEST GUST DIRECTION    SW (220)
  AVERAGE WIND SPEED     8.9


SKY COVER
  AVERAGE SKY COVER 0.9


WEATHER CONDITIONS
 THE FOLLOWING WEATHER WAS RECORDED TODAY.
  THUNDERSTORM
  LIGHT RAIN
  HAZE


RELATIVE HUMIDITY (PERCENT)
 HIGHEST    85
 LOWEST     59
 AVERAGE    72

..........................................................


THE MIAMI CLIMATE NORMALS FOR TOMORROW
                         NORMAL    RECORD    YEAR
 MAXIMUM TEMPERATURE (F)   88        94      1949
 MINIMUM TEMPERATURE (F)   74        65      1950
                                             1908


SUNRISE AND SUNSET
MAY 25 2017...........SUNRISE   631 AM EDT   SUNSET   805 PM EDT
MAY 26 2017...........SUNRISE   631 AM EDT   SUNSET   806 PM EDT


-  INDICATES NEGATIVE NUMBERS.
R  INDICATES RECORD WAS SET OR TIED.
MM INDICATES DATA IS MISSING.
T  INDICATES TRACE AMOUNT.




$$
