000
CDUS43 KIND 290533
CLIMIE


CLIMATE REPORT
NATIONAL WEATHER SERVICE INDIANAPOLIS IN
132 AM EDT SUN MAR 29 2015


...................................

...THE MUNCIE IN CLIMATE SUMMARY FOR MARCH 28 2015...

CLIMATE NORMAL PERIOD 1981 TO 2010
CLIMATE RECORD PERIOD 9999 TO 9999


WEATHER ITEM   OBSERVED TIME   NORMAL DEPARTURE LAST
                VALUE   (LST)  VALUE  FROM      YEAR
                                      NORMAL
......................................................
TEMPERATURE (F)
 YESTERDAY
  MAXIMUM         35    533 PM  54    -19       51
  MINIMUM         18    659 AM  35    -17       37
  AVERAGE         27            44    -17       44

PRECIPITATION (IN)
  YESTERDAY        0.00          0.10  -0.10     0.13
  MONTH TO DATE    2.94          2.62   0.32     1.29
  SINCE MAR 1      2.94          2.62   0.32     1.29
  SINCE JAN 1      5.88          7.16  -1.28     4.25

DEGREE DAYS
 HEATING
  YESTERDAY       38            21     17       21
  MONTH TO DATE  800           727     73      879
  SINCE MAR 1    800           727     73      879
  SINCE JUL 1   5665          5110    555     5789

 COOLING
  YESTERDAY        0             0      0        0
  MONTH TO DATE    0             0      0        0
  SINCE MAR 1      0             0      0        0
  SINCE JAN 1      0             0      0        0
......................................................


WIND (MPH)
  HIGHEST WIND SPEED    13   HIGHEST WIND DIRECTION    NE (60)
  HIGHEST GUST SPEED    17   HIGHEST GUST DIRECTION    NE (30)
  AVERAGE WIND SPEED     5.1


SKY COVER
  AVERAGE SKY COVER 0.0


WEATHER CONDITIONS
 THE FOLLOWING WEATHER WAS RECORDED YESTERDAY.
  NO SIGNIFICANT WEATHER WAS OBSERVED.


RELATIVE HUMIDITY (PERCENT)
 HIGHEST    84           500 AM
 LOWEST     41           400 PM
 AVERAGE    63

..........................................................


THE MUNCIE IN CLIMATE NORMALS FOR TODAY
                         NORMAL
 MAXIMUM TEMPERATURE (F)   55
 MINIMUM TEMPERATURE (F)   35


SUNRISE AND SUNSET
MARCH 29 2015.........SUNRISE   731 AM EDT   SUNSET   803 PM EDT
MARCH 30 2015.........SUNRISE   729 AM EDT   SUNSET   804 PM EDT


-  INDICATES NEGATIVE NUMBERS.
R  INDICATES RECORD WAS SET OR TIED.
MM INDICATES DATA IS MISSING.
T  INDICATES TRACE AMOUNT.




$$
