000
CDUS43 KIND 280543
CLIMIE


CLIMATE REPORT
NATIONAL WEATHER SERVICE INDIANAPOLIS IN
143 AM EDT FRI JUL 28 2017


...................................

...THE MUNCIE IN CLIMATE SUMMARY FOR JULY 27 2017...

CLIMATE NORMAL PERIOD 1981 TO 2010
CLIMATE RECORD PERIOD 9999 TO 9999


WEATHER ITEM   OBSERVED TIME   NORMAL DEPARTURE LAST
                VALUE   (LST)  VALUE  FROM      YEAR
                                      NORMAL
......................................................
TEMPERATURE (F)
 YESTERDAY
  MAXIMUM         84    328 PM  84      0       89
  MINIMUM         73   1159 PM  64      9       64
  AVERAGE         79            74      5       77

PRECIPITATION (IN)
  YESTERDAY        0.20          0.12   0.08     0.00
  MONTH TO DATE    4.46          3.88   0.58     2.24
  SINCE JUN 1     13.62          8.54   5.08     5.86
  SINCE JAN 1     33.19         24.11   9.08    19.93

DEGREE DAYS
 HEATING
  YESTERDAY        0             0      0        0
  MONTH TO DATE    0             0      0        3
  SINCE JUN 1      3            24    -21        6
  SINCE JUL 1      0             0      0        3

 COOLING
  YESTERDAY       14             9      5       12
  MONTH TO DATE  299           261     38      293
  SINCE JUN 1    547           477     70      572
  SINCE JAN 1    663           560    103      679
......................................................


WIND (MPH)
  HIGHEST WIND SPEED    14   HIGHEST WIND DIRECTION     N (350)
  HIGHEST GUST SPEED    18   HIGHEST GUST DIRECTION     W (270)
  AVERAGE WIND SPEED     4.3


SKY COVER
  AVERAGE SKY COVER 0.7


WEATHER CONDITIONS
 THE FOLLOWING WEATHER WAS RECORDED YESTERDAY.
  THUNDERSTORM
  RAIN
  LIGHT RAIN
  FOG


RELATIVE HUMIDITY (PERCENT)
 HIGHEST    94           900 PM
 LOWEST     69           200 PM
 AVERAGE    82

..........................................................


THE MUNCIE IN CLIMATE NORMALS FOR TODAY
                         NORMAL
 MAXIMUM TEMPERATURE (F)   84
 MINIMUM TEMPERATURE (F)   64


SUNRISE AND SUNSET
JULY 28 2017..........SUNRISE   636 AM EDT   SUNSET   900 PM EDT
JULY 29 2017..........SUNRISE   637 AM EDT   SUNSET   859 PM EDT


-  INDICATES NEGATIVE NUMBERS.
R  INDICATES RECORD WAS SET OR TIED.
MM INDICATES DATA IS MISSING.
T  INDICATES TRACE AMOUNT.




$$
