000
CDUS43 KIND 030534
CLIMIE


CLIMATE REPORT
NATIONAL WEATHER SERVICE INDIANAPOLIS IN
132 AM EDT THU SEP 3 2015


...................................

...THE MUNCIE IN CLIMATE SUMMARY FOR SEPTEMBER 2 2015...

CLIMATE NORMAL PERIOD 1981 TO 2010
CLIMATE RECORD PERIOD 9999 TO 9999


WEATHER ITEM   OBSERVED TIME   NORMAL DEPARTURE LAST
                VALUE   (LST)  VALUE  FROM      YEAR
                                      NORMAL
......................................................
TEMPERATURE (F)
 YESTERDAY
  MAXIMUM         87    344 PM  81      6       77
  MINIMUM         68   1134 PM  59      9       67
  AVERAGE         78            70      8       72

PRECIPITATION (IN)
  YESTERDAY        0.00          0.10  -0.10     0.38
  MONTH TO DATE    T             0.21  -0.21     0.44
  SINCE SEP 1      T             0.21  -0.21     0.44
  SINCE JAN 1     31.48         28.12   3.36    28.86

DEGREE DAYS
 HEATING
  YESTERDAY        0             1     -1        0
  MONTH TO DATE    0             2     -2        0
  SINCE SEP 1      0             2     -2        0
  SINCE JUL 1     15            12      3       26

 COOLING
  YESTERDAY       13             6      7        7
  MONTH TO DATE   23            12     11       19
  SINCE SEP 1     23            12     11       19
  SINCE JAN 1    784           846    -62      774
......................................................


WIND (MPH)
  HIGHEST WIND SPEED    14   HIGHEST WIND DIRECTION     W (280)
  HIGHEST GUST SPEED    19   HIGHEST GUST DIRECTION     W (270)
  AVERAGE WIND SPEED     6.3


SKY COVER
  AVERAGE SKY COVER 0.1


WEATHER CONDITIONS
 THE FOLLOWING WEATHER WAS RECORDED YESTERDAY.
  NO SIGNIFICANT WEATHER WAS OBSERVED.


RELATIVE HUMIDITY (PERCENT)
 HIGHEST    90           200 AM
 LOWEST     51           200 PM
 AVERAGE    71

..........................................................


THE MUNCIE IN CLIMATE NORMALS FOR TODAY
                         NORMAL
 MAXIMUM TEMPERATURE (F)   81
 MINIMUM TEMPERATURE (F)   59


SUNRISE AND SUNSET
SEPTEMBER  3 2015.....SUNRISE   711 AM EDT   SUNSET   810 PM EDT
SEPTEMBER  4 2015.....SUNRISE   712 AM EDT   SUNSET   809 PM EDT


-  INDICATES NEGATIVE NUMBERS.
R  INDICATES RECORD WAS SET OR TIED.
MM INDICATES DATA IS MISSING.
T  INDICATES TRACE AMOUNT.




$$
