000
CDUS43 KIND 060533
CLIMIE


CLIMATE REPORT
NATIONAL WEATHER SERVICE INDIANAPOLIS IN
1232 AM EST FRI MAR 6 2015


...................................

...THE MUNCIE IN CLIMATE SUMMARY FOR MARCH 5 2015...

CLIMATE NORMAL PERIOD 1981 TO 2010
CLIMATE RECORD PERIOD 9999 TO 9999


WEATHER ITEM   OBSERVED TIME   NORMAL DEPARTURE LAST
                VALUE   (LST)  VALUE  FROM      YEAR
                                      NORMAL
......................................................
TEMPERATURE (F)
 YESTERDAY
  MAXIMUM         20    334 PM  44    -24       26
  MINIMUM          7   1129 PM  27    -20       14
  AVERAGE         14            35    -21       20

PRECIPITATION (IN)
  YESTERDAY        0.00          0.08  -0.08      T
  MONTH TO DATE    0.63          0.42   0.21     0.09
  SINCE MAR 1      0.63          0.42   0.21     0.09
  SINCE JAN 1      3.57          4.96  -1.39     3.05

DEGREE DAYS
 HEATING
  YESTERDAY       51            30     21       45
  MONTH TO DATE  208           152     56      225
  SINCE MAR 1    208           152     56      225
  SINCE JUL 1   5073          4535    538     5135

 COOLING
  YESTERDAY        0             0      0        0
  MONTH TO DATE    0             0      0        0
  SINCE MAR 1      0             0      0        0
  SINCE JAN 1      0             0      0        0
......................................................


WIND (MPH)
  HIGHEST WIND SPEED    15   HIGHEST WIND DIRECTION    NW (320)
  HIGHEST GUST SPEED    19   HIGHEST GUST DIRECTION    NW (320)
  AVERAGE WIND SPEED     7.8


SKY COVER
  AVERAGE SKY COVER 0.2


WEATHER CONDITIONS
 THE FOLLOWING WEATHER WAS RECORDED YESTERDAY.
  NO SIGNIFICANT WEATHER WAS OBSERVED.


RELATIVE HUMIDITY (PERCENT)
 HIGHEST    80          1100 PM
 LOWEST     49           100 PM
 AVERAGE    65

..........................................................


THE MUNCIE IN CLIMATE NORMALS FOR TODAY
                         NORMAL
 MAXIMUM TEMPERATURE (F)   45
 MINIMUM TEMPERATURE (F)   27


SUNRISE AND SUNSET
MARCH  6 2015.........SUNRISE   708 AM EST   SUNSET   638 PM EST
MARCH  7 2015.........SUNRISE   706 AM EST   SUNSET   640 PM EST


-  INDICATES NEGATIVE NUMBERS.
R  INDICATES RECORD WAS SET OR TIED.
MM INDICATES DATA IS MISSING.
T  INDICATES TRACE AMOUNT.




$$
