000
CDUS43 KIND 020543
CLIMIE


CLIMATE REPORT
NATIONAL WEATHER SERVICE INDIANAPOLIS IN
1242 AM EST FRI DEC 2 2016


...................................

...THE MUNCIE IN CLIMATE SUMMARY FOR DECEMBER 1 2016...

CLIMATE NORMAL PERIOD 1981 TO 2010
CLIMATE RECORD PERIOD 9999 TO 9999


WEATHER ITEM   OBSERVED TIME   NORMAL DEPARTURE LAST
                VALUE   (LST)  VALUE  FROM      YEAR
                                      NORMAL
......................................................
TEMPERATURE (F)
 YESTERDAY
  MAXIMUM         39    714 PM  43     -4       51
  MINIMUM         36   1205 AM  28      8       34
  AVERAGE         38            36      2       43

PRECIPITATION (IN)
  YESTERDAY        0.00          0.10  -0.10     0.05
  MONTH TO DATE    0.00          0.10  -0.10     0.05
  SINCE DEC 1      0.00          0.10  -0.10     0.05
  SINCE JAN 1     38.81         37.34   1.47    38.13

DEGREE DAYS
 HEATING
  YESTERDAY       27            29     -2       22
  MONTH TO DATE   27            29     -2       22
  SINCE DEC 1     27            29     -2       22
  SINCE JUL 1    729          1164   -435      981

 COOLING
  YESTERDAY        0             0      0        0
  MONTH TO DATE    0             0      0        0
  SINCE DEC 1      0             0      0        0
  SINCE JAN 1   1355           956    399      881
......................................................


WIND (MPH)
  HIGHEST WIND SPEED    22   HIGHEST WIND DIRECTION     W (270)
  HIGHEST GUST SPEED    29   HIGHEST GUST DIRECTION    SW (240)
  AVERAGE WIND SPEED    12.4


SKY COVER
  AVERAGE SKY COVER 1.0


WEATHER CONDITIONS
 THE FOLLOWING WEATHER WAS RECORDED YESTERDAY.
  FOG


RELATIVE HUMIDITY (PERCENT)
 HIGHEST    89          1200 AM
 LOWEST     64           600 AM
 AVERAGE    77

..........................................................


THE MUNCIE IN CLIMATE NORMALS FOR TODAY
                         NORMAL
 MAXIMUM TEMPERATURE (F)   43
 MINIMUM TEMPERATURE (F)   28


SUNRISE AND SUNSET
DECEMBER  2 2016......SUNRISE   746 AM EST   SUNSET   516 PM EST
DECEMBER  3 2016......SUNRISE   747 AM EST   SUNSET   516 PM EST


-  INDICATES NEGATIVE NUMBERS.
R  INDICATES RECORD WAS SET OR TIED.
MM INDICATES DATA IS MISSING.
T  INDICATES TRACE AMOUNT.




$$
