000
CDUS43 KIND 280534
CLIMIE


CLIMATE REPORT
NATIONAL WEATHER SERVICE INDIANAPOLIS IN
132 AM EDT FRI APR 28 2017


...................................

...THE MUNCIE IN CLIMATE SUMMARY FOR APRIL 27 2017...

CLIMATE NORMAL PERIOD 1981 TO 2010
CLIMATE RECORD PERIOD 9999 TO 9999


WEATHER ITEM   OBSERVED TIME   NORMAL DEPARTURE LAST
                VALUE   (LST)  VALUE  FROM      YEAR
                                      NORMAL
......................................................
TEMPERATURE (F)
 YESTERDAY
  MAXIMUM         73    241 AM  66      7       62
  MINIMUM         47   1100 PM  45      2       47
  AVERAGE         60            56      4       55

PRECIPITATION (IN)
  YESTERDAY        0.04          0.12  -0.08     0.18
  MONTH TO DATE    2.02          3.30  -1.28     2.14
  SINCE MAR 1      6.86          6.25   0.61     7.21
  SINCE JAN 1     12.57         10.79   1.78    10.32

DEGREE DAYS
 HEATING
  YESTERDAY        5            10     -5       10
  MONTH TO DATE  209           393   -184      348
  SINCE MAR 1    895          1180   -285      852
  SINCE JUL 1   4183          5563  -1380     4443

 COOLING
  YESTERDAY        0             1     -1        0
  MONTH TO DATE   32            10     22       10
  SINCE MAR 1     34            11     23       10
  SINCE JAN 1     34            11     23       10
......................................................


WIND (MPH)
  HIGHEST WIND SPEED    32   HIGHEST WIND DIRECTION    SW (240)
  HIGHEST GUST SPEED    43   HIGHEST GUST DIRECTION     W (270)
  AVERAGE WIND SPEED    12.3


SKY COVER
  AVERAGE SKY COVER 0.7


WEATHER CONDITIONS
 THE FOLLOWING WEATHER WAS RECORDED YESTERDAY.
  LIGHT RAIN
  HAZE


RELATIVE HUMIDITY (PERCENT)
 HIGHEST    86          1100 PM
 LOWEST     46          1200 AM
 AVERAGE    66

..........................................................


THE MUNCIE IN CLIMATE NORMALS FOR TODAY
                         NORMAL
 MAXIMUM TEMPERATURE (F)   66
 MINIMUM TEMPERATURE (F)   46


SUNRISE AND SUNSET
APRIL 28 2017.........SUNRISE   645 AM EDT   SUNSET   834 PM EDT
APRIL 29 2017.........SUNRISE   643 AM EDT   SUNSET   835 PM EDT


-  INDICATES NEGATIVE NUMBERS.
R  INDICATES RECORD WAS SET OR TIED.
MM INDICATES DATA IS MISSING.
T  INDICATES TRACE AMOUNT.




$$
