000
CDUS43 KMKX 240647
CLIMKE


CLIMATE REPORT
NATIONAL WEATHER SERVICE IN MILWAUKEE
146 AM CDT FRI MAR 24 2017


...................................

...THE MILWAUKEE WI CLIMATE SUMMARY FOR MARCH 23 2017...

CLIMATE NORMAL PERIOD 1981 TO 2010
CLIMATE RECORD PERIOD 1871 TO 2017


WEATHER ITEM   OBSERVED TIME   RECORD YEAR NORMAL DEPARTURE LAST
                VALUE   (LST)  VALUE       VALUE  FROM      YEAR
                                                  NORMAL
..................................................................
TEMPERATURE (F)
 YESTERDAY
  MAXIMUM         45   1004 PM  73    1939  45      0       37
  MINIMUM         26   1227 AM   5    1965  30     -4       32
                                      1940
                                      1888
  AVERAGE         36                        37     -1       35

PRECIPITATION (IN)
  YESTERDAY        0.16          0.82 1913   0.08   0.08     0.35
  MONTH TO DATE    1.63                      1.56   0.07     1.71
  SINCE MAR 1      1.63                      1.56   0.07     1.71
  SINCE JAN 1      5.64                      4.97   0.67     3.02

SNOWFALL (IN)
  YESTERDAY        0.0           6.6  1956   0.2   -0.2      0.1
  MONTH TO DATE   13.6                       5.9    7.7      4.6
  SINCE MAR 1     13.6                       5.9    7.7      4.6
  SINCE JUL 1     37.6                      43.7   -6.1     33.7
  SNOW DEPTH       0

DEGREE DAYS
 HEATING
  YESTERDAY       29                        28      1       30
  MONTH TO DATE  698                       721    -23      573
  SINCE MAR 1    698                       721    -23      573
  SINCE JUL 1   4697                      5701  -1004     4792

 COOLING
  YESTERDAY        0                         0      0        0
  MONTH TO DATE    0                         0      0        0
  SINCE MAR 1      0                         0      0        0
  SINCE JAN 1      0                         0      0        0
..................................................................


WIND (MPH)
  HIGHEST WIND SPEED    28   HIGHEST WIND DIRECTION    SE (150)
  HIGHEST GUST SPEED    33   HIGHEST GUST DIRECTION    SE (140)
  AVERAGE WIND SPEED    12.3


SKY COVER
  POSSIBLE SUNSHINE  MM
  AVERAGE SKY COVER 0.8


WEATHER CONDITIONS
 THE FOLLOWING WEATHER WAS RECORDED YESTERDAY.
  THUNDERSTORM
  RAIN
  LIGHT RAIN
  FOG


RELATIVE HUMIDITY (PERCENT)
 HIGHEST    85           900 PM
 LOWEST     45          1200 PM
 AVERAGE    65

..........................................................


THE MILWAUKEE WI CLIMATE NORMALS FOR TODAY
                         NORMAL    RECORD    YEAR
 MAXIMUM TEMPERATURE (F)   45        76      1939
                                             1910
 MINIMUM TEMPERATURE (F)   30         1      1974


SUNRISE AND SUNSET
MARCH 24 2017.........SUNRISE   647 AM CDT   SUNSET   709 PM CDT
MARCH 25 2017.........SUNRISE   646 AM CDT   SUNSET   710 PM CDT


-  INDICATES NEGATIVE NUMBERS.
R  INDICATES RECORD WAS SET OR TIED.
MM INDICATES DATA IS MISSING.
T  INDICATES TRACE AMOUNT.




$$
