000
CDUS43 KMKX 010652
CLIMKE


CLIMATE REPORT
NATIONAL WEATHER SERVICE IN MILWAUKEE
151 AM CDT TUE SEP 1 2015


...................................

...THE MILWAUKEE WI CLIMATE SUMMARY FOR AUGUST 31 2015...

CLIMATE NORMAL PERIOD 1981 TO 2010
CLIMATE RECORD PERIOD 1871 TO 2015


WEATHER ITEM   OBSERVED TIME   RECORD YEAR NORMAL DEPARTURE LAST
                VALUE   (LST)  VALUE       VALUE  FROM      YEAR
                                                  NORMAL
..................................................................
TEMPERATURE (F)
 YESTERDAY
  MAXIMUM         80    156 PM  97    1953  77      3       78
  MINIMUM         60    519 AM  45    1892  61     -1       64
  AVERAGE         70                        69      1       71

PRECIPITATION (IN)
  YESTERDAY        0.00          2.03 1873   0.12  -0.12     0.00
  MONTH TO DATE    3.46                      3.97  -0.51     5.69
  SINCE JUN 1      7.55                     11.54  -3.99    14.34
  SINCE JAN 1     17.75                     24.18  -6.43    25.29

SNOWFALL (IN)
  YESTERDAY        0.0           0.0    MM   0.0    0.0      0.0
  MONTH TO DATE    0.0                       0.0    0.0      0.0
  SINCE JUN 1      0.0                       0.0    0.0      0.0
  SINCE JUL 1      0.0                       0.0    0.0      0.0
  SNOW DEPTH       0

DEGREE DAYS
 HEATING
  YESTERDAY        0                         1     -1        0
  MONTH TO DATE   20                        10     10        5
  SINCE JUN 1    150                       110     40      100
  SINCE JUL 1     48                        26     22       26

 COOLING
  YESTERDAY        5                         5      0        6
  MONTH TO DATE  180                       193    -13      166
  SINCE JUN 1    461                       535    -74      383
  SINCE JAN 1    487                       565    -78      401
..................................................................


WIND (MPH)
  HIGHEST WIND SPEED    14   HIGHEST WIND DIRECTION    SE (140)
  HIGHEST GUST SPEED    16   HIGHEST GUST DIRECTION    SE (130)
  AVERAGE WIND SPEED     6.4


SKY COVER
  POSSIBLE SUNSHINE  MM
  AVERAGE SKY COVER 0.5


WEATHER CONDITIONS
 THE FOLLOWING WEATHER WAS RECORDED YESTERDAY.
  FOG
  FOG W/VISIBILITY <= 1/4 MILE
  HAZE


RELATIVE HUMIDITY (PERCENT)
 HIGHEST   100           200 AM
 LOWEST     62           200 PM
 AVERAGE    81

..........................................................


THE MILWAUKEE WI CLIMATE NORMALS FOR TODAY
                         NORMAL    RECORD    YEAR
 MAXIMUM TEMPERATURE (F)   76        98      1953
 MINIMUM TEMPERATURE (F)   61        43      1949
                                             1909


SUNRISE AND SUNSET
SEPTEMBER  1 2015.....SUNRISE   616 AM CDT   SUNSET   727 PM CDT
SEPTEMBER  2 2015.....SUNRISE   617 AM CDT   SUNSET   725 PM CDT


-  INDICATES NEGATIVE NUMBERS.
R  INDICATES RECORD WAS SET OR TIED.
MM INDICATES DATA IS MISSING.
T  INDICATES TRACE AMOUNT.




$$
