000
CDUS43 KMKX 220651
CLIMKE


CLIMATE REPORT
NATIONAL WEATHER SERVICE IN MILWAUKEE
1251 AM CST WED NOV 22 2017


...................................

...THE MILWAUKEE WI CLIMATE SUMMARY FOR NOVEMBER 21 2017...

CLIMATE NORMAL PERIOD 1981 TO 2010
CLIMATE RECORD PERIOD 1871 TO 2017


WEATHER ITEM   OBSERVED TIME   RECORD YEAR NORMAL DEPARTURE LAST
                VALUE   (LST)  VALUE       VALUE  FROM      YEAR
                                                  NORMAL
..................................................................
TEMPERATURE (F)
 YESTERDAY
  MAXIMUM         46    929 AM  70    1913  43      3       36
  MINIMUM         26   1159 PM  -3    1880  30     -4       24
  AVERAGE         36                        36      0       30

PRECIPITATION (IN)
  YESTERDAY        0.00          1.41 1906   0.09  -0.09     0.00
  MONTH TO DATE    1.37                      1.91  -0.54     0.52
  SINCE SEP 1      6.31                      7.74  -1.43     8.38
  SINCE JAN 1     33.63                     31.92   1.71    26.04

SNOWFALL (IN)
  YESTERDAY        0.0           6.1  2015   0.1   -0.1      0.0
  MONTH TO DATE    0.2                       1.0   -0.8       T
  SINCE SEP 1      0.2                       1.3   -1.1       T
  SINCE JUL 1      0.2                       1.3   -1.1       T
  SNOW DEPTH       0

DEGREE DAYS
 HEATING
  YESTERDAY       29                        29      0       35
  MONTH TO DATE  565                       501     64      311
  SINCE SEP 1    891                      1060   -169      611
  SINCE JUL 1    900                      1086   -186      613

 COOLING
  YESTERDAY        0                         0      0        0
  MONTH TO DATE    0                         0      0        3
  SINCE SEP 1    162                        76     86      155
  SINCE JAN 1    772                       641    131      991
..................................................................


WIND (MPH)
  HIGHEST WIND SPEED    25   HIGHEST WIND DIRECTION    NW (310)
  HIGHEST GUST SPEED    32   HIGHEST GUST DIRECTION    NW (310)
  AVERAGE WIND SPEED    13.5


SKY COVER
  POSSIBLE SUNSHINE  MM
  AVERAGE SKY COVER 0.7


WEATHER CONDITIONS
 THE FOLLOWING WEATHER WAS RECORDED YESTERDAY.
  NO SIGNIFICANT WEATHER WAS OBSERVED.


RELATIVE HUMIDITY (PERCENT)
 HIGHEST    70           600 AM
 LOWEST     31          1000 AM
 AVERAGE    51

..........................................................


THE MILWAUKEE WI CLIMATE NORMALS FOR TODAY
                         NORMAL    RECORD    YEAR
 MAXIMUM TEMPERATURE (F)   43        66      1913
 MINIMUM TEMPERATURE (F)   29         1      1880


SUNRISE AND SUNSET
NOVEMBER 22 2017......SUNRISE   653 AM CST   SUNSET   422 PM CST
NOVEMBER 23 2017......SUNRISE   654 AM CST   SUNSET   422 PM CST


-  INDICATES NEGATIVE NUMBERS.
R  INDICATES RECORD WAS SET OR TIED.
MM INDICATES DATA IS MISSING.
T  INDICATES TRACE AMOUNT.




$$
