000
CDUS43 KMKX 170647
CLIMKE


CLIMATE REPORT
NATIONAL WEATHER SERVICE IN MILWAUKEE
1247 AM CST SAT FEB 17 2018


...................................

...THE MILWAUKEE WI CLIMATE SUMMARY FOR FEBRUARY 16 2018...

CLIMATE NORMAL PERIOD 1981 TO 2010
CLIMATE RECORD PERIOD 1871 TO 2018


WEATHER ITEM   OBSERVED TIME   RECORD YEAR NORMAL DEPARTURE LAST
                VALUE   (LST)  VALUE       VALUE  FROM      YEAR
                                                  NORMAL
..................................................................
TEMPERATURE (F)
 YESTERDAY
  MAXIMUM         35    239 AM  56    1921  33      2       38
  MINIMUM         19   1159 PM -17    1885  20     -1       29
  AVERAGE         27                        26      1       34

PRECIPITATION (IN)
  YESTERDAY        T             0.86 1883   0.05  -0.05     0.00
  MONTH TO DATE    1.17                      0.88   0.29     0.18
  SINCE DEC 1      3.25                      4.68  -1.43     4.27
  SINCE JAN 1      2.79                      2.64   0.15     2.34

SNOWFALL (IN)
  YESTERDAY        T             5.6  1956   0.4   -0.4      0.0
  MONTH TO DATE   16.2                       5.7   10.5      0.4
  SINCE DEC 1     32.2                      31.0    1.2     23.3
  SINCE JUL 1     32.4                      33.7   -1.3     23.3
  SNOW DEPTH       T

DEGREE DAYS
 HEATING
  YESTERDAY       38                        39     -1       31
  MONTH TO DATE  716                       650     66      567
  SINCE DEC 1   3166                      3170     -4     2917
  SINCE JUL 1   4271                      4535   -264     3747

 COOLING
  YESTERDAY        0                         0      0        0
  MONTH TO DATE    0                         0      0        0
  SINCE DEC 1      0                         0      0        0
  SINCE JAN 1      0                         0      0        0
..................................................................


WIND (MPH)
  HIGHEST WIND SPEED    18   HIGHEST WIND DIRECTION    NW (300)
  HIGHEST GUST SPEED    25   HIGHEST GUST DIRECTION    NW (310)
  AVERAGE WIND SPEED     9.9


SKY COVER
  POSSIBLE SUNSHINE  MM
  AVERAGE SKY COVER 0.5


WEATHER CONDITIONS
 THE FOLLOWING WEATHER WAS RECORDED YESTERDAY.
  NO SIGNIFICANT WEATHER WAS OBSERVED.


RELATIVE HUMIDITY (PERCENT)
 HIGHEST    89          1200 AM
 LOWEST     31           100 PM
 AVERAGE    60

..........................................................


THE MILWAUKEE WI CLIMATE NORMALS FOR TODAY
                         NORMAL    RECORD    YEAR
 MAXIMUM TEMPERATURE (F)   33        64      2017
 MINIMUM TEMPERATURE (F)   20       -16      1885


SUNRISE AND SUNSET
FEBRUARY 17 2018......SUNRISE   646 AM CST   SUNSET   526 PM CST
FEBRUARY 18 2018......SUNRISE   645 AM CST   SUNSET   527 PM CST


-  INDICATES NEGATIVE NUMBERS.
R  INDICATES RECORD WAS SET OR TIED.
MM INDICATES DATA IS MISSING.
T  INDICATES TRACE AMOUNT.




$$
