000
CDUS43 KMKX 300654
CLIMKE


CLIMATE REPORT
NATIONAL WEATHER SERVICE IN MILWAUKEE
154 AM CDT TUE MAY 30 2017


...................................

...THE MILWAUKEE WI CLIMATE SUMMARY FOR MAY 29 2017...

CLIMATE NORMAL PERIOD 1981 TO 2010
CLIMATE RECORD PERIOD 1871 TO 2017


WEATHER ITEM   OBSERVED TIME   RECORD YEAR NORMAL DEPARTURE LAST
                VALUE   (LST)  VALUE       VALUE  FROM      YEAR
                                                  NORMAL
..................................................................
TEMPERATURE (F)
 YESTERDAY
  MAXIMUM         74    151 PM  92    1895  69      5       80
  MINIMUM         55   1159 PM  33    1966  51      4       63
  AVERAGE         65                        60      5       72

PRECIPITATION (IN)
  YESTERDAY        0.08          1.19 1880   0.12  -0.04     0.00
  MONTH TO DATE    2.83                      3.17  -0.34     2.34
  SINCE MAR 1     12.78                      9.00   3.78     7.48
  SINCE JAN 1     16.79                     12.41   4.38     8.79

SNOWFALL (IN)
  YESTERDAY        0.0           T    1947   0.0    0.0      0.0
  MONTH TO DATE    0.0                       0.1   -0.1       T
  SINCE MAR 1     13.6                       9.1    4.5     10.0
  SINCE JUL 1     37.6                      46.9   -9.3     39.1
  SNOW DEPTH       0

DEGREE DAYS
 HEATING
  YESTERDAY        0                         7     -7        0
  MONTH TO DATE  312                       302     10      264
  SINCE MAR 1   1617                      1819   -202     1661
  SINCE JUL 1   5616                      6799  -1183     5880

 COOLING
  YESTERDAY        0                         1     -1        7
  MONTH TO DATE   18                        19     -1       37
  SINCE MAR 1     21                        24     -3       37
  SINCE JAN 1     21                        24     -3       37
..................................................................


WIND (MPH)
  HIGHEST WIND SPEED    31   HIGHEST WIND DIRECTION     W (280)
  HIGHEST GUST SPEED    43   HIGHEST GUST DIRECTION     W (280)
  AVERAGE WIND SPEED    12.5


SKY COVER
  POSSIBLE SUNSHINE  MM
  AVERAGE SKY COVER 0.4


WEATHER CONDITIONS
 THE FOLLOWING WEATHER WAS RECORDED YESTERDAY.
  THUNDERSTORM
  RAIN


RELATIVE HUMIDITY (PERCENT)
 HIGHEST    86          1100 PM
 LOWEST     35          1100 AM
 AVERAGE    61

..........................................................


THE MILWAUKEE WI CLIMATE NORMALS FOR TODAY
                         NORMAL    RECORD    YEAR
 MAXIMUM TEMPERATURE (F)   70        91      1994
 MINIMUM TEMPERATURE (F)   51        33      1961


SUNRISE AND SUNSET
MAY 30 2017...........SUNRISE   516 AM CDT   SUNSET   823 PM CDT
MAY 31 2017...........SUNRISE   516 AM CDT   SUNSET   823 PM CDT


-  INDICATES NEGATIVE NUMBERS.
R  INDICATES RECORD WAS SET OR TIED.
MM INDICATES DATA IS MISSING.
T  INDICATES TRACE AMOUNT.




$$
