000
CDUS43 KMKX 010647
CLIMKE


CLIMATE REPORT
NATIONAL WEATHER SERVICE IN MILWAUKEE
1246 AM CST SUN MAR 1 2015


...................................

...THE MILWAUKEE WI CLIMATE SUMMARY FOR FEBRUARY 28 2015...

CLIMATE NORMAL PERIOD 1981 TO 2010
CLIMATE RECORD PERIOD 1871 TO 2015


WEATHER ITEM   OBSERVED TIME   RECORD YEAR NORMAL DEPARTURE LAST
                VALUE   (LST)  VALUE       VALUE  FROM      YEAR
                                                  NORMAL
..................................................................
TEMPERATURE (F)
 YESTERDAY
  MAXIMUM         19    949 PM  54    1895  37    -18       26
  MINIMUM         -5    637 AM -12    1884  23    -28       -2
  AVERAGE          7                        30    -23       12

PRECIPITATION (IN)
  YESTERDAY        T             1.18 1987   0.06  -0.06     0.01
  MONTH TO DATE    0.81                      1.65  -0.84     1.63
  SINCE DEC 1      2.75                      5.45  -2.70     4.53
  SINCE JAN 1      1.72                      3.41  -1.69     2.74

SNOWFALL (IN)
  YESTERDAY        0.1           7.0  1890   0.3   -0.2      0.1
  MONTH TO DATE   19.6                       9.8    9.8     15.9
  SINCE DEC 1     33.3                      35.1   -1.8     54.8
  SINCE JUL 1     38.1                      37.8    0.3     56.8
  SNOW DEPTH       9

DEGREE DAYS
 HEATING
  YESTERDAY       58                        35     23       53
  MONTH TO DATE 1414                      1094    320     1353
  SINCE DEC 1   3761                      3615    146     4281
  SINCE JUL 1   5332                      4980    352     5656

 COOLING
  YESTERDAY        0                         0      0        0
  MONTH TO DATE    0                         0      0        0
  SINCE DEC 1      0                         0      0        0
  SINCE JAN 1      0                         0      0        0
..................................................................


WIND (MPH)
  HIGHEST WIND SPEED    15   HIGHEST WIND DIRECTION    SW (230)
  HIGHEST GUST SPEED    18   HIGHEST GUST DIRECTION    SW (230)
  AVERAGE WIND SPEED     6.8


SKY COVER
  POSSIBLE SUNSHINE  MM
  AVERAGE SKY COVER 0.4


WEATHER CONDITIONS
 THE FOLLOWING WEATHER WAS RECORDED YESTERDAY.
  LIGHT SNOW
  HAZE


RELATIVE HUMIDITY (PERCENT)
 HIGHEST    74          1100 PM
 LOWEST     44          1200 PM
 AVERAGE    59

..........................................................


THE MILWAUKEE WI CLIMATE NORMALS FOR TODAY
                         NORMAL    RECORD    YEAR
 MAXIMUM TEMPERATURE (F)   37        64      1992
 MINIMUM TEMPERATURE (F)   23       -10      1962


SUNRISE AND SUNSET
MARCH  1 2015.........SUNRISE   628 AM CST   SUNSET   541 PM CST
MARCH  2 2015.........SUNRISE   626 AM CST   SUNSET   542 PM CST


-  INDICATES NEGATIVE NUMBERS.
R  INDICATES RECORD WAS SET OR TIED.
MM INDICATES DATA IS MISSING.
T  INDICATES TRACE AMOUNT.




$$
