000
CDUS43 KMKX 020709
CLIMKE


CLIMATE REPORT
NATIONAL WEATHER SERVICE IN MILWAUKEE
208 AM CDT SAT AUG 2 2014


...................................

...THE MILWAUKEE WI CLIMATE SUMMARY FOR AUGUST 1 2014...

CLIMATE NORMAL PERIOD 1981 TO 2010
CLIMATE RECORD PERIOD 1871 TO 2014


WEATHER ITEM   OBSERVED TIME   RECORD YEAR NORMAL DEPARTURE LAST
                VALUE   (LST)  VALUE       VALUE  FROM      YEAR
                                                  NORMAL
..................................................................
TEMPERATURE (F)
 YESTERDAY
  MAXIMUM         83    226 PM 103    1988  80      3       79
  MINIMUM         59   1155 PM  49    1947  64     -5       63
  AVERAGE         71                        72     -1       71

PRECIPITATION (IN)
  YESTERDAY        0.83          2.78 1953   0.12   0.71     0.00
  MONTH TO DATE    0.83                      0.12   0.71     0.00
  SINCE JUN 1      9.48                      7.69   1.79     7.35
  SINCE JAN 1     20.43                     20.33   0.10    26.86

SNOWFALL (IN)
  YESTERDAY        0.0           0.0    MM   0.0    0.0      0.0
  MONTH TO DATE    0.0                       0.0    0.0      0.0
  SINCE JUN 1      0.0                       0.0    0.0      0.0
  SINCE JUL 1      0.0                       0.0    0.0      0.0
  SNOW DEPTH       0

DEGREE DAYS
 HEATING
  YESTERDAY        0                         0      0        0
  MONTH TO DATE    0                         0      0        0
  SINCE JUN 1     95                        95      0      101
  SINCE JUL 1     21                        11     10       14

 COOLING
  YESTERDAY        6                         7     -1        6
  MONTH TO DATE    6                         7     -1        6
  SINCE JUN 1    223                       349   -126      346
  SINCE JAN 1    241                       379   -138      385
..................................................................


WIND (MPH)
  HIGHEST WIND SPEED    26   HIGHEST WIND DIRECTION     E (90)
  HIGHEST GUST SPEED    36   HIGHEST GUST DIRECTION     E (80)
  AVERAGE WIND SPEED     7.1


SKY COVER
  POSSIBLE SUNSHINE  MM
  AVERAGE SKY COVER 0.5


WEATHER CONDITIONS
 THE FOLLOWING WEATHER WAS RECORDED YESTERDAY.
  THUNDERSTORM
  HEAVY RAIN
  RAIN
  LIGHT RAIN


RELATIVE HUMIDITY (PERCENT)
 HIGHEST    78           400 AM
 LOWEST     39          1200 PM
 AVERAGE    59

..........................................................


THE MILWAUKEE WI CLIMATE NORMALS FOR TODAY
                         NORMAL    RECORD    YEAR
 MAXIMUM TEMPERATURE (F)   80        99      1988
 MINIMUM TEMPERATURE (F)   64        50      1907


SUNRISE AND SUNSET
AUGUST  2 2014........SUNRISE   544 AM CDT   SUNSET   811 PM CDT
AUGUST  3 2014........SUNRISE   545 AM CDT   SUNSET   810 PM CDT


-  INDICATES NEGATIVE NUMBERS.
R  INDICATES RECORD WAS SET OR TIED.
MM INDICATES DATA IS MISSING.
T  INDICATES TRACE AMOUNT.




$$
