000
CDUS43 KGRR 142228
CLIMKG


CLIMATE REPORT
NATIONAL WEATHER SERVICE GRAND RAPIDS, MI
528 PM EST SUN FEB 14 2016


...................................

...THE MUSKEGON MI CLIMATE SUMMARY FOR FEBRUARY 14 2016...
VALID TODAY AS OF 0500 PM LOCAL TIME.

CLIMATE NORMAL PERIOD 1981 TO 2010
CLIMATE RECORD PERIOD 1896 TO 2016


WEATHER ITEM   OBSERVED TIME   RECORD YEAR NORMAL DEPARTURE LAST
                VALUE   (LST)  VALUE       VALUE  FROM      YEAR
                                                  NORMAL
..................................................................
TEMPERATURE (F)
 TODAY
  MAXIMUM         19    459 PM  56    1954  33    -14       26
  MINIMUM         11    845 AM -11    1902  21    -10        6
  AVERAGE         15                        27    -12       16

PRECIPITATION (IN)
  TODAY            0.00          0.68 2005   0.06  -0.06     0.27
  MONTH TO DATE    1.41                      0.84   0.57     0.98
  SINCE DEC 1      8.77                      5.42   3.35     4.42
  SINCE JAN 1      3.87                      2.87   1.00     2.70

SNOWFALL (IN)
  TODAY            0.0           7.2  1946   0.7   -0.7      4.1
  MONTH TO DATE    3.2                      10.6   -7.4     15.3
  SINCE DEC 1     45.3                      67.5  -22.2     49.2
  SINCE JUL 1     49.2                      73.7  -24.5     73.7
  SNOW DEPTH       3

DEGREE DAYS
 HEATING
  TODAY           50                        38     12       49
  MONTH TO DATE  542                       548     -6      605
  SINCE DEC 1   2482                      2853   -371     2879
  SINCE JUL 1   3549                      4220   -671     4362

 COOLING
  TODAY            0                         0      0        0
  MONTH TO DATE    0                         0      0        0
  SINCE DEC 1      0                         0      0        0
  SINCE JAN 1      0                         0      0        0
..................................................................


WIND (MPH)
  RESULTANT WIND SPEED  12   RESULTANT WIND DIRECTION  SE (130)
  HIGHEST WIND SPEED   132   HIGHEST WIND DIRECTION    SE (130)
  HIGHEST GUST SPEED   132   HIGHEST GUST DIRECTION    SE (130)
  AVERAGE WIND SPEED    12.3


SKY COVER
  AVERAGE SKY COVER 0.8


WEATHER CONDITIONS
 THE FOLLOWING WEATHER WAS RECORDED TODAY.
  NO SIGNIFICANT WEATHER WAS OBSERVED.


RELATIVE HUMIDITY (PERCENT)
 HIGHEST    67           100 AM
 LOWEST     49           200 PM
 AVERAGE    58

..........................................................


THE MUSKEGON MI CLIMATE NORMALS FOR TOMORROW
                         NORMAL    RECORD    YEAR
 MAXIMUM TEMPERATURE (F)   33        56      1954
 MINIMUM TEMPERATURE (F)   21       -12      1901


SUNRISE AND SUNSET
FEBRUARY 14 2016......SUNRISE   745 AM EST   SUNSET   614 PM EST
FEBRUARY 15 2016......SUNRISE   743 AM EST   SUNSET   615 PM EST


-  INDICATES NEGATIVE NUMBERS.
R  INDICATES RECORD WAS SET OR TIED.
MM INDICATES DATA IS MISSING.
T  INDICATES TRACE AMOUNT.




$$
