399
CDUS43 KGRR 280516
CLIMKG


CLIMATE REPORT
NATIONAL WEATHER SERVICE GRAND RAPIDS, MI
116 AM EDT FRI APR 28 2017


...................................

...THE MUSKEGON MI CLIMATE SUMMARY FOR APRIL 27 2017...

CLIMATE NORMAL PERIOD 1981 TO 2010
CLIMATE RECORD PERIOD 1896 TO 2017


WEATHER ITEM   OBSERVED TIME   RECORD YEAR NORMAL DEPARTURE LAST
                VALUE   (LST)  VALUE       VALUE  FROM      YEAR
                                                  NORMAL
..................................................................
TEMPERATURE (F)
 YESTERDAY
  MAXIMUM         64    903 AM  85    1899  61      3       61
  MINIMUM         43   1056 PM  18    1934  41      2       34
  AVERAGE         54                        51      3       48

PRECIPITATION (IN)
  YESTERDAY        0.36          1.17 1948   0.10   0.26     0.00
  MONTH TO DATE    3.33                      2.61   0.72     1.57
  SINCE MAR 1      5.94                      4.86   1.08     6.51
  SINCE JAN 1     11.64                      8.72   2.92    10.72

SNOWFALL (IN)
  YESTERDAY        0.0           T    2004   0.0    0.0      0.0
                                      1988
                                      1976
  MONTH TO DATE    0.0                       2.3   -2.3      2.4
  SINCE MAR 1      4.5                      11.3   -6.8      7.3
  SINCE JUL 1     49.0                      93.7  -44.7     61.8
  SNOW DEPTH       0

DEGREE DAYS
 HEATING
  YESTERDAY       11                        14     -3       17
  MONTH TO DATE  370                       515   -145      511
  SINCE MAR 1   1274                      1445   -171     1286
  SINCE JUL 1   5139                      6177  -1038     5306

 COOLING
  YESTERDAY        0                         0      0        0
  MONTH TO DATE    5                         0      5        0
  SINCE MAR 1      5                         0      5        0
  SINCE JAN 1      5                         0      5        0
..................................................................


WIND (MPH)
  RESULTANT WIND SPEED  14   RESULTANT WIND DIRECTION  SW (210)
  HIGHEST WIND SPEED    38   HIGHEST WIND DIRECTION     S (200)
  HIGHEST GUST SPEED    51   HIGHEST GUST DIRECTION    SW (210)
  AVERAGE WIND SPEED    14.3


SKY COVER
  AVERAGE SKY COVER 0.9


WEATHER CONDITIONS
 THE FOLLOWING WEATHER WAS RECORDED YESTERDAY.
  HEAVY RAIN
  RAIN
  LIGHT RAIN
  FOG
  HAZE


RELATIVE HUMIDITY (PERCENT)
 HIGHEST   100           200 AM
 LOWEST     67           900 AM
 AVERAGE    84

..........................................................


THE MUSKEGON MI CLIMATE NORMALS FOR TODAY
                         NORMAL    RECORD    YEAR
 MAXIMUM TEMPERATURE (F)   61        80      1990
 MINIMUM TEMPERATURE (F)   42        25      1947


SUNRISE AND SUNSET
APRIL 28 2017.........SUNRISE   642 AM EDT   SUNSET   843 PM EDT
APRIL 29 2017.........SUNRISE   641 AM EDT   SUNSET   844 PM EDT


-  INDICATES NEGATIVE NUMBERS.
R  INDICATES RECORD WAS SET OR TIED.
MM INDICATES DATA IS MISSING.
T  INDICATES TRACE AMOUNT.




$$
