000
CDUS43 KGRR 240522
CLIMKG


CLIMATE REPORT
NATIONAL WEATHER SERVICE GRAND RAPIDS, MI
120 AM EDT TUE OCT 24 2017


...................................

...THE MUSKEGON MI CLIMATE SUMMARY FOR OCTOBER 23 2017...

CLIMATE NORMAL PERIOD 1981 TO 2010
CLIMATE RECORD PERIOD 1896 TO 2017


WEATHER ITEM   OBSERVED TIME   RECORD YEAR NORMAL DEPARTURE LAST
                VALUE   (LST)  VALUE       VALUE  FROM      YEAR
                                                  NORMAL
..................................................................
TEMPERATURE (F)
 YESTERDAY
  MAXIMUM         54   1238 AM  80    1963  56     -2       64
  MINIMUM         49   1159 PM  25    1982  41      8       36
  AVERAGE         52                        48      4       50

PRECIPITATION (IN)
  YESTERDAY        2.80R         2.05 1959   0.10   2.70     0.00
  MONTH TO DATE    7.19                      2.29   4.90     2.48
  SINCE SEP 1      8.01                      6.18   1.83     8.40
  SINCE JAN 1     29.17                     26.76   2.41    33.55

SNOWFALL (IN)
  YESTERDAY        0.0           0.4  1962   0.0    0.0      0.0
  MONTH TO DATE    0.0                       0.1   -0.1      0.0
  SINCE SEP 1      0.0                       0.1   -0.1      0.0
  SINCE JUL 1      0.0                       0.1   -0.1      0.0
  SNOW DEPTH       0

DEGREE DAYS
 HEATING
  YESTERDAY       13                        17     -4       15
  MONTH TO DATE  121                       305   -184      181
  SINCE SEP 1    213                       448   -235      206
  SINCE JUL 1    226                       478   -252      215

 COOLING
  YESTERDAY        0                         0      0        0
  MONTH TO DATE   10                         2      8        9
  SINCE SEP 1    121                        56     65      110
  SINCE JAN 1    615                       563     52      774
..................................................................


WIND (MPH)
  RESULTANT WIND SPEED   8   RESULTANT WIND DIRECTION   N (350)
  HIGHEST WIND SPEED    16   HIGHEST WIND DIRECTION    NW (330)
  HIGHEST GUST SPEED    21   HIGHEST GUST DIRECTION    NW (330)
  AVERAGE WIND SPEED     8.6


SKY COVER
  AVERAGE SKY COVER 1.0


WEATHER CONDITIONS
 THE FOLLOWING WEATHER WAS RECORDED YESTERDAY.
  HEAVY RAIN
  RAIN
  LIGHT RAIN
  FOG


RELATIVE HUMIDITY (PERCENT)
 HIGHEST   100          1200 AM
 LOWEST     83           900 PM
 AVERAGE    92

..........................................................


THE MUSKEGON MI CLIMATE NORMALS FOR TODAY
                         NORMAL    RECORD    YEAR
 MAXIMUM TEMPERATURE (F)   56        76      1975
                                             1963
 MINIMUM TEMPERATURE (F)   40        24      1907


SUNRISE AND SUNSET
OCTOBER 24 2017.......SUNRISE   810 AM EDT   SUNSET   648 PM EDT
OCTOBER 25 2017.......SUNRISE   811 AM EDT   SUNSET   646 PM EDT


-  INDICATES NEGATIVE NUMBERS.
R  INDICATES RECORD WAS SET OR TIED.
MM INDICATES DATA IS MISSING.
T  INDICATES TRACE AMOUNT.




$$
