000
CDUS43 KGRR 281338
CLIMKG


CLIMATE REPORT
NATIONAL WEATHER SERVICE GRAND RAPIDS, MI
936 AM EDT WED SEP 28 2016


...................................

...THE MUSKEGON MI CLIMATE SUMMARY FOR SEPTEMBER 28 2016...
VALID AS OF 0900 AM LOCAL TIME.

CLIMATE NORMAL PERIOD 1981 TO 2010
CLIMATE RECORD PERIOD 1896 TO 2016


WEATHER ITEM   OBSERVED TIME   RECORD YEAR NORMAL DEPARTURE LAST
                VALUE   (LST)  VALUE       VALUE  FROM      YEAR
                                                  NORMAL
..................................................................
TEMPERATURE (F)
 TODAY
  MAXIMUM         55    355 AM  90    1905  66    -11       75
  MINIMUM         51    724 AM  27    1991  48      3       61
  AVERAGE         53                        57     -4       68

PRECIPITATION (IN)
  TODAY            0.09          1.57 1904   0.13  -0.04     0.00
  MONTH TO DATE    5.48                      3.64   1.84     2.34
  SINCE SEP 1      5.48                      3.64   1.84     2.34
  SINCE JAN 1     30.63                     24.22   6.41    25.47

SNOWFALL (IN)
  TODAY            0.0           T    1949   0.0    0.0      0.0
  MONTH TO DATE    0.0                       0.0    0.0      0.0
  SINCE SEP 1      0.0                       0.0    0.0      0.0
  SINCE JUL 1      0.0                       0.0    0.0      0.0
  SNOW DEPTH       0

DEGREE DAYS
 HEATING
  TODAY           12                         9      3        0
  MONTH TO DATE   26                       125    -99       39
  SINCE SEP 1     26                       125    -99       39
  SINCE JUL 1     35                       155   -120       71

 COOLING
  TODAY            0                         1     -1        3
  MONTH TO DATE  101                        55     46      116
  SINCE SEP 1    101                        55     46      116
  SINCE JAN 1    765                       562    203      570
..................................................................


WIND (MPH)
  RESULTANT WIND SPEED   2   RESULTANT WIND DIRECTION  SE (150)
  HIGHEST WIND SPEED    13   HIGHEST WIND DIRECTION    SW (240)
  HIGHEST GUST SPEED    18   HIGHEST GUST DIRECTION    SW (240)
  AVERAGE WIND SPEED     5.0


SKY COVER
  AVERAGE SKY COVER 1.0


WEATHER CONDITIONS
 THE FOLLOWING WEATHER WAS RECORDED TODAY.
  RAIN
  LIGHT RAIN
  FOG


RELATIVE HUMIDITY (PERCENT)
 HIGHEST    96           800 AM
 LOWEST     72           200 AM
 AVERAGE    84

..........................................................


THE MUSKEGON MI CLIMATE NORMALS FOR TOMORROW
                         NORMAL    RECORD    YEAR
 MAXIMUM TEMPERATURE (F)   66        92      1953
 MINIMUM TEMPERATURE (F)   48        31      1991


SUNRISE AND SUNSET
SEPTEMBER 28 2016.....SUNRISE   739 AM EDT   SUNSET   731 PM EDT
SEPTEMBER 29 2016.....SUNRISE   741 AM EDT   SUNSET   729 PM EDT


-  INDICATES NEGATIVE NUMBERS.
R  INDICATES RECORD WAS SET OR TIED.
MM INDICATES DATA IS MISSING.
T  INDICATES TRACE AMOUNT.




$$

63
