000
CDUS44 KMEG 250636
CLIMKL


CLIMATE REPORT
NATIONAL WEATHER SERVICE MEMPHIS TN
136 AM CDT SUN JUN 25 2017


...................................

...THE JACKSON CLIMATE SUMMARY FOR JUNE 24 2017...

CLIMATE NORMAL PERIOD 1981 TO 2010
CLIMATE RECORD PERIOD 1948 TO 2017


WEATHER ITEM   OBSERVED TIME   RECORD YEAR NORMAL DEPARTURE LAST
                VALUE   (LST)  VALUE       VALUE  FROM      YEAR
                                                  NORMAL
..................................................................
TEMPERATURE (F)
 YESTERDAY
  MAXIMUM         83    118 PM 100    1988  89     -6       93
                                      1952
  MINIMUM         62   1145 PM  54    1961  67     -5       73
  AVERAGE         73                        78     -5       83

PRECIPITATION (IN)
  YESTERDAY        0.00          1.44 1959   0.14  -0.14     0.15
  MONTH TO DATE    1.69                      3.99  -2.30     2.24
  SINCE JUN 1      1.69                      3.99  -2.30     2.24
  SINCE JAN 1     24.34                     27.53  -3.19    27.48

DEGREE DAYS
 HEATING
  YESTERDAY        0                         0      0        0
  MONTH TO DATE    0                         0      0        0
  SINCE JUN 1      0                         0      0        0
  SINCE JUL 1   2520                      3572  -1052     2879

 COOLING
  YESTERDAY        8                        13     -5       18
  MONTH TO DATE  280                       258     22      333
  SINCE JUN 1    280                       258     22      333
  SINCE JAN 1    548                       473     75      517
..................................................................


WIND (MPH)
  HIGHEST WIND SPEED    15   HIGHEST WIND DIRECTION     N (340)
  HIGHEST GUST SPEED    19   HIGHEST GUST DIRECTION    NW (330)
  AVERAGE WIND SPEED     7.2


SKY COVER
  POSSIBLE SUNSHINE  MM
  AVERAGE SKY COVER 0.0


WEATHER CONDITIONS
 THE FOLLOWING WEATHER WAS RECORDED YESTERDAY.
  NO SIGNIFICANT WEATHER WAS OBSERVED.


RELATIVE HUMIDITY (PERCENT)
 HIGHEST   100           200 AM
 LOWEST     51           100 PM
 AVERAGE    76

..........................................................


THE JACKSON CLIMATE NORMALS FOR TODAY
                         NORMAL    RECORD    YEAR
 MAXIMUM TEMPERATURE (F)   89       100      2012
 MINIMUM TEMPERATURE (F)   67        55      1974


SUNRISE AND SUNSET
JUNE 25 2017..........SUNRISE   542 AM CDT   SUNSET   815 PM CDT
JUNE 26 2017..........SUNRISE   542 AM CDT   SUNSET   815 PM CDT


-  INDICATES NEGATIVE NUMBERS.
R  INDICATES RECORD WAS SET OR TIED.
MM INDICATES DATA IS MISSING.
T  INDICATES TRACE AMOUNT.




$$
