000
CDUS44 KMEG 290643
CLIMKL


CLIMATE REPORT
NATIONAL WEATHER SERVICE MEMPHIS TN
142 AM CDT WED MAR 29 2017


...................................

...THE JACKSON CLIMATE SUMMARY FOR MARCH 28 2017...

CLIMATE NORMAL PERIOD 1981 TO 2010
CLIMATE RECORD PERIOD 1948 TO 2017


WEATHER ITEM   OBSERVED TIME   RECORD YEAR NORMAL DEPARTURE LAST
                VALUE   (LST)  VALUE       VALUE  FROM      YEAR
                                                  NORMAL
..................................................................
TEMPERATURE (F)
 YESTERDAY
  MAXIMUM         73    434 PM  84    1989  67      6       63
  MINIMUM         53    623 AM  24    1955  42     11       38
  AVERAGE         63                        54      9       51

PRECIPITATION (IN)
  YESTERDAY        0.00          1.72 1975   0.16  -0.16     0.00
  MONTH TO DATE    7.58                      4.24   3.34     9.52
  SINCE MAR 1      7.58                      4.24   3.34     9.52
  SINCE JAN 1     12.41                     12.48  -0.07    15.14

DEGREE DAYS
 HEATING
  YESTERDAY        2                        11     -9       14
  MONTH TO DATE  351                       413    -62      299
  SINCE MAR 1    351                       413    -62      299
  SINCE JUL 1   2391                      3297   -906     2667

 COOLING
  YESTERDAY        0                         1     -1        0
  MONTH TO DATE    7                         4      3        6
  SINCE MAR 1      7                         4      3        6
  SINCE JAN 1      9                         5      4        6
..................................................................


WIND (MPH)
  HIGHEST WIND SPEED    10   HIGHEST WIND DIRECTION    NE (60)
  HIGHEST GUST SPEED    15   HIGHEST GUST DIRECTION     E (70)
  AVERAGE WIND SPEED     5.7


SKY COVER
  POSSIBLE SUNSHINE  MM
  AVERAGE SKY COVER 0.3


WEATHER CONDITIONS
 THE FOLLOWING WEATHER WAS RECORDED YESTERDAY.
  FOG
  FOG W/VISIBILITY <= 1/4 MILE


RELATIVE HUMIDITY (PERCENT)
 HIGHEST   100          1200 AM
 LOWEST     53           400 PM
 AVERAGE    77

..........................................................


THE JACKSON CLIMATE NORMALS FOR TODAY
                         NORMAL    RECORD    YEAR
 MAXIMUM TEMPERATURE (F)   67        86      1963
 MINIMUM TEMPERATURE (F)   43        24      2015


SUNRISE AND SUNSET
MARCH 29 2017.........SUNRISE   646 AM CDT   SUNSET   715 PM CDT
MARCH 30 2017.........SUNRISE   645 AM CDT   SUNSET   716 PM CDT


-  INDICATES NEGATIVE NUMBERS.
R  INDICATES RECORD WAS SET OR TIED.
MM INDICATES DATA IS MISSING.
T  INDICATES TRACE AMOUNT.


$$
