000
CDUS44 KMEG 252146
CLIMKL


CLIMATE REPORT
NATIONAL WEATHER SERVICE MEMPHIS TN
445 PM CDT SUN SEP 25 2016


...................................

...THE JACKSON CLIMATE SUMMARY FOR SEPTEMBER 25 2016...
VALID TODAY AS OF 0400 PM LOCAL TIME.

CLIMATE NORMAL PERIOD 1981 TO 2010
CLIMATE RECORD PERIOD 1948 TO 2016


WEATHER ITEM   OBSERVED TIME   RECORD YEAR NORMAL DEPARTURE LAST
                VALUE   (LST)  VALUE       VALUE  FROM      YEAR
                                                  NORMAL
..................................................................
TEMPERATURE (F)
 TODAY
  MAXIMUM         95R       MM  92    1986  81     14       87
  MINIMUM         66        MM  38    1965  55     11       54
  AVERAGE         81                        68     13       71

PRECIPITATION (IN)
  TODAY            0.00          1.89 2005   0.12  -0.12     0.00
  MONTH TO DATE    1.53                      2.71  -1.18     1.38
  SINCE SEP 1      1.53                      2.71  -1.18     1.38
  SINCE JAN 1     35.40                     38.58  -3.18    32.84

SNOWFALL (IN)
  TODAY            0.0

DEGREE DAYS
 HEATING
  TODAY            0                         2     -2        0
  MONTH TO DATE    0                        13    -13        9
  SINCE SEP 1      0                        13    -13        9
  SINCE JUL 1      0                        13    -13        9

 COOLING
  TODAY           16                         5     11        6
  MONTH TO DATE  318                       200    118      200
  SINCE SEP 1    318                       200    118      200
  SINCE JAN 1   1947                      1623    324     1762
..................................................................


WIND (MPH)
  HIGHEST WIND SPEED     7   HIGHEST WIND DIRECTION    NE (60)
  HIGHEST GUST SPEED    MM   HIGHEST GUST DIRECTION    MM
  AVERAGE WIND SPEED     2.6


SKY COVER
  POSSIBLE SUNSHINE  MM
  AVERAGE SKY COVER 0.0


WEATHER CONDITIONS
 THE FOLLOWING WEATHER WAS RECORDED TODAY.
  HAZE


RELATIVE HUMIDITY (PERCENT)
 HIGHEST    MM
 LOWEST     MM
 AVERAGE    MM

..........................................................


THE JACKSON CLIMATE NORMALS FOR TOMORROW
                         NORMAL    RECORD    YEAR
 MAXIMUM TEMPERATURE (F)   80        93      1958
 MINIMUM TEMPERATURE (F)   55        36      2001


SUNRISE AND SUNSET
SEPTEMBER 25 2016.....SUNRISE   646 AM CDT   SUNSET   647 PM CDT
SEPTEMBER 26 2016.....SUNRISE   647 AM CDT   SUNSET   646 PM CDT


-  INDICATES NEGATIVE NUMBERS.
R  INDICATES RECORD WAS SET OR TIED.
MM INDICATES DATA IS MISSING.
T  INDICATES TRACE AMOUNT.




$$
