000
CDUS44 KMEG 240640
CLIMKL


CLIMATE REPORT
NATIONAL WEATHER SERVICE MEMPHIS TN
139 AM CDT WED MAY 24 2017


...................................

...THE JACKSON CLIMATE SUMMARY FOR MAY 23 2017...

CLIMATE NORMAL PERIOD 1981 TO 2010
CLIMATE RECORD PERIOD 1948 TO 2017


WEATHER ITEM   OBSERVED TIME   RECORD YEAR NORMAL DEPARTURE LAST
                VALUE   (LST)  VALUE       VALUE  FROM      YEAR
                                                  NORMAL
..................................................................
TEMPERATURE (F)
 YESTERDAY
  MAXIMUM         79    401 PM  93    1996  82     -3       83
  MINIMUM         62    323 AM  40    1963  59      3       50
  AVERAGE         71                        70      1       67

PRECIPITATION (IN)
  YESTERDAY        0.00          1.21 1984   0.18  -0.18     0.00
  MONTH TO DATE    1.44                      4.24  -2.80     2.50
  SINCE MAR 1     14.89                     13.85   1.04    18.35
  SINCE JAN 1     19.72                     22.09  -2.37    23.97

DEGREE DAYS
 HEATING
  YESTERDAY        0                         1     -1        0
  MONTH TO DATE   39                        42     -3       64
  SINCE MAR 1    477                       684   -207      511
  SINCE JUL 1   2517                      3568  -1051     2879

 COOLING
  YESTERDAY        6                         6      0        2
  MONTH TO DATE  108                       100      8       54
  SINCE MAR 1    210                       158     52       98
  SINCE JAN 1    212                       159     53       98
..................................................................


WIND (MPH)
  HIGHEST WIND SPEED    13   HIGHEST WIND DIRECTION     W (290)
  HIGHEST GUST SPEED    16   HIGHEST GUST DIRECTION     W (290)
  AVERAGE WIND SPEED     3.6


SKY COVER
  POSSIBLE SUNSHINE  MM
  AVERAGE SKY COVER 0.7


WEATHER CONDITIONS
 THE FOLLOWING WEATHER WAS RECORDED YESTERDAY.
  NO SIGNIFICANT WEATHER WAS OBSERVED.


RELATIVE HUMIDITY (PERCENT)
 HIGHEST    93           300 AM
 LOWEST     36           500 PM
 AVERAGE    65

..........................................................


THE JACKSON CLIMATE NORMALS FOR TODAY
                         NORMAL    RECORD    YEAR
 MAXIMUM TEMPERATURE (F)   82        94      1962
 MINIMUM TEMPERATURE (F)   60        44      1963


SUNRISE AND SUNSET
MAY 24 2017...........SUNRISE   545 AM CDT   SUNSET   801 PM CDT
MAY 25 2017...........SUNRISE   544 AM CDT   SUNSET   801 PM CDT


-  INDICATES NEGATIVE NUMBERS.
R  INDICATES RECORD WAS SET OR TIED.
MM INDICATES DATA IS MISSING.
T  INDICATES TRACE AMOUNT.




$$
