000
CDUS44 KMEG 202200
CLIMKL


CLIMATE REPORT
NATIONAL WEATHER SERVICE MEMPHIS TN
500 PM CDT SUN AUG 20 2017


...................................

...THE JACKSON CLIMATE SUMMARY FOR AUGUST 20 2017...
VALID TODAY AS OF 0500 PM LOCAL TIME.

CLIMATE NORMAL PERIOD 1981 TO 2010
CLIMATE RECORD PERIOD 1948 TO 2017


WEATHER ITEM   OBSERVED TIME   RECORD YEAR NORMAL DEPARTURE LAST
                VALUE   (LST)  VALUE       VALUE  FROM      YEAR
                                                  NORMAL
..................................................................
TEMPERATURE (F)
 TODAY
  MAXIMUM         95    101 PM 100    1983  90      5       85
                                      1962
  MINIMUM         67    529 AM  56    1953  67      0       73
  AVERAGE         81                        78      3       79

PRECIPITATION (IN)
  TODAY            0.00          1.98 2004   0.09  -0.09     0.11
  MONTH TO DATE    2.53                      2.09   0.44     3.36
  SINCE JUN 1      8.05                     11.42  -3.37     8.20
  SINCE JAN 1     30.70                     34.96  -4.26    33.44

DEGREE DAYS
 HEATING
  TODAY            0                         0      0        0
  MONTH TO DATE    0                         0      0        0
  SINCE JUN 1      0                         2     -2        0
  SINCE JUL 1      0                         0      0        0

 COOLING
  TODAY           16                        13      3       14
  MONTH TO DATE  254                       279    -25      325
  SINCE JUN 1   1101                      1067     34     1279
  SINCE JAN 1   1369                      1282     87     1463
..................................................................


WIND (MPH)
  HIGHEST WIND SPEED     7   HIGHEST WIND DIRECTION     E (90)
  HIGHEST GUST SPEED    10   HIGHEST GUST DIRECTION     E (100)
  AVERAGE WIND SPEED     1.5


SKY COVER
  POSSIBLE SUNSHINE  MM
  AVERAGE SKY COVER 0.0


WEATHER CONDITIONS
 THE FOLLOWING WEATHER WAS RECORDED TODAY.
  FOG


RELATIVE HUMIDITY (PERCENT)
 HIGHEST   100          1200 AM
 LOWEST     52           100 PM
 AVERAGE    76

..........................................................


THE JACKSON CLIMATE NORMALS FOR TOMORROW
                         NORMAL    RECORD    YEAR
 MAXIMUM TEMPERATURE (F)   90       101      2007
 MINIMUM TEMPERATURE (F)   67        56      2012


SUNRISE AND SUNSET
AUGUST 20 2017........SUNRISE   619 AM CDT   SUNSET   738 PM CDT
AUGUST 21 2017........SUNRISE   620 AM CDT   SUNSET   737 PM CDT


-  INDICATES NEGATIVE NUMBERS.
R  INDICATES RECORD WAS SET OR TIED.
MM INDICATES DATA IS MISSING.
T  INDICATES TRACE AMOUNT.




$$
