000
CDUS44 KMEG 272147
CLIMKL


CLIMATE REPORT
NATIONAL WEATHER SERVICE MEMPHIS TN
446 PM CDT FRI MAY 27 2016


...................................

...THE JACKSON CLIMATE SUMMARY FOR MAY 27 2016...
VALID TODAY AS OF 0400 PM LOCAL TIME.

CLIMATE NORMAL PERIOD 1981 TO 2010
CLIMATE RECORD PERIOD 1948 TO 2016


WEATHER ITEM   OBSERVED TIME   RECORD YEAR NORMAL DEPARTURE LAST
                VALUE   (LST)  VALUE       VALUE  FROM      YEAR
                                                  NORMAL
..................................................................
TEMPERATURE (F)
 TODAY
  MAXIMUM         82    304 PM  96    1964  83     -1       78
  MINIMUM         67    155 AM  39    1961  60      7       63
  AVERAGE         75                        72      3       71

PRECIPITATION (IN)
  TODAY            0.00          1.88 1973   0.18  -0.18     0.67
  MONTH TO DATE    3.77                      4.95  -1.18     3.92
  SINCE MAR 1     19.62                     14.56   5.06    13.92
  SINCE JAN 1     25.24                     22.80   2.44    19.81

SNOWFALL (IN)
  TODAY            0.0

DEGREE DAYS
 HEATING
  TODAY            0                         1     -1        0
  MONTH TO DATE   64                        46     18       39
  SINCE MAR 1    511                       688   -177      664
  SINCE JUL 1   2879                      3572   -693     3837

 COOLING
  TODAY           10                         7      3        6
  MONTH TO DATE   94                       127    -33      139
  SINCE MAR 1    138                       185    -47      200
  SINCE JAN 1    138                       186    -48      200
..................................................................


WIND (MPH)
  HIGHEST WIND SPEED    15   HIGHEST WIND DIRECTION     S (190)
  HIGHEST GUST SPEED    20   HIGHEST GUST DIRECTION     S (180)
  AVERAGE WIND SPEED     7.6


SKY COVER
  POSSIBLE SUNSHINE  MM
  AVERAGE SKY COVER 0.2


WEATHER CONDITIONS
 THE FOLLOWING WEATHER WAS RECORDED TODAY.
  NO SIGNIFICANT WEATHER WAS OBSERVED.


RELATIVE HUMIDITY (PERCENT)
 HIGHEST    93          1200 AM
 LOWEST     67           300 PM
 AVERAGE    80

..........................................................


THE JACKSON CLIMATE NORMALS FOR TOMORROW
                         NORMAL    RECORD    YEAR
 MAXIMUM TEMPERATURE (F)   83        94      2012
                                             1962
 MINIMUM TEMPERATURE (F)   61        41      1961


SUNRISE AND SUNSET
MAY 27 2016...........SUNRISE   543 AM CDT   SUNSET   803 PM CDT
MAY 28 2016...........SUNRISE   543 AM CDT   SUNSET   804 PM CDT


-  INDICATES NEGATIVE NUMBERS.
R  INDICATES RECORD WAS SET OR TIED.
MM INDICATES DATA IS MISSING.
T  INDICATES TRACE AMOUNT.




$$
