136
CDUS44 KMEG 102252
CLIMKL


CLIMATE REPORT
NATIONAL WEATHER SERVICE MEMPHIS TN
452 PM CST SAT DEC 10 2016


...................................

...THE JACKSON CLIMATE SUMMARY FOR DECEMBER 10 2016...
VALID TODAY AS OF 0400 PM LOCAL TIME.

CLIMATE NORMAL PERIOD 1981 TO 2010
CLIMATE RECORD PERIOD 1948 TO 2016


WEATHER ITEM   OBSERVED TIME   RECORD YEAR NORMAL DEPARTURE LAST
                VALUE   (LST)  VALUE       VALUE  FROM      YEAR
                                                  NORMAL
..................................................................
TEMPERATURE (F)
 TODAY
  MAXIMUM         43    347 PM  73    1965  52     -9       64
  MINIMUM         17    724 AM   7    1995  32    -15       36
  AVERAGE         30                        42    -12       50

PRECIPITATION (IN)
  TODAY            0.00          1.24 1994   0.19  -0.19      T
  MONTH TO DATE    1.19                      1.84  -0.65     0.29
  SINCE DEC 1      1.19                      1.84  -0.65     0.29
  SINCE JAN 1     40.74                     49.76  -9.02    43.36

DEGREE DAYS
 HEATING
  TODAY           35                        23     12       15
  MONTH TO DATE  258                       220     38      194
  SINCE DEC 1    258                       220     38      194
  SINCE JUL 1    642                       887   -245      669

 COOLING
  TODAY            0                         0      0        0
  MONTH TO DATE    0                         0      0        0
  SINCE DEC 1      0                         0      0        0
  SINCE JAN 1   2092                      1697    395     1855
..................................................................


WIND (MPH)
  HIGHEST WIND SPEED     8   HIGHEST WIND DIRECTION     E (90)
  HIGHEST GUST SPEED    11   HIGHEST GUST DIRECTION     E (110)
  AVERAGE WIND SPEED     1.8


SKY COVER
  POSSIBLE SUNSHINE  MM
  AVERAGE SKY COVER 0.0


WEATHER CONDITIONS
 THE FOLLOWING WEATHER WAS RECORDED TODAY.
  NO SIGNIFICANT WEATHER WAS OBSERVED.


RELATIVE HUMIDITY (PERCENT)
 HIGHEST    92           400 AM
 LOWEST     30           200 PM
 AVERAGE    61

..........................................................


THE JACKSON CLIMATE NORMALS FOR TOMORROW
                         NORMAL    RECORD    YEAR
 MAXIMUM TEMPERATURE (F)   51        74      2015
                                             2007
 MINIMUM TEMPERATURE (F)   32         6      1962


SUNRISE AND SUNSET
DECEMBER 10 2016......SUNRISE   655 AM CST   SUNSET   443 PM CST
DECEMBER 11 2016......SUNRISE   655 AM CST   SUNSET   443 PM CST


-  INDICATES NEGATIVE NUMBERS.
R  INDICATES RECORD WAS SET OR TIED.
MM INDICATES DATA IS MISSING.
T  INDICATES TRACE AMOUNT.




$$
