000
CDUS42 KMLB 242115
CLIMLB


CLIMATE REPORT
NATIONAL WEATHER SERVICE MELBOURNE FL
414 PM EST TUE JAN 24 2017


...................................

...THE MELBOURNE CLIMATE SUMMARY FOR JANUARY 24 2017...
VALID TODAY AS OF 0400 PM LOCAL TIME.

CLIMATE NORMAL PERIOD 1981 TO 2010
CLIMATE RECORD PERIOD 1939 TO 2017


WEATHER ITEM   OBSERVED TIME   RECORD YEAR NORMAL DEPARTURE LAST
                VALUE   (LST)  VALUE       VALUE  FROM      YEAR
                                                  NORMAL
..................................................................
TEMPERATURE (F)
 TODAY
  MAXIMUM         76    310 PM  84    2002  72      4       55
                                      1965
                                      1954
  MINIMUM         52    715 AM  29    2003  49      3       33
  AVERAGE         64                        60      4       44

PRECIPITATION (IN)
  TODAY            0.00          1.57 1948   0.08  -0.08     0.00
  MONTH TO DATE    1.32                      1.71  -0.39     5.92
  SINCE DEC 1      1.64                      4.28  -2.64     9.61
  SINCE JAN 1      1.32                      1.71  -0.39     5.92

SNOWFALL (IN)
  TODAY            0.0
  MONTH TO DATE    0.0
  SINCE JUL 1      0.0

DEGREE DAYS
 HEATING
  TODAY            1                         6     -5       21
  MONTH TO DATE   40                       144   -104      141
  SINCE DEC 1     68                       281   -213      148
  SINCE JUL 1     87                       323   -236      153

 COOLING
  TODAY            0                         1     -1        0
  MONTH TO DATE   72                        27     45       31
  SINCE DEC 1    248                       103    145      315
  SINCE JAN 1     72                        27     45       31
..................................................................


WIND (MPH)
  HIGHEST WIND SPEED    23   HIGHEST WIND DIRECTION     W (270)
  HIGHEST GUST SPEED    30   HIGHEST GUST DIRECTION     W (270)
  AVERAGE WIND SPEED    12.6


SKY COVER
  AVERAGE SKY COVER 0.0


WEATHER CONDITIONS
 THE FOLLOWING WEATHER WAS RECORDED TODAY.
  NO SIGNIFICANT WEATHER WAS OBSERVED.


RELATIVE HUMIDITY (PERCENT)
 HIGHEST    96           700 AM
 LOWEST     33           200 PM
 AVERAGE    65

..........................................................


THE MELBOURNE CLIMATE NORMALS FOR TOMORROW
                         NORMAL    RECORD    YEAR
 MAXIMUM TEMPERATURE (F)   72        85      1990
                                             1975
 MINIMUM TEMPERATURE (F)   49        32      2003


SUNRISE AND SUNSET
JANUARY 24 2017.......SUNRISE   713 AM EST   SUNSET   557 PM EST
JANUARY 25 2017.......SUNRISE   713 AM EST   SUNSET   557 PM EST


-  INDICATES NEGATIVE NUMBERS.
R  INDICATES RECORD WAS SET OR TIED.
MM INDICATES DATA IS MISSING.
T  INDICATES TRACE AMOUNT.




$$
