000
CDUS42 KMLB 140632
CLIMLB


CLIMATE REPORT
NATIONAL WEATHER SERVICE MELBOURNE FL
132 AM EST SUN FEB 14 2016


...................................

...THE MELBOURNE CLIMATE SUMMARY FOR FEBRUARY 13 2016...

CLIMATE NORMAL PERIOD 1981 TO 2010
CLIMATE RECORD PERIOD 1939 TO 2016


WEATHER ITEM   OBSERVED TIME   RECORD YEAR NORMAL DEPARTURE LAST
                VALUE   (LST)  VALUE       VALUE  FROM      YEAR
                                                  NORMAL
..................................................................
TEMPERATURE (F)
 YESTERDAY
  MAXIMUM         68    137 PM  88    2013  74     -6       65
  MINIMUM         53    631 AM  32    2006  52      1       43
  AVERAGE         61                        62     -1       54

PRECIPITATION (IN)
  YESTERDAY        0.00          2.90 1947   0.09  -0.09     0.00
  MONTH TO DATE    1.31                      1.13   0.18     2.27
  SINCE DEC 1     12.83                      5.97   6.86     6.37
  SINCE JAN 1      9.14                      3.40   5.74     4.75

SNOWFALL (IN)
  YESTERDAY        0.0
  MONTH TO DATE    0.0
  SINCE JUL 1      0.0

DEGREE DAYS
 HEATING
  YESTERDAY        4                         4      0       11
  MONTH TO DATE   88                        64     24       60
  SINCE DEC 1    266                       391   -125      263
  SINCE JUL 1    271                       433   -162      328

 COOLING
  YESTERDAY        0                         2     -2        0
  MONTH TO DATE   33                        26      7        3
  SINCE DEC 1    353                       146    207      201
  SINCE JAN 1     69                        70     -1       70
..................................................................


WIND (MPH)
  HIGHEST WIND SPEED    20   HIGHEST WIND DIRECTION    NE (40)
  HIGHEST GUST SPEED    24   HIGHEST GUST DIRECTION    NE (30)
  AVERAGE WIND SPEED    10.4


SKY COVER
  AVERAGE SKY COVER 0.0


WEATHER CONDITIONS
 THE FOLLOWING WEATHER WAS RECORDED YESTERDAY.
  NO SIGNIFICANT WEATHER WAS OBSERVED.


RELATIVE HUMIDITY (PERCENT)
 HIGHEST   100           700 AM
 LOWEST     45           200 PM
 AVERAGE    73

..........................................................


THE MELBOURNE CLIMATE NORMALS FOR TODAY
                         NORMAL    RECORD    YEAR
 MAXIMUM TEMPERATURE (F)   74        87      2009
 MINIMUM TEMPERATURE (F)   52        28      1996


SUNRISE AND SUNSET
FEBRUARY 14 2016......SUNRISE   701 AM EST   SUNSET   612 PM EST
FEBRUARY 15 2016......SUNRISE   701 AM EST   SUNSET   613 PM EST


-  INDICATES NEGATIVE NUMBERS.
R  INDICATES RECORD WAS SET OR TIED.
MM INDICATES DATA IS MISSING.
T  INDICATES TRACE AMOUNT.




$$
