000
CDUS42 KMLB 282021
CLIMLB


CLIMATE REPORT
NATIONAL WEATHER SERVICE MELBOURNE FL
421 PM EDT SUN MAY 28 2017


...................................

...THE MELBOURNE CLIMATE SUMMARY FOR MAY 28 2017...
VALID TODAY AS OF 0400 PM LOCAL TIME.

CLIMATE NORMAL PERIOD 1981 TO 2010
CLIMATE RECORD PERIOD 1939 TO 2017


WEATHER ITEM   OBSERVED TIME   RECORD YEAR NORMAL DEPARTURE LAST
                VALUE   (LST)  VALUE       VALUE  FROM      YEAR
                                                  NORMAL
..................................................................
TEMPERATURE (F)
 TODAY
  MAXIMUM         94   1216 PM  97    2000  87      7       87
  MINIMUM         66    605 AM  60    1982  70     -4       70
                                      1980
  AVERAGE         80                        79      1       79

PRECIPITATION (IN)
  TODAY            0.00          1.24 1976   0.15  -0.15     0.00
  MONTH TO DATE    2.29                      2.81  -0.52     7.24
  SINCE MAR 1      2.93                      8.22  -5.29    11.66
  SINCE JAN 1      7.82                     13.02  -5.20    21.52

SNOWFALL (IN)
  TODAY            0.0
  MONTH TO DATE    0.0
  SINCE JUL 1      0.0

DEGREE DAYS
 HEATING
  TODAY            0                         0      0        0
  MONTH TO DATE    0                         0      0        0
  SINCE MAR 1     42                        87    -45       20
  SINCE JUL 1    220                       576   -356      341

 COOLING
  TODAY           15                        14      1       14
  MONTH TO DATE  388                       310     78      330
  SINCE MAR 1    912                       587    325      800
  SINCE JAN 1   1090                       685    405      890
..................................................................


WIND (MPH)
  HIGHEST WIND SPEED    13   HIGHEST WIND DIRECTION     E (110)
  HIGHEST GUST SPEED    17   HIGHEST GUST DIRECTION     W (280)
  AVERAGE WIND SPEED     7.3


SKY COVER
  AVERAGE SKY COVER 0.0


WEATHER CONDITIONS
 THE FOLLOWING WEATHER WAS RECORDED TODAY.
  HAZE


RELATIVE HUMIDITY (PERCENT)
 HIGHEST    93           600 AM
 LOWEST     36          1200 PM
 AVERAGE    65

..........................................................


THE MELBOURNE CLIMATE NORMALS FOR TOMORROW
                         NORMAL    RECORD    YEAR
 MAXIMUM TEMPERATURE (F)   88        96      2000
 MINIMUM TEMPERATURE (F)   70        58      1976


SUNRISE AND SUNSET
MAY 28 2017...........SUNRISE   627 AM EDT   SUNSET   813 PM EDT
MAY 29 2017...........SUNRISE   627 AM EDT   SUNSET   813 PM EDT


-  INDICATES NEGATIVE NUMBERS.
R  INDICATES RECORD WAS SET OR TIED.
MM INDICATES DATA IS MISSING.
T  INDICATES TRACE AMOUNT.




$$
