000
CDUS42 KMLB 222022
CLIMLB


CLIMATE REPORT
NATIONAL WEATHER SERVICE MELBOURNE FL
421 PM EDT MON SEP 22 2014


...................................

...THE MELBOURNE CLIMATE SUMMARY FOR SEPTEMBER 22 2014...
VALID TODAY AS OF 0400 PM LOCAL TIME.

CLIMATE NORMAL PERIOD 1981 TO 2010
CLIMATE RECORD PERIOD 1939 TO 2014


WEATHER ITEM   OBSERVED TIME   RECORD YEAR NORMAL DEPARTURE LAST
                VALUE   (LST)  VALUE       VALUE  FROM      YEAR
                                                  NORMAL
..................................................................
TEMPERATURE (F)
 TODAY
  MAXIMUM         86   1125 AM  94    1990  88     -2       92
                                      1942
  MINIMUM         73    633 AM  65    1979  73      0       73
  AVERAGE         80                        80      0       83

PRECIPITATION (IN)
  TODAY            0.10          6.76 1948   0.25  -0.15     0.01
  MONTH TO DATE    5.08                      5.62  -0.54     1.98
  SINCE SEP 1      5.08                      5.62  -0.54     1.98
  SINCE JAN 1     42.91                     39.47   3.44    33.17

SNOWFALL (IN)
  TODAY            0.0
  MONTH TO DATE    0.0
  SINCE JUL 1      0.0

DEGREE DAYS
 HEATING
  TODAY            0                         0      0        0
  MONTH TO DATE    0                         0      0        0
  SINCE SEP 1      0                         0      0        0
  SINCE JUL 1      0                         0      0        0

 COOLING
  TODAY           15                        15      0       18
  MONTH TO DATE  356                       348      8      378
  SINCE SEP 1    356                       348      8      378
  SINCE JAN 1   2843                      2574    269     2827
..................................................................


WIND (MPH)
  HIGHEST WIND SPEED    10   HIGHEST WIND DIRECTION     E (80)
  HIGHEST GUST SPEED    13   HIGHEST GUST DIRECTION     E (100)
  AVERAGE WIND SPEED     4.3


SKY COVER
  AVERAGE SKY COVER 0.3


WEATHER CONDITIONS
 THE FOLLOWING WEATHER WAS RECORDED TODAY.
  THUNDERSTORM
  RAIN
  LIGHT RAIN
  HAZE


RELATIVE HUMIDITY (PERCENT)
 HIGHEST    94           700 AM
 LOWEST     70          1100 AM
 AVERAGE    82

..........................................................


THE MELBOURNE CLIMATE NORMALS FOR TOMORROW
                         NORMAL    RECORD    YEAR
 MAXIMUM TEMPERATURE (F)   88        95      1975
 MINIMUM TEMPERATURE (F)   72        61      1977


SUNRISE AND SUNSET
SEPTEMBER 22 2014.....SUNRISE   711 AM EDT   SUNSET   719 PM EDT
SEPTEMBER 23 2014.....SUNRISE   711 AM EDT   SUNSET   718 PM EDT


-  INDICATES NEGATIVE NUMBERS.
R  INDICATES RECORD WAS SET OR TIED.
MM INDICATES DATA IS MISSING.
T  INDICATES TRACE AMOUNT.




$$
