000
CDUS42 KMLB 032133
CLIMLB


CLIMATE REPORT
NATIONAL WEATHER SERVICE MELBOURNE FL
431 PM EST TUE MAR 3 2015


...................................

...THE MELBOURNE CLIMATE SUMMARY FOR MARCH 3 2015...
VALID TODAY AS OF 0400 PM LOCAL TIME.

CLIMATE NORMAL PERIOD 1981 TO 2010
CLIMATE RECORD PERIOD 1939 TO 2015


WEATHER ITEM   OBSERVED TIME   RECORD YEAR NORMAL DEPARTURE LAST
                VALUE   (LST)  VALUE       VALUE  FROM      YEAR
                                                  NORMAL
..................................................................
TEMPERATURE (F)
 TODAY
  MAXIMUM         79    346 PM  90    2001  75      4       84
  MINIMUM         62    717 AM  25    1980  54      8       59
  AVERAGE         71                        64      7       72

PRECIPITATION (IN)
  TODAY            0.00          1.31 1991   0.10  -0.10     0.00
  MONTH TO DATE    T                         0.29  -0.29     0.00
  SINCE MAR 1      T                         0.29  -0.29     0.00
  SINCE JAN 1      6.11                      5.09   1.02     7.06

SNOWFALL (IN)
  TODAY            0.0
  MONTH TO DATE    0.0
  SINCE JUL 1      0.0

DEGREE DAYS
 HEATING
  TODAY            0                         3     -3        0
  MONTH TO DATE    0                         9     -9        1
  SINCE MAR 1      0                         9     -9        1
  SINCE JUL 1    410                       498    -88      307

 COOLING
  TODAY            6                         3      3        7
  MONTH TO DATE   20                         8     12        9
  SINCE MAR 1     20                         8     12        9
  SINCE JAN 1    118                       106     12      177
..................................................................


WIND (MPH)
  HIGHEST WIND SPEED    16   HIGHEST WIND DIRECTION     E (110)
  HIGHEST GUST SPEED    21   HIGHEST GUST DIRECTION    SE (120)
  AVERAGE WIND SPEED     4.8


SKY COVER
  AVERAGE SKY COVER 0.4


WEATHER CONDITIONS
 THE FOLLOWING WEATHER WAS RECORDED TODAY.
  FOG
  FOG W/VISIBILITY <= 1/4 MILE
  HAZE


RELATIVE HUMIDITY (PERCENT)
 HIGHEST   100           100 AM
 LOWEST     67           100 PM
 AVERAGE    84

..........................................................


THE MELBOURNE CLIMATE NORMALS FOR TOMORROW
                         NORMAL    RECORD    YEAR
 MAXIMUM TEMPERATURE (F)   75        87      1982
                                             1952
 MINIMUM TEMPERATURE (F)   54        31      1943


SUNRISE AND SUNSET
MARCH  3 2015.........SUNRISE   645 AM EST   SUNSET   624 PM EST
MARCH  4 2015.........SUNRISE   644 AM EST   SUNSET   625 PM EST


-  INDICATES NEGATIVE NUMBERS.
R  INDICATES RECORD WAS SET OR TIED.
MM INDICATES DATA IS MISSING.
T  INDICATES TRACE AMOUNT.




$$
