000
CDUS43 KDVN 162222
CLIMLI


CLIMATE REPORT
NATIONAL WEATHER SERVICE QUAD CITIES IA IL
421 PM CST SAT DEC 16 2017


...................................

...THE MOLINE IL CLIMATE SUMMARY FOR DECEMBER 16 2017...
VALID TODAY AS OF 0400 PM LOCAL TIME.

CLIMATE NORMAL PERIOD 1981 TO 2010
CLIMATE RECORD PERIOD 1872 TO 2017


WEATHER ITEM   OBSERVED TIME   RECORD YEAR NORMAL DEPARTURE LAST
                VALUE   (LST)  VALUE       VALUE  FROM      YEAR
                                                  NORMAL
..................................................................
TEMPERATURE (F)
 TODAY
  MAXIMUM         52    300 PM  60    1939  34     18       24
  MINIMUM         32    735 AM -16    1932  18     14       15
  AVERAGE         42                        26     16       20

PRECIPITATION (IN)
  TODAY            0.00          1.61 1921   0.07  -0.07      T
  MONTH TO DATE    0.04                      1.26  -1.22     0.95
  SINCE DEC 1      0.04                      1.26  -1.22     0.95
  SINCE JAN 1     35.63                     37.04  -1.41    35.79

SNOWFALL (IN)
  TODAY            0.0          MM      MM   0.3   -0.3      0.1
  MONTH TO DATE    T                         4.3   -4.3     11.1
  SINCE DEC 1      T                         4.3   -4.3     11.1
  SINCE JUL 1      T                         5.5   -5.5     11.1
  SNOW DEPTH       0

DEGREE DAYS
 HEATING
  TODAY           23                        39    -16       45
  MONTH TO DATE  494                       581    -87      626
  SINCE DEC 1    494                       581    -87      626
  SINCE JUL 1   1567                      1812   -245     1407

 COOLING
  TODAY            0                         0      0        0
  MONTH TO DATE    0                         0      0        0
  SINCE DEC 1      0                         0      0        0
  SINCE JAN 1    993                      1004    -11     1314
..................................................................


WIND (MPH)
  HIGHEST WIND SPEED    14   HIGHEST WIND DIRECTION    SW (230)
  HIGHEST GUST SPEED    18   HIGHEST GUST DIRECTION    SW (230)
  AVERAGE WIND SPEED     7.3


SKY COVER
  POSSIBLE SUNSHINE  MM
  AVERAGE SKY COVER 0.1


WEATHER CONDITIONS
 THE FOLLOWING WEATHER WAS RECORDED TODAY.
  NO SIGNIFICANT WEATHER WAS OBSERVED.


RELATIVE HUMIDITY (PERCENT)
 HIGHEST    69           300 AM
 LOWEST     38           200 PM
 AVERAGE    54

..........................................................


THE MOLINE IL CLIMATE NORMALS FOR TOMORROW
                         NORMAL    RECORD    YEAR
 MAXIMUM TEMPERATURE (F)   34        59      1939
 MINIMUM TEMPERATURE (F)   18       -15      1932


SUNRISE AND SUNSET
DECEMBER 16 2017......SUNRISE   722 AM CST   SUNSET   434 PM CST
DECEMBER 17 2017......SUNRISE   723 AM CST   SUNSET   434 PM CST


-  INDICATES NEGATIVE NUMBERS.
R  INDICATES RECORD WAS SET OR TIED.
MM INDICATES DATA IS MISSING.
T  INDICATES TRACE AMOUNT.




$$
