000
CDUS43 KDVN 282126
CLIMLI


CLIMATE REPORT
NATIONAL WEATHER SERVICE QUAD CITIES IA IL
425 PM CDT MON JUL 28 2014


...................................

...THE MOLINE IL CLIMATE SUMMARY FOR JULY 28 2014...
VALID TODAY AS OF 0400 PM LOCAL TIME.

CLIMATE NORMAL PERIOD 1981 TO 2010
CLIMATE RECORD PERIOD 1872 TO 2014


WEATHER ITEM   OBSERVED TIME   RECORD YEAR NORMAL DEPARTURE LAST
                VALUE   (LST)  VALUE       VALUE  FROM      YEAR
                                                  NORMAL
..................................................................
TEMPERATURE (F)
 TODAY
  MAXIMUM         75    218 PM 102    1983  85    -10       74
                                      1916
  MINIMUM         62    622 AM  52    1925  65     -3       53
  AVERAGE         69                        75     -6       64

PRECIPITATION (IN)
  TODAY            0.00          2.73 1911   0.12  -0.12     0.00
  MONTH TO DATE    1.78                      3.92  -2.14     1.88
  SINCE JUN 1     12.69                      8.41   4.28     8.02
  SINCE JAN 1     24.25                     22.27   1.98    31.17

SNOWFALL (IN)
  TODAY            0.0          MM      MM   0.0    0.0      0.0
  MONTH TO DATE    0.0                       0.0    0.0      0.0
  SINCE JUN 1      0.0                       0.0    0.0      0.0
  SINCE JUL 1      0.0                       0.0    0.0      0.0
  SNOW DEPTH       0

DEGREE DAYS
 HEATING
  TODAY            0                         0      0        1
  MONTH TO DATE    4                         0      4        5
  SINCE JUN 1      8                        19    -11       32
  SINCE JUL 1      4                         0      4        5

 COOLING
  TODAY            4                        10     -6        0
  MONTH TO DATE  163                       296   -133      250
  SINCE JUN 1    392                       510   -118      453
  SINCE JAN 1    497                       586    -89      543
..................................................................


WIND (MPH)
  HIGHEST WIND SPEED    17   HIGHEST WIND DIRECTION    NW (330)
  HIGHEST GUST SPEED    25   HIGHEST GUST DIRECTION    NW (330)
  AVERAGE WIND SPEED     9.1


SKY COVER
  POSSIBLE SUNSHINE  MM
  AVERAGE SKY COVER 0.4


WEATHER CONDITIONS
 THE FOLLOWING WEATHER WAS RECORDED TODAY.
  NO SIGNIFICANT WEATHER WAS OBSERVED.


RELATIVE HUMIDITY (PERCENT)
 HIGHEST    78           100 AM
 LOWEST     41           100 PM
 AVERAGE    60

..........................................................


THE MOLINE IL CLIMATE NORMALS FOR TOMORROW
                         NORMAL    RECORD    YEAR
 MAXIMUM TEMPERATURE (F)   85       104      1916
 MINIMUM TEMPERATURE (F)   65        49      1981
                                             1971


SUNRISE AND SUNSET
JULY 28 2014..........SUNRISE   553 AM CDT   SUNSET   823 PM CDT
JULY 29 2014..........SUNRISE   554 AM CDT   SUNSET   822 PM CDT


-  INDICATES NEGATIVE NUMBERS.
R  INDICATES RECORD WAS SET OR TIED.
MM INDICATES DATA IS MISSING.
T  INDICATES TRACE AMOUNT.




$$
