000
CDUS43 KDVN 290928
CLIMLI


CLIMATE REPORT
NATIONAL WEATHER SERVICE QUAD CITIES IA IL
425 AM CDT SUN MAY 29 2016


...................................

...THE MOLINE IL CLIMATE SUMMARY FOR MAY 28 2016...

CLIMATE NORMAL PERIOD 1981 TO 2010
CLIMATE RECORD PERIOD 1872 TO 2016


WEATHER ITEM   OBSERVED TIME   RECORD YEAR NORMAL DEPARTURE LAST
                VALUE   (LST)  VALUE       VALUE  FROM      YEAR
                                                  NORMAL
..................................................................
TEMPERATURE (F)
 YESTERDAY
  MAXIMUM         84    311 PM  95    2006  77      7       83
  MINIMUM         69   1159 PM  36    1992  55     14       55
  AVERAGE         77                        66     11       69

PRECIPITATION (IN)
  YESTERDAY        0.12          2.35 1996   0.14  -0.02     0.00
  MONTH TO DATE    3.04                      3.88  -0.84     3.38
  SINCE MAR 1      8.39                     10.33  -1.94     5.75
  SINCE JAN 1      9.72                     13.42  -3.70     8.68

SNOWFALL (IN)
  YESTERDAY        0.0          MM      MM   0.0    0.0      0.0
  MONTH TO DATE    0.0                       0.0    0.0      0.0
  SINCE MAR 1      2.9                       4.9   -2.0      0.1
  SINCE JUL 1     24.1                      31.6   -7.5     39.1
  SNOW DEPTH       0

DEGREE DAYS
 HEATING
  YESTERDAY        0                         3     -3        0
  MONTH TO DATE  158                       154      4      108
  SINCE MAR 1   1174                      1379   -205     1321
  SINCE JUL 1   5163                      6177  -1014     6579

 COOLING
  YESTERDAY       12                         3      9        4
  MONTH TO DATE   62                        52     10       72
  SINCE MAR 1     73                        66      7       72
  SINCE JAN 1     73                        66      7       72
..................................................................


WIND (MPH)
  HIGHEST WIND SPEED    29   HIGHEST WIND DIRECTION    SW (240)
  HIGHEST GUST SPEED    41   HIGHEST GUST DIRECTION     W (250)
  AVERAGE WIND SPEED    11.7


SKY COVER
  POSSIBLE SUNSHINE  MM
  AVERAGE SKY COVER 0.4


WEATHER CONDITIONS
 THE FOLLOWING WEATHER WAS RECORDED YESTERDAY.
  THUNDERSTORM
  HEAVY RAIN
  LIGHT RAIN
  FOG


RELATIVE HUMIDITY (PERCENT)
 HIGHEST    84           500 AM
 LOWEST     51           200 PM
 AVERAGE    68

..........................................................


THE MOLINE IL CLIMATE NORMALS FOR TODAY
                         NORMAL    RECORD    YEAR
 MAXIMUM TEMPERATURE (F)   77        99      1934
 MINIMUM TEMPERATURE (F)   55        34      1965


SUNRISE AND SUNSET
MAY 29 2016...........SUNRISE   532 AM CDT   SUNSET   828 PM CDT
MAY 30 2016...........SUNRISE   532 AM CDT   SUNSET   828 PM CDT


-  INDICATES NEGATIVE NUMBERS.
R  INDICATES RECORD WAS SET OR TIED.
MM INDICATES DATA IS MISSING.
T  INDICATES TRACE AMOUNT.




$$
