000
CDUS43 KDVN 190922
CLIMLI


CLIMATE REPORT
NATIONAL WEATHER SERVICE QUAD CITIES IA IL
421 AM CDT SAT APR 19 2014


...................................

...THE MOLINE IL CLIMATE SUMMARY FOR APRIL 18 2014...

CLIMATE NORMAL PERIOD 1981 TO 2010
CLIMATE RECORD PERIOD 1872 TO 2014


WEATHER ITEM   OBSERVED TIME   RECORD YEAR NORMAL DEPARTURE LAST
                VALUE   (LST)  VALUE       VALUE  FROM      YEAR
                                                  NORMAL
..................................................................
TEMPERATURE (F)
 YESTERDAY
  MAXIMUM         64    438 PM  91    2002  63      1       63
  MINIMUM         29    541 AM  23    1990  41    -12       37
                                      1983
  AVERAGE         47                        52     -5       50

PRECIPITATION (IN)
  YESTERDAY        0.00          1.97 1909   0.11  -0.11     1.49
  MONTH TO DATE    1.26                      2.06  -0.80     6.78
  SINCE MAR 1      2.17                      4.92  -2.75     9.35
  SINCE JAN 1      6.19                      8.01  -1.82    14.75

SNOWFALL (IN)
  YESTERDAY        0.0          MM      MM   0.0    0.0      0.0
  MONTH TO DATE    T                         0.8   -0.8      0.0
  SINCE MAR 1     10.3                       4.8    5.5     10.6
  SINCE JUL 1     65.1                      31.5   33.6     34.5
  SNOW DEPTH       0

DEGREE DAYS
 HEATING
  YESTERDAY       18                        13      5       15
  MONTH TO DATE  329                       290     39      323
  SINCE MAR 1   1355                      1094    261     1357
  SINCE JUL 1   7025                      5892   1133     5990

 COOLING
  YESTERDAY        0                         1     -1        0
  MONTH TO DATE    5                         2      3        0
  SINCE MAR 1      5                         3      2        0
  SINCE JAN 1      5                         3      2        0
..................................................................


WIND (MPH)
  HIGHEST WIND SPEED    20   HIGHEST WIND DIRECTION     E (90)
  HIGHEST GUST SPEED    24   HIGHEST GUST DIRECTION     E (90)
  AVERAGE WIND SPEED     4.3


SKY COVER
  POSSIBLE SUNSHINE  MM
  AVERAGE SKY COVER 0.0


WEATHER CONDITIONS
 THE FOLLOWING WEATHER WAS RECORDED YESTERDAY.
  FOG
  HAZE


RELATIVE HUMIDITY (PERCENT)
 HIGHEST    92           600 AM
 LOWEST     27           400 PM
 AVERAGE    60

..........................................................


THE MOLINE IL CLIMATE NORMALS FOR TODAY
                         NORMAL    RECORD    YEAR
 MAXIMUM TEMPERATURE (F)   64        86      1985
 MINIMUM TEMPERATURE (F)   42        23      1983


SUNRISE AND SUNSET
APRIL 19 2014.........SUNRISE   616 AM CDT   SUNSET   747 PM CDT
APRIL 20 2014.........SUNRISE   615 AM CDT   SUNSET   748 PM CDT


-  INDICATES NEGATIVE NUMBERS.
R  INDICATES RECORD WAS SET OR TIED.
MM INDICATES DATA IS MISSING.
T  INDICATES TRACE AMOUNT.




$$
