000
CDUS43 KDVN 262130
CLIMLI


CLIMATE REPORT
NATIONAL WEATHER SERVICE QUAD CITIES IA IL
429 PM CDT MON JUN 26 2017


...................................

...THE MOLINE IL CLIMATE SUMMARY FOR JUNE 26 2017...
VALID TODAY AS OF 0400 PM LOCAL TIME.

CLIMATE NORMAL PERIOD 1981 TO 2010
CLIMATE RECORD PERIOD 1872 TO 2017


WEATHER ITEM   OBSERVED TIME   RECORD YEAR NORMAL DEPARTURE LAST
                VALUE   (LST)  VALUE       VALUE  FROM      YEAR
                                                  NORMAL
..................................................................
TEMPERATURE (F)
 TODAY
  MAXIMUM         75    259 PM 101    1931  85    -10       91
  MINIMUM         49    333 AM  48    1926  64    -15       71
  AVERAGE         62                        74    -12       81

PRECIPITATION (IN)
  TODAY            T             1.14 1978   0.16  -0.16     0.07
  MONTH TO DATE    2.44                      3.87  -1.43     3.56
  SINCE JUN 1      2.44                      3.87  -1.43     3.56
  SINCE JAN 1     16.79                     17.73  -0.94    13.56

SNOWFALL (IN)
  TODAY            0.0          MM      MM   0.0    0.0      0.0
  MONTH TO DATE    0.0                       0.0    0.0      0.0
  SINCE JUN 1      0.0                       0.0    0.0      0.0
  SINCE JUL 1     22.4                      31.6   -9.2     24.1
  SNOW DEPTH       0

DEGREE DAYS
 HEATING
  TODAY            3                         0      3        0
  MONTH TO DATE    6                        17    -11        1
  SINCE JUN 1      6                        17    -11        1
  SINCE JUL 1   5034                      6201  -1167     5164

 COOLING
  TODAY            0                         9     -9       16
  MONTH TO DATE  243                       175     68      280
  SINCE JUN 1    243                       175     68      280
  SINCE JAN 1    304                       251     53      382
..................................................................


WIND (MPH)
  HIGHEST WIND SPEED    24   HIGHEST WIND DIRECTION     W (270)
  HIGHEST GUST SPEED    29   HIGHEST GUST DIRECTION     W (270)
  AVERAGE WIND SPEED     9.8


SKY COVER
  POSSIBLE SUNSHINE  MM
  AVERAGE SKY COVER 0.4


WEATHER CONDITIONS
 THE FOLLOWING WEATHER WAS RECORDED TODAY.
  THUNDERSTORM
  LIGHT RAIN


RELATIVE HUMIDITY (PERCENT)
 HIGHEST    83          1200 AM
 LOWEST     46           200 PM
 AVERAGE    65

..........................................................


THE MOLINE IL CLIMATE NORMALS FOR TOMORROW
                         NORMAL    RECORD    YEAR
 MAXIMUM TEMPERATURE (F)   85       102      1934
                                             1931
 MINIMUM TEMPERATURE (F)   64        46      1992


SUNRISE AND SUNSET
JUNE 26 2017..........SUNRISE   530 AM CDT   SUNSET   840 PM CDT
JUNE 27 2017..........SUNRISE   530 AM CDT   SUNSET   840 PM CDT


-  INDICATES NEGATIVE NUMBERS.
R  INDICATES RECORD WAS SET OR TIED.
MM INDICATES DATA IS MISSING.
T  INDICATES TRACE AMOUNT.




$$
