000
CDUS43 KDVN 220910
CLIMLI


CLIMATE REPORT
NATIONAL WEATHER SERVICE QUAD CITIES IA IL
409 AM CDT SUN OCT 22 2017


...................................

...THE MOLINE IL CLIMATE SUMMARY FOR OCTOBER 21 2017...

CLIMATE NORMAL PERIOD 1981 TO 2010
CLIMATE RECORD PERIOD 1872 TO 2017


WEATHER ITEM   OBSERVED TIME   RECORD YEAR NORMAL DEPARTURE LAST
                VALUE   (LST)  VALUE       VALUE  FROM      YEAR
                                                  NORMAL
..................................................................
TEMPERATURE (F)
 YESTERDAY
  MAXIMUM         81    242 PM  86    1947  62     19       57
  MINIMUM         64    730 AM  20    1952  41     23       33
  AVERAGE         73                        52     21       45

PRECIPITATION (IN)
  YESTERDAY        0.00          1.66 1943   0.10  -0.10     0.00
  MONTH TO DATE    5.74                      1.99   3.75     1.53
  SINCE SEP 1      8.13                      5.08   3.05     2.75
  SINCE JAN 1     34.25                     32.24   2.01    32.17

SNOWFALL (IN)
  YESTERDAY        0.0          MM      MM   0.0    0.0      0.0
  MONTH TO DATE    0.0                       0.0    0.0      0.0
  SINCE SEP 1      0.0                       0.0    0.0      0.0
  SINCE JUL 1      0.0                       0.0    0.0      0.0
  SNOW DEPTH       0

DEGREE DAYS
 HEATING
  YESTERDAY        0                        14    -14       20
  MONTH TO DATE   67                       222   -155      121
  SINCE SEP 1    115                       318   -203      138
  SINCE JUL 1    116                       326   -210      139

 COOLING
  YESTERDAY        8                         0      8        0
  MONTH TO DATE   33                        11     22       43
  SINCE SEP 1    182                       117     65      232
  SINCE JAN 1    993                      1000     -7     1305
..................................................................


WIND (MPH)
  HIGHEST WIND SPEED    24   HIGHEST WIND DIRECTION     S (160)
  HIGHEST GUST SPEED    34   HIGHEST GUST DIRECTION     S (170)
  AVERAGE WIND SPEED    15.3


SKY COVER
  POSSIBLE SUNSHINE  MM
  AVERAGE SKY COVER 0.3


WEATHER CONDITIONS
 THE FOLLOWING WEATHER WAS RECORDED YESTERDAY.
  NO SIGNIFICANT WEATHER WAS OBSERVED.


RELATIVE HUMIDITY (PERCENT)
 HIGHEST    68           800 PM
 LOWEST     50          1100 AM
 AVERAGE    59

..........................................................


THE MOLINE IL CLIMATE NORMALS FOR TODAY
                         NORMAL    RECORD    YEAR
 MAXIMUM TEMPERATURE (F)   62        84      1963
                                             1947
                                             1927
 MINIMUM TEMPERATURE (F)   41        21      1976


SUNRISE AND SUNSET
OCTOBER 22 2017.......SUNRISE   722 AM CDT   SUNSET   610 PM CDT
OCTOBER 23 2017.......SUNRISE   723 AM CDT   SUNSET   609 PM CDT


-  INDICATES NEGATIVE NUMBERS.
R  INDICATES RECORD WAS SET OR TIED.
MM INDICATES DATA IS MISSING.
T  INDICATES TRACE AMOUNT.




$$
