000
CDUS43 KDVN 272223
CLIMLI


CLIMATE REPORT
NATIONAL WEATHER SERVICE QUAD CITIES IA IL
422 PM CST THU NOV 27 2014


...................................

...THE MOLINE IL CLIMATE SUMMARY FOR NOVEMBER 27 2014...
VALID TODAY AS OF 0400 PM LOCAL TIME.

CLIMATE NORMAL PERIOD 1981 TO 2010
CLIMATE RECORD PERIOD 1872 TO 2014


WEATHER ITEM   OBSERVED TIME   RECORD YEAR NORMAL DEPARTURE LAST
                VALUE   (LST)  VALUE       VALUE  FROM      YEAR
                                                  NORMAL
..................................................................
TEMPERATURE (F)
 TODAY
  MAXIMUM         26    637 AM  70    1909  43    -17       28
  MINIMUM         18    359 PM   1    1887  25     -7       11
  AVERAGE         22                        34    -12       20

PRECIPITATION (IN)
  TODAY            T             1.34 1983   0.08  -0.08     0.00
  MONTH TO DATE    1.57                      2.31  -0.74     1.22
  SINCE SEP 1     10.00                      8.37   1.63     5.41
  SINCE JAN 1     38.57                     35.53   3.04    38.02

SNOWFALL (IN)
  TODAY            0.2          MM      MM   0.1    0.1      0.0
  MONTH TO DATE    4.6                       0.9    3.7      0.6
  SINCE SEP 1      4.6                       0.9    3.7      1.0
  SINCE JUL 1      4.6                       0.9    3.7      1.0
  SNOW DEPTH       1

DEGREE DAYS
 HEATING
  TODAY           43                        31     12       45
  MONTH TO DATE  878                       652    226      740
  SINCE SEP 1   1403                      1126    277     1228
  SINCE JUL 1   1408                      1134    274     1239

 COOLING
  TODAY            0                         0      0        0
  MONTH TO DATE    0                         0      0        0
  SINCE SEP 1     73                       120    -47      184
  SINCE JAN 1    839                      1003   -164      998
..................................................................


WIND (MPH)
  HIGHEST WIND SPEED    21   HIGHEST WIND DIRECTION    NW (310)
  HIGHEST GUST SPEED    26   HIGHEST GUST DIRECTION    NW (320)
  AVERAGE WIND SPEED    11.8


SKY COVER
  POSSIBLE SUNSHINE  MM
  AVERAGE SKY COVER 0.6


WEATHER CONDITIONS
 THE FOLLOWING WEATHER WAS RECORDED TODAY.
  LIGHT SNOW
  FOG
  HAZE


RELATIVE HUMIDITY (PERCENT)
 HIGHEST    81           100 AM
 LOWEST     49           300 PM
 AVERAGE    65

..........................................................


THE MOLINE IL CLIMATE NORMALS FOR TOMORROW
                         NORMAL    RECORD    YEAR
 MAXIMUM TEMPERATURE (F)   42        67      2006
 MINIMUM TEMPERATURE (F)   25        -4      1976


SUNRISE AND SUNSET
NOVEMBER 27 2014......SUNRISE   705 AM CST   SUNSET   435 PM CST
NOVEMBER 28 2014......SUNRISE   706 AM CST   SUNSET   434 PM CST


-  INDICATES NEGATIVE NUMBERS.
R  INDICATES RECORD WAS SET OR TIED.
MM INDICATES DATA IS MISSING.
T  INDICATES TRACE AMOUNT.




$$
