000
CDUS43 KDVN 262128
CLIMLI


CLIMATE REPORT
NATIONAL WEATHER SERVICE QUAD CITIES IA IL
427 PM CDT TUE MAY 26 2015


...................................

...THE MOLINE IL CLIMATE SUMMARY FOR MAY 26 2015...
VALID TODAY AS OF 0400 PM LOCAL TIME.

CLIMATE NORMAL PERIOD 1981 TO 2010
CLIMATE RECORD PERIOD 1872 TO 2015


WEATHER ITEM   OBSERVED TIME   RECORD YEAR NORMAL DEPARTURE LAST
                VALUE   (LST)  VALUE       VALUE  FROM      YEAR
                                                  NORMAL
..................................................................
TEMPERATURE (F)
 TODAY
  MAXIMUM         77   1249 PM  95    1985  76      1       86
  MINIMUM         65    909 AM  38    1992  54     11       62
                                      1979
  AVERAGE         71                        65      6       74

PRECIPITATION (IN)
  TODAY            0.53          1.70 1933   0.15   0.38     0.10
  MONTH TO DATE    3.33                      3.60  -0.27     1.90
  SINCE MAR 1      5.70                     10.05  -4.35     6.58
  SINCE JAN 1      8.63                     13.14  -4.51    10.60

SNOWFALL (IN)
  TODAY            0.0          MM      MM   0.0    0.0      0.0
  MONTH TO DATE    0.0                       0.0    0.0      0.0
  SINCE MAR 1      0.1                       4.9   -4.8     10.3
  SINCE JUL 1     39.1                      31.6    7.5     65.1
  SNOW DEPTH       0

DEGREE DAYS
 HEATING
  TODAY            0                         3     -3        0
  MONTH TO DATE  108                       148    -40      162
  SINCE MAR 1   1321                      1373    -52     1643
  SINCE JUL 1   6579                      6171    408     7313

 COOLING
  TODAY            6                         3      3        9
  MONTH TO DATE   63                        46     17       60
  SINCE MAR 1     63                        60      3       65
  SINCE JAN 1     63                        60      3       65
..................................................................


WIND (MPH)
  HIGHEST WIND SPEED    30   HIGHEST WIND DIRECTION     W (250)
  HIGHEST GUST SPEED    39   HIGHEST GUST DIRECTION    SW (230)
  AVERAGE WIND SPEED    14.2


SKY COVER
  POSSIBLE SUNSHINE  MM
  AVERAGE SKY COVER 0.5


WEATHER CONDITIONS
 THE FOLLOWING WEATHER WAS RECORDED TODAY.
  THUNDERSTORM
  HEAVY RAIN
  RAIN
  LIGHT RAIN
  FOG
  HAZE


RELATIVE HUMIDITY (PERCENT)
 HIGHEST    90           800 AM
 LOWEST     60           100 PM
 AVERAGE    75

..........................................................


THE MOLINE IL CLIMATE NORMALS FOR TOMORROW
                         NORMAL    RECORD    YEAR
 MAXIMUM TEMPERATURE (F)   76        94      2012
 MINIMUM TEMPERATURE (F)   54        34      1992


SUNRISE AND SUNSET
MAY 26 2015...........SUNRISE   534 AM CDT   SUNSET   824 PM CDT
MAY 27 2015...........SUNRISE   534 AM CDT   SUNSET   825 PM CDT


-  INDICATES NEGATIVE NUMBERS.
R  INDICATES RECORD WAS SET OR TIED.
MM INDICATES DATA IS MISSING.
T  INDICATES TRACE AMOUNT.




$$
