000
CDUS43 KDVN 040922
CLIMLI


CLIMATE REPORT
NATIONAL WEATHER SERVICE QUAD CITIES IA IL
421 AM CDT FRI SEP 4 2015


...................................

...THE MOLINE IL CLIMATE SUMMARY FOR SEPTEMBER 3 2015...

CLIMATE NORMAL PERIOD 1981 TO 2010
CLIMATE RECORD PERIOD 1872 TO 2015


WEATHER ITEM   OBSERVED TIME   RECORD YEAR NORMAL DEPARTURE LAST
                VALUE   (LST)  VALUE       VALUE  FROM      YEAR
                                                  NORMAL
..................................................................
TEMPERATURE (F)
 YESTERDAY
  MAXIMUM         93    212 PM  98    1913  81     12       85
  MINIMUM         71    549 AM  43    1974  59     12       57
  AVERAGE         82                        70     12       71

PRECIPITATION (IN)
  YESTERDAY        0.00          2.84 1887   0.12  -0.12     0.00
  MONTH TO DATE    0.00                      0.36  -0.36     0.30
  SINCE SEP 1      0.00                      0.36  -0.36     0.30
  SINCE JAN 1     28.47                     27.52   0.95    28.87

SNOWFALL (IN)
  YESTERDAY        0.0          MM      MM   0.0    0.0      0.0
  MONTH TO DATE    0.0                       0.0    0.0      0.0
  SINCE SEP 1      0.0                       0.0    0.0      0.0
  SINCE JUL 1      T                         0.0    0.0      0.0
  SNOW DEPTH       0

DEGREE DAYS
 HEATING
  YESTERDAY        0                         1     -1        0
  MONTH TO DATE    0                         3     -3        0
  SINCE SEP 1      0                         3     -3        0
  SINCE JUL 1      7                        11     -4        5

 COOLING
  YESTERDAY       17                         6     11        6
  MONTH TO DATE   47                        19     28       21
  SINCE SEP 1     47                        19     28       21
  SINCE JAN 1    835                       902    -67      787
..................................................................


WIND (MPH)
  HIGHEST WIND SPEED    16   HIGHEST WIND DIRECTION     W (260)
  HIGHEST GUST SPEED    20   HIGHEST GUST DIRECTION     W (260)
  AVERAGE WIND SPEED     4.5


SKY COVER
  POSSIBLE SUNSHINE  MM
  AVERAGE SKY COVER 0.2


WEATHER CONDITIONS
 THE FOLLOWING WEATHER WAS RECORDED YESTERDAY.
  NO SIGNIFICANT WEATHER WAS OBSERVED.


RELATIVE HUMIDITY (PERCENT)
 HIGHEST    84           400 AM
 LOWEST     47           400 PM
 AVERAGE    66

..........................................................


THE MOLINE IL CLIMATE NORMALS FOR TODAY
                         NORMAL    RECORD    YEAR
 MAXIMUM TEMPERATURE (F)   81        98      1925
 MINIMUM TEMPERATURE (F)   59        39      1974


SUNRISE AND SUNSET
SEPTEMBER  4 2015.....SUNRISE   631 AM CDT   SUNSET   730 PM CDT
SEPTEMBER  5 2015.....SUNRISE   632 AM CDT   SUNSET   729 PM CDT


-  INDICATES NEGATIVE NUMBERS.
R  INDICATES RECORD WAS SET OR TIED.
MM INDICATES DATA IS MISSING.
T  INDICATES TRACE AMOUNT.




$$
