647
CDUS43 KDVN 121021
CLIMLI


CLIMATE REPORT
NATIONAL WEATHER SERVICE QUAD CITIES IA IL
419 AM CST FRI FEB 12 2016


...................................

...THE MOLINE IL CLIMATE SUMMARY FOR FEBRUARY 11 2016...

CLIMATE NORMAL PERIOD 1981 TO 2010
CLIMATE RECORD PERIOD 1872 TO 2016


WEATHER ITEM   OBSERVED TIME   RECORD YEAR NORMAL DEPARTURE LAST
                VALUE   (LST)  VALUE       VALUE  FROM      YEAR
                                                  NORMAL
..................................................................
TEMPERATURE (F)
 YESTERDAY
  MAXIMUM         25    414 PM  69    1999  34     -9       35
  MINIMUM         10    720 AM -22    2014  17     -7       14
  AVERAGE         18                        26     -8       25

PRECIPITATION (IN)
  YESTERDAY        0.00          1.14 1998   0.05  -0.05      T
  MONTH TO DATE    0.65                      0.51   0.14     1.09
  SINCE DEC 1      5.29                      4.18   1.11     3.36
  SINCE JAN 1      1.09                      2.00  -0.91     2.64

SNOWFALL (IN)
  YESTERDAY        0.0          MM      MM   0.3   -0.3       T
  MONTH TO DATE    1.7                       3.1   -1.4     14.5
  SINCE DEC 1      6.7                      21.8  -15.1     29.6
  SINCE JUL 1     16.6                      23.0   -6.4     34.2
  SNOW DEPTH       T

DEGREE DAYS
 HEATING
  YESTERDAY       47                        39      8       40
  MONTH TO DATE  417                       448    -31      502
  SINCE DEC 1   2485                      2951   -466     2848
  SINCE JUL 1   3448                      4182   -734     4353

 COOLING
  YESTERDAY        0                         0      0        0
  MONTH TO DATE    0                         0      0        0
  SINCE DEC 1      0                         0      0        0
  SINCE JAN 1      0                         0      0        0
..................................................................


WIND (MPH)
  HIGHEST WIND SPEED     8   HIGHEST WIND DIRECTION    SW (220)
  HIGHEST GUST SPEED    11   HIGHEST GUST DIRECTION    SW (220)
  AVERAGE WIND SPEED     2.8


SKY COVER
  POSSIBLE SUNSHINE  MM
  AVERAGE SKY COVER 0.3


WEATHER CONDITIONS
 THE FOLLOWING WEATHER WAS RECORDED YESTERDAY.
  NO SIGNIFICANT WEATHER WAS OBSERVED.


RELATIVE HUMIDITY (PERCENT)
 HIGHEST    66           300 AM
 LOWEST     36           300 PM
 AVERAGE    51

..........................................................


THE MOLINE IL CLIMATE NORMALS FOR TODAY
                         NORMAL    RECORD    YEAR
 MAXIMUM TEMPERATURE (F)   35        67      1938
                                             1882
 MINIMUM TEMPERATURE (F)   17       -19      1899


SUNRISE AND SUNSET
FEBRUARY 12 2016......SUNRISE   702 AM CST   SUNSET   532 PM CST
FEBRUARY 13 2016......SUNRISE   700 AM CST   SUNSET   533 PM CST


-  INDICATES NEGATIVE NUMBERS.
R  INDICATES RECORD WAS SET OR TIED.
MM INDICATES DATA IS MISSING.
T  INDICATES TRACE AMOUNT.




$$
