000
CDUS43 KDVN 212122
CLIMLI


CLIMATE REPORT
NATIONAL WEATHER SERVICE QUAD CITIES IA IL
422 PM CDT MON AUG 21 2017


...................................

...THE MOLINE IL CLIMATE SUMMARY FOR AUGUST 21 2017...
VALID TODAY AS OF 0400 PM LOCAL TIME.

CLIMATE NORMAL PERIOD 1981 TO 2010
CLIMATE RECORD PERIOD 1872 TO 2017


WEATHER ITEM   OBSERVED TIME   RECORD YEAR NORMAL DEPARTURE LAST
                VALUE   (LST)  VALUE       VALUE  FROM      YEAR
                                                  NORMAL
..................................................................
TEMPERATURE (F)
 TODAY
  MAXIMUM         82    258 PM  99    1936  84     -2       77
  MINIMUM         65    227 AM  44    1950  63      2       57
  AVERAGE         74                        73      1       67

PRECIPITATION (IN)
  TODAY            0.14          3.55 1987   0.16  -0.02     0.00
  MONTH TO DATE    0.39                      3.11  -2.72     5.07
  SINCE JUN 1     11.48                     11.89  -0.41    16.42
  SINCE JAN 1     25.83                     25.75   0.08    26.42

SNOWFALL (IN)
  TODAY            0.0          MM      MM   0.0    0.0      0.0
  MONTH TO DATE    0.0                       0.0    0.0      0.0
  SINCE JUN 1      0.0                       0.0    0.0      0.0
  SINCE JUL 1      0.0                       0.0    0.0      0.0
  SNOW DEPTH       0

DEGREE DAYS
 HEATING
  TODAY            0                         0      0        0
  MONTH TO DATE    1                         0      1        0
  SINCE JUN 1     10                        21    -11        2
  SINCE JUL 1      1                         2     -1        1

 COOLING
  TODAY            9                         8      1        2
  MONTH TO DATE  123                       195    -72      230
  SINCE JUN 1    720                       733    -13      876
  SINCE JAN 1    781                       809    -28      978
..................................................................


WIND (MPH)
  HIGHEST WIND SPEED    20   HIGHEST WIND DIRECTION     W (270)
  HIGHEST GUST SPEED    24   HIGHEST GUST DIRECTION     S (190)
  AVERAGE WIND SPEED     4.2


SKY COVER
  POSSIBLE SUNSHINE  MM
  AVERAGE SKY COVER 0.4


WEATHER CONDITIONS
 THE FOLLOWING WEATHER WAS RECORDED TODAY.
  THUNDERSTORM
  RAIN
  LIGHT RAIN
  FOG
  FOG W/VISIBILITY <= 1/4 MILE


RELATIVE HUMIDITY (PERCENT)
 HIGHEST    93          1200 AM
 LOWEST     65           300 PM
 AVERAGE    79

..........................................................


THE MOLINE IL CLIMATE NORMALS FOR TOMORROW
                         NORMAL    RECORD    YEAR
 MAXIMUM TEMPERATURE (F)   83       101      1936
 MINIMUM TEMPERATURE (F)   63        47      1923


SUNRISE AND SUNSET
AUGUST 21 2017........SUNRISE   617 AM CDT   SUNSET   752 PM CDT
AUGUST 22 2017........SUNRISE   618 AM CDT   SUNSET   751 PM CDT


-  INDICATES NEGATIVE NUMBERS.
R  INDICATES RECORD WAS SET OR TIED.
MM INDICATES DATA IS MISSING.
T  INDICATES TRACE AMOUNT.




$$
