000
CDUS45 KBYZ 072224
CLIMLS


CLIMATE REPORT
NATIONAL WEATHER SERVICE BILLINGS MT
423 PM MDT TUE JUL 7 2015


...................................

...THE MILES CITY MT CLIMATE SUMMARY FOR JULY 7 2015...
VALID TODAY AS OF 0400 PM LOCAL TIME.

CLIMATE NORMAL PERIOD 1981 TO 2010
CLIMATE RECORD PERIOD 1937 TO 2015


WEATHER ITEM   OBSERVED TIME   RECORD YEAR NORMAL DEPARTURE LAST
                VALUE   (LST)  VALUE       VALUE  FROM      YEAR
                                                  NORMAL
..................................................................
TEMPERATURE (F)
 TODAY
  MAXIMUM         83    249 PM 102    1983  87     -4       80
  MINIMUM         52    437 AM  42    1952  58     -6       58
  AVERAGE         68                        72     -4       69

PRECIPITATION (IN)
  TODAY            0.00          0.90 1958   0.06  -0.06      T
  MONTH TO DATE    0.08                      0.41  -0.33     0.03
  SINCE OCT 1      6.49                      9.22  -2.73    11.39
  SINCE JAN 1      5.48                      7.62  -2.14     9.71

DEGREE DAYS
 HEATING
  TODAY            0                         1     -1        0
  MONTH TO DATE    0                         7     -7        0
  SINCE JUN 1     25                        96    -71       94
  SINCE JUL 1      0                         7     -7        0

 COOLING
  TODAY            3                         8     -5        4
  MONTH TO DATE   50                        52     -2       59
  SINCE JUN 1    212                       159     53       96
  SINCE JAN 1    213                       179     34      130
..................................................................


WIND (MPH)
  HIGHEST WIND SPEED    17   HIGHEST WIND DIRECTION    NW (320)
  HIGHEST GUST SPEED    24   HIGHEST GUST DIRECTION    NW (330)
  AVERAGE WIND SPEED     6.5


SKY COVER
  POSSIBLE SUNSHINE  MM
  AVERAGE SKY COVER 0.1


WEATHER CONDITIONS
 THE FOLLOWING WEATHER WAS RECORDED TODAY.
  NO SIGNIFICANT WEATHER WAS OBSERVED.


RELATIVE HUMIDITY (PERCENT)
 HIGHEST    83           300 AM
 LOWEST     24           300 PM
 AVERAGE    54

..........................................................


THE MILES CITY MT CLIMATE NORMALS FOR TOMORROW
                         NORMAL    RECORD    YEAR
 MAXIMUM TEMPERATURE (F)   87       107      1983
 MINIMUM TEMPERATURE (F)   58        46      1996


SUNRISE AND SUNSET
JULY  7 2015..........SUNRISE   519 AM MDT   SUNSET   858 PM MDT
JULY  8 2015..........SUNRISE   520 AM MDT   SUNSET   857 PM MDT


-  INDICATES NEGATIVE NUMBERS.
R  INDICATES RECORD WAS SET OR TIED.
MM INDICATES DATA IS MISSING.
T  INDICATES TRACE AMOUNT.





&&

THIS IS AN AUTOMATED...UNATTENDED WEATHER STATION AND MAY
UNDERESTIMATE WINTER PRECIPITATION.

$$
