585
CDUS45 KBYZ 162223
CLIMLS


CLIMATE REPORT
NATIONAL WEATHER SERVICE BILLINGS MT
423 PM MDT WED AUG 16 2017


...................................

...THE MILES CITY MT CLIMATE SUMMARY FOR AUGUST 16 2017...
VALID TODAY AS OF 0400 PM LOCAL TIME.

CLIMATE NORMAL PERIOD 1981 TO 2010
CLIMATE RECORD PERIOD 1937 TO 2017


WEATHER ITEM   OBSERVED TIME   RECORD YEAR NORMAL DEPARTURE LAST
                VALUE   (LST)  VALUE       VALUE  FROM      YEAR
                                                  NORMAL
..................................................................
TEMPERATURE (F)
 TODAY
  MAXIMUM         90    259 PM 107    2003  88      2       92
  MINIMUM         53    524 AM  43    2012  59     -6       60
  AVERAGE         72                        73     -1       76

PRECIPITATION (IN)
  TODAY            0.00          0.78 1972   0.03  -0.03     0.00
  MONTH TO DATE    0.15                      0.54  -0.39     0.03
  SINCE OCT 1      4.42                     10.99  -6.57    11.18
  SINCE JAN 1      3.33                      9.39  -6.06     9.92

DEGREE DAYS
 HEATING
  TODAY            0                         0      0        0
  MONTH TO DATE    4                         0      4        0
  SINCE JUN 1     23                       101    -78       11
  SINCE JUL 1      4                        12     -8        2

 COOLING
  TODAY            7                         9     -2       11
  MONTH TO DATE   77                       159    -82      158
  SINCE JUN 1    720                       554    166      693
  SINCE JAN 1    741                       574    167      717
..................................................................


WIND (MPH)
  HIGHEST WIND SPEED    15   HIGHEST WIND DIRECTION    SE (120)
  HIGHEST GUST SPEED    19   HIGHEST GUST DIRECTION    SW (240)
  AVERAGE WIND SPEED     6.6


SKY COVER
  POSSIBLE SUNSHINE  MM
  AVERAGE SKY COVER 0.0


WEATHER CONDITIONS
 THE FOLLOWING WEATHER WAS RECORDED TODAY.
  NO SIGNIFICANT WEATHER WAS OBSERVED.


RELATIVE HUMIDITY (PERCENT)
 HIGHEST    71           400 AM
 LOWEST     16           300 PM
 AVERAGE    44

..........................................................


THE MILES CITY MT CLIMATE NORMALS FOR TOMORROW
                         NORMAL    RECORD    YEAR
 MAXIMUM TEMPERATURE (F)   88       104      1958
 MINIMUM TEMPERATURE (F)   58        39      2002


SUNRISE AND SUNSET
AUGUST 16 2017........SUNRISE   604 AM MDT   SUNSET   811 PM MDT
AUGUST 17 2017........SUNRISE   605 AM MDT   SUNSET   809 PM MDT


-  INDICATES NEGATIVE NUMBERS.
R  INDICATES RECORD WAS SET OR TIED.
MM INDICATES DATA IS MISSING.
T  INDICATES TRACE AMOUNT.




$$
