000
CDUS45 KBYZ 220723
CLIMLS


CLIMATE REPORT
NATIONAL WEATHER SERVICE BILLINGS MT
123 AM MDT MON MAY 22 2017


...................................

...THE MILES CITY MT CLIMATE SUMMARY FOR MAY 21 2017...

CLIMATE NORMAL PERIOD 1981 TO 2010
CLIMATE RECORD PERIOD 1937 TO 2017


WEATHER ITEM   OBSERVED TIME   RECORD YEAR NORMAL DEPARTURE LAST
                VALUE   (LST)  VALUE       VALUE  FROM      YEAR
                                                  NORMAL
..................................................................
TEMPERATURE (F)
 YESTERDAY
  MAXIMUM         74    224 PM  96    1980  70      4       83
  MINIMUM         42    217 AM  29    1963  45     -3       54
  AVERAGE         58                        57      1       69

PRECIPITATION (IN)
  YESTERDAY        0.03          1.04 2011   0.07  -0.04     0.17
  MONTH TO DATE    0.38                      1.38  -1.00     1.18
  SINCE OCT 1      3.48                      5.50  -2.02     7.87
  SINCE JAN 1      2.39                      3.90  -1.51     6.61

DEGREE DAYS
 HEATING
  YESTERDAY        7                         8     -1        0
  MONTH TO DATE  177                       234    -57      179
  SINCE MAR 1   1476                      1746   -270     1341
  SINCE JUL 1   7028                      7480   -452     6034

 COOLING
  YESTERDAY        0                         1     -1        4
  MONTH TO DATE   16                         8      8       22
  SINCE MAR 1     16                         9      7       24
  SINCE JAN 1     16                         9      7       24
..................................................................


WIND (MPH)
  HIGHEST WIND SPEED    35   HIGHEST WIND DIRECTION     N (350)
  HIGHEST GUST SPEED    45   HIGHEST GUST DIRECTION     N (340)
  AVERAGE WIND SPEED    13.0


SKY COVER
  POSSIBLE SUNSHINE  MM
  AVERAGE SKY COVER 0.6


WEATHER CONDITIONS
 THE FOLLOWING WEATHER WAS RECORDED YESTERDAY.
  LIGHT RAIN


RELATIVE HUMIDITY (PERCENT)
 HIGHEST    71           100 AM
 LOWEST     19           200 PM
 AVERAGE    45

..........................................................


THE MILES CITY MT CLIMATE NORMALS FOR TODAY
                         NORMAL    RECORD    YEAR
 MAXIMUM TEMPERATURE (F)   70        99      1980
 MINIMUM TEMPERATURE (F)   45        33      2002


SUNRISE AND SUNSET
MAY 22 2017...........SUNRISE   522 AM MDT   SUNSET   839 PM MDT
MAY 23 2017...........SUNRISE   521 AM MDT   SUNSET   840 PM MDT


-  INDICATES NEGATIVE NUMBERS.
R  INDICATES RECORD WAS SET OR TIED.
MM INDICATES DATA IS MISSING.
T  INDICATES TRACE AMOUNT.




$$
