000
CDUS45 KBYZ 200955
CLIMLS


CLIMATE REPORT
NATIONAL WEATHER SERVICE BILLINGS MT
350 AM MDT WED AUG 20 2014


...................................

...THE MILES CITY MT CLIMATE SUMMARY FOR AUGUST 19 2014...

CLIMATE NORMAL PERIOD 1981 TO 2010
CLIMATE RECORD PERIOD 1937 TO 2014


WEATHER ITEM   OBSERVED TIME   RECORD YEAR NORMAL DEPARTURE LAST
                VALUE   (LST)  VALUE       VALUE  FROM      YEAR
                                                  NORMAL
..................................................................
TEMPERATURE (F)
 YESTERDAY
  MAXIMUM         96    259 PM 101    2008  87      9       95
  MINIMUM         60    548 AM  40    1950  58      2       63
  AVERAGE         78                        72      6       79

PRECIPITATION (IN)
  YESTERDAY        0.00          1.13 1972   0.03  -0.03     0.00
  MONTH TO DATE    0.54                      0.61  -0.07     1.58
  SINCE OCT 1     11.99                     11.06   0.93    15.23
  SINCE JAN 1     10.31                      9.46   0.85    13.70

SNOWFALL (IN)
  YESTERDAY       MM
  MONTH TO DATE   MM
  SINCE JUN 1     MM
  SINCE JUL 1     MM
  SNOW DEPTH      MM

DEGREE DAYS
 HEATING
  YESTERDAY        0                         1     -1        0
  MONTH TO DATE    0                         3     -3        0
  SINCE JUN 1     95                       104     -9       59
  SINCE JUL 1      1                        15    -14        0

 COOLING
  YESTERDAY       13                         8      5       14
  MONTH TO DATE  211                       183     28      149
  SINCE JUN 1    532                       578    -46      561
  SINCE JAN 1    566                       598    -32      574
..................................................................


WIND (MPH)
  HIGHEST WIND SPEED    14   HIGHEST WIND DIRECTION     W (250)
  HIGHEST GUST SPEED    20   HIGHEST GUST DIRECTION    SW (240)
  AVERAGE WIND SPEED     5.3


SKY COVER
  POSSIBLE SUNSHINE  MM
  AVERAGE SKY COVER 0.0


WEATHER CONDITIONS
 THE FOLLOWING WEATHER WAS RECORDED YESTERDAY.
  HAZE


RELATIVE HUMIDITY (PERCENT)
 HIGHEST    72           500 AM
 LOWEST     13           400 PM
 AVERAGE    43

..........................................................


THE MILES CITY MT CLIMATE NORMALS FOR TODAY
                         NORMAL    RECORD    YEAR
 MAXIMUM TEMPERATURE (F)   87       100      1969
 MINIMUM TEMPERATURE (F)   57        44      1950
                                             1939


SUNRISE AND SUNSET
AUGUST 20 2014........SUNRISE   609 AM MDT   SUNSET   804 PM MDT
AUGUST 21 2014........SUNRISE   610 AM MDT   SUNSET   803 PM MDT


-  INDICATES NEGATIVE NUMBERS.
R  INDICATES RECORD WAS SET OR TIED.
MM INDICATES DATA IS MISSING.
T  INDICATES TRACE AMOUNT.





&&

THIS IS AN AUTOMATED...UNATTENDED WEATHER STATION AND MAY
UNDERESTIMATE WINTER PRECIPITATION.

$$
