000
CDUS45 KBYZ 282324
CLIMLS


CLIMATE REPORT
NATIONAL WEATHER SERVICE BILLINGS MT
420 PM MST FRI NOV 28 2014


...................................

...THE MILES CITY MT CLIMATE SUMMARY FOR NOVEMBER 28 2014...
VALID TODAY AS OF 0400 PM LOCAL TIME.

CLIMATE NORMAL PERIOD 1981 TO 2010
CLIMATE RECORD PERIOD 1937 TO 2014


WEATHER ITEM   OBSERVED TIME   RECORD YEAR NORMAL DEPARTURE LAST
                VALUE   (LST)  VALUE       VALUE  FROM      YEAR
                                                  NORMAL
..................................................................
TEMPERATURE (F)
 TODAY
  MAXIMUM         51    225 PM  64    2002  36     15       37
  MINIMUM         37    831 AM -25    1985  15     22       15
  AVERAGE         44                        26     18       26

PRECIPITATION (IN)
  TODAY            0.00          0.22        0.01  -0.01     0.00
  MONTH TO DATE    0.40                      0.37   0.03     0.10
  SINCE OCT 1      0.83                      1.29  -0.46     1.07
  SINCE JAN 1     13.11                     12.13   0.98    16.50

DEGREE DAYS
 HEATING
  TODAY           21                        39    -18       39
  MONTH TO DATE 1058                       906    152      944
  SINCE SEP 1   1676                      1683     -7     1649
  SINCE JUL 1   1710                      1717     -7     1649

 COOLING
  TODAY            0                         0      0        0
  MONTH TO DATE    0                         0      0        0
  SINCE SEP 1     53                        58     -5      142
  SINCE JAN 1    648                       730    -82      877
..................................................................


WIND (MPH)
  HIGHEST WIND SPEED    13   HIGHEST WIND DIRECTION     S (160)
  HIGHEST GUST SPEED    15   HIGHEST GUST DIRECTION     S (170)
  AVERAGE WIND SPEED     8.9


SKY COVER
  POSSIBLE SUNSHINE  MM
  AVERAGE SKY COVER 0.2


WEATHER CONDITIONS
 THE FOLLOWING WEATHER WAS RECORDED TODAY.
  NO SIGNIFICANT WEATHER WAS OBSERVED.


RELATIVE HUMIDITY (PERCENT)
 HIGHEST    82           200 AM
 LOWEST     60           400 PM
 AVERAGE    71

..........................................................


THE MILES CITY MT CLIMATE NORMALS FOR TOMORROW
                         NORMAL    RECORD    YEAR
 MAXIMUM TEMPERATURE (F)   36        60      1951
 MINIMUM TEMPERATURE (F)   15       -21      1985


SUNRISE AND SUNSET
NOVEMBER 28 2014......SUNRISE   723 AM MST   SUNSET   420 PM MST
NOVEMBER 29 2014......SUNRISE   724 AM MST   SUNSET   419 PM MST


-  INDICATES NEGATIVE NUMBERS.
R  INDICATES RECORD WAS SET OR TIED.
MM INDICATES DATA IS MISSING.
T  INDICATES TRACE AMOUNT.





&&

THIS IS AN AUTOMATED...UNATTENDED WEATHER STATION AND MAY
UNDERESTIMATE WINTER PRECIPITATION.

$$
