000
CDUS45 KBYZ 310944
CLIMLS


CLIMATE REPORT
NATIONAL WEATHER SERVICE BILLINGS MT
343 AM MDT MON AUG 31 2015


...................................

...THE MILES CITY MT CLIMATE SUMMARY FOR AUGUST 30 2015...

CLIMATE NORMAL PERIOD 1981 TO 2010
CLIMATE RECORD PERIOD 1937 TO 2015


WEATHER ITEM   OBSERVED TIME   RECORD YEAR NORMAL DEPARTURE LAST
                VALUE   (LST)  VALUE       VALUE  FROM      YEAR
                                                  NORMAL
..................................................................
TEMPERATURE (F)
 YESTERDAY
  MAXIMUM         86    251 PM 105    1948  83      3       73
  MINIMUM         64    446 AM  40    1992  54     10       59
  AVERAGE         75                        68      7       66

PRECIPITATION (IN)
  YESTERDAY        0.12          1.40 1971   0.02   0.10     0.04
  MONTH TO DATE    0.76                      0.88  -0.12     2.21
  SINCE OCT 1      8.07                     11.33  -3.26    13.66
  SINCE JAN 1      7.06                      9.73  -2.67    11.98

DEGREE DAYS
 HEATING
  YESTERDAY        0                         2     -2        0
  MONTH TO DATE   41                        17     24       33
  SINCE JUN 1     66                       118    -52      128
  SINCE JUL 1     41                        29     12       34

 COOLING
  YESTERDAY       10                         5      5        1
  MONTH TO DATE  277                       253     24      238
  SINCE JUN 1    735                       648     87      559
  SINCE JAN 1    736                       668     68      593
..................................................................


WIND (MPH)
  HIGHEST WIND SPEED    33   HIGHEST WIND DIRECTION    NW (330)
  HIGHEST GUST SPEED    40   HIGHEST GUST DIRECTION     N (340)
  AVERAGE WIND SPEED    11.9


SKY COVER
  POSSIBLE SUNSHINE  MM
  AVERAGE SKY COVER 0.0


WEATHER CONDITIONS
 THE FOLLOWING WEATHER WAS RECORDED YESTERDAY.
  THUNDERSTORM
  LIGHT RAIN
  HAZE


RELATIVE HUMIDITY (PERCENT)
 HIGHEST    81          1100 PM
 LOWEST     28          1200 AM
 AVERAGE    55

..........................................................


THE MILES CITY MT CLIMATE NORMALS FOR TODAY
                         NORMAL    RECORD    YEAR
 MAXIMUM TEMPERATURE (F)   82       101      1983
 MINIMUM TEMPERATURE (F)   53        42      1994


SUNRISE AND SUNSET
AUGUST 31 2015........SUNRISE   622 AM MDT   SUNSET   745 PM MDT
SEPTEMBER  1 2015.....SUNRISE   623 AM MDT   SUNSET   743 PM MDT


-  INDICATES NEGATIVE NUMBERS.
R  INDICATES RECORD WAS SET OR TIED.
MM INDICATES DATA IS MISSING.
T  INDICATES TRACE AMOUNT.





&&

THIS IS AN AUTOMATED...UNATTENDED WEATHER STATION AND MAY
UNDERESTIMATE WINTER PRECIPITATION.

$$
