000
CDUS45 KBYZ 122328
CLIMLS


CLIMATE REPORT
NATIONAL WEATHER SERVICE BILLINGS MT
425 PM MST FRI FEB 12 2016


...................................

...THE MILES CITY MT CLIMATE SUMMARY FOR FEBRUARY 12 2016...
VALID TODAY AS OF 0400 PM LOCAL TIME.

CLIMATE NORMAL PERIOD 1981 TO 2010
CLIMATE RECORD PERIOD 1937 TO 2016


WEATHER ITEM   OBSERVED TIME   RECORD YEAR NORMAL DEPARTURE LAST
                VALUE   (LST)  VALUE       VALUE  FROM      YEAR
                                                  NORMAL
..................................................................
TEMPERATURE (F)
 TODAY
  MAXIMUM         35    359 PM  57    1991  35      0       54
  MINIMUM         27    843 AM -18    1958  12     15       20
  AVERAGE         31                        23      8       37

PRECIPITATION (IN)
  TODAY            T             0.53 1978   0.01  -0.01     0.00
  MONTH TO DATE    T                         0.08  -0.08     0.12
  SINCE OCT 1      1.60                      2.00  -0.40     1.35
  SINCE JAN 1      0.34                      0.40  -0.06     0.34

DEGREE DAYS
 HEATING
  TODAY           34                        42     -8       28
  MONTH TO DATE  370                       513   -143      451
  SINCE DEC 1   2843                      3310   -467     2989
  SINCE JUL 1   4271                      5109   -838     4819

 COOLING
  TODAY            0                         0      0        0
  MONTH TO DATE    0                         0      0        0
  SINCE DEC 1      0                         0      0        0
  SINCE JAN 1      0                         0      0        0
..................................................................


WIND (MPH)
  HIGHEST WIND SPEED    15   HIGHEST WIND DIRECTION    NE (50)
  HIGHEST GUST SPEED    18   HIGHEST GUST DIRECTION    NE (40)
  AVERAGE WIND SPEED     6.4


SKY COVER
  POSSIBLE SUNSHINE  MM
  AVERAGE SKY COVER 1.0


WEATHER CONDITIONS
 THE FOLLOWING WEATHER WAS RECORDED TODAY.
  LIGHT SNOW
  FOG
  HAZE


RELATIVE HUMIDITY (PERCENT)
 HIGHEST    85          1200 AM
 LOWEST     70           400 PM
 AVERAGE    78

..........................................................


THE MILES CITY MT CLIMATE NORMALS FOR TOMORROW
                         NORMAL    RECORD    YEAR
 MAXIMUM TEMPERATURE (F)   35        60      2015
 MINIMUM TEMPERATURE (F)   13       -25      1949


SUNRISE AND SUNSET
FEBRUARY 12 2016......SUNRISE   712 AM MST   SUNSET   524 PM MST
FEBRUARY 13 2016......SUNRISE   711 AM MST   SUNSET   525 PM MST


-  INDICATES NEGATIVE NUMBERS.
R  INDICATES RECORD WAS SET OR TIED.
MM INDICATES DATA IS MISSING.
T  INDICATES TRACE AMOUNT.





&&

THIS IS AN AUTOMATED...UNATTENDED WEATHER STATION AND MAY
UNDERESTIMATE WINTER PRECIPITATION.

$$
