000
CDUS41 KCAR 250527
CLIMLT


CLIMATE REPORT
NATIONAL WEATHER SERVICE CARIBOU, ME
126 AM EDT TUE JUL 25 2017


...................................

...THE MILLINOCKET ME CLIMATE SUMMARY FOR JULY 24 2017...

CLIMATE NORMAL PERIOD 1981 TO 2010
CLIMATE RECORD PERIOD 1903 TO 2017


WEATHER ITEM   OBSERVED TIME   RECORD YEAR NORMAL DEPARTURE LAST
                VALUE   (LST)  VALUE       VALUE  FROM      YEAR
                                                  NORMAL
..................................................................
TEMPERATURE (F)
 YESTERDAY
  MAXIMUM         73    141 PM  94    1970  79     -6       84
  MINIMUM         47    326 AM  42    1923  58    -11       59
  AVERAGE         60                        68     -8       72

PRECIPITATION (IN)
  YESTERDAY        0.01          1.49 1961   0.11  -0.10     0.00
  MONTH TO DATE    1.39                      3.07  -1.68     2.08
  SINCE JUN 1      7.55                      7.14   0.41     5.00
  SINCE JAN 1     23.23                     22.21   1.02    18.61

SNOWFALL (IN)
  YESTERDAY       MM            MM      MM  MM     MM       MM
  MONTH TO DATE   MM                        MM     MM       MM
  SINCE JUN 1     MM                        MM     MM       MM
  SINCE JUL 1     MM                        MM     MM       MM
  SNOW DEPTH      MM

DEGREE DAYS
 HEATING
  YESTERDAY        5                         1      4        0
  MONTH TO DATE   24                        24      0       33
  SINCE JUN 1    144                       140      4      149
  SINCE JUL 1     24                        24      0       33

 COOLING
  YESTERDAY        0                         4     -4        7
  MONTH TO DATE   84                        93     -9      108
  SINCE JUN 1    136                       142     -6      134
  SINCE JAN 1    145                       148     -3      140
..................................................................


WIND (MPH)
  HIGHEST WIND SPEED    10   HIGHEST WIND DIRECTION    NE (50)
  HIGHEST GUST SPEED    15   HIGHEST GUST DIRECTION    NE (50)
  AVERAGE WIND SPEED     2.4


SKY COVER
  POSSIBLE SUNSHINE  MM
  AVERAGE SKY COVER 0.3


WEATHER CONDITIONS
 THE FOLLOWING WEATHER WAS RECORDED YESTERDAY.
  LIGHT RAIN


RELATIVE HUMIDITY (PERCENT)
 HIGHEST   100           100 AM
 LOWEST     44           200 PM
 AVERAGE    72

..........................................................


THE MILLINOCKET ME CLIMATE NORMALS FOR TODAY
                         NORMAL    RECORD    YEAR
 MAXIMUM TEMPERATURE (F)   79        95      1963
 MINIMUM TEMPERATURE (F)   58        44      2002


SUNRISE AND SUNSET
JULY 25 2017..........SUNRISE   511 AM EDT   SUNSET   811 PM EDT
JULY 26 2017..........SUNRISE   512 AM EDT   SUNSET   810 PM EDT


-  INDICATES NEGATIVE NUMBERS.
R  INDICATES RECORD WAS SET OR TIED.
MM INDICATES DATA IS MISSING.
T  INDICATES TRACE AMOUNT.




$$
