126
CDUS41 KCAR 240531
CLIMLT


CLIMATE REPORT
NATIONAL WEATHER SERVICE CARIBOU, ME
130 AM EDT SUN JUL 24 2016


...................................

...THE MILLINOCKET ME CLIMATE SUMMARY FOR JULY 23 2016...

CLIMATE NORMAL PERIOD 1981 TO 2010
CLIMATE RECORD PERIOD 1903 TO 2016


WEATHER ITEM   OBSERVED TIME   RECORD YEAR NORMAL DEPARTURE LAST
                VALUE   (LST)  VALUE       VALUE  FROM      YEAR
                                                  NORMAL
..................................................................
TEMPERATURE (F)
 YESTERDAY
  MAXIMUM         84    455 PM  94    1952  79      5       76
  MINIMUM         64    246 AM  43    1923  58      6       58
  AVERAGE         74                        68      6       67

PRECIPITATION (IN)
  YESTERDAY        0.00          1.35 2013   0.12  -0.12     0.01
  MONTH TO DATE    2.08                      2.96  -0.88     2.09
  SINCE JUN 1      5.00                      7.03  -2.03     6.61
  SINCE JAN 1     18.61                     22.10  -3.49    18.30

SNOWFALL (IN)
  YESTERDAY       MM            MM      MM  MM     MM       MM
  MONTH TO DATE   MM                        MM     MM       MM
  SINCE JUN 1     MM                        MM     MM       MM
  SINCE JUL 1     MM                        MM     MM       MM
  SNOW DEPTH      MM

DEGREE DAYS
 HEATING
  YESTERDAY        0                         1     -1        0
  MONTH TO DATE   33                        23     10       12
  SINCE JUN 1    149                       139     10      172
  SINCE JUL 1     33                        23     10       12

 COOLING
  YESTERDAY        9                         4      5        2
  MONTH TO DATE  101                        89     12       68
  SINCE JUN 1    127                       138    -11       88
  SINCE JAN 1    133                       144    -11      122
..................................................................


WIND (MPH)
  HIGHEST WIND SPEED    14   HIGHEST WIND DIRECTION    NW (310)
  HIGHEST GUST SPEED    21   HIGHEST GUST DIRECTION    NW (310)
  AVERAGE WIND SPEED     5.4


SKY COVER
  POSSIBLE SUNSHINE  MM
  AVERAGE SKY COVER 0.1


WEATHER CONDITIONS
 THE FOLLOWING WEATHER WAS RECORDED YESTERDAY.
  THUNDERSTORM


RELATIVE HUMIDITY (PERCENT)
 HIGHEST    93           200 AM
 LOWEST     43           500 PM
 AVERAGE    68

..........................................................


THE MILLINOCKET ME CLIMATE NORMALS FOR TODAY
                         NORMAL    RECORD    YEAR
 MAXIMUM TEMPERATURE (F)   79        94      1952
 MINIMUM TEMPERATURE (F)   58        42      1923


SUNRISE AND SUNSET
JULY 24 2016..........SUNRISE   510 AM EDT   SUNSET   812 PM EDT
JULY 25 2016..........SUNRISE   511 AM EDT   SUNSET   811 PM EDT


-  INDICATES NEGATIVE NUMBERS.
R  INDICATES RECORD WAS SET OR TIED.
MM INDICATES DATA IS MISSING.
T  INDICATES TRACE AMOUNT.




$$
