000
CDUS41 KCAR 292029
CLIMLT


CLIMATE REPORT
NATIONAL WEATHER SERVICE CARIBOU, ME
429 PM EDT FRI MAY 29 2015


...................................

...THE MILLINOCKET ME CLIMATE SUMMARY FOR MAY 29 2015...
VALID TODAY AS OF 0400 PM LOCAL TIME.

CLIMATE NORMAL PERIOD 1981 TO 2010
CLIMATE RECORD PERIOD 1903 TO 2015


WEATHER ITEM   OBSERVED TIME   RECORD YEAR NORMAL DEPARTURE LAST
                VALUE   (LST)  VALUE       VALUE  FROM      YEAR
                                                  NORMAL
..................................................................
TEMPERATURE (F)
 TODAY
  MAXIMUM         78    236 PM  94    1929  69      9       74
  MINIMUM         60    537 AM  32    1970  46     14       35
  AVERAGE         69                        57     12       55

PRECIPITATION (IN)
  TODAY            0.00          2.58 1912   0.13  -0.13     0.00
  MONTH TO DATE    4.17                      3.10   1.07     3.36
  SINCE MAR 1      8.09                      9.72  -1.63     8.67
  SINCE JAN 1     11.32                     14.83  -3.51    13.86

SNOWFALL (IN)
  TODAY           MM            MM      MM  MM     MM       MM
  MONTH TO DATE   MM                        MM     MM       MM
  SINCE MAR 1     MM                        MM     MM       MM
  SINCE JUL 1     MM                        MM     MM       MM
  SNOW DEPTH      MM

DEGREE DAYS
 HEATING
  TODAY            0                         8     -8       10
  MONTH TO DATE  231                       354   -123      298
  SINCE MAR 1   2238                      2223     15     2408
  SINCE JUL 1   8283                      8275      8     8446

 COOLING
  TODAY            4                         0      4        0
  MONTH TO DATE   27                         0     27        2
  SINCE MAR 1     27                         0     27        2
  SINCE JAN 1     27                         0     27        2
..................................................................


WIND (MPH)
  HIGHEST WIND SPEED    10   HIGHEST WIND DIRECTION    SE (120)
  HIGHEST GUST SPEED    15   HIGHEST GUST DIRECTION     N (10)
  AVERAGE WIND SPEED     4.5


SKY COVER
  POSSIBLE SUNSHINE  MM
  AVERAGE SKY COVER 0.7


WEATHER CONDITIONS
 THE FOLLOWING WEATHER WAS RECORDED TODAY.
  NO SIGNIFICANT WEATHER WAS OBSERVED.


RELATIVE HUMIDITY (PERCENT)
 HIGHEST    90          1200 AM
 LOWEST     46           300 PM
 AVERAGE    68

..........................................................


THE MILLINOCKET ME CLIMATE NORMALS FOR TOMORROW
                         NORMAL    RECORD    YEAR
 MAXIMUM TEMPERATURE (F)   69        93      1978
 MINIMUM TEMPERATURE (F)   46        31      1915


SUNRISE AND SUNSET
MAY 29 2015...........SUNRISE   451 AM EDT   SUNSET   814 PM EDT
MAY 30 2015...........SUNRISE   450 AM EDT   SUNSET   815 PM EDT


-  INDICATES NEGATIVE NUMBERS.
R  INDICATES RECORD WAS SET OR TIED.
MM INDICATES DATA IS MISSING.
T  INDICATES TRACE AMOUNT.




$$
