000
CDUS41 KCAR 270532
CLIMLT


CLIMATE REPORT
NATIONAL WEATHER SERVICE CARIBOU, ME
132 AM EDT MON MAR 27 2017


...................................

...THE MILLINOCKET ME CLIMATE SUMMARY FOR MARCH 26 2017...

CLIMATE NORMAL PERIOD 1981 TO 2010
CLIMATE RECORD PERIOD 1903 TO 2017


WEATHER ITEM   OBSERVED TIME   RECORD YEAR NORMAL DEPARTURE LAST
                VALUE   (LST)  VALUE       VALUE  FROM      YEAR
                                                  NORMAL
..................................................................
TEMPERATURE (F)
 YESTERDAY
  MAXIMUM         39    421 PM  69    1987  41     -2       42
  MINIMUM          9    531 AM  -7    1912  22    -13       23
  AVERAGE         24                        31     -7       33

PRECIPITATION (IN)
  YESTERDAY        0.00          2.44 1979   0.12  -0.12     0.00
  MONTH TO DATE    1.16                      2.45  -1.29     2.20
  SINCE MAR 1      1.16                      2.45  -1.29     2.20
  SINCE JAN 1      6.35                      7.56  -1.21     7.51

SNOWFALL (IN)
  YESTERDAY       MM            MM      MM  MM     MM       MM
  MONTH TO DATE   MM                        MM     MM       MM
  SINCE MAR 1     MM                        MM     MM       MM
  SINCE JUL 1     MM                        MM     MM       MM
  SNOW DEPTH      MM

DEGREE DAYS
 HEATING
  YESTERDAY       41                        34      7       32
  MONTH TO DATE 1135                       984    151      958
  SINCE MAR 1   1135                       984    151      958
  SINCE JUL 1   6630                      7036   -406     5922

 COOLING
  YESTERDAY        0                         0      0        0
  MONTH TO DATE    0                         0      0        0
  SINCE MAR 1      0                         0      0        0
  SINCE JAN 1      0                         0      0        0
..................................................................


WIND (MPH)
  HIGHEST WIND SPEED     9   HIGHEST WIND DIRECTION     N (10)
  HIGHEST GUST SPEED    13   HIGHEST GUST DIRECTION     N (10)
  AVERAGE WIND SPEED     2.0


SKY COVER
  POSSIBLE SUNSHINE  MM
  AVERAGE SKY COVER 0.0


WEATHER CONDITIONS
 THE FOLLOWING WEATHER WAS RECORDED YESTERDAY.
  NO SIGNIFICANT WEATHER WAS OBSERVED.


RELATIVE HUMIDITY (PERCENT)
 HIGHEST    67           500 AM
 LOWEST     16           400 PM
 AVERAGE    42

..........................................................


THE MILLINOCKET ME CLIMATE NORMALS FOR TODAY
                         NORMAL    RECORD    YEAR
 MAXIMUM TEMPERATURE (F)   41        65      1986
 MINIMUM TEMPERATURE (F)   22       -11      1923


SUNRISE AND SUNSET
MARCH 27 2017.........SUNRISE   624 AM EDT   SUNSET   657 PM EDT
MARCH 28 2017.........SUNRISE   622 AM EDT   SUNSET   658 PM EDT


-  INDICATES NEGATIVE NUMBERS.
R  INDICATES RECORD WAS SET OR TIED.
MM INDICATES DATA IS MISSING.
T  INDICATES TRACE AMOUNT.




$$
