708
CDUS41 KCAR 190538
CLIMLT


CLIMATE REPORT
NATIONAL WEATHER SERVICE CARIBOU, ME
135 AM EDT TUE SEP 19 2017


...................................

...THE MILLINOCKET ME CLIMATE SUMMARY FOR SEPTEMBER 18 2017...

CLIMATE NORMAL PERIOD 1981 TO 2010
CLIMATE RECORD PERIOD 1903 TO 2017


WEATHER ITEM   OBSERVED TIME   RECORD YEAR NORMAL DEPARTURE LAST
                VALUE   (LST)  VALUE       VALUE  FROM      YEAR
                                                  NORMAL
..................................................................
TEMPERATURE (F)
 YESTERDAY
  MAXIMUM         67    427 PM  87    1991  67      0       73
                                      1942
  MINIMUM         60    848 AM  29    1945  46     14       60
  AVERAGE         64                        56      8       67

PRECIPITATION (IN)
  YESTERDAY        0.00          0.93 1983   0.14  -0.14     0.11
  MONTH TO DATE    3.14                      2.09   1.05     0.98
  SINCE SEP 1      3.14                      2.09   1.05     0.98
  SINCE JAN 1     27.78                     29.02  -1.24    23.98

SNOWFALL (IN)
  YESTERDAY       MM            MM      MM  MM     MM       MM
  MONTH TO DATE   MM                        MM     MM       MM
  SINCE SEP 1     MM                        MM     MM       MM
  SINCE JUL 1     MM                        MM     MM       MM
  SNOW DEPTH      MM

DEGREE DAYS
 HEATING
  YESTERDAY        1                         9     -8        0
  MONTH TO DATE   62                       110    -48       52
  SINCE SEP 1     62                       110    -48       52
  SINCE JUL 1    161                       189    -28       92

 COOLING
  YESTERDAY        0                         0      0        2
  MONTH TO DATE   12                        15     -3       35
  SINCE SEP 1     12                        15     -3       35
  SINCE JAN 1    228                       266    -38      342
..................................................................


WIND (MPH)
  HIGHEST WIND SPEED     8   HIGHEST WIND DIRECTION     S (170)
  HIGHEST GUST SPEED    13   HIGHEST GUST DIRECTION     S (180)
  AVERAGE WIND SPEED     2.6


SKY COVER
  POSSIBLE SUNSHINE  MM
  AVERAGE SKY COVER 0.9


WEATHER CONDITIONS
 THE FOLLOWING WEATHER WAS RECORDED YESTERDAY.
  FOG
  FOG W/VISIBILITY <= 1/4 MILE


RELATIVE HUMIDITY (PERCENT)
 HIGHEST   100          1200 AM
 LOWEST     87           400 PM
 AVERAGE    94

..........................................................


THE MILLINOCKET ME CLIMATE NORMALS FOR TODAY
                         NORMAL    RECORD    YEAR
 MAXIMUM TEMPERATURE (F)   66        84      1968
 MINIMUM TEMPERATURE (F)   46        29      1943
                                             1922


SUNRISE AND SUNSET
SEPTEMBER 19 2017.....SUNRISE   618 AM EDT   SUNSET   638 PM EDT
SEPTEMBER 20 2017.....SUNRISE   619 AM EDT   SUNSET   636 PM EDT


-  INDICATES NEGATIVE NUMBERS.
R  INDICATES RECORD WAS SET OR TIED.
MM INDICATES DATA IS MISSING.
T  INDICATES TRACE AMOUNT.




$$
