000
CDUS41 KCAR 280546
CLIMLT


CLIMATE REPORT
NATIONAL WEATHER SERVICE CARIBOU, ME
144 AM EDT TUE JUL 28 2015


...................................

...THE MILLINOCKET ME CLIMATE SUMMARY FOR JULY 27 2015...

CLIMATE NORMAL PERIOD 1981 TO 2010
CLIMATE RECORD PERIOD 1903 TO 2015


WEATHER ITEM   OBSERVED TIME   RECORD YEAR NORMAL DEPARTURE LAST
                VALUE   (LST)  VALUE       VALUE  FROM      YEAR
                                                  NORMAL
..................................................................
TEMPERATURE (F)
 YESTERDAY
  MAXIMUM         76    219 PM  95    1963  79     -3       80
  MINIMUM         62    528 AM  41    1946  57      5       59
  AVERAGE         69                        68      1       70

PRECIPITATION (IN)
  YESTERDAY        0.01          1.82 1919   0.11  -0.10     0.06
  MONTH TO DATE    3.28                      3.39  -0.11     3.23
  SINCE JUN 1      7.80                      7.46   0.34     7.80
  SINCE JAN 1     19.49                     22.53  -3.04    21.70

SNOWFALL (IN)
  YESTERDAY       MM            MM      MM  MM     MM       MM
  MONTH TO DATE   MM                        MM     MM       MM
  SINCE JUN 1     MM                        MM     MM       MM
  SINCE JUL 1     MM                        MM     MM       MM
  SNOW DEPTH      MM

DEGREE DAYS
 HEATING
  YESTERDAY        0                         1     -1        0
  MONTH TO DATE   21                        27     -6        6
  SINCE JUN 1    181                       143     38       82
  SINCE JUL 1     21                        27     -6        6

 COOLING
  YESTERDAY        4                         4      0        5
  MONTH TO DATE   72                       105    -33      167
  SINCE JUN 1     92                       154    -62      225
  SINCE JAN 1    126                       160    -34      227
..................................................................


WIND (MPH)
  HIGHEST WIND SPEED     8   HIGHEST WIND DIRECTION    NW (310)
  HIGHEST GUST SPEED    11   HIGHEST GUST DIRECTION    SE (140)
  AVERAGE WIND SPEED     2.3


SKY COVER
  POSSIBLE SUNSHINE  MM
  AVERAGE SKY COVER 0.7


WEATHER CONDITIONS
 THE FOLLOWING WEATHER WAS RECORDED YESTERDAY.
  LIGHT RAIN
  FOG


RELATIVE HUMIDITY (PERCENT)
 HIGHEST    93          1200 AM
 LOWEST     73           100 PM
 AVERAGE    83

..........................................................


THE MILLINOCKET ME CLIMATE NORMALS FOR TODAY
                         NORMAL    RECORD    YEAR
 MAXIMUM TEMPERATURE (F)   79        93      1970
 MINIMUM TEMPERATURE (F)   57        40      1920


SUNRISE AND SUNSET
JULY 28 2015..........SUNRISE   513 AM EDT   SUNSET   808 PM EDT
JULY 29 2015..........SUNRISE   514 AM EDT   SUNSET   807 PM EDT


-  INDICATES NEGATIVE NUMBERS.
R  INDICATES RECORD WAS SET OR TIED.
MM INDICATES DATA IS MISSING.
T  INDICATES TRACE AMOUNT.




$$
