000
CDUS41 KCAR 290536
CLIMLT


CLIMATE REPORT
NATIONAL WEATHER SERVICE CARIBOU, ME
135 AM EDT SUN MAY 29 2016


...................................

...THE MILLINOCKET ME CLIMATE SUMMARY FOR MAY 28 2016...

CLIMATE NORMAL PERIOD 1981 TO 2010
CLIMATE RECORD PERIOD 1903 TO 2016


WEATHER ITEM   OBSERVED TIME   RECORD YEAR NORMAL DEPARTURE LAST
                VALUE   (LST)  VALUE       VALUE  FROM      YEAR
                                                  NORMAL
..................................................................
TEMPERATURE (F)
 YESTERDAY
  MAXIMUM         76    421 PM  93    1911  68      8       82
  MINIMUM         52    524 AM  29    1917  46      6       61
  AVERAGE         64                        57      7       72

PRECIPITATION (IN)
  YESTERDAY        T             2.25 1961   0.12  -0.12     0.31
  MONTH TO DATE    2.10                      2.97  -0.87     4.17
  SINCE MAR 1      8.12                      9.59  -1.47     8.09
  SINCE JAN 1     13.43                     14.70  -1.27    11.32

SNOWFALL (IN)
  YESTERDAY       MM            MM      MM  MM     MM       MM
  MONTH TO DATE   MM                        MM     MM       MM
  SINCE MAR 1     MM                        MM     MM       MM
  SINCE JUL 1     MM                        MM     MM       MM
  SNOW DEPTH      MM

DEGREE DAYS
 HEATING
  YESTERDAY        1                         9     -8        0
  MONTH TO DATE  304                       346    -42      231
  SINCE MAR 1   2178                      2215    -37     2238
  SINCE JUL 1   7142                      8267  -1125     8283

 COOLING
  YESTERDAY        0                         0      0        7
  MONTH TO DATE    2                         0      2       23
  SINCE MAR 1      2                         0      2       23
  SINCE JAN 1      2                         0      2       23
..................................................................


WIND (MPH)
  HIGHEST WIND SPEED    13   HIGHEST WIND DIRECTION     N (20)
  HIGHEST GUST SPEED    18   HIGHEST GUST DIRECTION     N (10)
  AVERAGE WIND SPEED     4.3


SKY COVER
  POSSIBLE SUNSHINE  MM
  AVERAGE SKY COVER 0.6


WEATHER CONDITIONS
 THE FOLLOWING WEATHER WAS RECORDED YESTERDAY.
  FOG
  FOG W/VISIBILITY <= 1/4 MILE


RELATIVE HUMIDITY (PERCENT)
 HIGHEST   100           400 AM
 LOWEST     43           400 PM
 AVERAGE    72

..........................................................


THE MILLINOCKET ME CLIMATE NORMALS FOR TODAY
                         NORMAL    RECORD    YEAR
 MAXIMUM TEMPERATURE (F)   69        94      1929
 MINIMUM TEMPERATURE (F)   46        32      1970


SUNRISE AND SUNSET
MAY 29 2016...........SUNRISE   450 AM EDT   SUNSET   814 PM EDT
MAY 30 2016...........SUNRISE   450 AM EDT   SUNSET   815 PM EDT


-  INDICATES NEGATIVE NUMBERS.
R  INDICATES RECORD WAS SET OR TIED.
MM INDICATES DATA IS MISSING.
T  INDICATES TRACE AMOUNT.




$$
