746
CDUS41 KCAR 260528
CLIMLT


CLIMATE REPORT
NATIONAL WEATHER SERVICE CARIBOU, ME
128 AM EDT FRI MAY 26 2017


...................................

...THE MILLINOCKET ME CLIMATE SUMMARY FOR MAY 25 2017...

CLIMATE NORMAL PERIOD 1981 TO 2010
CLIMATE RECORD PERIOD 1903 TO 2017


WEATHER ITEM   OBSERVED TIME   RECORD YEAR NORMAL DEPARTURE LAST
                VALUE   (LST)  VALUE       VALUE  FROM      YEAR
                                                  NORMAL
..................................................................
TEMPERATURE (F)
 YESTERDAY
  MAXIMUM         67    216 PM  94    1977  68     -1       79
  MINIMUM         47    246 AM  25    1956  45      2       55
  AVERAGE         57                        56      1       67

PRECIPITATION (IN)
  YESTERDAY        0.02          1.28 1909   0.11  -0.09      T
  MONTH TO DATE    4.06                      2.61   1.45     2.05
  SINCE MAR 1      9.59                      9.23   0.36     8.07
  SINCE JAN 1     14.78                     14.34   0.44    13.38

SNOWFALL (IN)
  YESTERDAY       MM            MM      MM  MM     MM       MM
  MONTH TO DATE   MM                        MM     MM       MM
  SINCE MAR 1     MM                        MM     MM       MM
  SINCE JUL 1     MM                        MM     MM       MM
  SNOW DEPTH      MM

DEGREE DAYS
 HEATING
  YESTERDAY        8                         9     -1        0
  MONTH TO DATE  337                       319     18      294
  SINCE MAR 1   2304                      2188    116     2168
  SINCE JUL 1   7799                      8240   -441     7132

 COOLING
  YESTERDAY        0                         0      0        2
  MONTH TO DATE    9                         0      9        2
  SINCE MAR 1      9                         0      9        2
  SINCE JAN 1      9                         0      9        2
..................................................................


WIND (MPH)
  HIGHEST WIND SPEED    15   HIGHEST WIND DIRECTION     E (90)
  HIGHEST GUST SPEED    21   HIGHEST GUST DIRECTION    SE (130)
  AVERAGE WIND SPEED     7.0


SKY COVER
  POSSIBLE SUNSHINE  MM
  AVERAGE SKY COVER 0.5


WEATHER CONDITIONS
 THE FOLLOWING WEATHER WAS RECORDED YESTERDAY.
  LIGHT RAIN


RELATIVE HUMIDITY (PERCENT)
 HIGHEST   100           100 AM
 LOWEST     52           200 PM
 AVERAGE    76

..........................................................


THE MILLINOCKET ME CLIMATE NORMALS FOR TODAY
                         NORMAL    RECORD    YEAR
 MAXIMUM TEMPERATURE (F)   68        90      1950
 MINIMUM TEMPERATURE (F)   45        26      1907


SUNRISE AND SUNSET
MAY 26 2017...........SUNRISE   453 AM EDT   SUNSET   811 PM EDT
MAY 27 2017...........SUNRISE   452 AM EDT   SUNSET   812 PM EDT


-  INDICATES NEGATIVE NUMBERS.
R  INDICATES RECORD WAS SET OR TIED.
MM INDICATES DATA IS MISSING.
T  INDICATES TRACE AMOUNT.




$$
