000
CDUS44 KSHV 252250
CLIMLU


CLIMATE REPORT
NATIONAL WEATHER SERVICE SHREVEPORT, LA
450 PM CST THU DEC 25 2014


...................................

...THE MONROE CLIMATE SUMMARY FOR DECEMBER 25 2014...
VALID TODAY AS OF 0400 PM LOCAL TIME.

CLIMATE NORMAL PERIOD 1981 TO 2010
CLIMATE RECORD PERIOD 1930 TO 2014


WEATHER ITEM   OBSERVED TIME   RECORD YEAR NORMAL DEPARTURE LAST
                VALUE   (LST)  VALUE       VALUE  FROM      YEAR
                                                  NORMAL
..................................................................
TEMPERATURE (F)
 TODAY
  MAXIMUM         59    323 PM  76    1987  57      2       53
  MINIMUM         29    705 AM   5    1983  36     -7       25
  AVERAGE         44                        47     -3       39

PRECIPITATION (IN)
  TODAY            0.00          3.41 1982   0.18  -0.18     0.00
  MONTH TO DATE    1.77                      4.32  -2.55     3.26
  SINCE DEC 1      1.77                      4.32  -2.55     3.26
  SINCE JAN 1     49.38                     53.05  -3.67    50.31

SNOWFALL (IN)
  TODAY            0.0
  MONTH TO DATE    0.0
  SINCE DEC 1      0.0
  SINCE JUL 1      0.0
  SNOW DEPTH       0

DEGREE DAYS
 HEATING
  TODAY           21                        19      2       26
  MONTH TO DATE  350                       417    -67      445
  SINCE DEC 1    350                       417    -67      445
  SINCE JUL 1    824                       789     35      925

 COOLING
  TODAY            0                         0      0        0
  MONTH TO DATE    1                         0      1       11
  SINCE DEC 1      1                         0      1       11
  SINCE JAN 1   2284                      2508   -224     2444
..................................................................


WIND (MPH)
  HIGHEST WIND SPEED    15   HIGHEST WIND DIRECTION     S (180)
  HIGHEST GUST SPEED    20   HIGHEST GUST DIRECTION     S (170)
  AVERAGE WIND SPEED     5.1


SKY COVER
  POSSIBLE SUNSHINE  MM
  AVERAGE SKY COVER 0.0


WEATHER CONDITIONS
 THE FOLLOWING WEATHER WAS RECORDED TODAY.
  FOG


RELATIVE HUMIDITY (PERCENT)
 HIGHEST   100           400 AM
 LOWEST     40           300 PM
 AVERAGE    70

..........................................................


THE MONROE CLIMATE NORMALS FOR TOMORROW
                         NORMAL    RECORD    YEAR
 MAXIMUM TEMPERATURE (F)   57        77      2008
 MINIMUM TEMPERATURE (F)   36        12      1983


SUNRISE AND SUNSET
DECEMBER 25 2014......SUNRISE   708 AM CST   SUNSET   509 PM CST
DECEMBER 26 2014......SUNRISE   708 AM CST   SUNSET   510 PM CST


-  INDICATES NEGATIVE NUMBERS.
R  INDICATES RECORD WAS SET OR TIED.
MM INDICATES DATA IS MISSING.
T  INDICATES TRACE AMOUNT.




$$
