000
CDUS44 KSHV 010750
CLIMLU


CLIMATE REPORT
NATIONAL WEATHER SERVICE SHREVEPORT, LA
247 AM CDT FRI AUG 1 2014


...................................

...THE MONROE CLIMATE SUMMARY FOR JULY 31 2014...

CLIMATE NORMAL PERIOD 1981 TO 2010
CLIMATE RECORD PERIOD 1930 TO 2014


WEATHER ITEM   OBSERVED TIME   RECORD YEAR NORMAL DEPARTURE LAST
                VALUE   (LST)  VALUE       VALUE  FROM      YEAR
                                                  NORMAL
..................................................................
TEMPERATURE (F)
 YESTERDAY
  MAXIMUM         80    247 PM 104    1930  95    -15       95
  MINIMUM         70    639 AM  61    1971  72     -2       74
  AVERAGE         75                        83     -8       85

PRECIPITATION (IN)
  YESTERDAY        0.04          1.56 1972   0.10  -0.06      T
  MONTH TO DATE    2.22                      3.57  -1.35     1.77
  SINCE DEC 1     35.32                     37.59  -2.27    36.96
  SINCE JAN 1     32.06                     32.30  -0.24    32.23

SNOWFALL (IN)
  YESTERDAY        0.0
  MONTH TO DATE    0.0
  SINCE JUN 1      0.0
  SINCE JUL 1      0.0
  SNOW DEPTH       0

DEGREE DAYS
 HEATING
  YESTERDAY        0                         0      0        0
  MONTH TO DATE    0                         0      0        0
  SINCE JUN 1      0                         0      0        0
  SINCE JUL 1      0                         0      0        0

 COOLING
  YESTERDAY       10                        18     -8       20
  MONTH TO DATE  450                       559   -109      497
  SINCE JUN 1    926                      1025    -99      941
  SINCE JAN 1   1256                      1460   -204     1291
..................................................................


WIND (MPH)
  HIGHEST WIND SPEED     8   HIGHEST WIND DIRECTION    NE (60)
  HIGHEST GUST SPEED    13   HIGHEST GUST DIRECTION     E (110)
  AVERAGE WIND SPEED     4.7


SKY COVER
  POSSIBLE SUNSHINE  MM
  AVERAGE SKY COVER 0.7


WEATHER CONDITIONS
 THE FOLLOWING WEATHER WAS RECORDED YESTERDAY.
  THUNDERSTORM
  RAIN
  LIGHT RAIN
  FOG


RELATIVE HUMIDITY (PERCENT)
 HIGHEST    93          1100 PM
 LOWEST     62          1200 PM
 AVERAGE    78

..........................................................


THE MONROE CLIMATE NORMALS FOR TODAY
                         NORMAL    RECORD    YEAR
 MAXIMUM TEMPERATURE (F)   95       105      2011
                                             2010
 MINIMUM TEMPERATURE (F)   72        61      1936


SUNRISE AND SUNSET
AUGUST  1 2014........SUNRISE   623 AM CDT   SUNSET   806 PM CDT
AUGUST  2 2014........SUNRISE   623 AM CDT   SUNSET   805 PM CDT


-  INDICATES NEGATIVE NUMBERS.
R  INDICATES RECORD WAS SET OR TIED.
MM INDICATES DATA IS MISSING.
T  INDICATES TRACE AMOUNT.




$$
