000
CDUS44 KSHV 300745
CLIMLU


CLIMATE REPORT
NATIONAL WEATHER SERVICE SHREVEPORT, LA
235 AM CDT MON MAY 30 2016


...................................

...THE MONROE CLIMATE SUMMARY FOR MAY 29 2016...

CLIMATE NORMAL PERIOD 1981 TO 2010
CLIMATE RECORD PERIOD 1930 TO 2016


WEATHER ITEM   OBSERVED TIME   RECORD YEAR NORMAL DEPARTURE LAST
                VALUE   (LST)  VALUE       VALUE  FROM      YEAR
                                                  NORMAL
..................................................................
TEMPERATURE (F)
 YESTERDAY
  MAXIMUM         92    321 PM  97    1977  88      4       89
  MINIMUM         67    549 AM  55    1961  66      1       68
  AVERAGE         80                        77      3       79

PRECIPITATION (IN)
  YESTERDAY        0.00          2.46 1992   0.16  -0.16     0.38
  MONTH TO DATE    2.41                      4.87  -2.46     7.33
  SINCE DEC 1     50.11                     29.02  21.09    30.28
  SINCE JAN 1     43.72                     23.73  19.99    25.80

SNOWFALL (IN)
  YESTERDAY        0.0
  MONTH TO DATE    0.0
  SINCE MAR 1      0.0
  SINCE JUL 1      T
  SNOW DEPTH       0

DEGREE DAYS
 HEATING
  YESTERDAY        0                         0      0        0
  MONTH TO DATE    1                         3     -2        3
  SINCE MAR 1    167                       333   -166      311
  SINCE JUL 1   1595                      2227   -632     2515

 COOLING
  YESTERDAY       15                        12      3       14
  MONTH TO DATE  203                       263    -60      255
  SINCE MAR 1    344                       399    -55      399
  SINCE JAN 1    352                       410    -58      399
..................................................................


WIND (MPH)
  HIGHEST WIND SPEED    21   HIGHEST WIND DIRECTION    NE (50)
  HIGHEST GUST SPEED    26   HIGHEST GUST DIRECTION    NE (50)
  AVERAGE WIND SPEED     2.8


SKY COVER
  POSSIBLE SUNSHINE  MM
  AVERAGE SKY COVER 0.1


WEATHER CONDITIONS
 THE FOLLOWING WEATHER WAS RECORDED YESTERDAY.
  FOG


RELATIVE HUMIDITY (PERCENT)
 HIGHEST   100           100 AM
 LOWEST     52           200 PM
 AVERAGE    76

..........................................................


THE MONROE CLIMATE NORMALS FOR TODAY
                         NORMAL    RECORD    YEAR
 MAXIMUM TEMPERATURE (F)   89        98      1977
 MINIMUM TEMPERATURE (F)   67        50      1984


SUNRISE AND SUNSET
MAY 30 2016...........SUNRISE   602 AM CDT   SUNSET   810 PM CDT
MAY 31 2016...........SUNRISE   602 AM CDT   SUNSET   810 PM CDT


-  INDICATES NEGATIVE NUMBERS.
R  INDICATES RECORD WAS SET OR TIED.
MM INDICATES DATA IS MISSING.
T  INDICATES TRACE AMOUNT.




$$
