000
CDUS44 KSHV 150843
CLIMLU


CLIMATE REPORT
NATIONAL WEATHER SERVICE SHREVEPORT, LA
243 AM CST FRI DEC 15 2017


...................................

...THE MONROE CLIMATE SUMMARY FOR DECEMBER 14 2017...

CLIMATE NORMAL PERIOD 1981 TO 2010
CLIMATE RECORD PERIOD 1930 TO 2017


WEATHER ITEM   OBSERVED TIME   RECORD YEAR NORMAL DEPARTURE LAST
                VALUE   (LST)  VALUE       VALUE  FROM      YEAR
                                                  NORMAL
..................................................................
TEMPERATURE (F)
 YESTERDAY
  MAXIMUM         60    237 PM  81    1984  59      1       49
  MINIMUM         33    735 AM  18    1962  37     -4       37
                                      1958
  AVERAGE         47                        48     -1       43

PRECIPITATION (IN)
  YESTERDAY        0.00          2.57 2005   0.17  -0.17     0.00
  MONTH TO DATE    1.58                      2.44  -0.86     3.75
  SINCE DEC 1      1.58                      2.44  -0.86     3.75
  SINCE JAN 1     51.98                     51.17   0.81    67.36

SNOWFALL (IN)
  YESTERDAY        0.0
  MONTH TO DATE    0.0
  SINCE DEC 1      0.0
  SINCE JUL 1      0.0
  SNOW DEPTH       0

DEGREE DAYS
 HEATING
  YESTERDAY       18                        17      1       22
  MONTH TO DATE  208                       220    -12      238
  SINCE DEC 1    208                       220    -12      238
  SINCE JUL 1    512                       592    -80      451

 COOLING
  YESTERDAY        0                         0      0        0
  MONTH TO DATE    2                         0      2        0
  SINCE DEC 1      2                         0      2        0
  SINCE JAN 1   2626                      2508    118     2732
..................................................................


WIND (MPH)
  HIGHEST WIND SPEED    10   HIGHEST WIND DIRECTION    NE (40)
  HIGHEST GUST SPEED    14   HIGHEST GUST DIRECTION    NE (50)
  AVERAGE WIND SPEED     3.3


SKY COVER
  POSSIBLE SUNSHINE  MM
  AVERAGE SKY COVER 0.0


WEATHER CONDITIONS
 THE FOLLOWING WEATHER WAS RECORDED YESTERDAY.
  NO SIGNIFICANT WEATHER WAS OBSERVED.


RELATIVE HUMIDITY (PERCENT)
 HIGHEST    92           800 AM
 LOWEST     43           200 PM
 AVERAGE    68

..........................................................


THE MONROE CLIMATE NORMALS FOR TODAY
                         NORMAL    RECORD    YEAR
 MAXIMUM TEMPERATURE (F)   59        81      2011
                                             1933
 MINIMUM TEMPERATURE (F)   37        17      1958
                                             1914


SUNRISE AND SUNSET
DECEMBER 15 2017......SUNRISE   703 AM CST   SUNSET   504 PM CST
DECEMBER 16 2017......SUNRISE   703 AM CST   SUNSET   505 PM CST


-  INDICATES NEGATIVE NUMBERS.
R  INDICATES RECORD WAS SET OR TIED.
MM INDICATES DATA IS MISSING.
T  INDICATES TRACE AMOUNT.




$$
