000
CDUS44 KSHV 282139
CLIMLU


CLIMATE REPORT
NATIONAL WEATHER SERVICE SHREVEPORT, LA
439 PM CDT WED JUN 28 2017


...................................

...THE MONROE CLIMATE SUMMARY FOR JUNE 28 2017...
VALID TODAY AS OF 0400 PM LOCAL TIME.

CLIMATE NORMAL PERIOD 1981 TO 2010
CLIMATE RECORD PERIOD 1930 TO 2017


WEATHER ITEM   OBSERVED TIME   RECORD YEAR NORMAL DEPARTURE LAST
                VALUE   (LST)  VALUE       VALUE  FROM      YEAR
                                                  NORMAL
..................................................................
TEMPERATURE (F)
 TODAY
  MAXIMUM         89    257 PM 102    2010  93     -4       89
                                      2009
                                      1988
  MINIMUM         68    520 AM  60    2006  71     -3       74
  AVERAGE         79                        82     -3       82

PRECIPITATION (IN)
  TODAY            0.00          2.20 1976   0.16  -0.16     0.12
  MONTH TO DATE    8.50                      4.37   4.13     4.42
  SINCE DEC 1     38.96                     33.71   5.25    54.54
  SINCE JAN 1     34.13                     28.42   5.71    48.15

DEGREE DAYS
 HEATING
  TODAY            0                         0      0        0
  MONTH TO DATE    0                         0      0        0
  SINCE JUN 1      0                         0      0        0
  SINCE JUL 1   1400                      2230   -830     1595

 COOLING
  TODAY           14                        17     -3       17
  MONTH TO DATE  375                       431    -56      455
  SINCE JUN 1    375                       431    -56      455
  SINCE JAN 1    893                       866     27      836
..................................................................


WIND (MPH)
  HIGHEST WIND SPEED    10   HIGHEST WIND DIRECTION     S (170)
  HIGHEST GUST SPEED    16   HIGHEST GUST DIRECTION    SE (150)
  AVERAGE WIND SPEED     3.0


SKY COVER
  POSSIBLE SUNSHINE  MM
  AVERAGE SKY COVER 0.1


WEATHER CONDITIONS
 THE FOLLOWING WEATHER WAS RECORDED TODAY.
  NO SIGNIFICANT WEATHER WAS OBSERVED.


RELATIVE HUMIDITY (PERCENT)
 HIGHEST    93           500 AM
 LOWEST     50           100 PM
 AVERAGE    72

..........................................................


THE MONROE CLIMATE NORMALS FOR TOMORROW
                         NORMAL    RECORD    YEAR
 MAXIMUM TEMPERATURE (F)   93       102      1988
                                             1914
 MINIMUM TEMPERATURE (F)   72        57      1926


SUNRISE AND SUNSET
JUNE 28 2017..........SUNRISE   603 AM CDT   SUNSET   819 PM CDT
JUNE 29 2017..........SUNRISE   604 AM CDT   SUNSET   820 PM CDT


-  INDICATES NEGATIVE NUMBERS.
R  INDICATES RECORD WAS SET OR TIED.
MM INDICATES DATA IS MISSING.
T  INDICATES TRACE AMOUNT.




$$
