000
CDUS44 KSHV 230736
CLIMLU


CLIMATE REPORT
NATIONAL WEATHER SERVICE SHREVEPORT, LA
236 AM CDT TUE MAY 23 2017


...................................

...THE MONROE CLIMATE SUMMARY FOR MAY 22 2017...

CLIMATE NORMAL PERIOD 1981 TO 2010
CLIMATE RECORD PERIOD 1930 TO 2017


WEATHER ITEM   OBSERVED TIME   RECORD YEAR NORMAL DEPARTURE LAST
                VALUE   (LST)  VALUE       VALUE  FROM      YEAR
                                                  NORMAL
..................................................................
TEMPERATURE (F)
 YESTERDAY
  MAXIMUM         66    735 AM  96    1904  87    -21       86
  MINIMUM         63   1159 PM  50    1919  65     -2       61
  AVERAGE         65                        76    -11       74

PRECIPITATION (IN)
  YESTERDAY        1.05          1.75 1916   0.16   0.89     0.00
  MONTH TO DATE    3.01                      3.72  -0.71     0.65
  SINCE DEC 1     28.31                     27.87   0.44    48.35
  SINCE JAN 1     23.48                     22.58   0.90    41.96

SNOWFALL (IN)
  YESTERDAY        0.0
  MONTH TO DATE    0.0
  SINCE MAR 1      0.0
  SINCE JUL 1      0.2
  SNOW DEPTH       0

DEGREE DAYS
 HEATING
  YESTERDAY        0                         0      0        0
  MONTH TO DATE   11                         3      8        1
  SINCE MAR 1    203                       333   -130      167
  SINCE JUL 1   1399                      2227   -828     1595

 COOLING
  YESTERDAY        0                        11    -11        9
  MONTH TO DATE  137                       182    -45      118
  SINCE MAR 1    375                       318     57      259
  SINCE JAN 1    434                       329    105      267
..................................................................


WIND (MPH)
  HIGHEST WIND SPEED    10   HIGHEST WIND DIRECTION     N (360)
  HIGHEST GUST SPEED    13   HIGHEST GUST DIRECTION     N (20)
  AVERAGE WIND SPEED     4.9


SKY COVER
  POSSIBLE SUNSHINE  MM
  AVERAGE SKY COVER 0.8


WEATHER CONDITIONS
 THE FOLLOWING WEATHER WAS RECORDED YESTERDAY.
  HEAVY RAIN
  RAIN
  LIGHT RAIN
  FOG


RELATIVE HUMIDITY (PERCENT)
 HIGHEST   100          1200 AM
 LOWEST     87           900 AM
 AVERAGE    94

..........................................................


THE MONROE CLIMATE NORMALS FOR TODAY
                         NORMAL    RECORD    YEAR
 MAXIMUM TEMPERATURE (F)   87        96      1996
                                             1918
 MINIMUM TEMPERATURE (F)   65        50      1963


SUNRISE AND SUNSET
MAY 23 2017...........SUNRISE   605 AM CDT   SUNSET   805 PM CDT
MAY 24 2017...........SUNRISE   604 AM CDT   SUNSET   806 PM CDT


-  INDICATES NEGATIVE NUMBERS.
R  INDICATES RECORD WAS SET OR TIED.
MM INDICATES DATA IS MISSING.
T  INDICATES TRACE AMOUNT.




$$
