000
CDUS44 KSHV 020853
CLIMLU


CLIMATE REPORT
NATIONAL WEATHER SERVICE SHREVEPORT, LA
252 AM CST MON MAR 2 2015


...................................

...THE MONROE CLIMATE SUMMARY FOR MARCH 1 2015...

CLIMATE NORMAL PERIOD 1981 TO 2010
CLIMATE RECORD PERIOD 1930 TO 2015


WEATHER ITEM   OBSERVED TIME   RECORD YEAR NORMAL DEPARTURE LAST
                VALUE   (LST)  VALUE       VALUE  FROM      YEAR
                                                  NORMAL
..................................................................
TEMPERATURE (F)
 YESTERDAY
  MAXIMUM         47    257 PM  86    2012  65    -18       77
  MINIMUM         42    712 PM  24    1986  43     -1       54
  AVERAGE         45                        54     -9       66

PRECIPITATION (IN)
  YESTERDAY        0.36          2.19 1948   0.17   0.19     0.00
  MONTH TO DATE    0.36                      0.17   0.19     0.00
  SINCE DEC 1     14.60                     15.10  -0.50     7.69
  SINCE JAN 1     10.12                      9.81   0.31     4.43

SNOWFALL (IN)
  YESTERDAY        0.0
  MONTH TO DATE    0.0
  SINCE MAR 1      0.0
  SINCE JUL 1      3.5
  SNOW DEPTH       0

DEGREE DAYS
 HEATING
  YESTERDAY       20                        11      9        0
  MONTH TO DATE   20                        11      9        0
  SINCE MAR 1     20                        11      9        0
  SINCE JUL 1   2224                      1905    319     2326

 COOLING
  YESTERDAY        0                         0      0        1
  MONTH TO DATE    0                         0      0        1
  SINCE MAR 1      0                         0      0        1
  SINCE JAN 1      0                        11    -11        3
..................................................................


WIND (MPH)
  HIGHEST WIND SPEED    10   HIGHEST WIND DIRECTION     N (360)
  HIGHEST GUST SPEED    14   HIGHEST GUST DIRECTION    NE (60)
  AVERAGE WIND SPEED     6.0


SKY COVER
  POSSIBLE SUNSHINE  MM
  AVERAGE SKY COVER 1.0


WEATHER CONDITIONS
 THE FOLLOWING WEATHER WAS RECORDED YESTERDAY.
  HEAVY RAIN
  RAIN
  LIGHT RAIN
  FOG


RELATIVE HUMIDITY (PERCENT)
 HIGHEST   100           200 PM
 LOWEST     76          1200 AM
 AVERAGE    88

..........................................................


THE MONROE CLIMATE NORMALS FOR TODAY
                         NORMAL    RECORD    YEAR
 MAXIMUM TEMPERATURE (F)   66        84      2012
 MINIMUM TEMPERATURE (F)   43        22      1980


SUNRISE AND SUNSET
MARCH  2 2015.........SUNRISE   635 AM CST   SUNSET   606 PM CST
MARCH  3 2015.........SUNRISE   634 AM CST   SUNSET   607 PM CST


-  INDICATES NEGATIVE NUMBERS.
R  INDICATES RECORD WAS SET OR TIED.
MM INDICATES DATA IS MISSING.
T  INDICATES TRACE AMOUNT.




$$
