000
CDUS46 KPQR 280228
CLIMMV


CLIMATE REPORT
NATIONAL WEATHER SERVICE PORTLAND OREGON
728 PM PDT SUN JUL 27 2014


...................................

...THE MCMINNVILLE OR CLIMATE SUMMARY FOR JULY 27 2014...
VALID TODAY AS OF 0700 PM LOCAL TIME.

CLIMATE NORMAL PERIOD 1981 TO 2010
CLIMATE RECORD PERIOD 1894 TO 2014


WEATHER ITEM   OBSERVED TIME   RECORD YEAR NORMAL DEPARTURE LAST
                VALUE   (LST)  VALUE       VALUE  FROM      YEAR
                                                  NORMAL
..................................................................
TEMPERATURE (F)
 TODAY
  MAXIMUM         89        MM 105    1958  83      6       84
  MINIMUM         54        MM  35    1956  52      2       47
  AVERAGE         72                        68      4       66

PRECIPITATION (IN)
  TODAY            0.00          0.43 1947   0.01  -0.01     0.00
  MONTH TO DATE    0.38                      0.47  -0.09      T
  SINCE OCT 1     27.46                     37.75 -10.29    31.54
  SINCE JAN 1     22.50                     21.72   0.78    10.40

DEGREE DAYS
 HEATING
  TODAY            0                         1     -1        0
  MONTH TO DATE    4                        41    -37       10
  SINCE JUL 1      4                        41    -37       10

 COOLING
  TODAY            7                         3      4        1
  MONTH TO DATE  169                        65    104      127
  SINCE JAN 1    199                        87    112      180
..................................................................


WIND (MPH)
  HIGHEST WIND SPEED    13   HIGHEST WIND DIRECTION     N (20)
  HIGHEST GUST SPEED    MM   HIGHEST GUST DIRECTION    MM
  AVERAGE WIND SPEED     4.5


SKY COVER
  POSSIBLE SUNSHINE  MM
  AVERAGE SKY COVER 0.0


WEATHER CONDITIONS
 THE FOLLOWING WEATHER WAS RECORDED TODAY.
  NO SIGNIFICANT WEATHER WAS OBSERVED.


RELATIVE HUMIDITY (PERCENT)
 HIGHEST   100           500 AM
 LOWEST     29           200 PM
 AVERAGE    65

..........................................................


THE MCMINNVILLE OR CLIMATE NORMALS FOR TOMORROW
                         NORMAL    RECORD    YEAR
 MAXIMUM TEMPERATURE (F)   84       106      2009
 MINIMUM TEMPERATURE (F)   52        35      1956


SUNRISE AND SUNSET
JULY 27 2014..........SUNRISE   452 AM PST   SUNSET   746 PM PST
JULY 28 2014..........SUNRISE   453 AM PST   SUNSET   744 PM PST


-  INDICATES NEGATIVE NUMBERS.
R  INDICATES RECORD WAS SET OR TIED.
MM INDICATES DATA IS MISSING.
T  INDICATES TRACE AMOUNT.




$$
