831
CDUS46 KPQR 181142
CLIMMV


CLIMATE REPORT
NATIONAL WEATHER SERVICE PORTLAND OREGON
342 AM PST MON DEC 18 2017


...................................

...THE MCMINNVILLE OR CLIMATE SUMMARY FOR DECEMBER 17 2017...

CLIMATE NORMAL PERIOD 1981 TO 2010
CLIMATE RECORD PERIOD 1894 TO 2017


WEATHER ITEM   OBSERVED TIME   RECORD YEAR NORMAL DEPARTURE LAST
                VALUE   (LST)  VALUE       VALUE  FROM      YEAR
                                                  NORMAL
..................................................................
TEMPERATURE (F)
 YESTERDAY
  MAXIMUM         49    319 PM  60    2005  45      4       32
  MINIMUM         39    300 AM   6    1964  33      6       24
  AVERAGE         44                        39      5       28

PRECIPITATION (IN)
  YESTERDAY        T             2.73 2015   0.21  -0.21      T
  MONTH TO DATE    0.57                      3.33  -2.76     3.32
  SINCE OCT 1     12.73                     13.27  -0.54    21.63
  SINCE JAN 1     44.47                     36.98   7.49    46.90

DEGREE DAYS
 HEATING
  YESTERDAY       21                        26     -5       37
  MONTH TO DATE  423                       420      3      462
  SINCE JUL 1   1396                      1642   -246     1364

 COOLING
  YESTERDAY        0                         0      0        0
  MONTH TO DATE    0                         0      0        0
  SINCE JAN 1    507                       215    292      363
..................................................................


WIND (MPH)
  HIGHEST WIND SPEED    12   HIGHEST WIND DIRECTION    SW (210)
  HIGHEST GUST SPEED    15   HIGHEST GUST DIRECTION    SW (220)
  AVERAGE WIND SPEED     2.8


SKY COVER
  POSSIBLE SUNSHINE  MM
  AVERAGE SKY COVER 0.9


WEATHER CONDITIONS
 THE FOLLOWING WEATHER WAS RECORDED YESTERDAY.
  LIGHT RAIN
  FOG


RELATIVE HUMIDITY (PERCENT)
 HIGHEST   100           200 AM
 LOWEST     80           200 PM
 AVERAGE    90

..........................................................


THE MCMINNVILLE OR CLIMATE NORMALS FOR TODAY
                         NORMAL    RECORD    YEAR
 MAXIMUM TEMPERATURE (F)   45        65      2005
 MINIMUM TEMPERATURE (F)   33         9      1924


SUNRISE AND SUNSET
DECEMBER 18 2017......SUNRISE   747 AM PST   SUNSET   432 PM PST
DECEMBER 19 2017......SUNRISE   747 AM PST   SUNSET   432 PM PST


-  INDICATES NEGATIVE NUMBERS.
R  INDICATES RECORD WAS SET OR TIED.
MM INDICATES DATA IS MISSING.
T  INDICATES TRACE AMOUNT.




$$
