058
CDUS46 KPQR 061142
CLIMMV


CLIMATE REPORT
NATIONAL WEATHER SERVICE PORTLAND OREGON
441 AM PDT FRI MAY 6 2016


...................................

...THE MCMINNVILLE OR CLIMATE SUMMARY FOR MAY 5 2016...

CLIMATE NORMAL PERIOD 1981 TO 2010
CLIMATE RECORD PERIOD 1894 TO 2016


WEATHER ITEM   OBSERVED TIME   RECORD YEAR NORMAL DEPARTURE LAST
                VALUE   (LST)  VALUE       VALUE  FROM      YEAR
                                                  NORMAL
..................................................................
TEMPERATURE (F)
 YESTERDAY
  MAXIMUM         72    450 PM  94    1925  66      6       63
  MINIMUM         50    538 AM  30    1978  42      8       42
  AVERAGE         61                        54      7       53

PRECIPITATION (IN)
  YESTERDAY        0.00          0.92 1940   0.07  -0.07     0.05
  MONTH TO DATE    0.06                      0.34  -0.28     0.05
  SINCE OCT 1     46.82                     33.85  12.97    30.93
  SINCE JAN 1     21.75                     17.82   3.93    14.69

DEGREE DAYS
 HEATING
  YESTERDAY        4                        12     -8       12
  MONTH TO DATE   19                        60    -41       48
  SINCE JUL 1   3548                      4458   -910     3394

 COOLING
  YESTERDAY        0                         0      0        0
  MONTH TO DATE    1                         0      1        0
  SINCE JAN 1     12                         0     12        0
..................................................................


WIND (MPH)
  HIGHEST WIND SPEED    13   HIGHEST WIND DIRECTION    NE (30)
  HIGHEST GUST SPEED    17   HIGHEST GUST DIRECTION    NE (30)
  AVERAGE WIND SPEED     5.0


SKY COVER
  POSSIBLE SUNSHINE  MM
  AVERAGE SKY COVER 0.4


WEATHER CONDITIONS
 THE FOLLOWING WEATHER WAS RECORDED YESTERDAY.
  HAZE


RELATIVE HUMIDITY (PERCENT)
 HIGHEST    89           300 AM
 LOWEST     44           400 PM
 AVERAGE    67

..........................................................


THE MCMINNVILLE OR CLIMATE NORMALS FOR TODAY
                         NORMAL    RECORD    YEAR
 MAXIMUM TEMPERATURE (F)   66        91      1987
 MINIMUM TEMPERATURE (F)   42        26      1965


SUNRISE AND SUNSET
MAY  6 2016...........SUNRISE   453 AM PST   SUNSET   726 PM PST
MAY  7 2016...........SUNRISE   452 AM PST   SUNSET   727 PM PST


-  INDICATES NEGATIVE NUMBERS.
R  INDICATES RECORD WAS SET OR TIED.
MM INDICATES DATA IS MISSING.
T  INDICATES TRACE AMOUNT.




$$
