189
CDUS46 KPQR 281149
CLIMMV


CLIMATE REPORT
NATIONAL WEATHER SERVICE PORTLAND OREGON
448 AM PDT TUE MAR 28 2017


...................................

...THE MCMINNVILLE OR CLIMATE SUMMARY FOR MARCH 27 2017...

CLIMATE NORMAL PERIOD 1981 TO 2010
CLIMATE RECORD PERIOD 1894 TO 2017


WEATHER ITEM   OBSERVED TIME   RECORD YEAR NORMAL DEPARTURE LAST
                VALUE   (LST)  VALUE       VALUE  FROM      YEAR
                                                  NORMAL
..................................................................
TEMPERATURE (F)
 YESTERDAY
  MAXIMUM         55    113 PM  86    1923  58     -3       54
  MINIMUM         42    526 AM  23    1920  38      4       40
  AVERAGE         49                        48      1       47

PRECIPITATION (IN)
  YESTERDAY        0.18          1.52 1936   0.12   0.06     0.02
  MONTH TO DATE    6.86                      3.56   3.30     6.34
  SINCE OCT 1     45.85                     30.13  15.72    43.85
  SINCE JAN 1     22.04                     14.10   7.94    18.78

DEGREE DAYS
 HEATING
  YESTERDAY       16                        17     -1       18
  MONTH TO DATE  477                       505    -28      436
  SINCE JUL 1   3773                      3884   -111     3196

 COOLING
  YESTERDAY        0                         0      0        0
  MONTH TO DATE    0                         0      0        0
  SINCE JAN 1      0                         0      0        0
..................................................................


WIND (MPH)
  HIGHEST WIND SPEED    22   HIGHEST WIND DIRECTION     W (260)
  HIGHEST GUST SPEED    27   HIGHEST GUST DIRECTION     W (270)
  AVERAGE WIND SPEED     9.4


SKY COVER
  POSSIBLE SUNSHINE  MM
  AVERAGE SKY COVER 0.7


WEATHER CONDITIONS
 THE FOLLOWING WEATHER WAS RECORDED YESTERDAY.
  LIGHT RAIN
  FOG


RELATIVE HUMIDITY (PERCENT)
 HIGHEST    89           400 AM
 LOWEST     64           200 PM
 AVERAGE    77

..........................................................


THE MCMINNVILLE OR CLIMATE NORMALS FOR TODAY
                         NORMAL    RECORD    YEAR
 MAXIMUM TEMPERATURE (F)   58        87      1923
 MINIMUM TEMPERATURE (F)   38        26      1949


SUNRISE AND SUNSET
MARCH 28 2017.........SUNRISE   600 AM PST   SUNSET   636 PM PST
MARCH 29 2017.........SUNRISE   558 AM PST   SUNSET   637 PM PST


-  INDICATES NEGATIVE NUMBERS.
R  INDICATES RECORD WAS SET OR TIED.
MM INDICATES DATA IS MISSING.
T  INDICATES TRACE AMOUNT.




$$
