000
CDUS46 KPQR 301149
CLIMMV


CLIMATE REPORT
NATIONAL WEATHER SERVICE PORTLAND OREGON
449 AM PDT THU JUL 30 2015


...................................

...THE MCMINNVILLE OR CLIMATE SUMMARY FOR JULY 29 2015...

CLIMATE NORMAL PERIOD 1981 TO 2010
CLIMATE RECORD PERIOD 1894 TO 2015


WEATHER ITEM   OBSERVED TIME   RECORD YEAR NORMAL DEPARTURE LAST
                VALUE   (LST)  VALUE       VALUE  FROM      YEAR
                                                  NORMAL
..................................................................
TEMPERATURE (F)
 YESTERDAY
  MAXIMUM        100    429 PM 105    2009  84     16       95
  MINIMUM         55    508 AM  35    1917  52      3       57
  AVERAGE         78                        68     10       76

PRECIPITATION (IN)
  YESTERDAY        0.00          0.30 1975   0.00   0.00     0.00
  MONTH TO DATE    T                         0.48  -0.48     0.38
  SINCE OCT 1     32.44                     37.76  -5.32    27.46
  SINCE JAN 1     16.20                     21.73  -5.53    22.50

DEGREE DAYS
 HEATING
  YESTERDAY        0                         1     -1        0
  MONTH TO DATE    5                        43    -38        4
  SINCE JUL 1      5                        43    -38        4

 COOLING
  YESTERDAY       13                         3     10       11
  MONTH TO DATE  184                        71    113      192
  SINCE JAN 1    314                        93    221      222
..................................................................


WIND (MPH)
  HIGHEST WIND SPEED    15   HIGHEST WIND DIRECTION     N (350)
  HIGHEST GUST SPEED    20   HIGHEST GUST DIRECTION     N (10)
  AVERAGE WIND SPEED     7.9


SKY COVER
  POSSIBLE SUNSHINE  MM
  AVERAGE SKY COVER 0.0


WEATHER CONDITIONS
 THE FOLLOWING WEATHER WAS RECORDED YESTERDAY.
  NO SIGNIFICANT WEATHER WAS OBSERVED.


RELATIVE HUMIDITY (PERCENT)
 HIGHEST    72           600 AM
 LOWEST     13           500 PM
 AVERAGE    43

..........................................................


THE MCMINNVILLE OR CLIMATE NORMALS FOR TODAY
                         NORMAL    RECORD    YEAR
 MAXIMUM TEMPERATURE (F)   84       104      1965
 MINIMUM TEMPERATURE (F)   52        36      1954


SUNRISE AND SUNSET
JULY 30 2015..........SUNRISE   455 AM PST   SUNSET   742 PM PST
JULY 31 2015..........SUNRISE   456 AM PST   SUNSET   741 PM PST


-  INDICATES NEGATIVE NUMBERS.
R  INDICATES RECORD WAS SET OR TIED.
MM INDICATES DATA IS MISSING.
T  INDICATES TRACE AMOUNT.




$$
