000
CDUS46 KPQR 241144
CLIMMV


CLIMATE REPORT
NATIONAL WEATHER SERVICE PORTLAND OREGON
443 AM PDT WED MAY 24 2017


...................................

...THE MCMINNVILLE OR CLIMATE SUMMARY FOR MAY 23 2017...

CLIMATE NORMAL PERIOD 1981 TO 2010
CLIMATE RECORD PERIOD 1894 TO 2017


WEATHER ITEM   OBSERVED TIME   RECORD YEAR NORMAL DEPARTURE LAST
                VALUE   (LST)  VALUE       VALUE  FROM      YEAR
                                                  NORMAL
..................................................................
TEMPERATURE (F)
 YESTERDAY
  MAXIMUM         84   1249 PM  91    1938  69     15       65
  MINIMUM         50   1159 PM  31    1955  44      6       50
  AVERAGE         67                        57     10       58

PRECIPITATION (IN)
  YESTERDAY        0.00          0.57 2006   0.08  -0.08     0.10
  MONTH TO DATE    1.94                      1.66   0.28     0.74
  SINCE OCT 1     52.45                     35.17  17.28    47.50
  SINCE JAN 1     28.64                     19.14   9.50    22.43

DEGREE DAYS
 HEATING
  YESTERDAY        0                         9     -9        7
  MONTH TO DATE  194                       239    -45      125
  SINCE JUL 1   4477                      4637   -160     3654

 COOLING
  YESTERDAY        2                         0      2        0
  MONTH TO DATE   20                         0     20        5
  SINCE JAN 1     20                         0     20       16
..................................................................


WIND (MPH)
  HIGHEST WIND SPEED    18   HIGHEST WIND DIRECTION    NW (320)
  HIGHEST GUST SPEED    27   HIGHEST GUST DIRECTION    NW (330)
  AVERAGE WIND SPEED     6.1


SKY COVER
  POSSIBLE SUNSHINE  MM
  AVERAGE SKY COVER 0.1


WEATHER CONDITIONS
 THE FOLLOWING WEATHER WAS RECORDED YESTERDAY.
  NO SIGNIFICANT WEATHER WAS OBSERVED.


RELATIVE HUMIDITY (PERCENT)
 HIGHEST    86           400 AM
 LOWEST     24           400 PM
 AVERAGE    55

..........................................................


THE MCMINNVILLE OR CLIMATE NORMALS FOR TODAY
                         NORMAL    RECORD    YEAR
 MAXIMUM TEMPERATURE (F)   69        92      1992
 MINIMUM TEMPERATURE (F)   45        31      1955


SUNRISE AND SUNSET
MAY 24 2017...........SUNRISE   434 AM PST   SUNSET   746 PM PST
MAY 25 2017...........SUNRISE   433 AM PST   SUNSET   747 PM PST


-  INDICATES NEGATIVE NUMBERS.
R  INDICATES RECORD WAS SET OR TIED.
MM INDICATES DATA IS MISSING.
T  INDICATES TRACE AMOUNT.




$$
