000
CDUS46 KPQR 051152
CLIMMV


CLIMATE REPORT
NATIONAL WEATHER SERVICE PORTLAND OREGON
352 AM PST MON DEC 5 2016


...................................

...THE MCMINNVILLE OR CLIMATE SUMMARY FOR DECEMBER 4 2016...

CLIMATE NORMAL PERIOD 1981 TO 2010
CLIMATE RECORD PERIOD 1894 TO 2016


WEATHER ITEM   OBSERVED TIME   RECORD YEAR NORMAL DEPARTURE LAST
                VALUE   (LST)  VALUE       VALUE  FROM      YEAR
                                                  NORMAL
..................................................................
TEMPERATURE (F)
 YESTERDAY
  MAXIMUM         47    140 PM  69    1950  47      0       52
  MINIMUM         34   1109 PM  21    2009  35     -1       40
  AVERAGE         41                        41      0       46

PRECIPITATION (IN)
  YESTERDAY        0.49          2.00 1968   0.19   0.30     0.26
  MONTH TO DATE    0.61                      0.77  -0.16     2.03
  SINCE OCT 1     18.92                     10.71   8.21    11.75
  SINCE JAN 1     44.19                     34.42   9.77    29.85

DEGREE DAYS
 HEATING
  YESTERDAY       24                        24      0       19
  MONTH TO DATE   88                        94     -6       85
  SINCE JUL 1    990                      1316   -326     1051

 COOLING
  YESTERDAY        0                         0      0        0
  MONTH TO DATE    0                         0      0        0
  SINCE JAN 1    363                       215    148      530
..................................................................


WIND (MPH)
  HIGHEST WIND SPEED    21   HIGHEST WIND DIRECTION    NW (330)
  HIGHEST GUST SPEED    27   HIGHEST GUST DIRECTION    NW (330)
  AVERAGE WIND SPEED     6.8


SKY COVER
  POSSIBLE SUNSHINE  MM
  AVERAGE SKY COVER 0.7


WEATHER CONDITIONS
 THE FOLLOWING WEATHER WAS RECORDED YESTERDAY.
  RAIN
  LIGHT RAIN
  FOG


RELATIVE HUMIDITY (PERCENT)
 HIGHEST   100           100 AM
 LOWEST     70           400 PM
 AVERAGE    85

..........................................................


THE MCMINNVILLE OR CLIMATE NORMALS FOR TODAY
                         NORMAL    RECORD    YEAR
 MAXIMUM TEMPERATURE (F)   47        60      1925
 MINIMUM TEMPERATURE (F)   35        17      2013


SUNRISE AND SUNSET
DECEMBER  5 2016......SUNRISE   736 AM PST   SUNSET   430 PM PST
DECEMBER  6 2016......SUNRISE   737 AM PST   SUNSET   430 PM PST


-  INDICATES NEGATIVE NUMBERS.
R  INDICATES RECORD WAS SET OR TIED.
MM INDICATES DATA IS MISSING.
T  INDICATES TRACE AMOUNT.




$$
