000
CDUS46 KPQR 251145
CLIMMV


CLIMATE REPORT
NATIONAL WEATHER SERVICE PORTLAND OREGON
444 AM PDT FRI JUL 25 2014


...................................

...THE MCMINNVILLE OR CLIMATE SUMMARY FOR JULY 24 2014...

CLIMATE NORMAL PERIOD 1981 TO 2010
CLIMATE RECORD PERIOD 1894 TO 2014


WEATHER ITEM   OBSERVED TIME   RECORD YEAR NORMAL DEPARTURE LAST
                VALUE   (LST)  VALUE       VALUE  FROM      YEAR
                                                  NORMAL
..................................................................
TEMPERATURE (F)
 YESTERDAY
  MAXIMUM         72    445 PM 110    1924  83    -11       94
  MINIMUM         56    449 AM  35    1960  52      4       54
  AVERAGE         64                        67     -3       74

PRECIPITATION (IN)
  YESTERDAY        0.03          0.30 1991   0.01   0.02     0.00
  MONTH TO DATE    0.38                      0.44  -0.06      T
  SINCE OCT 1     27.46                     37.72 -10.26    31.54
  SINCE JAN 1     22.50                     21.69   0.81    10.40

DEGREE DAYS
 HEATING
  YESTERDAY        1                         1      0        0
  MONTH TO DATE    4                        38    -34       10
  SINCE JUL 1      4                        38    -34       10

 COOLING
  YESTERDAY        0                         3     -3        9
  MONTH TO DATE  157                        56    101      108
  SINCE JAN 1    187                        78    109      161
..................................................................


WIND (MPH)
  HIGHEST WIND SPEED    20   HIGHEST WIND DIRECTION     S (190)
  HIGHEST GUST SPEED    37   HIGHEST GUST DIRECTION     S (180)
  AVERAGE WIND SPEED     7.4


SKY COVER
  POSSIBLE SUNSHINE  MM
  AVERAGE SKY COVER 0.8


WEATHER CONDITIONS
 THE FOLLOWING WEATHER WAS RECORDED YESTERDAY.
  LIGHT RAIN
  FOG


RELATIVE HUMIDITY (PERCENT)
 HIGHEST    86           600 AM
 LOWEST     53           100 PM
 AVERAGE    70

..........................................................


THE MCMINNVILLE OR CLIMATE NORMALS FOR TODAY
                         NORMAL    RECORD    YEAR
 MAXIMUM TEMPERATURE (F)   83       107      1928
 MINIMUM TEMPERATURE (F)   52        40      1930


SUNRISE AND SUNSET
JULY 25 2014..........SUNRISE   450 AM PST   SUNSET   748 PM PST
JULY 26 2014..........SUNRISE   451 AM PST   SUNSET   747 PM PST


-  INDICATES NEGATIVE NUMBERS.
R  INDICATES RECORD WAS SET OR TIED.
MM INDICATES DATA IS MISSING.
T  INDICATES TRACE AMOUNT.




$$
