644
CDUS46 KPQR 241143
CLIMMV


CLIMATE REPORT
NATIONAL WEATHER SERVICE PORTLAND OREGON
343 AM PST FRI FEB 24 2017


...................................

...THE MCMINNVILLE OR CLIMATE SUMMARY FOR FEBRUARY 23 2017...

CLIMATE NORMAL PERIOD 1981 TO 2010
CLIMATE RECORD PERIOD 1894 TO 2017


WEATHER ITEM   OBSERVED TIME   RECORD YEAR NORMAL DEPARTURE LAST
                VALUE   (LST)  VALUE       VALUE  FROM      YEAR
                                                  NORMAL
..................................................................
TEMPERATURE (F)
 YESTERDAY
  MAXIMUM         47    314 PM  66    2005  52     -5       60
                                      1921
  MINIMUM         31    642 AM  22    1957  35     -4       37
  AVERAGE         39                        43     -4       49

PRECIPITATION (IN)
  YESTERDAY        0.01          1.42 1986   0.14  -0.13     0.00
  MONTH TO DATE   11.16                      3.64   7.52     3.16
  SINCE OCT 1     38.65                     25.77  12.88    36.74
  SINCE JAN 1     14.84                      9.74   5.10    11.67

DEGREE DAYS
 HEATING
  YESTERDAY       26                        22      4       16
  MONTH TO DATE  491                       520    -29      387
  SINCE JUL 1   3171                      3275   -104     2665

 COOLING
  YESTERDAY        0                         0      0        0
  MONTH TO DATE    0                         0      0        0
  SINCE JAN 1      0                         0      0        0
..................................................................


WIND (MPH)
  HIGHEST WIND SPEED    13   HIGHEST WIND DIRECTION    NE (50)
  HIGHEST GUST SPEED    16   HIGHEST GUST DIRECTION     W (260)
  AVERAGE WIND SPEED     2.3


SKY COVER
  POSSIBLE SUNSHINE  MM
  AVERAGE SKY COVER 0.8


WEATHER CONDITIONS
 THE FOLLOWING WEATHER WAS RECORDED YESTERDAY.
  LIGHT RAIN
  FOG
  FOG W/VISIBILITY <= 1/4 MILE


RELATIVE HUMIDITY (PERCENT)
 HIGHEST   100          1200 AM
 LOWEST     58           200 PM
 AVERAGE    79

..........................................................


THE MCMINNVILLE OR CLIMATE NORMALS FOR TODAY
                         NORMAL    RECORD    YEAR
 MAXIMUM TEMPERATURE (F)   52        69      1905
 MINIMUM TEMPERATURE (F)   35        15      1920


SUNRISE AND SUNSET
FEBRUARY 24 2017......SUNRISE   659 AM PST   SUNSET   553 PM PST
FEBRUARY 25 2017......SUNRISE   657 AM PST   SUNSET   555 PM PST


-  INDICATES NEGATIVE NUMBERS.
R  INDICATES RECORD WAS SET OR TIED.
MM INDICATES DATA IS MISSING.
T  INDICATES TRACE AMOUNT.




$$
