000
CDUS44 KMOB 210628
CLIMOB


CLIMATE REPORT
NATIONAL WEATHER SERVICE MOBILE AL
127 AM CDT THU AUG 21 2014


...................................

...THE MOBILE CLIMATE SUMMARY FOR AUGUST 20 2014...

CLIMATE NORMAL PERIOD 1981 TO 2010
CLIMATE RECORD PERIOD 1842 TO 2014


WEATHER ITEM   OBSERVED TIME   RECORD YEAR NORMAL DEPARTURE LAST
                VALUE   (LST)  VALUE       VALUE  FROM      YEAR
                                                  NORMAL
..................................................................
TEMPERATURE (F)
 YESTERDAY
  MAXIMUM         93    215 PM  99    1925  91      2       88
  MINIMUM         73    525 AM  66    1976  73      0       71
  AVERAGE         83                        82      1       80

PRECIPITATION (IN)
  YESTERDAY        0.00          3.31 1918   0.21  -0.21      T
  MONTH TO DATE    1.68                      4.81  -3.13     9.55
  SINCE MAR 1     49.13                     34.24  14.89    37.12
  SINCE JAN 1     56.25                     45.01  11.24    51.30

DEGREE DAYS
 COOLING
  YESTERDAY       18                        17      1       15
  MONTH TO DATE  329                       340    -11      336
  SINCE JUN 1   1202                      1306   -104     1304
  SINCE JAN 1   1540                      1751   -211     1668
..................................................................


WIND (MPH)
  HIGHEST WIND SPEED    12   HIGHEST WIND DIRECTION     S (200)
  HIGHEST GUST SPEED    15   HIGHEST GUST DIRECTION     S (180)
  AVERAGE WIND SPEED     3.5


SKY COVER
  POSSIBLE SUNSHINE  MM
  AVERAGE SKY COVER 0.5


WEATHER CONDITIONS
 THE FOLLOWING WEATHER WAS RECORDED YESTERDAY.
  THUNDERSTORM


RELATIVE HUMIDITY (PERCENT)
 HIGHEST   100          1200 AM
 LOWEST     49           100 PM
 AVERAGE    75

..........................................................


THE MOBILE CLIMATE NORMALS FOR TODAY
                         NORMAL    RECORD    YEAR
 MAXIMUM TEMPERATURE (F)   91        98      1980
                                             1968
                                             1925
 MINIMUM TEMPERATURE (F)   73        62      1956
                                             1940


SUNRISE AND SUNSET
AUGUST 21 2014........SUNRISE   623 AM CDT   SUNSET   729 PM CDT
AUGUST 22 2014........SUNRISE   624 AM CDT   SUNSET   728 PM CDT


-  INDICATES NEGATIVE NUMBERS.
R  INDICATES RECORD WAS SET OR TIED.
MM INDICATES DATA IS MISSING.
T  INDICATES TRACE AMOUNT.




$$
