000
CDUS44 KMOB 090625
CLIMOB


CLIMATE REPORT
NATIONAL WEATHER SERVICE MOBILE AL
1225 AM CST FRI DEC 9 2016


...................................

...THE MOBILE CLIMATE SUMMARY FOR DECEMBER 8 2016...

CLIMATE NORMAL PERIOD 1981 TO 2010
CLIMATE RECORD PERIOD 1842 TO 2016


WEATHER ITEM   OBSERVED TIME   RECORD YEAR NORMAL DEPARTURE LAST
                VALUE   (LST)  VALUE       VALUE  FROM      YEAR
                                                  NORMAL
..................................................................
TEMPERATURE (F)
 YESTERDAY
  MAXIMUM         53    136 AM  80    1998  64    -11       70
  MINIMUM         40   1159 PM  24    2006  43     -3       41
                                      1882
  AVERAGE         47                        54     -7       56

PRECIPITATION (IN)
  YESTERDAY        0.00          2.18 1887   0.16  -0.16     0.00
  MONTH TO DATE    3.42                      1.29   2.13      T
  SINCE MAR 1     48.23                     51.61  -3.38    62.94
  SINCE JAN 1     57.68                     62.38  -4.70    68.99

SNOWFALL (IN)
  YESTERDAY        0.0           0.0  2002   0.0    0.0      0.0
                                      2001
                                      2000
  MONTH TO DATE    0.0                       0.0    0.0      0.0
  SINCE MAR 1      0.0                       0.1   -0.1      0.0
  SINCE JUL 1      0.0                       0.0    0.0      0.0
  SNOW DEPTH       0

DEGREE DAYS
 HEATING
  YESTERDAY       18                        12      6        9
  MONTH TO DATE   67                        89    -22       76
  SINCE DEC 1     67                        89    -22       76
  SINCE JUL 1    201                       347   -146      202

 COOLING
  YESTERDAY        0                         1     -1        0
  MONTH TO DATE    0                         8     -8        6
  SINCE DEC 1      0                         8     -8        6
  SINCE JAN 1   2807                      2511    296     2807
..................................................................


WIND (MPH)
  HIGHEST WIND SPEED    23   HIGHEST WIND DIRECTION     N (10)
  HIGHEST GUST SPEED    28   HIGHEST GUST DIRECTION     N (360)
  AVERAGE WIND SPEED    12.1


SKY COVER
  POSSIBLE SUNSHINE  MM
  AVERAGE SKY COVER 0.7


WEATHER CONDITIONS
 THE FOLLOWING WEATHER WAS RECORDED YESTERDAY.
  NO SIGNIFICANT WEATHER WAS OBSERVED.


RELATIVE HUMIDITY (PERCENT)
 HIGHEST    93           400 AM
 LOWEST     44           400 PM
 AVERAGE    69

..........................................................


THE MOBILE CLIMATE NORMALS FOR TODAY
                         NORMAL    RECORD    YEAR
 MAXIMUM TEMPERATURE (F)   64        80      1986
 MINIMUM TEMPERATURE (F)   43        22      2010
                                             1917


SUNRISE AND SUNSET
DECEMBER  9 2016......SUNRISE   639 AM CST   SUNSET   452 PM CST
DECEMBER 10 2016......SUNRISE   640 AM CST   SUNSET   452 PM CST


-  INDICATES NEGATIVE NUMBERS.
R  INDICATES RECORD WAS SET OR TIED.
MM INDICATES DATA IS MISSING.
T  INDICATES TRACE AMOUNT.




$$
