000
CDUS44 KMOB 300645
CLIMOB


CLIMATE REPORT
NATIONAL WEATHER SERVICE MOBILE AL
145 AM CDT SAT JUL 30 2016


...................................

...THE MOBILE CLIMATE SUMMARY FOR JULY 29 2016...

CLIMATE NORMAL PERIOD 1981 TO 2010
CLIMATE RECORD PERIOD 1842 TO 2016


WEATHER ITEM   OBSERVED TIME   RECORD YEAR NORMAL DEPARTURE LAST
                VALUE   (LST)  VALUE       VALUE  FROM      YEAR
                                                  NORMAL
..................................................................
TEMPERATURE (F)
 YESTERDAY
  MAXIMUM         90    253 PM 100    1877  91     -1       96
  MINIMUM         74    522 AM  66    1994  73      1       75
  AVERAGE         82                        82      0       86

PRECIPITATION (IN)
  YESTERDAY        0.27          1.78 1872   0.24   0.03     0.57
  MONTH TO DATE    6.63                      6.77  -0.14     6.66
  SINCE MAR 1     32.81                     28.95   3.86    37.63
  SINCE JAN 1     42.26                     39.72   2.54    43.68

DEGREE DAYS
 COOLING
  YESTERDAY       17                        17      0       21
  MONTH TO DATE  524                       491     33      538
  SINCE JUN 1   1004                       935     69     1016
  SINCE JAN 1   1463                      1380     83     1616
..................................................................


WIND (MPH)
  HIGHEST WIND SPEED    24   HIGHEST WIND DIRECTION    SW (220)
  HIGHEST GUST SPEED    30   HIGHEST GUST DIRECTION    SW (230)
  AVERAGE WIND SPEED     4.0


SKY COVER
  POSSIBLE SUNSHINE  MM
  AVERAGE SKY COVER 0.4


WEATHER CONDITIONS
 THE FOLLOWING WEATHER WAS RECORDED YESTERDAY.
  THUNDERSTORM
  HEAVY RAIN
  RAIN
  LIGHT RAIN
  FOG


RELATIVE HUMIDITY (PERCENT)
 HIGHEST   100           400 AM
 LOWEST     68           900 AM
 AVERAGE    84

..........................................................


THE MOBILE CLIMATE NORMALS FOR TODAY
                         NORMAL    RECORD    YEAR
 MAXIMUM TEMPERATURE (F)   91       100      1986
 MINIMUM TEMPERATURE (F)   73        64      2014


SUNRISE AND SUNSET
JULY 30 2016..........SUNRISE   610 AM CDT   SUNSET   749 PM CDT
JULY 31 2016..........SUNRISE   610 AM CDT   SUNSET   748 PM CDT


-  INDICATES NEGATIVE NUMBERS.
R  INDICATES RECORD WAS SET OR TIED.
MM INDICATES DATA IS MISSING.
T  INDICATES TRACE AMOUNT.




$$
