000
CDUS44 KMOB 172327
CLIMOB


CLIMATE REPORT
NATIONAL WEATHER SERVICE MOBILE AL
527 PM CST FRI NOV 17 2017


...................................

...THE MOBILE CLIMATE SUMMARY FOR NOVEMBER 17 2017...
VALID TODAY AS OF 0500 PM LOCAL TIME.

CLIMATE NORMAL PERIOD 1981 TO 2010
CLIMATE RECORD PERIOD 1842 TO 2017


WEATHER ITEM   OBSERVED TIME   RECORD YEAR NORMAL DEPARTURE LAST
                VALUE   (LST)  VALUE       VALUE  FROM      YEAR
                                                  NORMAL
..................................................................
TEMPERATURE (F)
 TODAY
  MAXIMUM         76    250 PM  83    2003  70      6       79
  MINIMUM         55    659 AM  28    1997  48      7       46
  AVERAGE         66                        59      7       63

PRECIPITATION (IN)
  TODAY            0.00          2.00 1876   0.18  -0.18     0.00
  MONTH TO DATE    0.24                      2.93  -2.69     0.51
  SINCE MAR 1     66.96                     48.12  18.84    43.27
  SINCE JAN 1     79.17                     58.89  20.28    52.72

DEGREE DAYS
 HEATING
  TODAY            0                         7     -7        2
  MONTH TO DATE   42                        90    -48       38
  SINCE SEP 1    100                       145    -45       49
  SINCE JUL 1    100                       145    -45       49

 COOLING
  TODAY            1                         1      0        0
  MONTH TO DATE   51                        29     22       42
  SINCE SEP 1    684                       564    120      740
  SINCE JAN 1   2770                      2491    279     2790
..................................................................


WIND (MPH)
  HIGHEST WIND SPEED    10   HIGHEST WIND DIRECTION    SW (210)
  HIGHEST GUST SPEED    13   HIGHEST GUST DIRECTION     S (200)
  AVERAGE WIND SPEED     3.9


SKY COVER
  POSSIBLE SUNSHINE  MM
  AVERAGE SKY COVER 0.3


WEATHER CONDITIONS
 THE FOLLOWING WEATHER WAS RECORDED TODAY.
  FOG


RELATIVE HUMIDITY (PERCENT)
 HIGHEST    93          1200 AM
 LOWEST     54           100 PM
 AVERAGE    74

..........................................................


THE MOBILE CLIMATE NORMALS FOR TOMORROW
                         NORMAL    RECORD    YEAR
 MAXIMUM TEMPERATURE (F)   70        82      1958
 MINIMUM TEMPERATURE (F)   48        25      1951


SUNRISE AND SUNSET
NOVEMBER 17 2017......SUNRISE   621 AM CST   SUNSET   455 PM CST
NOVEMBER 18 2017......SUNRISE   622 AM CST   SUNSET   454 PM CST


-  INDICATES NEGATIVE NUMBERS.
R  INDICATES RECORD WAS SET OR TIED.
MM INDICATES DATA IS MISSING.
T  INDICATES TRACE AMOUNT.




$$
