000
CDUS44 KMOB 270625
CLIMOB


CLIMATE REPORT
NATIONAL WEATHER SERVICE MOBILE AL
125 AM CDT SAT AUG 27 2016


...................................

...THE MOBILE CLIMATE SUMMARY FOR AUGUST 26 2016...

CLIMATE NORMAL PERIOD 1981 TO 2010
CLIMATE RECORD PERIOD 1842 TO 2016


WEATHER ITEM   OBSERVED TIME   RECORD YEAR NORMAL DEPARTURE LAST
                VALUE   (LST)  VALUE       VALUE  FROM      YEAR
                                                  NORMAL
..................................................................
TEMPERATURE (F)
 YESTERDAY
  MAXIMUM         92    345 PM 100    2000  90      2       85
                                      1938
  MINIMUM         74   1145 PM  63    2015  72      2       63
  AVERAGE         83                        81      2       74

PRECIPITATION (IN)
  YESTERDAY        0.00          2.47 1950   0.19  -0.19     0.00
  MONTH TO DATE    4.45                      6.06  -1.61     3.21
  SINCE MAR 1     37.38                     35.49   1.89    41.02
  SINCE JAN 1     46.83                     46.26   0.57    47.07

DEGREE DAYS
 COOLING
  YESTERDAY       18                        16      2        9
  MONTH TO DATE  458                       439     19      455
  SINCE JUN 1   1501                      1405     96     1511
  SINCE JAN 1   1960                      1850    110     2111
..................................................................


WIND (MPH)
  HIGHEST WIND SPEED    15   HIGHEST WIND DIRECTION     E (110)
  HIGHEST GUST SPEED    20   HIGHEST GUST DIRECTION    NE (60)
  AVERAGE WIND SPEED     6.1


SKY COVER
  POSSIBLE SUNSHINE  MM
  AVERAGE SKY COVER 0.2


WEATHER CONDITIONS
 THE FOLLOWING WEATHER WAS RECORDED YESTERDAY.
  NO SIGNIFICANT WEATHER WAS OBSERVED.


RELATIVE HUMIDITY (PERCENT)
 HIGHEST    94           100 AM
 LOWEST     47           200 PM
 AVERAGE    71

..........................................................


THE MOBILE CLIMATE NORMALS FOR TODAY
                         NORMAL    RECORD    YEAR
 MAXIMUM TEMPERATURE (F)   90        97      2000
 MINIMUM TEMPERATURE (F)   72        62      2015
                                             1958


SUNRISE AND SUNSET
AUGUST 27 2016........SUNRISE   627 AM CDT   SUNSET   721 PM CDT
AUGUST 28 2016........SUNRISE   627 AM CDT   SUNSET   720 PM CDT


-  INDICATES NEGATIVE NUMBERS.
R  INDICATES RECORD WAS SET OR TIED.
MM INDICATES DATA IS MISSING.
T  INDICATES TRACE AMOUNT.




$$
