000
CDUS44 KMOB 110627
CLIMOB


CLIMATE REPORT
NATIONAL WEATHER SERVICE MOBILE AL
126 AM CDT FRI JUL 11 2014


...................................

...THE MOBILE CLIMATE SUMMARY FOR JULY 10 2014...

CLIMATE NORMAL PERIOD 1981 TO 2010
CLIMATE RECORD PERIOD 1842 TO 2014


WEATHER ITEM   OBSERVED TIME   RECORD YEAR NORMAL DEPARTURE LAST
                VALUE   (LST)  VALUE       VALUE  FROM      YEAR
                                                  NORMAL
..................................................................
TEMPERATURE (F)
 YESTERDAY
  MAXIMUM         90   1139 AM  99    1879  91     -1       91
  MINIMUM         71    514 AM  65    1983  73     -2       74
                                      1947
  AVERAGE         81                        82     -1       83

PRECIPITATION (IN)
  YESTERDAY        0.17          3.36 1874   0.24  -0.07      T
  MONTH TO DATE    0.19                      2.32  -2.13     4.87
  SINCE MAR 1     39.72                     24.50  15.22    23.34
  SINCE JAN 1     46.84                     35.27  11.57    37.52

DEGREE DAYS
 COOLING
  YESTERDAY       16                        17     -1       18
  MONTH TO DATE  157                       168    -11      139
  SINCE JUN 1    567                       612    -45      625
  SINCE JAN 1    905                      1057   -152      989
..................................................................


WIND (MPH)
  HIGHEST WIND SPEED    29   HIGHEST WIND DIRECTION     N (340)
  HIGHEST GUST SPEED    36   HIGHEST GUST DIRECTION     N (340)
  AVERAGE WIND SPEED     4.6


SKY COVER
  POSSIBLE SUNSHINE  MM
  AVERAGE SKY COVER 0.5


WEATHER CONDITIONS
 THE FOLLOWING WEATHER WAS RECORDED YESTERDAY.
  THUNDERSTORM
  HEAVY RAIN
  RAIN
  LIGHT RAIN
  FOG


RELATIVE HUMIDITY (PERCENT)
 HIGHEST   100           300 AM
 LOWEST     63          1100 AM
 AVERAGE    82

..........................................................


THE MOBILE CLIMATE NORMALS FOR TODAY
                         NORMAL    RECORD    YEAR
 MAXIMUM TEMPERATURE (F)   91       103      1930
 MINIMUM TEMPERATURE (F)   73        66      1953
                                             1947


SUNRISE AND SUNSET
JULY 11 2014..........SUNRISE   558 AM CDT   SUNSET   758 PM CDT
JULY 12 2014..........SUNRISE   559 AM CDT   SUNSET   758 PM CDT


-  INDICATES NEGATIVE NUMBERS.
R  INDICATES RECORD WAS SET OR TIED.
MM INDICATES DATA IS MISSING.
T  INDICATES TRACE AMOUNT.




$$
