000
CDUS44 KMOB 240638
CLIMOB


CLIMATE REPORT
NATIONAL WEATHER SERVICE MOBILE AL
128 AM CDT TUE MAY 24 2016


...................................

...THE MOBILE CLIMATE SUMMARY FOR MAY 23 2016...

CLIMATE NORMAL PERIOD 1981 TO 2010
CLIMATE RECORD PERIOD 1842 TO 2016


WEATHER ITEM   OBSERVED TIME   RECORD YEAR NORMAL DEPARTURE LAST
                VALUE   (LST)  VALUE       VALUE  FROM      YEAR
                                                  NORMAL
..................................................................
TEMPERATURE (F)
 YESTERDAY
  MAXIMUM         85    332 PM  95    1996  86     -1       88
                                      1972
                                      1920
  MINIMUM         55    509 AM  47    1883  66    -11       64
  AVERAGE         70                        76     -6       76

PRECIPITATION (IN)
  YESTERDAY        0.00          4.33 1957   0.17  -0.17     0.00
  MONTH TO DATE    2.48                      3.75  -1.27     6.27
  SINCE MAR 1     18.53                     14.68   3.85    24.13
  SINCE JAN 1     27.98                     25.45   2.53    30.18

DEGREE DAYS
 COOLING
  YESTERDAY        5                        11     -6       11
  MONTH TO DATE  177                       192    -15      222
  SINCE MAR 1    349                       335     14      497
  SINCE JAN 1    363                       351     12      501
..................................................................


WIND (MPH)
  HIGHEST WIND SPEED    14   HIGHEST WIND DIRECTION     S (200)
  HIGHEST GUST SPEED    15   HIGHEST GUST DIRECTION     E (110)
  AVERAGE WIND SPEED     3.4


SKY COVER
  POSSIBLE SUNSHINE  MM
  AVERAGE SKY COVER 0.2


WEATHER CONDITIONS
 THE FOLLOWING WEATHER WAS RECORDED YESTERDAY.
  NO SIGNIFICANT WEATHER WAS OBSERVED.


RELATIVE HUMIDITY (PERCENT)
 HIGHEST   100           300 AM
 LOWEST     36          1100 AM
 AVERAGE    68

..........................................................


THE MOBILE CLIMATE NORMALS FOR TODAY
                         NORMAL    RECORD    YEAR
 MAXIMUM TEMPERATURE (F)   86        97      2005
                                             1878
 MINIMUM TEMPERATURE (F)   66        52      1951
                                             1883


SUNRISE AND SUNSET
MAY 24 2016...........SUNRISE   553 AM CDT   SUNSET   747 PM CDT
MAY 25 2016...........SUNRISE   553 AM CDT   SUNSET   747 PM CDT


-  INDICATES NEGATIVE NUMBERS.
R  INDICATES RECORD WAS SET OR TIED.
MM INDICATES DATA IS MISSING.
T  INDICATES TRACE AMOUNT.




$$
