000
CDUS44 KMOB 242230
CLIMOB


CLIMATE REPORT
NATIONAL WEATHER SERVICE MOBILE AL
530 PM CDT SUN SEP 24 2017


...................................

...THE MOBILE CLIMATE SUMMARY FOR SEPTEMBER 24 2017...
VALID TODAY AS OF 0500 PM LOCAL TIME.

CLIMATE NORMAL PERIOD 1981 TO 2010
CLIMATE RECORD PERIOD 1842 TO 2017


WEATHER ITEM   OBSERVED TIME   RECORD YEAR NORMAL DEPARTURE LAST
                VALUE   (LST)  VALUE       VALUE  FROM      YEAR
                                                  NORMAL
..................................................................
TEMPERATURE (F)
 TODAY
  MAXIMUM         87    252 PM  95    2016  85      2       95
  MINIMUM         70    617 AM  50    1990  66      4       71
  AVERAGE         79                        75      4       83

PRECIPITATION (IN)
  TODAY            0.22          4.57 1956   0.17   0.05     0.00
  MONTH TO DATE    1.98                      4.14  -2.16     3.66
  SINCE MAR 1     52.23                     40.53  11.70    41.18
  SINCE JAN 1     64.44                     51.30  13.14    50.63

DEGREE DAYS
 COOLING
  TODAY           14                        10      4       18
  MONTH TO DATE  303                       320    -17      396
  SINCE SEP 1    303                       320    -17      396
  SINCE JAN 1   2389                      2247    142     2446
..................................................................


WIND (MPH)
  HIGHEST WIND SPEED    22   HIGHEST WIND DIRECTION     E (70)
  HIGHEST GUST SPEED    29   HIGHEST GUST DIRECTION    NE (60)
  AVERAGE WIND SPEED     7.1


SKY COVER
  POSSIBLE SUNSHINE  MM
  AVERAGE SKY COVER 0.4


WEATHER CONDITIONS
 THE FOLLOWING WEATHER WAS RECORDED TODAY.
  THUNDERSTORM
  HEAVY RAIN
  LIGHT RAIN
  FOG
  HAZE


RELATIVE HUMIDITY (PERCENT)
 HIGHEST    90          1200 AM
 LOWEST     59           100 PM
 AVERAGE    75

..........................................................


THE MOBILE CLIMATE NORMALS FOR TOMORROW
                         NORMAL    RECORD    YEAR
 MAXIMUM TEMPERATURE (F)   85        94      1961
 MINIMUM TEMPERATURE (F)   65        50      1990


SUNRISE AND SUNSET
SEPTEMBER 24 2017.....SUNRISE   643 AM CDT   SUNSET   647 PM CDT
SEPTEMBER 25 2017.....SUNRISE   643 AM CDT   SUNSET   645 PM CDT


-  INDICATES NEGATIVE NUMBERS.
R  INDICATES RECORD WAS SET OR TIED.
MM INDICATES DATA IS MISSING.
T  INDICATES TRACE AMOUNT.




$$
