000
CDUS44 KMOB 192326
CLIMOB


CLIMATE REPORT
NATIONAL WEATHER SERVICE MOBILE AL
526 PM CST THU JAN 19 2017


...................................

...THE MOBILE CLIMATE SUMMARY FOR JANUARY 19 2017...
VALID TODAY AS OF 0500 PM LOCAL TIME.

CLIMATE NORMAL PERIOD 1981 TO 2010
CLIMATE RECORD PERIOD 1842 TO 2017


WEATHER ITEM   OBSERVED TIME   RECORD YEAR NORMAL DEPARTURE LAST
                VALUE   (LST)  VALUE       VALUE  FROM      YEAR
                                                  NORMAL
..................................................................
TEMPERATURE (F)
 TODAY
  MAXIMUM         76    121 PM  78    1950  61     15       55
  MINIMUM         67    229 AM  12    1977  40     27       30
  AVERAGE         72                        50     22       43

PRECIPITATION (IN)
  TODAY            0.02          3.18 1963   0.19  -0.17     0.00
  MONTH TO DATE    8.87                      3.41   5.46     2.53
  SINCE MAR 1     62.01                     58.79   3.22    77.85
  SINCE JAN 1      8.87                      3.41   5.46     2.53

DEGREE DAYS
 HEATING
  TODAY            0                        15    -15       22
  MONTH TO DATE  144                       285   -141      329
  SINCE DEC 1    419                       689   -270      507
  SINCE JUL 1    553                       947   -394      633

 COOLING
  TODAY            7                         0      7        0
  MONTH TO DATE   40                         0     40        0
  SINCE DEC 1     81                        15     66       71
  SINCE JAN 1     40                         0     40        0
..................................................................


WIND (MPH)
  HIGHEST WIND SPEED    25   HIGHEST WIND DIRECTION     S (190)
  HIGHEST GUST SPEED    33   HIGHEST GUST DIRECTION     S (180)
  AVERAGE WIND SPEED    12.5


SKY COVER
  POSSIBLE SUNSHINE  MM
  AVERAGE SKY COVER 1.0


WEATHER CONDITIONS
 THE FOLLOWING WEATHER WAS RECORDED TODAY.
  LIGHT RAIN
  FOG
  FOG W/VISIBILITY <= 1/4 MILE
  HAZE


RELATIVE HUMIDITY (PERCENT)
 HIGHEST   100          1200 AM
 LOWEST     74          1100 AM
 AVERAGE    87

..........................................................


THE MOBILE CLIMATE NORMALS FOR TOMORROW
                         NORMAL    RECORD    YEAR
 MAXIMUM TEMPERATURE (F)   61        78      1974
 MINIMUM TEMPERATURE (F)   40         9      1985


SUNRISE AND SUNSET
JANUARY 19 2017.......SUNRISE   650 AM CST   SUNSET   518 PM CST
JANUARY 20 2017.......SUNRISE   650 AM CST   SUNSET   519 PM CST


-  INDICATES NEGATIVE NUMBERS.
R  INDICATES RECORD WAS SET OR TIED.
MM INDICATES DATA IS MISSING.
T  INDICATES TRACE AMOUNT.




$$
