087
CDUS44 KMOB 272233
CLIMOB


CLIMATE REPORT
NATIONAL WEATHER SERVICE MOBILE AL
532 PM CDT THU APR 27 2017


...................................

...THE MOBILE CLIMATE SUMMARY FOR APRIL 27 2017...
VALID TODAY AS OF 0500 PM LOCAL TIME.

CLIMATE NORMAL PERIOD 1981 TO 2010
CLIMATE RECORD PERIOD 1842 TO 2017


WEATHER ITEM   OBSERVED TIME   RECORD YEAR NORMAL DEPARTURE LAST
                VALUE   (LST)  VALUE       VALUE  FROM      YEAR
                                                  NORMAL
..................................................................
TEMPERATURE (F)
 TODAY
  MAXIMUM         88    212 PM  89    1989  80      8       83
                                      1987
                                      1905
  MINIMUM         63    555 AM  42    1992  58      5       66
  AVERAGE         76                        69      7       75

PRECIPITATION (IN)
  TODAY            0.05          3.50 1964   0.15  -0.10     0.52
  MONTH TO DATE    3.39                      4.34  -0.95     4.66
  SINCE MAR 1      6.53                     10.48  -3.95    14.82
  SINCE JAN 1     18.74                     21.25  -2.51    24.27

DEGREE DAYS
 HEATING
  TODAY            0                         1     -1        0
  MONTH TO DATE   23                        59    -36       21
  SINCE MAR 1    142                       248   -106      117
  SINCE JUL 1    913                      1690   -777     1215

 COOLING
  TODAY           11                         5      6       10
  MONTH TO DATE  129                        87     42       74
  SINCE MAR 1    224                       126     98      144
  SINCE JAN 1    299                       142    157      158
..................................................................


WIND (MPH)
  HIGHEST WIND SPEED    21   HIGHEST WIND DIRECTION     S (200)
  HIGHEST GUST SPEED    27   HIGHEST GUST DIRECTION     S (200)
  AVERAGE WIND SPEED    11.0


SKY COVER
  POSSIBLE SUNSHINE  MM
  AVERAGE SKY COVER 0.8


WEATHER CONDITIONS
 THE FOLLOWING WEATHER WAS RECORDED TODAY.
  LIGHT RAIN
  FOG
  HAZE


RELATIVE HUMIDITY (PERCENT)
 HIGHEST    87           200 AM
 LOWEST     46           200 PM
 AVERAGE    67

..........................................................


THE MOBILE CLIMATE NORMALS FOR TOMORROW
                         NORMAL    RECORD    YEAR
 MAXIMUM TEMPERATURE (F)   80        91      1971
 MINIMUM TEMPERATURE (F)   59        42      1992


SUNRISE AND SUNSET
APRIL 27 2017.........SUNRISE   613 AM CDT   SUNSET   729 PM CDT
APRIL 28 2017.........SUNRISE   612 AM CDT   SUNSET   730 PM CDT


-  INDICATES NEGATIVE NUMBERS.
R  INDICATES RECORD WAS SET OR TIED.
MM INDICATES DATA IS MISSING.
T  INDICATES TRACE AMOUNT.




$$
