220
CDUS44 KMOB 210635
CLIMOB


CLIMATE REPORT
NATIONAL WEATHER SERVICE MOBILE AL
1225 AM CST SUN JAN 21 2018


...................................

...THE MOBILE CLIMATE SUMMARY FOR JANUARY 20 2018...

CLIMATE NORMAL PERIOD 1981 TO 2010
CLIMATE RECORD PERIOD 1842 TO 2018


WEATHER ITEM   OBSERVED TIME   RECORD YEAR NORMAL DEPARTURE LAST
                VALUE   (LST)  VALUE       VALUE  FROM      YEAR
                                                  NORMAL
..................................................................
TEMPERATURE (F)
 YESTERDAY
  MAXIMUM         67    136 PM  78    1974  61      6       77
  MINIMUM         34   1248 AM   9    1985  40     -6       61
  AVERAGE         51                        50      1       69

PRECIPITATION (IN)
  YESTERDAY        0.00          5.71 2010   0.19  -0.19     0.00
  MONTH TO DATE    2.14                      3.60  -1.46     9.31
  SINCE MAR 1     73.71                     58.98  14.73    62.45
  SINCE JAN 1      2.14                      3.60  -1.46     9.31

SNOWFALL (IN)
  YESTERDAY        0.0          MM      MM   0.0    0.0      0.0
  MONTH TO DATE    0.1                       0.0    0.1      0.0
  SINCE MAR 1      1.1                       0.1    1.0      0.0
  SINCE JUL 1      1.1                       T      1.1      0.0
  SNOW DEPTH       0

DEGREE DAYS
 HEATING
  YESTERDAY       14                        15     -1        0
  MONTH TO DATE  450                       300    150      144
  SINCE DEC 1    834                       704    130      419
  SINCE JUL 1   1050                       962     88      553

 COOLING
  YESTERDAY        0                         0      0        4
  MONTH TO DATE    2                         0      2       42
  SINCE DEC 1     18                        15      3       83
  SINCE JAN 1      2                         0      2       42
..................................................................


WIND (MPH)
  HIGHEST WIND SPEED    16   HIGHEST WIND DIRECTION    SE (130)
  HIGHEST GUST SPEED    20   HIGHEST GUST DIRECTION    SE (120)
  AVERAGE WIND SPEED     6.2


SKY COVER
  POSSIBLE SUNSHINE  MM
  AVERAGE SKY COVER 0.4


WEATHER CONDITIONS
 THE FOLLOWING WEATHER WAS RECORDED YESTERDAY.
  NO SIGNIFICANT WEATHER WAS OBSERVED.


RELATIVE HUMIDITY (PERCENT)
 HIGHEST    83          1100 PM
 LOWEST     39          1100 AM
 AVERAGE    61

..........................................................


THE MOBILE CLIMATE NORMALS FOR TODAY
                         NORMAL    RECORD    YEAR
 MAXIMUM TEMPERATURE (F)   61        78      2012
 MINIMUM TEMPERATURE (F)   40         3      1985


SUNRISE AND SUNSET
JANUARY 21 2018.......SUNRISE   650 AM CST   SUNSET   519 PM CST
JANUARY 22 2018.......SUNRISE   649 AM CST   SUNSET   520 PM CST


-  INDICATES NEGATIVE NUMBERS.
R  INDICATES RECORD WAS SET OR TIED.
MM INDICATES DATA IS MISSING.
T  INDICATES TRACE AMOUNT.




$$
