000
CDUS44 KMOB 280645
CLIMOB


CLIMATE REPORT
NATIONAL WEATHER SERVICE MOBILE AL
145 AM CDT WED SEP 28 2016


...................................

...THE MOBILE CLIMATE SUMMARY FOR SEPTEMBER 27 2016...

CLIMATE NORMAL PERIOD 1981 TO 2010
CLIMATE RECORD PERIOD 1842 TO 2016


WEATHER ITEM   OBSERVED TIME   RECORD YEAR NORMAL DEPARTURE LAST
                VALUE   (LST)  VALUE       VALUE  FROM      YEAR
                                                  NORMAL
..................................................................
TEMPERATURE (F)
 YESTERDAY
  MAXIMUM         89    203 PM  94    1954  84      5       82
  MINIMUM         68    603 AM  50    2001  64      4       70
                                      1975
                                      1899
  AVERAGE         79                        74      5       76

PRECIPITATION (IN)
  YESTERDAY        0.00          7.50 2015   0.16  -0.16     7.50
  MONTH TO DATE    5.24                      4.64   0.60     9.55
  SINCE MAR 1     42.76                     41.03   1.73    50.57
  SINCE JAN 1     52.21                     51.80   0.41    56.62

DEGREE DAYS
 HEATING
  YESTERDAY        0                         0      0        0
  MONTH TO DATE    0                         0      0        0
  SINCE SEP 1      0                         0      0        0
  SINCE JUL 1      0                         0      0        0

 COOLING
  YESTERDAY       14                        10      4       11
  MONTH TO DATE  444                       350     94      346
  SINCE SEP 1    444                       350     94      346
  SINCE JAN 1   2494                      2277    217     2526
..................................................................


WIND (MPH)
  HIGHEST WIND SPEED     8   HIGHEST WIND DIRECTION     S (200)
  HIGHEST GUST SPEED    10   HIGHEST GUST DIRECTION    SW (220)
  AVERAGE WIND SPEED     2.3


SKY COVER
  POSSIBLE SUNSHINE  MM
  AVERAGE SKY COVER 0.4


WEATHER CONDITIONS
 THE FOLLOWING WEATHER WAS RECORDED YESTERDAY.
  THUNDERSTORM
  FOG


RELATIVE HUMIDITY (PERCENT)
 HIGHEST   100           300 AM
 LOWEST     59           100 PM
 AVERAGE    80

..........................................................


THE MOBILE CLIMATE NORMALS FOR TODAY
                         NORMAL    RECORD    YEAR
 MAXIMUM TEMPERATURE (F)   84        94      1953
 MINIMUM TEMPERATURE (F)   64        48      1967


SUNRISE AND SUNSET
SEPTEMBER 28 2016.....SUNRISE   645 AM CDT   SUNSET   641 PM CDT
SEPTEMBER 29 2016.....SUNRISE   646 AM CDT   SUNSET   640 PM CDT


-  INDICATES NEGATIVE NUMBERS.
R  INDICATES RECORD WAS SET OR TIED.
MM INDICATES DATA IS MISSING.
T  INDICATES TRACE AMOUNT.




$$
