000
CDUS44 KMOB 210645
CLIMOB


CLIMATE REPORT
NATIONAL WEATHER SERVICE MOBILE AL
1245 AM CST TUE FEB 21 2017


...................................

...THE MOBILE CLIMATE SUMMARY FOR FEBRUARY 20 2017...

CLIMATE NORMAL PERIOD 1981 TO 2010
CLIMATE RECORD PERIOD 1842 TO 2017


WEATHER ITEM   OBSERVED TIME   RECORD YEAR NORMAL DEPARTURE LAST
                VALUE   (LST)  VALUE       VALUE  FROM      YEAR
                                                  NORMAL
..................................................................
TEMPERATURE (F)
 YESTERDAY
  MAXIMUM         79R   326 PM  79    1981  66     13       76
  MINIMUM         53    201 AM  26    2015  44      9       52
                                      1958
  AVERAGE         66                        55     11       64

PRECIPITATION (IN)
  YESTERDAY        0.00          2.01 1971   0.17  -0.17     0.00
  MONTH TO DATE    0.85                      3.63  -2.78     2.66
  SINCE MAR 1     64.92                     64.66   0.26    84.27
  SINCE JAN 1     11.78                      9.28   2.50     8.95

SNOWFALL (IN)
  YESTERDAY        0.0          MM      MM   0.0    0.0      0.0
  MONTH TO DATE    0.0                       0.1   -0.1      0.0
  SINCE MAR 1      0.0                       0.2   -0.2      0.0
  SINCE JUL 1      0.0                       0.1   -0.1      0.0
  SNOW DEPTH       0

DEGREE DAYS
 HEATING
  YESTERDAY        0                        10    -10        1
  MONTH TO DATE  104                       246   -142      233
  SINCE DEC 1    618                      1109   -491      896
  SINCE JUL 1    752                      1367   -615     1022

 COOLING
  YESTERDAY        1                         0      1        0
  MONTH TO DATE   18                         0     18        8
  SINCE DEC 1    105                        22     83       79
  SINCE JAN 1     64                         7     57        8
..................................................................


WIND (MPH)
  HIGHEST WIND SPEED    17   HIGHEST WIND DIRECTION    SE (130)
  HIGHEST GUST SPEED    22   HIGHEST GUST DIRECTION    SE (120)
  AVERAGE WIND SPEED     9.5


SKY COVER
  POSSIBLE SUNSHINE  MM
  AVERAGE SKY COVER 0.6


WEATHER CONDITIONS
 THE FOLLOWING WEATHER WAS RECORDED YESTERDAY.
  FOG
  FOG W/VISIBILITY <= 1/4 MILE


RELATIVE HUMIDITY (PERCENT)
 HIGHEST   100           400 AM
 LOWEST     45           300 PM
 AVERAGE    73

..........................................................


THE MOBILE CLIMATE NORMALS FOR TODAY
                         NORMAL    RECORD    YEAR
 MAXIMUM TEMPERATURE (F)   66        79      2005
 MINIMUM TEMPERATURE (F)   45        28      1978


SUNRISE AND SUNSET
FEBRUARY 21 2017......SUNRISE   628 AM CST   SUNSET   546 PM CST
FEBRUARY 22 2017......SUNRISE   627 AM CST   SUNSET   547 PM CST


-  INDICATES NEGATIVE NUMBERS.
R  INDICATES RECORD WAS SET OR TIED.
MM INDICATES DATA IS MISSING.
T  INDICATES TRACE AMOUNT.




$$
