000
CDUS44 KMOB 060645
CLIMOB


CLIMATE REPORT
NATIONAL WEATHER SERVICE MOBILE AL
1245 AM CST FRI MAR 6 2015


...................................

...THE MOBILE CLIMATE SUMMARY FOR MARCH 5 2015...

CLIMATE NORMAL PERIOD 1981 TO 2010
CLIMATE RECORD PERIOD 1842 TO 2015


WEATHER ITEM   OBSERVED TIME   RECORD YEAR NORMAL DEPARTURE LAST
                VALUE   (LST)  VALUE       VALUE  FROM      YEAR
                                                  NORMAL
..................................................................
TEMPERATURE (F)
 YESTERDAY
  MAXIMUM         70    311 AM  82    1910  69      1       57
                                      1880
  MINIMUM         30   1159 PM  22    2002  47    -17       38
  AVERAGE         50                        58     -8       48

PRECIPITATION (IN)
  YESTERDAY        T             6.41 1935   0.20  -0.20     0.06
  MONTH TO DATE    0.58                      1.00  -0.42     0.37
  SINCE MAR 1      0.58                      1.00  -0.42     0.37
  SINCE JAN 1      6.63                     11.77  -5.14     7.49

SNOWFALL (IN)
  YESTERDAY       MM            MM      MM   0.0   MM        0.0
  MONTH TO DATE    0.0                       0.0    0.0      0.0
  SINCE MAR 1      0.0                       0.0    0.0      0.0
  SINCE JUL 1      T                         0.1   -0.1      1.3
  SNOW DEPTH       0

DEGREE DAYS
 HEATING
  YESTERDAY       15                         8      7       17
  MONTH TO DATE   29                        41    -12       70
  SINCE MAR 1     29                        41    -12       70
  SINCE JUL 1   1731                      1483    248     1773

 COOLING
  YESTERDAY        0                         1     -1        0
  MONTH TO DATE    9                         5      4        0
  SINCE MAR 1      9                         5      4        0
  SINCE JAN 1     13                        21     -8       12
..................................................................


WIND (MPH)
  HIGHEST WIND SPEED    31   HIGHEST WIND DIRECTION     N (340)
  HIGHEST GUST SPEED    39   HIGHEST GUST DIRECTION     N (350)
  AVERAGE WIND SPEED    17.3


SKY COVER
  POSSIBLE SUNSHINE  MM
  AVERAGE SKY COVER 0.9


WEATHER CONDITIONS
 THE FOLLOWING WEATHER WAS RECORDED YESTERDAY.
  LIGHT RAIN
  FOG


RELATIVE HUMIDITY (PERCENT)
 HIGHEST   100          1200 AM
 LOWEST     69          1000 PM
 AVERAGE    85

..........................................................


THE MOBILE CLIMATE NORMALS FOR TODAY
                         NORMAL    RECORD    YEAR
 MAXIMUM TEMPERATURE (F)   69        83      2004
                                             1955
                                             1910
 MINIMUM TEMPERATURE (F)   47        26      1960


SUNRISE AND SUNSET
MARCH  6 2015.........SUNRISE   614 AM CST   SUNSET   555 PM CST
MARCH  7 2015.........SUNRISE   613 AM CST   SUNSET   556 PM CST


-  INDICATES NEGATIVE NUMBERS.
R  INDICATES RECORD WAS SET OR TIED.
MM INDICATES DATA IS MISSING.
T  INDICATES TRACE AMOUNT.




$$
