000
CDUS44 KMOB 010628
CLIMOB


CLIMATE REPORT
NATIONAL WEATHER SERVICE MOBILE AL
127 AM CDT WED OCT 1 2014


...................................

...THE MOBILE CLIMATE SUMMARY FOR SEPTEMBER 30 2014...

CLIMATE NORMAL PERIOD 1981 TO 2010
CLIMATE RECORD PERIOD 1842 TO 2014


WEATHER ITEM   OBSERVED TIME   RECORD YEAR NORMAL DEPARTURE LAST
                VALUE   (LST)  VALUE       VALUE  FROM      YEAR
                                                  NORMAL
..................................................................
TEMPERATURE (F)
 YESTERDAY
  MAXIMUM         83    342 PM  93    1933  84     -1       83
  MINIMUM         68    412 AM  45    1967  63      5       68
  AVERAGE         76                        73      3       76

PRECIPITATION (IN)
  YESTERDAY        0.00          5.40 1965   0.15  -0.15     0.02
  MONTH TO DATE    5.53                      5.11   0.42     4.59
  SINCE MAR 1     55.81                     41.50  14.31    42.11
  SINCE JAN 1     62.93                     52.27  10.66    56.29

DEGREE DAYS
 HEATING
  YESTERDAY        0                         0      0        0
  MONTH TO DATE    0                         0      0        0
  SINCE SEP 1      0                         2     -2        0
  SINCE JUL 1      0                         2     -2        0

 COOLING
  YESTERDAY       11                         9      2       11
  MONTH TO DATE  414                       377     37      450
  SINCE SEP 1    414                       377     37      450
  SINCE JAN 1   2162                      2304   -142     2280
..................................................................


WIND (MPH)
  HIGHEST WIND SPEED    10   HIGHEST WIND DIRECTION    NE (40)
  HIGHEST GUST SPEED    13   HIGHEST GUST DIRECTION    NE (30)
  AVERAGE WIND SPEED     4.6


SKY COVER
  POSSIBLE SUNSHINE  MM
  AVERAGE SKY COVER 0.4


WEATHER CONDITIONS
 THE FOLLOWING WEATHER WAS RECORDED YESTERDAY.
  FOG
  HAZE


RELATIVE HUMIDITY (PERCENT)
 HIGHEST   100           200 AM
 LOWEST     65           300 PM
 AVERAGE    83

..........................................................


THE MOBILE CLIMATE NORMALS FOR TODAY
                         NORMAL    RECORD    YEAR
 MAXIMUM TEMPERATURE (F)   83        92      1954
                                             1933
                                             1923
 MINIMUM TEMPERATURE (F)   63        45      1920


SUNRISE AND SUNSET
OCTOBER  1 2014.......SUNRISE   647 AM CDT   SUNSET   638 PM CDT
OCTOBER  2 2014.......SUNRISE   647 AM CDT   SUNSET   637 PM CDT


-  INDICATES NEGATIVE NUMBERS.
R  INDICATES RECORD WAS SET OR TIED.
MM INDICATES DATA IS MISSING.
T  INDICATES TRACE AMOUNT.




$$
