262
CDUS46 KSTO 270835
CLIMOD


CLIMATE REPORT
NATIONAL WEATHER SERVICE SACRAMENTO, CA
135 AM PDT FRI MAY 27 2016


...................................

...THE MODESTO CA CLIMATE SUMMARY FOR MAY 26 2016...

CLIMATE NORMAL PERIOD 1981 TO 2010
CLIMATE RECORD PERIOD 1931 TO 2016


WEATHER ITEM   OBSERVED TIME   RECORD YEAR NORMAL DEPARTURE LAST
                VALUE   (LST)  VALUE       VALUE  FROM      YEAR
                                                  NORMAL
..................................................................
TEMPERATURE (F)
 YESTERDAY
  MAXIMUM         86    533 PM 102    1951  85      1       83
  MINIMUM         55    505 AM  43    1962  57     -2       53
  AVERAGE         71

PRECIPITATION (IN)
  YESTERDAY        0.00          0.36 1946   0.02  -0.02     0.00
  MONTH TO DATE    0.25                      0.56  -0.31     0.27
  SINCE OCT 1     15.61                     12.64   2.97    10.25
  SINCE JAN 1     11.20                      8.56   2.64     2.85

SNOWFALL (IN)
  YESTERDAY        0.0          MM      MM
  MONTH TO DATE    0.0
  SINCE MAR 1      0.0
  SINCE JUL 1      0.0
  SNOW DEPTH       0

DEGREE DAYS
 HEATING
  YESTERDAY        0                         1     -1        0
  MONTH TO DATE   16                        33    -17       23
  SINCE MAR 1    242                       399   -157      200
  SINCE JUL 1   1834                      2167   -333     1612

 COOLING
  YESTERDAY        6                         6      0        3
  MONTH TO DATE  127                       120      7       57
  SINCE MAR 1    181                       164     17      140
  SINCE JAN 1    181                       164     17      140
..................................................................


WIND (MPH)
  RESULTANT WIND SPEED   4   RESULTANT WIND DIRECTION  NW (330)
  HIGHEST WIND SPEED    20   HIGHEST WIND DIRECTION    NW (300)
  HIGHEST GUST SPEED    22   HIGHEST GUST DIRECTION     W (290)


SKY COVER
  POSSIBLE SUNSHINE  MM
  AVERAGE SKY COVER 0.0


WEATHER CONDITIONS
 THE FOLLOWING WEATHER WAS RECORDED YESTERDAY.
  NO SIGNIFICANT WEATHER WAS OBSERVED.


RELATIVE HUMIDITY (PERCENT)
 HIGHEST    77           400 AM
 LOWEST     27           500 PM
 AVERAGE    52

..........................................................


THE MODESTO CA CLIMATE NORMALS FOR TODAY
                         NORMAL    RECORD    YEAR
 MAXIMUM TEMPERATURE (F)   85       100      1984
 MINIMUM TEMPERATURE (F)   57        46      1961


SUNRISE AND SUNSET
MAY 27 2016...........SUNRISE   546 AM PDT   SUNSET   817 PM PDT
MAY 28 2016...........SUNRISE   545 AM PDT   SUNSET   817 PM PDT


-  INDICATES NEGATIVE NUMBERS.
R  INDICATES RECORD WAS SET OR TIED.
MM INDICATES DATA IS MISSING.
T  INDICATES TRACE AMOUNT.




$$
