000
CDUS46 KSTO 180042
CLIMOD


CLIMATE REPORT
NATIONAL WEATHER SERVICE SACRAMENTO, CA
441 PM PST FRI FEB 17 2017


...................................

...THE MODESTO CA CLIMATE SUMMARY FOR FEBRUARY 17 2017...
VALID TODAY AS OF 0400 PM LOCAL TIME.

CLIMATE NORMAL PERIOD 1981 TO 2010
CLIMATE RECORD PERIOD 1931 TO 2017


WEATHER ITEM   OBSERVED TIME   RECORD YEAR NORMAL DEPARTURE LAST
                VALUE   (LST)  VALUE       VALUE  FROM      YEAR
                                                  NORMAL
..................................................................
TEMPERATURE (F)
 TODAY
  MAXIMUM         59    115 PM  74    1977  64     -5       73
  MINIMUM         54   1133 AM  29    1938  44     10       51
  AVERAGE         57

PRECIPITATION (IN)
  TODAY            0.25          0.74 2011   0.09   0.16     0.48
  MONTH TO DATE    2.32                      1.47   0.85     0.48
  SINCE OCT 1     12.87                      8.16   4.71     9.92
  SINCE JAN 1      7.84                      4.08   3.76     5.51

SNOWFALL (IN)
  TODAY            0.0          MM      MM
  MONTH TO DATE    0.0
  SINCE DEC 1      0.0
  SINCE JUL 1      0.0

DEGREE DAYS
 HEATING
  TODAY            8                        11     -3        3
  MONTH TO DATE  133                       223    -90      169
  SINCE DEC 1   1151                      1294   -143     1128
  SINCE JUL 1   1364                      1655   -291     1499

 COOLING
  TODAY            0                         0      0        0
  MONTH TO DATE    0                         0      0        0
  SINCE DEC 1      0                         0      0        0
  SINCE JAN 1      0                         0      0        0
..................................................................


WIND (MPH)
  RESULTANT WIND SPEED  16   RESULTANT WIND DIRECTION  SE (130)
  HIGHEST WIND SPEED    35   HIGHEST WIND DIRECTION    SE (130)
  HIGHEST GUST SPEED    50   HIGHEST GUST DIRECTION    SE (120)


SKY COVER
  POSSIBLE SUNSHINE  MM
  AVERAGE SKY COVER 0.9


WEATHER CONDITIONS
 THE FOLLOWING WEATHER WAS RECORDED TODAY.
  LIGHT RAIN


RELATIVE HUMIDITY (PERCENT)
 HIGHEST    89           600 AM
 LOWEST     77          1200 AM
 AVERAGE    83

..........................................................


THE MODESTO CA CLIMATE NORMALS FOR TOMORROW
                         NORMAL    RECORD    YEAR
 MAXIMUM TEMPERATURE (F)   64        79      1977
 MINIMUM TEMPERATURE (F)   44        29      1956


SUNRISE AND SUNSET
FEBRUARY 17 2017......SUNRISE   650 AM PST   SUNSET   546 PM PST
FEBRUARY 18 2017......SUNRISE   649 AM PST   SUNSET   547 PM PST


-  INDICATES NEGATIVE NUMBERS.
R  INDICATES RECORD WAS SET OR TIED.
MM INDICATES DATA IS MISSING.
T  INDICATES TRACE AMOUNT.




$$
