000
CDUS46 KSTO 220841
CLIMOD


CLIMATE REPORT
NATIONAL WEATHER SERVICE SACRAMENTO, CA
1241 AM PST MON JAN 22 2018


...................................

...THE MODESTO CA CLIMATE SUMMARY FOR JANUARY 21 2018...

CLIMATE NORMAL PERIOD 1981 TO 2010
CLIMATE RECORD PERIOD 1931 TO 2018


WEATHER ITEM   OBSERVED TIME   RECORD YEAR NORMAL DEPARTURE LAST
                VALUE   (LST)  VALUE       VALUE  FROM      YEAR
                                                  NORMAL
..................................................................
TEMPERATURE (F)
 YESTERDAY
  MAXIMUM         56    344 PM  68    1950  56      0       55
  MINIMUM         32    608 AM  21    1937  40     -8       44
  AVERAGE         44

PRECIPITATION (IN)
  YESTERDAY        0.00          1.74 1967   0.08  -0.08     0.17
  MONTH TO DATE    2.35                      1.74   0.61     5.20
  SINCE OCT 1      3.38                      5.82  -2.44    10.23
  SINCE JAN 1      2.35                      1.74   0.61     5.20

SNOWFALL (IN)
  YESTERDAY        0.0           0.0  2002
  MONTH TO DATE    0.0
  SINCE DEC 1      0.0
  SINCE JUL 1      0.0
  SNOW DEPTH       0

DEGREE DAYS
 HEATING
  YESTERDAY       21                        17      4       15
  MONTH TO DATE  266                       374   -108      335
  SINCE DEC 1    791                       910   -119      851
  SINCE JUL 1   1058                      1271   -213     1064

 COOLING
  YESTERDAY        0                         0      0        0
  MONTH TO DATE    0                         0      0        0
  SINCE DEC 1      0                         0      0        0
  SINCE JAN 1      0                         0      0        0
..................................................................


WIND (MPH)
  RESULTANT WIND SPEED   3   RESULTANT WIND DIRECTION   E (110)
  HIGHEST WIND SPEED     9   HIGHEST WIND DIRECTION     E (90)
  HIGHEST GUST SPEED    12   HIGHEST GUST DIRECTION     E (100)


SKY COVER
  POSSIBLE SUNSHINE  MM
  AVERAGE SKY COVER 0.1


WEATHER CONDITIONS
 THE FOLLOWING WEATHER WAS RECORDED YESTERDAY.
  FOG


RELATIVE HUMIDITY (PERCENT)
 HIGHEST   100           400 AM
 LOWEST     51           200 PM
 AVERAGE    76

..........................................................


THE MODESTO CA CLIMATE NORMALS FOR TODAY
                         NORMAL    RECORD    YEAR
 MAXIMUM TEMPERATURE (F)   56        70      1970
 MINIMUM TEMPERATURE (F)   40        22      1937


SUNRISE AND SUNSET
JANUARY 22 2018.......SUNRISE   714 AM PST   SUNSET   517 PM PST
JANUARY 23 2018.......SUNRISE   714 AM PST   SUNSET   518 PM PST


-  INDICATES NEGATIVE NUMBERS.
R  INDICATES RECORD WAS SET OR TIED.
MM INDICATES DATA IS MISSING.
T  INDICATES TRACE AMOUNT.




$$
