000
CDUS46 KSTO 300840
CLIMOD


CLIMATE REPORT
NATIONAL WEATHER SERVICE SACRAMENTO, CA
139 AM PDT MON MAR 30 2015


...................................

...THE MODESTO CA CLIMATE SUMMARY FOR MARCH 29 2015...

CLIMATE NORMAL PERIOD 1981 TO 2010
CLIMATE RECORD PERIOD 1931 TO 2015


WEATHER ITEM   OBSERVED TIME   RECORD YEAR NORMAL DEPARTURE LAST
                VALUE   (LST)  VALUE       VALUE  FROM      YEAR
                                                  NORMAL
..................................................................
TEMPERATURE (F)
 YESTERDAY
  MAXIMUM         85R   411 PM  85    2004  71     14       68
                                      1968
  MINIMUM         50    601 AM  35    1967  47      3       51
  AVERAGE         68

PRECIPITATION (IN)
  YESTERDAY        0.00          0.51 2014   0.05  -0.05     0.51
  MONTH TO DATE    0.19                      1.95  -1.76     1.58
  SINCE OCT 1      9.35                     11.02  -1.67     5.86
  SINCE JAN 1      1.95                      6.94  -4.99     4.50

SNOWFALL (IN)
  YESTERDAY        0.0          MM      MM
  MONTH TO DATE    0.0
  SINCE MAR 1      0.0
  SINCE JUL 1      0.0
  SNOW DEPTH       0

DEGREE DAYS
 HEATING
  YESTERDAY        0                         6     -6        5
  MONTH TO DATE   94                       225   -131      137
  SINCE MAR 1     94                       225   -131      137
  SINCE JUL 1   1506                      1993   -487     1835

 COOLING
  YESTERDAY        3                         0      3        0
  MONTH TO DATE   30                         0     30        0
  SINCE MAR 1     30                         0     30        0
  SINCE JAN 1     30                         0     30        0
..................................................................


WIND (MPH)
  RESULTANT WIND SPEED   5   RESULTANT WIND DIRECTION  NW (320)
  HIGHEST WIND SPEED    16   HIGHEST WIND DIRECTION     W (290)
  HIGHEST GUST SPEED    24   HIGHEST GUST DIRECTION    NW (300)


SKY COVER
  POSSIBLE SUNSHINE  MM
  AVERAGE SKY COVER 0.0


WEATHER CONDITIONS
 THE FOLLOWING WEATHER WAS RECORDED YESTERDAY.
  NO SIGNIFICANT WEATHER WAS OBSERVED.


RELATIVE HUMIDITY (PERCENT)
 HIGHEST    80           600 AM
 LOWEST     17           300 PM
 AVERAGE    49

..........................................................


THE MODESTO CA CLIMATE NORMALS FOR TODAY
                         NORMAL    RECORD    YEAR
 MAXIMUM TEMPERATURE (F)   71        84      1968
 MINIMUM TEMPERATURE (F)   47        32      1938


SUNRISE AND SUNSET
MARCH 30 2015.........SUNRISE   652 AM PDT   SUNSET   725 PM PDT
MARCH 31 2015.........SUNRISE   651 AM PDT   SUNSET   726 PM PDT


-  INDICATES NEGATIVE NUMBERS.
R  INDICATES RECORD WAS SET OR TIED.
MM INDICATES DATA IS MISSING.
T  INDICATES TRACE AMOUNT.




$$
