000
CDUS46 KSTO 240836
CLIMOD


CLIMATE REPORT
NATIONAL WEATHER SERVICE SACRAMENTO, CA
1236 AM PST TUE JAN 24 2017


...................................

...THE MODESTO CA CLIMATE SUMMARY FOR JANUARY 23 2017...

CLIMATE NORMAL PERIOD 1981 TO 2010
CLIMATE RECORD PERIOD 1931 TO 2017


WEATHER ITEM   OBSERVED TIME   RECORD YEAR NORMAL DEPARTURE LAST
                VALUE   (LST)  VALUE       VALUE  FROM      YEAR
                                                  NORMAL
..................................................................
TEMPERATURE (F)
 YESTERDAY
  MAXIMUM         55    135 PM  69    1959  57     -2       63
  MINIMUM         38   1156 PM  21    1937  41     -3       45
  AVERAGE         47

PRECIPITATION (IN)
  YESTERDAY        0.01          1.16 2000   0.08  -0.07     0.11
  MONTH TO DATE    5.52                      1.91   3.61     4.65
  SINCE OCT 1     10.55                      5.99   4.56     9.06
  SINCE JAN 1      5.52                      1.91   3.61     4.65

SNOWFALL (IN)
  YESTERDAY        0.0           0.0  2002
  MONTH TO DATE    0.0
  SINCE DEC 1      0.0
  SINCE JUL 1      0.0
  SNOW DEPTH       0

DEGREE DAYS
 HEATING
  YESTERDAY       18                        17      1       11
  MONTH TO DATE  366                       408    -42      318
  SINCE DEC 1    882                       944    -62      855
  SINCE JUL 1   1095                      1305   -210     1226

 COOLING
  YESTERDAY        0                         0      0        0
  MONTH TO DATE    0                         0      0        0
  SINCE DEC 1      0                         0      0        0
  SINCE JAN 1      0                         0      0        0
..................................................................


WIND (MPH)
  RESULTANT WIND SPEED   2   RESULTANT WIND DIRECTION  SE (130)
  HIGHEST WIND SPEED    16   HIGHEST WIND DIRECTION     W (280)
  HIGHEST GUST SPEED    20   HIGHEST GUST DIRECTION     W (290)


SKY COVER
  POSSIBLE SUNSHINE  MM
  AVERAGE SKY COVER 0.6


WEATHER CONDITIONS
 THE FOLLOWING WEATHER WAS RECORDED YESTERDAY.
  LIGHT RAIN


RELATIVE HUMIDITY (PERCENT)
 HIGHEST    92          1000 PM
 LOWEST     54           100 PM
 AVERAGE    73

..........................................................


THE MODESTO CA CLIMATE NORMALS FOR TODAY
                         NORMAL    RECORD    YEAR
 MAXIMUM TEMPERATURE (F)   57        73      2014
 MINIMUM TEMPERATURE (F)   41        21      1937


SUNRISE AND SUNSET
JANUARY 24 2017.......SUNRISE   713 AM PST   SUNSET   519 PM PST
JANUARY 25 2017.......SUNRISE   712 AM PST   SUNSET   520 PM PST


-  INDICATES NEGATIVE NUMBERS.
R  INDICATES RECORD WAS SET OR TIED.
MM INDICATES DATA IS MISSING.
T  INDICATES TRACE AMOUNT.




$$
