000
CDUS46 KSTO 270845
CLIMOD


CLIMATE REPORT
NATIONAL WEATHER SERVICE SACRAMENTO, CA
145 AM PDT THU APR 27 2017


...................................

...THE MODESTO CA CLIMATE SUMMARY FOR APRIL 26 2017...

CLIMATE NORMAL PERIOD 1981 TO 2010
CLIMATE RECORD PERIOD 1931 TO 2017


WEATHER ITEM   OBSERVED TIME   RECORD YEAR NORMAL DEPARTURE LAST
                VALUE   (LST)  VALUE       VALUE  FROM      YEAR
                                                  NORMAL
..................................................................
TEMPERATURE (F)
 YESTERDAY
  MAXIMUM         72    316 PM  96    2004  78     -6       75
  MINIMUM         57    358 AM  38    1943  51      6       49
  AVERAGE         65

PRECIPITATION (IN)
  YESTERDAY        T             0.81 1956   0.03  -0.03     0.00
  MONTH TO DATE    1.48                      0.87   0.61     1.54
  SINCE OCT 1     16.78                     11.98   4.80    15.33
  SINCE JAN 1     11.75                      7.90   3.85    10.92

SNOWFALL (IN)
  YESTERDAY        0.0          MM      MM
  MONTH TO DATE    0.0
  SINCE MAR 1      0.0
  SINCE JUL 1      0.0
  SNOW DEPTH       0

DEGREE DAYS
 HEATING
  YESTERDAY        0                         3     -3        3
  MONTH TO DATE   90                       120    -30       45
  SINCE MAR 1    270                       357    -87      220
  SINCE JUL 1   1786                      2125   -339     1812

 COOLING
  YESTERDAY        0                         2     -2        0
  MONTH TO DATE    4                        29    -25       45
  SINCE MAR 1     10                        34    -24       45
  SINCE JAN 1     10                        34    -24       45
..................................................................


WIND (MPH)
  RESULTANT WIND SPEED   4   RESULTANT WIND DIRECTION   N (340)
  HIGHEST WIND SPEED    13   HIGHEST WIND DIRECTION    NW (310)
  HIGHEST GUST SPEED    16   HIGHEST GUST DIRECTION    NW (320)


SKY COVER
  POSSIBLE SUNSHINE  MM
  AVERAGE SKY COVER 0.9


WEATHER CONDITIONS
 THE FOLLOWING WEATHER WAS RECORDED YESTERDAY.
  LIGHT RAIN
  FOG
  HAZE


RELATIVE HUMIDITY (PERCENT)
 HIGHEST    80           200 AM
 LOWEST     61           200 PM
 AVERAGE    71

..........................................................


THE MODESTO CA CLIMATE NORMALS FOR TODAY
                         NORMAL    RECORD    YEAR
 MAXIMUM TEMPERATURE (F)   78        98      2004
 MINIMUM TEMPERATURE (F)   51        36      1970


SUNRISE AND SUNSET
APRIL 27 2017.........SUNRISE   613 AM PDT   SUNSET   751 PM PDT
APRIL 28 2017.........SUNRISE   611 AM PDT   SUNSET   752 PM PDT


-  INDICATES NEGATIVE NUMBERS.
R  INDICATES RECORD WAS SET OR TIED.
MM INDICATES DATA IS MISSING.
T  INDICATES TRACE AMOUNT.




$$
