000
CDUS43 KBIS 260841
CLIMOT


CLIMATE REPORT
NATIONAL WEATHER SERVICE BISMARCK ND
240 AM CST SUN FEB 26 2017


...................................

...THE MINOT ND CLIMATE SUMMARY FOR FEBRUARY 25 2017...

CLIMATE NORMAL PERIOD 1981 TO 2010
CLIMATE RECORD PERIOD 1897 TO 2017


WEATHER ITEM   OBSERVED TIME   RECORD YEAR NORMAL DEPARTURE LAST
                VALUE   (LST)  VALUE       VALUE  FROM      YEAR
                                                  NORMAL
..................................................................
TEMPERATURE (F)
 YESTERDAY
  MAXIMUM         26    245 AM  66    1958  28     -2       38
  MINIMUM          8   1159 PM -28    1919  12     -4       27
  AVERAGE         17                        20     -3       33

PRECIPITATION (IN)
  YESTERDAY        0.02          0.67 1998   0.02   0.00     0.00
  MONTH TO DATE    0.04                      0.35  -0.31     0.37
  SINCE DEC 1      0.73                      1.24  -0.51     0.89
  SINCE JAN 1      0.11                      0.86  -0.75     0.58

DEGREE DAYS
 HEATING
  YESTERDAY       48                        45      3       32
  MONTH TO DATE 1039                      1212   -173      924
  SINCE DEC 1   4255                      4386   -131     3607
  SINCE JUL 1   5770                      6444   -674     5308
..................................................................


WIND (MPH)
  HIGHEST WIND SPEED    20   HIGHEST WIND DIRECTION     W (290)
  HIGHEST GUST SPEED    22   HIGHEST GUST DIRECTION     W (290)
  AVERAGE WIND SPEED    10.3


SKY COVER
  POSSIBLE SUNSHINE  MM
  AVERAGE SKY COVER 0.9


WEATHER CONDITIONS
 THE FOLLOWING WEATHER WAS RECORDED YESTERDAY.
  SNOW
  LIGHT SNOW
  FOG
  HAZE


RELATIVE HUMIDITY (PERCENT)
 HIGHEST    92           600 AM
 LOWEST     74          1200 AM
 AVERAGE    83

..........................................................


THE MINOT ND CLIMATE NORMALS FOR TODAY
                         NORMAL    RECORD    YEAR
 MAXIMUM TEMPERATURE (F)   29        57      2016
 MINIMUM TEMPERATURE (F)   12       -34      1919


SUNRISE AND SUNSET
FEBRUARY 26 2017......SUNRISE   731 AM CST   SUNSET   625 PM CST
FEBRUARY 27 2017......SUNRISE   730 AM CST   SUNSET   627 PM CST


-  INDICATES NEGATIVE NUMBERS.
R  INDICATES RECORD WAS SET OR TIED.
MM INDICATES DATA IS MISSING.
T  INDICATES TRACE AMOUNT.




$$
