000
CDUS43 KBIS 250101
CLIMOT


CLIMATE REPORT
NATIONAL WEATHER SERVICE BISMARCK ND
800 PM CDT SAT JUN 24 2017


...................................

...THE MINOT ND CLIMATE SUMMARY FOR JUNE 24 2017...
VALID TODAY AS OF 0800 PM LOCAL TIME.

CLIMATE NORMAL PERIOD 1981 TO 2010
CLIMATE RECORD PERIOD 1897 TO 2017


WEATHER ITEM   OBSERVED TIME   RECORD YEAR NORMAL DEPARTURE LAST
                VALUE   (LST)  VALUE       VALUE  FROM      YEAR
                                                  NORMAL
..................................................................
TEMPERATURE (F)
 TODAY
  MAXIMUM         62    452 PM 102    1936  77    -15       91
  MINIMUM         44    453 AM  35    1902  55    -11       54
  AVERAGE         53                        66    -13       73

PRECIPITATION (IN)
  TODAY            0.00          0.68 1953   0.11  -0.11     0.28
  MONTH TO DATE    1.23                      2.89  -1.66     2.71
  SINCE JUN 1      1.23                      2.89  -1.66     2.71
  SINCE JAN 1      2.59                      8.28  -5.69     7.86

DEGREE DAYS
 HEATING
  TODAY           12                         2     10        0
  MONTH TO DATE   38                        96    -58       13
  SINCE JUN 1     38                        96    -58       13
  SINCE JUL 1   7990                      8791   -801     6969

 COOLING
  TODAY            0                         3     -3        8
  MONTH TO DATE   79                        51     28      108
  SINCE JUN 1     79                        51     28      108
  SINCE JAN 1     82                        67     15      148
..................................................................


WIND (MPH)
  RESULTANT WIND SPEED  16   RESULTANT WIND DIRECTION  NW (310)
  HIGHEST WIND SPEED    26   HIGHEST WIND DIRECTION    NW (310)
  HIGHEST GUST SPEED    34   HIGHEST GUST DIRECTION    NW (320)
  AVERAGE WIND SPEED    16.9


SKY COVER
  POSSIBLE SUNSHINE  MM
  AVERAGE SKY COVER 0.8


WEATHER CONDITIONS
 THE FOLLOWING WEATHER WAS RECORDED TODAY.
  NO SIGNIFICANT WEATHER WAS OBSERVED.


RELATIVE HUMIDITY (PERCENT)
 HIGHEST    89           400 AM
 LOWEST     47           300 PM
 AVERAGE    68

..........................................................


THE MINOT ND CLIMATE NORMALS FOR TOMORROW
                         NORMAL    RECORD    YEAR
 MAXIMUM TEMPERATURE (F)   78        97      1936
 MINIMUM TEMPERATURE (F)   55        37      1902


SUNRISE AND SUNSET
JUNE 24 2017..........SUNRISE   545 AM CDT   SUNSET   950 PM CDT
JUNE 25 2017..........SUNRISE   546 AM CDT   SUNSET   950 PM CDT


-  INDICATES NEGATIVE NUMBERS.
R  INDICATES RECORD WAS SET OR TIED.
MM INDICATES DATA IS MISSING.
T  INDICATES TRACE AMOUNT.




$$
