000
CDUS43 KBIS 310734
CLIMOT


CLIMATE REPORT
NATIONAL WEATHER SERVICE BISMARCK ND
233 AM CDT SUN AUG 31 2014


...................................

...THE MINOT ND CLIMATE SUMMARY FOR AUGUST 30 2014...

CLIMATE NORMAL PERIOD 1981 TO 2010
CLIMATE RECORD PERIOD 1905 TO 2014


WEATHER ITEM   OBSERVED TIME   RECORD YEAR NORMAL DEPARTURE LAST
                VALUE   (LST)  VALUE       VALUE  FROM      YEAR
                                                  NORMAL
..................................................................
TEMPERATURE (F)
 YESTERDAY
  MAXIMUM         75    400 PM  99    1929  77     -2       89
  MINIMUM         45        MM  34    1935  52     -7       64
  AVERAGE         60                        65     -5       77

PRECIPITATION (IN)
  YESTERDAY        0.14          0.85 2002   0.06   0.08     0.00
  MONTH TO DATE    2.98                      1.98   1.00     2.77
  SINCE JUN 1     10.04                      7.99   2.05    11.81
  SINCE JAN 1     13.85                     13.38   0.47    20.18

DEGREE DAYS
 COOLING
  YESTERDAY        0                         3     -3       12
  MONTH TO DATE  133                       149    -16      169
  SINCE JUN 1    264                       391   -127      356
  SINCE JAN 1    305                       407   -102      366
..................................................................


WIND (MPH)
  HIGHEST WIND SPEED    16   HIGHEST WIND DIRECTION    SE (130)
  HIGHEST GUST SPEED    24   HIGHEST GUST DIRECTION    SE (150)
  AVERAGE WIND SPEED     8.9


SKY COVER
  POSSIBLE SUNSHINE  MM
  AVERAGE SKY COVER 0.0


WEATHER CONDITIONS
 THE FOLLOWING WEATHER WAS RECORDED YESTERDAY.
  NO SIGNIFICANT WEATHER WAS OBSERVED.


RELATIVE HUMIDITY (PERCENT)
 HIGHEST    93           400 AM
 LOWEST     44          1200 PM
 AVERAGE    69

..........................................................


THE MINOT ND CLIMATE NORMALS FOR TODAY
                         NORMAL    RECORD    YEAR
 MAXIMUM TEMPERATURE (F)   77       103      1921
 MINIMUM TEMPERATURE (F)   52        32      1935


SUNRISE AND SUNSET
AUGUST 31 2014........SUNRISE   701 AM CDT   SUNSET   828 PM CDT
SEPTEMBER  1 2014.....SUNRISE   703 AM CDT   SUNSET   826 PM CDT


-  INDICATES NEGATIVE NUMBERS.
R  INDICATES RECORD WAS SET OR TIED.
MM INDICATES DATA IS MISSING.
T  INDICATES TRACE AMOUNT.




$$
