000
CDUS43 KBIS 270036
CLIMOT


CLIMATE REPORT
NATIONAL WEATHER SERVICE BISMARCK ND
735 PM CDT WED APR 26 2017


...................................

...THE MINOT ND CLIMATE SUMMARY FOR APRIL 26 2017...
VALID TODAY AS OF 0700 PM LOCAL TIME.

CLIMATE NORMAL PERIOD 1981 TO 2010
CLIMATE RECORD PERIOD 1897 TO 2017


WEATHER ITEM   OBSERVED TIME   RECORD YEAR NORMAL DEPARTURE LAST
                VALUE   (LST)  VALUE       VALUE  FROM      YEAR
                                                  NORMAL
..................................................................
TEMPERATURE (F)
 TODAY
  MAXIMUM         51    514 PM  90    1910  60     -9       49
  MINIMUM         26    636 AM  12    1931  36    -10       39
  AVERAGE         39                        48     -9       44

PRECIPITATION (IN)
  TODAY            0.00          1.85 1975   0.05  -0.05     0.02
  MONTH TO DATE    0.29                      0.92  -0.63     2.17
  SINCE MAR 1      0.60                      1.76  -1.16     2.58
  SINCE JAN 1      0.73                      2.67  -1.94     3.16

DEGREE DAYS
 HEATING
  TODAY           26                        17      9       21
  MONTH TO DATE  541                       588    -47      530
  SINCE MAR 1   1692                      1727    -35     1326
  SINCE JUL 1   7628                      8303   -675     6758

 COOLING
  TODAY            0                         0      0        0
  MONTH TO DATE    0                         0      0        0
  SINCE MAR 1      0                         0      0        0
  SINCE JAN 1      0                         0      0        0
..................................................................


WIND (MPH)
  RESULTANT WIND SPEED  13   RESULTANT WIND DIRECTION   N (360)
  HIGHEST WIND SPEED    25   HIGHEST WIND DIRECTION     N (340)
  HIGHEST GUST SPEED    32   HIGHEST GUST DIRECTION     N (340)
  AVERAGE WIND SPEED    14.3


SKY COVER
  POSSIBLE SUNSHINE  MM
  AVERAGE SKY COVER 0.0


WEATHER CONDITIONS
 THE FOLLOWING WEATHER WAS RECORDED TODAY.
  NO SIGNIFICANT WEATHER WAS OBSERVED.


RELATIVE HUMIDITY (PERCENT)
 HIGHEST    81           400 AM
 LOWEST     33           400 PM
 AVERAGE    57

..........................................................


THE MINOT ND CLIMATE NORMALS FOR TOMORROW
                         NORMAL    RECORD    YEAR
 MAXIMUM TEMPERATURE (F)   61        91      1910
 MINIMUM TEMPERATURE (F)   36        10      1909


SUNRISE AND SUNSET
APRIL 26 2017.........SUNRISE   634 AM CDT   SUNSET   852 PM CDT
APRIL 27 2017.........SUNRISE   633 AM CDT   SUNSET   854 PM CDT


-  INDICATES NEGATIVE NUMBERS.
R  INDICATES RECORD WAS SET OR TIED.
MM INDICATES DATA IS MISSING.
T  INDICATES TRACE AMOUNT.




$$
