000
CDUS43 KBIS 240724
CLIMOT


CLIMATE REPORT
NATIONAL WEATHER SERVICE BISMARCK ND
223 AM CDT SAT SEP 24 2016


...................................

...THE MINOT ND CLIMATE SUMMARY FOR SEPTEMBER 23 2016...

CLIMATE NORMAL PERIOD 1981 TO 2010
CLIMATE RECORD PERIOD 1897 TO 2016


WEATHER ITEM   OBSERVED TIME   RECORD YEAR NORMAL DEPARTURE LAST
                VALUE   (LST)  VALUE       VALUE  FROM      YEAR
                                                  NORMAL
..................................................................
TEMPERATURE (F)
 YESTERDAY
  MAXIMUM         59   1159 PM  96    1917  66     -7       59
  MINIMUM         50    626 AM  28    1976  43      7       37
                                      1951
  AVERAGE         55                        54      1       48

PRECIPITATION (IN)
  YESTERDAY        0.74          1.21 1977   0.05   0.69      T
  MONTH TO DATE    2.83                      1.13   1.70     1.59
  SINCE SEP 1      2.83                      1.13   1.70     1.59
  SINCE JAN 1     14.69                     14.57   0.12    13.09

DEGREE DAYS
 HEATING
  YESTERDAY       10                        11     -1       17
  MONTH TO DATE  139                       163    -24      122
  SINCE SEP 1    139                       163    -24      122
  SINCE JUL 1    150                       234    -84      172

 COOLING
  YESTERDAY        0                         0      0        0
  MONTH TO DATE   26                        30     -4       47
  SINCE SEP 1     26                        30     -4       47
  SINCE JAN 1    679                       441    238      491
..................................................................


WIND (MPH)
  HIGHEST WIND SPEED    21   HIGHEST WIND DIRECTION     E (90)
  HIGHEST GUST SPEED    26   HIGHEST GUST DIRECTION     E (70)
  AVERAGE WIND SPEED    11.0


SKY COVER
  POSSIBLE SUNSHINE  MM
  AVERAGE SKY COVER 0.9


WEATHER CONDITIONS
 THE FOLLOWING WEATHER WAS RECORDED YESTERDAY.
  THUNDERSTORM
  HEAVY RAIN
  RAIN
  LIGHT RAIN
  FOG


RELATIVE HUMIDITY (PERCENT)
 HIGHEST   100           600 PM
 LOWEST     77          1100 AM
 AVERAGE    89

..........................................................


THE MINOT ND CLIMATE NORMALS FOR TODAY
                         NORMAL    RECORD    YEAR
 MAXIMUM TEMPERATURE (F)   66        92      1917
 MINIMUM TEMPERATURE (F)   43        23      1922


SUNRISE AND SUNSET
SEPTEMBER 24 2016.....SUNRISE   735 AM CDT   SUNSET   738 PM CDT
SEPTEMBER 25 2016.....SUNRISE   737 AM CDT   SUNSET   735 PM CDT


-  INDICATES NEGATIVE NUMBERS.
R  INDICATES RECORD WAS SET OR TIED.
MM INDICATES DATA IS MISSING.
T  INDICATES TRACE AMOUNT.




$$
