000
CDUS43 KBIS 230743
CLIMOT


CLIMATE REPORT
NATIONAL WEATHER SERVICE BISMARCK ND
242 AM CDT WED AUG 23 2017


...................................

...THE MINOT ND CLIMATE SUMMARY FOR AUGUST 22 2017...

CLIMATE NORMAL PERIOD 1981 TO 2010
CLIMATE RECORD PERIOD 1897 TO 2017


WEATHER ITEM   OBSERVED TIME   RECORD YEAR NORMAL DEPARTURE LAST
                VALUE   (LST)  VALUE       VALUE  FROM      YEAR
                                                  NORMAL
..................................................................
TEMPERATURE (F)
 YESTERDAY
  MAXIMUM         79    444 PM  99    1969  80     -1       96
  MINIMUM         48    558 AM  33    1923  55     -7       65
  AVERAGE         64                        68     -4       81

PRECIPITATION (IN)
  YESTERDAY        0.00          1.05 2015   0.06  -0.06     0.00
  MONTH TO DATE    2.27                      1.46   0.81     1.23
  SINCE JUN 1      3.96                      7.47  -3.51     6.70
  SINCE JAN 1      5.33                     12.86  -7.53    11.85

DEGREE DAYS
 COOLING
  YESTERDAY        0                         4     -4       16
  MONTH TO DATE   55                       121    -66      213
  SINCE JUN 1    458                       363     95      589
  SINCE JAN 1    461                       379     82      629
..................................................................


WIND (MPH)
  HIGHEST WIND SPEED    21   HIGHEST WIND DIRECTION    NW (300)
  HIGHEST GUST SPEED    25   HIGHEST GUST DIRECTION     W (280)
  AVERAGE WIND SPEED     8.7


SKY COVER
  POSSIBLE SUNSHINE  MM
  AVERAGE SKY COVER 0.0


WEATHER CONDITIONS
 THE FOLLOWING WEATHER WAS RECORDED YESTERDAY.
  NO SIGNIFICANT WEATHER WAS OBSERVED.


RELATIVE HUMIDITY (PERCENT)
 HIGHEST    77           600 AM
 LOWEST     23           300 PM
 AVERAGE    50

..........................................................


THE MINOT ND CLIMATE NORMALS FOR TODAY
                         NORMAL    RECORD    YEAR
 MAXIMUM TEMPERATURE (F)   80       104      1937
 MINIMUM TEMPERATURE (F)   54        34      1908


SUNRISE AND SUNSET
AUGUST 23 2017........SUNRISE   651 AM CDT   SUNSET   843 PM CDT
AUGUST 24 2017........SUNRISE   652 AM CDT   SUNSET   842 PM CDT


-  INDICATES NEGATIVE NUMBERS.
R  INDICATES RECORD WAS SET OR TIED.
MM INDICATES DATA IS MISSING.
T  INDICATES TRACE AMOUNT.




$$
