000
CDUS43 KBIS 160744
CLIMOT


CLIMATE REPORT
NATIONAL WEATHER SERVICE BISMARCK ND
144 AM CST MON JAN 16 2017


...................................

...THE MINOT ND CLIMATE SUMMARY FOR JANUARY 15 2017...

CLIMATE NORMAL PERIOD 1981 TO 2010
CLIMATE RECORD PERIOD 1897 TO 2017


WEATHER ITEM   OBSERVED TIME   RECORD YEAR NORMAL DEPARTURE LAST
                VALUE   (LST)  VALUE       VALUE  FROM      YEAR
                                                  NORMAL
..................................................................
TEMPERATURE (F)
 YESTERDAY
  MAXIMUM         25    246 PM  49    1914  21      4       17
  MINIMUM          9   1205 AM -39    1916   3      6       -7
  AVERAGE         17                        12      5        5

PRECIPITATION (IN)
  YESTERDAY        0.00          0.40 1967   0.02  -0.02      T
  MONTH TO DATE    0.05                      0.27  -0.22     0.12
  SINCE DEC 1      0.67                      0.65   0.02     0.43
  SINCE JAN 1      0.05                      0.27  -0.22     0.12

DEGREE DAYS
 HEATING
  YESTERDAY       48                        53     -5       60
  MONTH TO DATE  972                       795    177      753
  SINCE DEC 1   2616                      2332    284     1998
  SINCE JUL 1   4131                      4390   -259     3699
..................................................................


WIND (MPH)
  HIGHEST WIND SPEED    26   HIGHEST WIND DIRECTION    SW (230)
  HIGHEST GUST SPEED    29   HIGHEST GUST DIRECTION    SW (230)
  AVERAGE WIND SPEED    15.5


SKY COVER
  POSSIBLE SUNSHINE  MM
  AVERAGE SKY COVER 0.0


WEATHER CONDITIONS
 THE FOLLOWING WEATHER WAS RECORDED YESTERDAY.
  NO SIGNIFICANT WEATHER WAS OBSERVED.


RELATIVE HUMIDITY (PERCENT)
 HIGHEST    73          1200 AM
 LOWEST     54           100 PM
 AVERAGE    64

..........................................................


THE MINOT ND CLIMATE NORMALS FOR TODAY
                         NORMAL    RECORD    YEAR
 MAXIMUM TEMPERATURE (F)   21        50      1942
 MINIMUM TEMPERATURE (F)    3       -33      1954


SUNRISE AND SUNSET
JANUARY 16 2017.......SUNRISE   830 AM CST   SUNSET   520 PM CST
JANUARY 17 2017.......SUNRISE   829 AM CST   SUNSET   522 PM CST


-  INDICATES NEGATIVE NUMBERS.
R  INDICATES RECORD WAS SET OR TIED.
MM INDICATES DATA IS MISSING.
T  INDICATES TRACE AMOUNT.




$$
