000
CDUS43 KBIS 282339
CLIMOT


CLIMATE REPORT
NATIONAL WEATHER SERVICE BISMARCK ND
538 PM CST WED JAN 28 2015


...................................

...THE MINOT ND CLIMATE SUMMARY FOR JANUARY 28 2015...
VALID TODAY AS OF 0500 PM LOCAL TIME.

CLIMATE NORMAL PERIOD 1981 TO 2010
CLIMATE RECORD PERIOD 1905 TO 2015


WEATHER ITEM   OBSERVED TIME   RECORD YEAR NORMAL DEPARTURE LAST
                VALUE   (LST)  VALUE       VALUE  FROM      YEAR
                                                  NORMAL
..................................................................
TEMPERATURE (F)
 TODAY
  MAXIMUM         31   1103 AM  59    1906  22      9       13
  MINIMUM         27    810 AM -40    1915   4     23      -13
  AVERAGE         29                        13     16        0

PRECIPITATION (IN)
  TODAY            0.00          0.46 1968   0.02  -0.02     0.00
  MONTH TO DATE    0.24                      0.47  -0.23     0.19
  SINCE DEC 1      0.25                      0.85  -0.60     0.37
  SINCE JAN 1      0.24                      0.47  -0.23     0.19

DEGREE DAYS
 HEATING
  TODAY           36                        52    -16       65
  MONTH TO DATE 1328                      1479   -151     1467
  SINCE DEC 1   2763                      3016   -253     3352
  SINCE JUL 1   4942                      5074   -132     5407

 COOLING
  TODAY            0                         0      0        0
  MONTH TO DATE    0                         0      0        0
  SINCE DEC 1      0                         0      0        0
  SINCE JAN 1      0                         0      0        0
..................................................................


WIND (MPH)
  RESULTANT WIND SPEED  10   RESULTANT WIND DIRECTION  NW (320)
  HIGHEST WIND SPEED    23   HIGHEST WIND DIRECTION    NW (300)
  HIGHEST GUST SPEED    32   HIGHEST GUST DIRECTION     W (290)
  AVERAGE WIND SPEED    10.5


SKY COVER
  POSSIBLE SUNSHINE  MM
  AVERAGE SKY COVER 0.7


WEATHER CONDITIONS
 THE FOLLOWING WEATHER WAS RECORDED TODAY.
  FOG
  FOG W/VISIBILITY <= 1/4 MILE


RELATIVE HUMIDITY (PERCENT)
 HIGHEST   100           800 AM
 LOWEST     85           300 AM
 AVERAGE    93

..........................................................


THE MINOT ND CLIMATE NORMALS FOR TOMORROW
                         NORMAL    RECORD    YEAR
 MAXIMUM TEMPERATURE (F)   22        54      1931
 MINIMUM TEMPERATURE (F)    4       -37      1916


SUNRISE AND SUNSET
JANUARY 28 2015.......SUNRISE   819 AM CST   SUNSET   538 PM CST
JANUARY 29 2015.......SUNRISE   818 AM CST   SUNSET   539 PM CST


-  INDICATES NEGATIVE NUMBERS.
R  INDICATES RECORD WAS SET OR TIED.
MM INDICATES DATA IS MISSING.
T  INDICATES TRACE AMOUNT.




$$
