000
CDUS43 KBIS 290743
CLIMOT


CLIMATE REPORT
NATIONAL WEATHER SERVICE BISMARCK ND
242 AM CDT WED JUL 29 2015


...................................

...THE MINOT ND CLIMATE SUMMARY FOR JULY 28 2015...

CLIMATE NORMAL PERIOD 1981 TO 2010
CLIMATE RECORD PERIOD 1897 TO 2015


WEATHER ITEM   OBSERVED TIME   RECORD YEAR NORMAL DEPARTURE LAST
                VALUE   (LST)  VALUE       VALUE  FROM      YEAR
                                                  NORMAL
..................................................................
TEMPERATURE (F)
 YESTERDAY
  MAXIMUM         73    144 AM 104    1917  83    -10       76
  MINIMUM         58    839 PM  41    1925  58      0       51
  AVERAGE         66                        71     -5       64

PRECIPITATION (IN)
  YESTERDAY        0.01          0.86 1970   0.06  -0.05     0.00
  MONTH TO DATE    2.04                      2.25  -0.21     1.63
  SINCE JUN 1      6.07                      5.83   0.24     6.97
  SINCE JAN 1     10.20                     11.22  -1.02    10.78

DEGREE DAYS
 COOLING
  YESTERDAY        1                         6     -5        0
  MONTH TO DATE  179                       150     29      100
  SINCE JUN 1    253                       223     30      122
  SINCE JAN 1    260                       239     21      163
..................................................................


WIND (MPH)
  HIGHEST WIND SPEED    47   HIGHEST WIND DIRECTION    SW (230)
  HIGHEST GUST SPEED    65   HIGHEST GUST DIRECTION     W (260)
  AVERAGE WIND SPEED    25.2


SKY COVER
  POSSIBLE SUNSHINE  MM
  AVERAGE SKY COVER 0.8


WEATHER CONDITIONS
 THE FOLLOWING WEATHER WAS RECORDED YESTERDAY.
  LIGHT RAIN
  FOG


RELATIVE HUMIDITY (PERCENT)
 HIGHEST    86           800 PM
 LOWEST     52           200 PM
 AVERAGE    69

..........................................................


THE MINOT ND CLIMATE NORMALS FOR TODAY
                         NORMAL    RECORD    YEAR
 MAXIMUM TEMPERATURE (F)   83       102      1975
 MINIMUM TEMPERATURE (F)   58        37      1918


SUNRISE AND SUNSET
JULY 29 2015..........SUNRISE   616 AM CDT   SUNSET   926 PM CDT
JULY 30 2015..........SUNRISE   618 AM CDT   SUNSET   925 PM CDT


-  INDICATES NEGATIVE NUMBERS.
R  INDICATES RECORD WAS SET OR TIED.
MM INDICATES DATA IS MISSING.
T  INDICATES TRACE AMOUNT.




$$
