000
CDUS43 KBIS 300753
CLIMOT


CLIMATE REPORT
NATIONAL WEATHER SERVICE BISMARCK ND
253 AM CDT TUE AUG 30 2016


...................................

...THE MINOT ND CLIMATE SUMMARY FOR AUGUST 29 2016...

CLIMATE NORMAL PERIOD 1981 TO 2010
CLIMATE RECORD PERIOD 1897 TO 2016


WEATHER ITEM   OBSERVED TIME   RECORD YEAR NORMAL DEPARTURE LAST
                VALUE   (LST)  VALUE       VALUE  FROM      YEAR
                                                  NORMAL
..................................................................
TEMPERATURE (F)
 YESTERDAY
  MAXIMUM         79    534 PM 104    2012  78      1       94
  MINIMUM         54    648 AM  27    1915  53      1       60
  AVERAGE         67                        65      2       77

PRECIPITATION (IN)
  YESTERDAY        0.00          3.78 1964   0.06  -0.06     0.00
  MONTH TO DATE    1.24                      1.92  -0.68     1.26
  SINCE JUN 1      6.71                      7.93  -1.22     7.33
  SINCE JAN 1     11.86                     13.32  -1.46    11.46

DEGREE DAYS
 COOLING
  YESTERDAY        2                         3     -1       12
  MONTH TO DATE  230                       146     84      151
  SINCE JUN 1    606                       388    218      420
  SINCE JAN 1    646                       404    242      427
..................................................................


WIND (MPH)
  HIGHEST WIND SPEED    16   HIGHEST WIND DIRECTION    NW (330)
  HIGHEST GUST SPEED    22   HIGHEST GUST DIRECTION    NW (320)
  AVERAGE WIND SPEED     7.0


SKY COVER
  POSSIBLE SUNSHINE  MM
  AVERAGE SKY COVER 0.0


WEATHER CONDITIONS
 THE FOLLOWING WEATHER WAS RECORDED YESTERDAY.
  NO SIGNIFICANT WEATHER WAS OBSERVED.


RELATIVE HUMIDITY (PERCENT)
 HIGHEST    83           600 AM
 LOWEST     27           500 PM
 AVERAGE    55

..........................................................


THE MINOT ND CLIMATE NORMALS FOR TODAY
                         NORMAL    RECORD    YEAR
 MAXIMUM TEMPERATURE (F)   77        99      1929
 MINIMUM TEMPERATURE (F)   52        33      1897


SUNRISE AND SUNSET
AUGUST 30 2016........SUNRISE   701 AM CDT   SUNSET   829 PM CDT
AUGUST 31 2016........SUNRISE   702 AM CDT   SUNSET   827 PM CDT


-  INDICATES NEGATIVE NUMBERS.
R  INDICATES RECORD WAS SET OR TIED.
MM INDICATES DATA IS MISSING.
T  INDICATES TRACE AMOUNT.




$$
