000
CDUS43 KBIS 160830
CLIMOT


CLIMATE REPORT
NATIONAL WEATHER SERVICE BISMARCK ND
329 AM CDT WED APR 16 2014


...................................

...THE MINOT ND CLIMATE SUMMARY FOR APRIL 15 2014...

CLIMATE NORMAL PERIOD 1981 TO 2010
CLIMATE RECORD PERIOD 1905 TO 2014


WEATHER ITEM   OBSERVED TIME   RECORD YEAR NORMAL DEPARTURE LAST
                VALUE   (LST)  VALUE       VALUE  FROM      YEAR
                                                  NORMAL
..................................................................
TEMPERATURE (F)
 YESTERDAY
  MAXIMUM         38    229 PM  82    1913  55    -17       31
  MINIMUM         18   1220 AM  12    1935  32    -14       23
  AVERAGE         28                        43    -15       27

PRECIPITATION (IN)
  YESTERDAY        0.01          1.00 1970   0.04  -0.03     0.03
  MONTH TO DATE    0.12                      0.47  -0.35     0.23
  SINCE MAR 1      0.17                      1.31  -1.14     0.84
  SINCE JAN 1      0.53                      2.22  -1.69     1.38

DEGREE DAYS
 HEATING
  YESTERDAY       37                        22     15       38
  MONTH TO DATE  441                       379     62      599
  SINCE MAR 1   1724                      1518    206     2179
  SINCE JUL 1   8957                      8094    863     8909

 COOLING
  YESTERDAY        0                         0      0        0
  MONTH TO DATE    0                         0      0        0
  SINCE MAR 1      0                         0      0        0
  SINCE JAN 1      0                         0      0        0
..................................................................


WIND (MPH)
  HIGHEST WIND SPEED    26   HIGHEST WIND DIRECTION     E (90)
  HIGHEST GUST SPEED    33   HIGHEST GUST DIRECTION     E (90)
  AVERAGE WIND SPEED    17.0


SKY COVER
  POSSIBLE SUNSHINE  MM
  AVERAGE SKY COVER 0.6


WEATHER CONDITIONS
 THE FOLLOWING WEATHER WAS RECORDED YESTERDAY.
  LIGHT SNOW
  FOG


RELATIVE HUMIDITY (PERCENT)
 HIGHEST    88          1100 PM
 LOWEST     35          1200 PM
 AVERAGE    62

..........................................................


THE MINOT ND CLIMATE NORMALS FOR TODAY
                         NORMAL    RECORD    YEAR
 MAXIMUM TEMPERATURE (F)   56        85      1926
 MINIMUM TEMPERATURE (F)   32         9      1953


SUNRISE AND SUNSET
APRIL 16 2014.........SUNRISE   653 AM CDT   SUNSET   837 PM CDT
APRIL 17 2014.........SUNRISE   651 AM CDT   SUNSET   839 PM CDT


-  INDICATES NEGATIVE NUMBERS.
R  INDICATES RECORD WAS SET OR TIED.
MM INDICATES DATA IS MISSING.
T  INDICATES TRACE AMOUNT.




$$
