000
CDUS41 KPHI 200623
CLIMPO


CLIMATE REPORT
NATIONAL WEATHER SERVICE MOUNT HOLLY NJ
123 AM EST MON NOV 20 2017


...................................

...THE MOUNT POCONO PA CLIMATE SUMMARY FOR NOVEMBER 19 2017...

CLIMATE NORMAL PERIOD 1981 TO 2010
CLIMATE RECORD PERIOD 1901 TO 2017


WEATHER ITEM   OBSERVED TIME   RECORD YEAR NORMAL DEPARTURE LAST
                VALUE   (LST)  VALUE       VALUE  FROM      YEAR
                                                  NORMAL
..................................................................
TEMPERATURE (F)
 YESTERDAY
  MAXIMUM         50    545 AM  69    1941  44      6       60
  MINIMUM         29   1159 AM  10    1933  31     -2       31
  AVERAGE         40                        37      3       46

PRECIPITATION (IN)
  YESTERDAY        0.12          1.98 2003   0.16  -0.04     0.18
  MONTH TO DATE    0.96                      2.72  -1.76     0.37
  SINCE SEP 1     10.42                     12.04  -1.62     6.25
  SINCE JAN 1     41.03                     43.02  -1.99    35.84

DEGREE DAYS
 HEATING
  YESTERDAY       25                        28     -3       19
  MONTH TO DATE  520                       461     59      398
  SINCE SEP 1   1016                      1186   -170     1025
  SINCE JUL 1   1114                      1249   -135     1057

 COOLING
  YESTERDAY        0                         0      0        0
  MONTH TO DATE    0                         0      0        0
  SINCE SEP 1     58                        18     40       51
  SINCE JAN 1    287                       314    -27      397
..................................................................


WIND (MPH)
  HIGHEST WIND SPEED    23   HIGHEST WIND DIRECTION    SW (210)
  HIGHEST GUST SPEED    39   HIGHEST GUST DIRECTION    SW (210)
  AVERAGE WIND SPEED    14.2


SKY COVER
  POSSIBLE SUNSHINE  MM
  AVERAGE SKY COVER 1.0


WEATHER CONDITIONS
 THE FOLLOWING WEATHER WAS RECORDED YESTERDAY.
  LIGHT RAIN
  LIGHT SNOW
  FOG


RELATIVE HUMIDITY (PERCENT)
 HIGHEST   100           100 AM
 LOWEST     92          1200 AM
 AVERAGE    96

..........................................................


THE MOUNT POCONO PA CLIMATE NORMALS FOR TODAY
                         NORMAL    RECORD    YEAR
 MAXIMUM TEMPERATURE (F)   44        74      1934
 MINIMUM TEMPERATURE (F)   30         8      1986


SUNRISE AND SUNSET
NOVEMBER 20 2017......SUNRISE   656 AM EST   SUNSET   439 PM EST
NOVEMBER 21 2017......SUNRISE   657 AM EST   SUNSET   438 PM EST


-  INDICATES NEGATIVE NUMBERS.
R  INDICATES RECORD WAS SET OR TIED.
MM INDICATES DATA IS MISSING.
T  INDICATES TRACE AMOUNT.




$$
