000
CDUS41 KPHI 272132
CLIMPO


CLIMATE REPORT
NATIONAL WEATHER SERVICE MOUNT HOLLY NJ
531 PM EDT MON JUL 27 2015


...................................

...THE MOUNT POCONO PA CLIMATE SUMMARY FOR JULY 27 2015...
VALID TODAY AS OF 0500 PM LOCAL TIME.

CLIMATE NORMAL PERIOD 1981 TO 2010
CLIMATE RECORD PERIOD 1901 TO 2015


WEATHER ITEM   OBSERVED TIME   RECORD YEAR NORMAL DEPARTURE LAST
                VALUE   (LST)  VALUE       VALUE  FROM      YEAR
                                                  NORMAL
..................................................................
TEMPERATURE (F)
 TODAY
  MAXIMUM         79    359 PM  91    1955  78      1       81
  MINIMUM         64    645 AM  39    1977  58      6       63
  AVERAGE         72                        68      4       72

PRECIPITATION (IN)
  TODAY            0.13          1.83 1987   0.16  -0.03     0.04
  MONTH TO DATE    2.85                      3.88  -1.03     3.47
  SINCE JUN 1     11.62                      8.26   3.36     6.92
  SINCE JAN 1     22.62                     25.76  -3.14    25.68

SNOWFALL (IN)
  TODAY           MM            MM      MM  MM     MM       MM
  MONTH TO DATE   MM                        MM     MM       MM
  SINCE JUN 1     MM                        MM     MM       MM
  SINCE JUL 1     MM                        MM     MM       MM
  SNOW DEPTH      MM

DEGREE DAYS
 HEATING
  TODAY            0                         1     -1        0
  MONTH TO DATE   13                        27    -14       12
  SINCE JUN 1     97                       127    -30       67
  SINCE JUL 1     13                        27    -14       12

 COOLING
  TODAY            7                         4      3        7
  MONTH TO DATE  101                       107     -6      107
  SINCE JUN 1    167                       169     -2      167
  SINCE JAN 1    224                       188     36      174
..................................................................


WIND (MPH)
  HIGHEST WIND SPEED    12   HIGHEST WIND DIRECTION     S (200)
  HIGHEST GUST SPEED    17   HIGHEST GUST DIRECTION     W (260)
  AVERAGE WIND SPEED     4.2


SKY COVER
  POSSIBLE SUNSHINE  MM
  AVERAGE SKY COVER 0.8


WEATHER CONDITIONS
 THE FOLLOWING WEATHER WAS RECORDED TODAY.
  THUNDERSTORM
  RAIN
  LIGHT RAIN
  FOG
  FOG W/VISIBILITY <= 1/4 MILE


RELATIVE HUMIDITY (PERCENT)
 HIGHEST   100           700 AM
 LOWEST     62           300 PM
 AVERAGE    81

..........................................................


THE MOUNT POCONO PA CLIMATE NORMALS FOR TOMORROW
                         NORMAL    RECORD    YEAR
 MAXIMUM TEMPERATURE (F)   78        93      1949
 MINIMUM TEMPERATURE (F)   58        38      1903


SUNRISE AND SUNSET
JULY 27 2015..........SUNRISE   552 AM EDT   SUNSET   823 PM EDT
JULY 28 2015..........SUNRISE   553 AM EDT   SUNSET   822 PM EDT


-  INDICATES NEGATIVE NUMBERS.
R  INDICATES RECORD WAS SET OR TIED.
MM INDICATES DATA IS MISSING.
T  INDICATES TRACE AMOUNT.




$$
