000
CDUS41 KPHI 192128
CLIMPO


CLIMATE REPORT
NATIONAL WEATHER SERVICE MOUNT HOLLY NJ
427 PM EST FRI JAN 19 2018


...................................

...THE MOUNT POCONO PA CLIMATE SUMMARY FOR JANUARY 19 2018...
VALID TODAY AS OF 0400 PM LOCAL TIME.

CLIMATE NORMAL PERIOD 1981 TO 2010
CLIMATE RECORD PERIOD 1901 TO 2018


WEATHER ITEM   OBSERVED TIME   RECORD YEAR NORMAL DEPARTURE LAST
                VALUE   (LST)  VALUE       VALUE  FROM      YEAR
                                                  NORMAL
..................................................................
TEMPERATURE (F)
 TODAY
  MAXIMUM         33    359 PM  54    1951  31      2       36
  MINIMUM          7   1210 AM -24    1904  15     -8       31
  AVERAGE         20                        23     -3       34

PRECIPITATION (IN)
  TODAY            0.00          1.72 1999   0.08  -0.08     0.00
  MONTH TO DATE    3.24                      1.95   1.29     1.56
  SINCE DEC 1      4.48                      5.82  -1.34     3.75
  SINCE JAN 1      3.24                      1.95   1.29     1.56

DEGREE DAYS
 HEATING
  TODAY           45                        42      3       31
  MONTH TO DATE  920                       794    126      755
  SINCE DEC 1   2180                      1952    228     1905
  SINCE JUL 1   3618                      3531     87     3298

 COOLING
  TODAY            0                         0      0        0
  MONTH TO DATE    0                         0      0        0
  SINCE DEC 1      0                         0      0        0
  SINCE JAN 1      0                         0      0        0
..................................................................


WIND (MPH)
  HIGHEST WIND SPEED    25   HIGHEST WIND DIRECTION     W (270)
  HIGHEST GUST SPEED    34   HIGHEST GUST DIRECTION     W (270)
  AVERAGE WIND SPEED    17.0


SKY COVER
  POSSIBLE SUNSHINE  MM
  AVERAGE SKY COVER 0.0


WEATHER CONDITIONS
 THE FOLLOWING WEATHER WAS RECORDED TODAY.
  NO SIGNIFICANT WEATHER WAS OBSERVED.


RELATIVE HUMIDITY (PERCENT)
 HIGHEST    92          1200 AM
 LOWEST     51           300 PM
 AVERAGE    72

..........................................................


THE MOUNT POCONO PA CLIMATE NORMALS FOR TOMORROW
                         NORMAL    RECORD    YEAR
 MAXIMUM TEMPERATURE (F)   31        59      1951
 MINIMUM TEMPERATURE (F)   15       -16      1970


SUNRISE AND SUNSET
JANUARY 19 2018.......SUNRISE   723 AM EST   SUNSET   502 PM EST
JANUARY 20 2018.......SUNRISE   722 AM EST   SUNSET   504 PM EST


-  INDICATES NEGATIVE NUMBERS.
R  INDICATES RECORD WAS SET OR TIED.
MM INDICATES DATA IS MISSING.
T  INDICATES TRACE AMOUNT.




$$
