000
CDUS41 KPHI 312131
CLIMPO


CLIMATE REPORT
NATIONAL WEATHER SERVICE MOUNT HOLLY NJ
531 PM EDT FRI OCT 31 2014


...................................

...THE MOUNT POCONO PA CLIMATE SUMMARY FOR OCTOBER 31 2014...
VALID TODAY AS OF 0500 PM LOCAL TIME.

CLIMATE NORMAL PERIOD 1981 TO 2010
CLIMATE RECORD PERIOD 1901 TO 2014


WEATHER ITEM   OBSERVED TIME   RECORD YEAR NORMAL DEPARTURE LAST
                VALUE   (LST)  VALUE       VALUE  FROM      YEAR
                                                  NORMAL
..................................................................
TEMPERATURE (F)
 TODAY
  MAXIMUM         49    235 PM  72    1946  53     -4       58
  MINIMUM         25    634 AM  12    1917  35    -10       47
  AVERAGE         37                        44     -7       53

PRECIPITATION (IN)
  TODAY            0.00          1.70 1935   0.07  -0.07     0.24
  MONTH TO DATE    5.40                      3.96   1.44     1.42
  SINCE SEP 1      6.50                      9.32  -2.82     3.15
  SINCE JAN 1     34.92                     40.30  -5.38    38.80

SNOWFALL (IN)
  TODAY           MM            MM      MM  MM     MM       MM
  MONTH TO DATE   MM                        MM     MM       MM
  SINCE SEP 1     MM                        MM     MM       MM
  SINCE JUL 1     MM                        MM     MM       MM
  SNOW DEPTH      MM

DEGREE DAYS
 HEATING
  TODAY           28                        21      7       12
  MONTH TO DATE  437                       521    -84      418
  SINCE SEP 1    599                       725   -126      667
  SINCE JUL 1    675                       788   -113      731

 COOLING
  TODAY            0                         0      0        0
  MONTH TO DATE    1                         1      0        8
  SINCE SEP 1     35                        18     17       48
  SINCE JAN 1    253                       314    -61      467
..................................................................


WIND (MPH)
  HIGHEST WIND SPEED    10   HIGHEST WIND DIRECTION    SE (140)
  HIGHEST GUST SPEED    16   HIGHEST GUST DIRECTION    SE (140)
  AVERAGE WIND SPEED     4.3


SKY COVER
  POSSIBLE SUNSHINE  MM
  AVERAGE SKY COVER 0.1


WEATHER CONDITIONS
 THE FOLLOWING WEATHER WAS RECORDED TODAY.
  NO SIGNIFICANT WEATHER WAS OBSERVED.


RELATIVE HUMIDITY (PERCENT)
 HIGHEST    92          1200 AM
 LOWEST     45           200 PM
 AVERAGE    69

..........................................................


THE MOUNT POCONO PA CLIMATE NORMALS FOR TOMORROW
                         NORMAL    RECORD    YEAR
 MAXIMUM TEMPERATURE (F)   53        77      1950
 MINIMUM TEMPERATURE (F)   35        11      1917


SUNRISE AND SUNSET
OCTOBER 31 2014.......SUNRISE   731 AM EDT   SUNSET   558 PM EDT
NOVEMBER  1 2014......SUNRISE   733 AM EDT   SUNSET   557 PM EDT


-  INDICATES NEGATIVE NUMBERS.
R  INDICATES RECORD WAS SET OR TIED.
MM INDICATES DATA IS MISSING.
T  INDICATES TRACE AMOUNT.




$$
