000
CDUS41 KPHI 212133
CLIMPO


CLIMATE REPORT
NATIONAL WEATHER SERVICE MOUNT HOLLY NJ
432 PM EST SUN DEC 21 2014


...................................

...THE MOUNT POCONO PA CLIMATE SUMMARY FOR DECEMBER 21 2014...
VALID TODAY AS OF 0400 PM LOCAL TIME.

CLIMATE NORMAL PERIOD 1981 TO 2010
CLIMATE RECORD PERIOD 1901 TO 2014


WEATHER ITEM   OBSERVED TIME   RECORD YEAR NORMAL DEPARTURE LAST
                VALUE   (LST)  VALUE       VALUE  FROM      YEAR
                                                  NORMAL
..................................................................
TEMPERATURE (F)
 TODAY
  MAXIMUM         27    348 PM  63    1923  33     -6       58
  MINIMUM         24    849 AM -12    1942  19      5       45
  AVERAGE         26                        26      0       52

PRECIPITATION (IN)
  TODAY            0.00          5.17 1957   0.12  -0.12      T
  MONTH TO DATE    1.79                      2.76  -0.97     1.45
  SINCE DEC 1      1.79                      2.76  -0.97     1.45
  SINCE JAN 1     39.51                     47.67  -8.16    43.03

SNOWFALL (IN)
  TODAY           MM            MM      MM  MM     MM       MM
  MONTH TO DATE   MM                        MM     MM       MM
  SINCE DEC 1     MM                        MM     MM       MM
  SINCE JUL 1     MM                        MM     MM       MM
  SNOW DEPTH      MM

DEGREE DAYS
 HEATING
  TODAY           39                        39      0       13
  MONTH TO DATE  735                       755    -20      774
  SINCE DEC 1    735                       755    -20      774
  SINCE JUL 1   2302                      2334    -32     2386

 COOLING
  TODAY            0                         0      0        0
  MONTH TO DATE    0                         0      0        0
  SINCE DEC 1      0                         0      0        0
  SINCE JAN 1    253                       314    -61      467
..................................................................


WIND (MPH)
  HIGHEST WIND SPEED    10   HIGHEST WIND DIRECTION    NW (330)
  HIGHEST GUST SPEED    13   HIGHEST GUST DIRECTION    NW (320)
  AVERAGE WIND SPEED     6.2


SKY COVER
  POSSIBLE SUNSHINE  MM
  AVERAGE SKY COVER 1.0


WEATHER CONDITIONS
 THE FOLLOWING WEATHER WAS RECORDED TODAY.
  NO SIGNIFICANT WEATHER WAS OBSERVED.


RELATIVE HUMIDITY (PERCENT)
 HIGHEST    81           200 AM
 LOWEST     74          1200 AM
 AVERAGE    78

..........................................................


THE MOUNT POCONO PA CLIMATE NORMALS FOR TOMORROW
                         NORMAL    RECORD    YEAR
 MAXIMUM TEMPERATURE (F)   32        60      2013
 MINIMUM TEMPERATURE (F)   19       -12      1980


SUNRISE AND SUNSET
DECEMBER 21 2014......SUNRISE   723 AM EST   SUNSET   436 PM EST
DECEMBER 22 2014......SUNRISE   724 AM EST   SUNSET   437 PM EST


-  INDICATES NEGATIVE NUMBERS.
R  INDICATES RECORD WAS SET OR TIED.
MM INDICATES DATA IS MISSING.
T  INDICATES TRACE AMOUNT.




$$
