000
CDUS41 KBTV 160532
CLIMPV


CLIMATE REPORT
NATIONAL WEATHER SERVICE BURLINGTON VT
129 AM EDT WED APR 16 2014


...................................

...THE MONTPELIER VT CLIMATE SUMMARY FOR APRIL 15 2014...

CLIMATE NORMAL PERIOD 1981 TO 2010
CLIMATE RECORD PERIOD 1948 TO 2014


WEATHER ITEM   OBSERVED TIME   RECORD YEAR NORMAL DEPARTURE LAST
                VALUE   (LST)  VALUE       VALUE  FROM      YEAR
                                                  NORMAL
..................................................................
TEMPERATURE (F)
 YESTERDAY
  MAXIMUM         63   1131 AM  78    2003  53     10       57
  MINIMUM         25   1159 PM  19    1981  32     -7       22
  AVERAGE         44                        42      2       40

PRECIPITATION (IN)
  YESTERDAY        0.47          1.02        0.09   0.38     0.00
  MONTH TO DATE    1.34                      1.30   0.04     1.32
  SINCE MAR 1      4.39                      3.69   0.70     2.21
  SINCE JAN 1      8.70                      8.18   0.52     4.45

DEGREE DAYS
 HEATING
  YESTERDAY       21                        23     -2       25
  MONTH TO DATE  376                       389    -13      438
  SINCE MAR 1   1825                      1506    319     1502
  SINCE JUL 1   7990                      7414    576     7051

 COOLING
  YESTERDAY        0                         0      0        0
  MONTH TO DATE    0                         0      0        0
  SINCE MAR 1      0                         0      0        0
  SINCE JAN 1      0                         0      0        0
..................................................................


WIND (MPH)
  HIGHEST WIND SPEED    28   HIGHEST WIND DIRECTION     S (180)
  HIGHEST GUST SPEED    38   HIGHEST GUST DIRECTION    SE (150)
  AVERAGE WIND SPEED    13.8


SKY COVER
  AVERAGE SKY COVER 0.9


WEATHER CONDITIONS
 THE FOLLOWING WEATHER WAS RECORDED YESTERDAY.
  RAIN
  LIGHT RAIN
  LIGHT SNOW
  FOG


RELATIVE HUMIDITY (PERCENT)
 HIGHEST   100           400 PM
 LOWEST     72           100 AM
 AVERAGE    86

..........................................................


THE MONTPELIER VT CLIMATE NORMALS FOR TODAY
                         NORMAL    RECORD    YEAR
 MAXIMUM TEMPERATURE (F)   54        84      2012
                                             2002
 MINIMUM TEMPERATURE (F)   32        18      1992


SUNRISE AND SUNSET
APRIL 16 2014.........SUNRISE   605 AM EDT   SUNSET   736 PM EDT
APRIL 17 2014.........SUNRISE   603 AM EDT   SUNSET   737 PM EDT


-  INDICATES NEGATIVE NUMBERS.
R  INDICATES RECORD WAS SET OR TIED.
MM INDICATES DATA IS MISSING.
T  INDICATES TRACE AMOUNT.




$$
