000
CDUS41 KBTV 020727
CLIMPV


CLIMATE REPORT
NATIONAL WEATHER SERVICE BURLINGTON VT
326 AM EDT THU OCT 2 2014


...................................

...THE MONTPELIER VT CLIMATE SUMMARY FOR OCTOBER 1 2014...

CLIMATE NORMAL PERIOD 1981 TO 2010
CLIMATE RECORD PERIOD 1948 TO 2014


WEATHER ITEM   OBSERVED TIME   RECORD YEAR NORMAL DEPARTURE LAST
                VALUE   (LST)  VALUE       VALUE  FROM      YEAR
                                                  NORMAL
..................................................................
TEMPERATURE (F)
 YESTERDAY
  MAXIMUM         65    210 PM  79    2002  62      3       71
                                      1950
  MINIMUM         53    614 AM  24    1993  40     13       40
  AVERAGE         59                        51      8       56

PRECIPITATION (IN)
  YESTERDAY        0.00          2.94        0.11  -0.11     0.00
  MONTH TO DATE    0.00                      0.11  -0.11     0.00
  SINCE SEP 1      1.55                      3.23  -1.68     4.32
  SINCE JAN 1     26.64                     28.03  -1.39    29.61

DEGREE DAYS
 HEATING
  YESTERDAY        6                        14     -8        9
  MONTH TO DATE    6                        14     -8        9
  SINCE SEP 1    277                       261     16      296
  SINCE JUL 1    390                       369     21      389

 COOLING
  YESTERDAY        0                         0      0        0
  MONTH TO DATE    0                         0      0        0
  SINCE SEP 1     20                        19      1       29
  SINCE JAN 1    186                       263    -77      323
..................................................................


WIND (MPH)
  HIGHEST WIND SPEED     9   HIGHEST WIND DIRECTION    NE (50)
  HIGHEST GUST SPEED    12   HIGHEST GUST DIRECTION    NE (40)
  AVERAGE WIND SPEED     2.0


SKY COVER
  AVERAGE SKY COVER 1.0


WEATHER CONDITIONS
 THE FOLLOWING WEATHER WAS RECORDED YESTERDAY.
  FOG
  FOG W/VISIBILITY <= 1/4 MILE


RELATIVE HUMIDITY (PERCENT)
 HIGHEST   100           200 AM
 LOWEST     63           200 PM
 AVERAGE    82

..........................................................


THE MONTPELIER VT CLIMATE NORMALS FOR TODAY
                         NORMAL    RECORD    YEAR
 MAXIMUM TEMPERATURE (F)   62        84      1950
 MINIMUM TEMPERATURE (F)   40        24      1949


SUNRISE AND SUNSET
OCTOBER  2 2014.......SUNRISE   649 AM EDT   SUNSET   629 PM EDT
OCTOBER  3 2014.......SUNRISE   650 AM EDT   SUNSET   627 PM EDT


-  INDICATES NEGATIVE NUMBERS.
R  INDICATES RECORD WAS SET OR TIED.
MM INDICATES DATA IS MISSING.
T  INDICATES TRACE AMOUNT.




$$
