000
CDUS41 KBTV 260541
CLIMPV


CLIMATE REPORT
NATIONAL WEATHER SERVICE BURLINGTON VT
137 AM EDT WED JUL 26 2017


...................................

...THE MONTPELIER VT CLIMATE SUMMARY FOR JULY 25 2017...

CLIMATE NORMAL PERIOD 1981 TO 2010
CLIMATE RECORD PERIOD 1948 TO 2017


WEATHER ITEM   OBSERVED TIME   RECORD YEAR NORMAL DEPARTURE LAST
                VALUE   (LST)  VALUE       VALUE  FROM      YEAR
                                                  NORMAL
..................................................................
TEMPERATURE (F)
 YESTERDAY
  MAXIMUM         66    454 PM  90    1989  79    -13       83
  MINIMUM         52   1159 PM  41    1953  56     -4       55
  AVERAGE         59                        67     -8       69

PRECIPITATION (IN)
  YESTERDAY        0.04          1.36        0.14  -0.10      T
  MONTH TO DATE    4.52                      3.20   1.32     4.04
  SINCE JUN 1     13.12                      7.00   6.12     6.72
  SINCE JAN 1     28.32                     19.91   8.41    19.00

DEGREE DAYS
 HEATING
  YESTERDAY        6                         1      5        0
  MONTH TO DATE   31                        31      0       29
  SINCE JUN 1    177                       152     25      161
  SINCE JUL 1     31                        31      0       29

 COOLING
  YESTERDAY        0                         3     -3        4
  MONTH TO DATE   65                        79    -14       82
  SINCE JUN 1    130                       132     -2      114
  SINCE JAN 1    147                       142      5      143
..................................................................


WIND (MPH)
  HIGHEST WIND SPEED     7   HIGHEST WIND DIRECTION     W (290)
  HIGHEST GUST SPEED     9   HIGHEST GUST DIRECTION     N (10)
  AVERAGE WIND SPEED     1.6


SKY COVER
  AVERAGE SKY COVER 0.7


WEATHER CONDITIONS
 THE FOLLOWING WEATHER WAS RECORDED YESTERDAY.
  LIGHT RAIN
  FOG


RELATIVE HUMIDITY (PERCENT)
 HIGHEST   100           100 AM
 LOWEST     68           400 PM
 AVERAGE    84

..........................................................


THE MONTPELIER VT CLIMATE NORMALS FOR TODAY
                         NORMAL    RECORD    YEAR
 MAXIMUM TEMPERATURE (F)   79        90      1989
 MINIMUM TEMPERATURE (F)   56        44      1976


SUNRISE AND SUNSET
JULY 26 2017..........SUNRISE   532 AM EDT   SUNSET   821 PM EDT
JULY 27 2017..........SUNRISE   533 AM EDT   SUNSET   820 PM EDT


-  INDICATES NEGATIVE NUMBERS.
R  INDICATES RECORD WAS SET OR TIED.
MM INDICATES DATA IS MISSING.
T  INDICATES TRACE AMOUNT.




$$
