000
CDUS41 KBTV 050548
CLIMPV


CLIMATE REPORT
NATIONAL WEATHER SERVICE BURLINGTON VT
1244 AM EST FRI FEB 5 2016


...................................

...THE MONTPELIER VT CLIMATE SUMMARY FOR FEBRUARY 4 2016...

CLIMATE NORMAL PERIOD 1981 TO 2010
CLIMATE RECORD PERIOD 1948 TO 2016


WEATHER ITEM   OBSERVED TIME   RECORD YEAR NORMAL DEPARTURE LAST
                VALUE   (LST)  VALUE       VALUE  FROM      YEAR
                                                  NORMAL
..................................................................
TEMPERATURE (F)
 YESTERDAY
  MAXIMUM         54    250 AM  55    1991  28     26       26
  MINIMUM         28   1159 PM -21    1971   8     20        6
  AVERAGE         41                        18     23       16

PRECIPITATION (IN)
  YESTERDAY        T             0.98        0.07  -0.07     0.01
  MONTH TO DATE    0.30                      0.31  -0.01     0.28
  SINCE DEC 1      5.25                      5.50  -0.25     5.63
  SINCE JAN 1      1.56                      2.76  -1.20     2.06

DEGREE DAYS
 HEATING
  YESTERDAY       24                        47    -23       49
  MONTH TO DATE  117                       190    -73      243
  SINCE DEC 1   2421                      2989   -568     3093
  SINCE JUL 1   4064                      4835   -771     4911

 COOLING
  YESTERDAY        0                         0      0        0
  MONTH TO DATE    0                         0      0        0
  SINCE DEC 1      0                         0      0        0
  SINCE JAN 1      0                         0      0        0
..................................................................


WIND (MPH)
  HIGHEST WIND SPEED    18   HIGHEST WIND DIRECTION    SW (220)
  HIGHEST GUST SPEED    31   HIGHEST GUST DIRECTION     W (250)
  AVERAGE WIND SPEED     6.4


SKY COVER
  AVERAGE SKY COVER 0.9


WEATHER CONDITIONS
 THE FOLLOWING WEATHER WAS RECORDED YESTERDAY.
  LIGHT RAIN
  FOG
  FOG W/VISIBILITY <= 1/4 MILE


RELATIVE HUMIDITY (PERCENT)
 HIGHEST   100           100 AM
 LOWEST     55           300 PM
 AVERAGE    78

..........................................................


THE MONTPELIER VT CLIMATE NORMALS FOR TODAY
                         NORMAL    RECORD    YEAR
 MAXIMUM TEMPERATURE (F)   28        54      1991
 MINIMUM TEMPERATURE (F)    8       -21      1978


SUNRISE AND SUNSET
FEBRUARY  5 2016......SUNRISE   704 AM EST   SUNSET   505 PM EST
FEBRUARY  6 2016......SUNRISE   703 AM EST   SUNSET   506 PM EST


-  INDICATES NEGATIVE NUMBERS.
R  INDICATES RECORD WAS SET OR TIED.
MM INDICATES DATA IS MISSING.
T  INDICATES TRACE AMOUNT.




$$
