000
CDUS41 KBTV 060551
CLIMPV


CLIMATE REPORT
NATIONAL WEATHER SERVICE BURLINGTON VT
149 AM EDT FRI MAY 6 2016


...................................

...THE MONTPELIER VT CLIMATE SUMMARY FOR MAY 5 2016...

CLIMATE NORMAL PERIOD 1981 TO 2010
CLIMATE RECORD PERIOD 1948 TO 2016


WEATHER ITEM   OBSERVED TIME   RECORD YEAR NORMAL DEPARTURE LAST
                VALUE   (LST)  VALUE       VALUE  FROM      YEAR
                                                  NORMAL
..................................................................
TEMPERATURE (F)
 YESTERDAY
  MAXIMUM         55        MM  83    1949  62     -7       66
  MINIMUM         43        MM  24    1952  38      5       45
  AVERAGE         49                        50     -1       56

PRECIPITATION (IN)
  YESTERDAY        0.00          0.59        0.11  -0.11      T
  MONTH TO DATE    0.98                      0.51   0.47     0.01
  SINCE MAR 1      5.75                      5.56   0.19     2.91
  SINCE JAN 1     10.92                     10.05   0.87     5.78

DEGREE DAYS
 HEATING
  YESTERDAY       16                        15      1        9
  MONTH TO DATE  104                        77     27       51
  SINCE MAR 1   1865                      1873     -8     2125
  SINCE JUL 1   7019                      7781   -762     8463

 COOLING
  YESTERDAY        0                         0      0        0
  MONTH TO DATE    0                         0      0        0
  SINCE MAR 1      0                         1     -1        0
  SINCE JAN 1      0                         1     -1        0
..................................................................


WIND (MPH)
  HIGHEST WIND SPEED     9   HIGHEST WIND DIRECTION     N (10)
  HIGHEST GUST SPEED    MM   HIGHEST GUST DIRECTION    MM
  AVERAGE WIND SPEED     4.9


SKY COVER
  AVERAGE SKY COVER 1.0


WEATHER CONDITIONS
 THE FOLLOWING WEATHER WAS RECORDED YESTERDAY.
  FOG


RELATIVE HUMIDITY (PERCENT)
 HIGHEST   100           200 AM
 LOWEST     59           400 PM
 AVERAGE    80

..........................................................


THE MONTPELIER VT CLIMATE NORMALS FOR TODAY
                         NORMAL    RECORD    YEAR
 MAXIMUM TEMPERATURE (F)   63        82      1977
 MINIMUM TEMPERATURE (F)   39        25      1967


SUNRISE AND SUNSET
MAY  6 2016...........SUNRISE   534 AM EDT   SUNSET   800 PM EDT
MAY  7 2016...........SUNRISE   533 AM EDT   SUNSET   802 PM EDT


-  INDICATES NEGATIVE NUMBERS.
R  INDICATES RECORD WAS SET OR TIED.
MM INDICATES DATA IS MISSING.
T  INDICATES TRACE AMOUNT.




$$
