000
CDUS41 KBTV 290554
CLIMPV


CLIMATE REPORT
NATIONAL WEATHER SERVICE BURLINGTON VT
148 AM EDT MON AUG 29 2016


...................................

...THE MONTPELIER VT CLIMATE SUMMARY FOR AUGUST 28 2016...

CLIMATE NORMAL PERIOD 1981 TO 2010
CLIMATE RECORD PERIOD 1948 TO 2016


WEATHER ITEM   OBSERVED TIME   RECORD YEAR NORMAL DEPARTURE LAST
                VALUE   (LST)  VALUE       VALUE  FROM      YEAR
                                                  NORMAL
..................................................................
TEMPERATURE (F)
 YESTERDAY
  MAXIMUM         83    216 PM  92    1952  75      8       72
  MINIMUM         57    504 AM  38    1957  52      5       48
  AVERAGE         70                        64      6       60

PRECIPITATION (IN)
  YESTERDAY        0.00          5.27        0.10  -0.10     0.00
  MONTH TO DATE    5.35                      3.71   1.64     1.82
  SINCE JUN 1     12.13                     11.59   0.54    15.24
  SINCE JAN 1     24.41                     24.50  -0.09    25.94

DEGREE DAYS
 HEATING
  YESTERDAY        0                         3     -3        5
  MONTH TO DATE   18                        58    -40       24
  SINCE JUN 1    182                       219    -37      237
  SINCE JUL 1     50                        98    -48       75

 COOLING
  YESTERDAY        5                         2      3        0
  MONTH TO DATE  106                        72     34       88
  SINCE JUN 1    241                       230     11      199
  SINCE JAN 1    270                       240     30      233
..................................................................


WIND (MPH)
  HIGHEST WIND SPEED    17   HIGHEST WIND DIRECTION     S (160)
  HIGHEST GUST SPEED    23   HIGHEST GUST DIRECTION     S (180)
  AVERAGE WIND SPEED     6.9


SKY COVER
  AVERAGE SKY COVER 0.3


WEATHER CONDITIONS
 THE FOLLOWING WEATHER WAS RECORDED YESTERDAY.
  FOG
  FOG W/VISIBILITY <= 1/4 MILE


RELATIVE HUMIDITY (PERCENT)
 HIGHEST   100           300 AM
 LOWEST     58          1200 PM
 AVERAGE    79

..........................................................


THE MONTPELIER VT CLIMATE NORMALS FOR TODAY
                         NORMAL    RECORD    YEAR
 MAXIMUM TEMPERATURE (F)   75        91      1977
 MINIMUM TEMPERATURE (F)   52        36      1955


SUNRISE AND SUNSET
AUGUST 29 2016........SUNRISE   610 AM EDT   SUNSET   731 PM EDT
AUGUST 30 2016........SUNRISE   611 AM EDT   SUNSET   729 PM EDT


-  INDICATES NEGATIVE NUMBERS.
R  INDICATES RECORD WAS SET OR TIED.
MM INDICATES DATA IS MISSING.
T  INDICATES TRACE AMOUNT.




$$
