000
CDUS41 KBTV 250542
CLIMPV


CLIMATE REPORT
NATIONAL WEATHER SERVICE BURLINGTON VT
1237 AM EST TUE NOV 25 2014


...................................

...THE MONTPELIER VT CLIMATE SUMMARY FOR NOVEMBER 24 2014...

CLIMATE NORMAL PERIOD 1981 TO 2010
CLIMATE RECORD PERIOD 1948 TO 2014


WEATHER ITEM   OBSERVED TIME   RECORD YEAR NORMAL DEPARTURE LAST
                VALUE   (LST)  VALUE       VALUE  FROM      YEAR
                                                  NORMAL
..................................................................
TEMPERATURE (F)
 YESTERDAY
  MAXIMUM         64R  1013 PM  60    1979  40     24       16
  MINIMUM         40    111 AM  -4    1989  24     16       10
  AVERAGE         52                        32     20       13

PRECIPITATION (IN)
  YESTERDAY        T             0.68        0.11  -0.11      T
  MONTH TO DATE    1.08                      2.56  -1.48     1.53
  SINCE SEP 1      7.01                      9.12  -2.11     8.65
  SINCE JAN 1     32.10                     33.92  -1.82    33.94

DEGREE DAYS
 HEATING
  YESTERDAY       13                        33    -20       52
  MONTH TO DATE  720                       683     37      744
  SINCE SEP 1   1489                      1531    -42     1586
  SINCE JUL 1   1602                      1639    -37     1679

 COOLING
  YESTERDAY        0                         0      0        0
  MONTH TO DATE    0                         0      0        0
  SINCE SEP 1     22                        20      2       29
  SINCE JAN 1    188                       264    -76      323
..................................................................


WIND (MPH)
  HIGHEST WIND SPEED    28   HIGHEST WIND DIRECTION    SW (210)
  HIGHEST GUST SPEED    46   HIGHEST GUST DIRECTION    SW (220)
  AVERAGE WIND SPEED    11.7


SKY COVER
  AVERAGE SKY COVER 0.6


WEATHER CONDITIONS
 THE FOLLOWING WEATHER WAS RECORDED YESTERDAY.
  RAIN
  LIGHT RAIN
  FOG
  HAZE


RELATIVE HUMIDITY (PERCENT)
 HIGHEST   100           300 PM
 LOWEST     52          1000 PM
 AVERAGE    76

..........................................................


THE MONTPELIER VT CLIMATE NORMALS FOR TODAY
                         NORMAL    RECORD    YEAR
 MAXIMUM TEMPERATURE (F)   40        62      2004
 MINIMUM TEMPERATURE (F)   24         4      1993


SUNRISE AND SUNSET
NOVEMBER 25 2014......SUNRISE   658 AM EST   SUNSET   416 PM EST
NOVEMBER 26 2014......SUNRISE   700 AM EST   SUNSET   415 PM EST


-  INDICATES NEGATIVE NUMBERS.
R  INDICATES RECORD WAS SET OR TIED.
MM INDICATES DATA IS MISSING.
T  INDICATES TRACE AMOUNT.




$$
