900
CDUS41 KBTV 250536
CLIMPV


CLIMATE REPORT
NATIONAL WEATHER SERVICE BURLINGTON VT
136 AM EDT TUE APR 25 2017


...................................

...THE MONTPELIER VT CLIMATE SUMMARY FOR APRIL 24 2017...

CLIMATE NORMAL PERIOD 1981 TO 2010
CLIMATE RECORD PERIOD 1948 TO 2017


WEATHER ITEM   OBSERVED TIME   RECORD YEAR NORMAL DEPARTURE LAST
                VALUE   (LST)  VALUE       VALUE  FROM      YEAR
                                                  NORMAL
..................................................................
TEMPERATURE (F)
 YESTERDAY
  MAXIMUM         61    439 PM  78    2001  58      3       50
  MINIMUM         36    517 AM  23    1965  35      1       27
  AVERAGE         49                        46      3       39

PRECIPITATION (IN)
  YESTERDAY        0.00          1.61        0.09  -0.09     0.00
  MONTH TO DATE    2.91                      2.10   0.81     1.69
  SINCE MAR 1      5.51                      4.49   1.02     4.19
  SINCE JAN 1      9.43                      8.98   0.45     9.36

DEGREE DAYS
 HEATING
  YESTERDAY       16                        19     -3       26
  MONTH TO DATE  482                       573    -91      636
  SINCE MAR 1   1763                      1690     73     1599
  SINCE JUL 1   6984                      7598   -614     6753

 COOLING
  YESTERDAY        0                         0      0        0
  MONTH TO DATE    1                         0      1        0
  SINCE MAR 1      1                         0      1        0
  SINCE JAN 1      1                         0      1        0
..................................................................


WIND (MPH)
  HIGHEST WIND SPEED    13   HIGHEST WIND DIRECTION     N (340)
  HIGHEST GUST SPEED    18   HIGHEST GUST DIRECTION    NW (310)
  AVERAGE WIND SPEED     4.4


SKY COVER
  AVERAGE SKY COVER 0.1


WEATHER CONDITIONS
 THE FOLLOWING WEATHER WAS RECORDED YESTERDAY.
  NO SIGNIFICANT WEATHER WAS OBSERVED.


RELATIVE HUMIDITY (PERCENT)
 HIGHEST    86           700 AM
 LOWEST     38          1200 AM
 AVERAGE    62

..........................................................


THE MONTPELIER VT CLIMATE NORMALS FOR TODAY
                         NORMAL    RECORD    YEAR
 MAXIMUM TEMPERATURE (F)   58        85      2009
 MINIMUM TEMPERATURE (F)   35        17      1965


SUNRISE AND SUNSET
APRIL 25 2017.........SUNRISE   550 AM EDT   SUNSET   747 PM EDT
APRIL 26 2017.........SUNRISE   549 AM EDT   SUNSET   748 PM EDT


-  INDICATES NEGATIVE NUMBERS.
R  INDICATES RECORD WAS SET OR TIED.
MM INDICATES DATA IS MISSING.
T  INDICATES TRACE AMOUNT.




$$
