000
CDUS41 KBTV 020529
CLIMPV


CLIMATE REPORT
NATIONAL WEATHER SERVICE BURLINGTON VT
128 AM EDT SAT AUG 2 2014


...................................

...THE MONTPELIER VT CLIMATE SUMMARY FOR AUGUST 1 2014...

CLIMATE NORMAL PERIOD 1981 TO 2010
CLIMATE RECORD PERIOD 1948 TO 2014


WEATHER ITEM   OBSERVED TIME   RECORD YEAR NORMAL DEPARTURE LAST
                VALUE   (LST)  VALUE       VALUE  FROM      YEAR
                                                  NORMAL
..................................................................
TEMPERATURE (F)
 YESTERDAY
  MAXIMUM         80    439 PM  94    1975  78      2       78
  MINIMUM         51    423 AM  39    1964  56     -5       52
  AVERAGE         66                        67     -1       65

PRECIPITATION (IN)
  YESTERDAY        0.00          1.05        0.16  -0.16     0.06
  MONTH TO DATE    0.00                      0.16  -0.16     0.06
  SINCE JUN 1      9.70                      8.04   1.66    13.75
  SINCE JAN 1     22.30                     20.95   1.35    23.02

DEGREE DAYS
 HEATING
  YESTERDAY        0                         1     -1        0
  MONTH TO DATE    0                         1     -1        0
  SINCE JUN 1    143                       162    -19      163
  SINCE JUL 1     43                        41      2       15

 COOLING
  YESTERDAY        1                         3     -2        0
  MONTH TO DATE    1                         3     -2        0
  SINCE JUN 1    132                       161    -29      229
  SINCE JAN 1    133                       171    -38      240
..................................................................


WIND (MPH)
  HIGHEST WIND SPEED    14   HIGHEST WIND DIRECTION    SW (210)
  HIGHEST GUST SPEED    19   HIGHEST GUST DIRECTION     S (160)
  AVERAGE WIND SPEED     4.1


SKY COVER
  AVERAGE SKY COVER 0.3


WEATHER CONDITIONS
 THE FOLLOWING WEATHER WAS RECORDED YESTERDAY.
  FOG
  FOG W/VISIBILITY <= 1/4 MILE


RELATIVE HUMIDITY (PERCENT)
 HIGHEST   100           300 AM
 LOWEST     42           300 PM
 AVERAGE    71

..........................................................


THE MONTPELIER VT CLIMATE NORMALS FOR TODAY
                         NORMAL    RECORD    YEAR
 MAXIMUM TEMPERATURE (F)   78        97      1975
 MINIMUM TEMPERATURE (F)   56        37      1953


SUNRISE AND SUNSET
AUGUST  2 2014........SUNRISE   539 AM EDT   SUNSET   813 PM EDT
AUGUST  3 2014........SUNRISE   540 AM EDT   SUNSET   812 PM EDT


-  INDICATES NEGATIVE NUMBERS.
R  INDICATES RECORD WAS SET OR TIED.
MM INDICATES DATA IS MISSING.
T  INDICATES TRACE AMOUNT.




$$
