000
CDUS43 KMPX 230658
CLIMPX


CLIMATE REPORT
NATIONAL WEATHER SERVICE CHANHASSEN MN
1258 AM CST MON JAN 23 2017


...................................

...THE CHANHASSEN MN CLIMATE SUMMARY FOR JANUARY 22 2017...

CLIMATE NORMAL PERIOD 1981 TO 2010
CLIMATE RECORD PERIOD 1995 TO 2017


WEATHER ITEM   OBSERVED TIME   RECORD YEAR NORMAL DEPARTURE LAST
                VALUE   (LST)  VALUE       VALUE  FROM      YEAR
                                                  NORMAL
..................................................................
TEMPERATURE (F)
 YESTERDAY
  MAXIMUM         38        MM  MM      MM  23     15       23
  MINIMUM         31        MM  MM      MM   5     26       12
  AVERAGE         35                        14     21       18

PRECIPITATION (IN)
  YESTERDAY        T            MM      MM   0.03  -0.03      T
  MONTH TO DATE    0.55                      0.64  -0.09     0.23
  SINCE DEC 1      2.80                      1.89   0.91     2.20
  SINCE JAN 1      0.55                      0.64  -0.09     0.23

SNOWFALL (IN)
  YESTERDAY        0.0          MM      MM   0.4   -0.4      0.1
  MONTH TO DATE    4.8                       7.2   -2.4      3.6
  SINCE DEC 1     23.2                      21.1    2.1     12.9
  SINCE JUL 1     28.3                      26.9    1.4     15.9
  SNOW DEPTH       1

DEGREE DAYS
 HEATING
  YESTERDAY       30                        51    -21       47
  MONTH TO DATE 1070                      1120    -50     1178
  SINCE DEC 1   2502                      2574    -72     2306
  SINCE JUL 1   3725                      4281   -556     3638

 COOLING
  YESTERDAY        0                         0      0        0
  MONTH TO DATE    0                         0      0        0
  SINCE DEC 1      0                         0      0        0
  SINCE JAN 1      0                         0      0        0
..................................................................


WIND (MPH)
  HIGHEST WIND SPEED    MM   HIGHEST WIND DIRECTION    MM
  HIGHEST GUST SPEED    MM   HIGHEST GUST DIRECTION    MM
  AVERAGE WIND SPEED    MM


SKY COVER
  POSSIBLE SUNSHINE  MM
  AVERAGE SKY COVER  MM


WEATHER CONDITIONS
 THE FOLLOWING WEATHER WAS RECORDED YESTERDAY.
  NO SIGNIFICANT WEATHER WAS OBSERVED.


RELATIVE HUMIDITY (PERCENT)
 HIGHEST    MM
 LOWEST     MM
 AVERAGE    MM

..........................................................


THE CHANHASSEN MN CLIMATE NORMALS FOR TODAY
                         NORMAL    RECORD    YEAR
 MAXIMUM TEMPERATURE (F)   23        MM        MM
 MINIMUM TEMPERATURE (F)    5        MM        MM


SUNRISE AND SUNSET
JANUARY 23 2017.......SUNRISE   742 AM CST   SUNSET   510 PM CST
JANUARY 24 2017.......SUNRISE   742 AM CST   SUNSET   512 PM CST


-  INDICATES NEGATIVE NUMBERS.
R  INDICATES RECORD WAS SET OR TIED.
MM INDICATES DATA IS MISSING.
T  INDICATES TRACE AMOUNT.




$$
