000
CDUS43 KMPX 231009
CLIMPX


CLIMATE REPORT
NATIONAL WEATHER SERVICE CHANHASSEN MN
409 AM CST FRI FEB 23 2018


...................................

...THE CHANHASSEN MN CLIMATE SUMMARY FOR FEBRUARY 22 2018...

CLIMATE NORMAL PERIOD 1981 TO 2010
CLIMATE RECORD PERIOD 1995 TO 2018


WEATHER ITEM   OBSERVED TIME   RECORD YEAR NORMAL DEPARTURE LAST
                VALUE   (LST)  VALUE       VALUE  FROM      YEAR
                                                  NORMAL
..................................................................
TEMPERATURE (F)
 YESTERDAY
  MAXIMUM         28        MM  56    2017  30     -2       56
  MINIMUM          0        MM -10    2015  13    -13       36
  AVERAGE         14                        22     -8       46

PRECIPITATION (IN)
  YESTERDAY        0.22R         0.22 2013   0.04   0.18     0.00
  MONTH TO DATE    0.57                      0.70  -0.13     0.72
  SINCE DEC 1      2.64                      2.82  -0.18     3.85
  SINCE JAN 1      1.99                      1.57   0.42     1.60

SNOWFALL (IN)
  YESTERDAY        3.0           3.4  2013   0.3    2.7      0.0
  MONTH TO DATE    7.2                       7.6   -0.4       T
  SINCE DEC 1     32.7                      31.8    0.9     27.3
  SINCE JUL 1     34.5                      37.6   -3.1     32.4
  SNOW DEPTH       4

DEGREE DAYS
 HEATING
  YESTERDAY       51                        44      7       19
  MONTH TO DATE 1207                      1031    176      778
  SINCE DEC 1   4247                      4055    192     3633
  SINCE JUL 1   5860                      5762     98     4856

 COOLING
  YESTERDAY        0                         0      0        0
  MONTH TO DATE    0                         0      0        0
  SINCE DEC 1      0                         0      0        0
  SINCE JAN 1      0                         0      0        0
..................................................................


WIND (MPH)
  HIGHEST WIND SPEED    MM   HIGHEST WIND DIRECTION    MM
  HIGHEST GUST SPEED    MM   HIGHEST GUST DIRECTION    MM
  AVERAGE WIND SPEED    MM


SKY COVER
  POSSIBLE SUNSHINE  MM
  AVERAGE SKY COVER  MM


WEATHER CONDITIONS
 THE FOLLOWING WEATHER WAS RECORDED YESTERDAY.
  NO SIGNIFICANT WEATHER WAS OBSERVED.


RELATIVE HUMIDITY (PERCENT)
 HIGHEST    MM
 LOWEST     MM
 AVERAGE    MM

..........................................................


THE CHANHASSEN MN CLIMATE NORMALS FOR TODAY
                         NORMAL    RECORD    YEAR
 MAXIMUM TEMPERATURE (F)   30        54      2002
 MINIMUM TEMPERATURE (F)   13       -14      2015


SUNRISE AND SUNSET
FEBRUARY 23 2018......SUNRISE   702 AM CST   SUNSET   554 PM CST
FEBRUARY 24 2018......SUNRISE   700 AM CST   SUNSET   555 PM CST


-  INDICATES NEGATIVE NUMBERS.
R  INDICATES RECORD WAS SET OR TIED.
MM INDICATES DATA IS MISSING.
T  INDICATES TRACE AMOUNT.




$$
