000
CDUS43 KMQT 050524
CLIMQT


CLIMATE REPORT
NATIONAL WEATHER SERVICE MARQUETTE MI
1223 AM EST THU MAR 5 2015


...................................

...THE MARQUETTE MI CLIMATE SUMMARY FOR MARCH 4 2015...

CLIMATE NORMAL PERIOD 1981 TO 2010
CLIMATE RECORD PERIOD 1961 TO 2015


WEATHER ITEM   OBSERVED RECORD YEAR NORMAL DEPARTURE LAST
                VALUE   VALUE       VALUE  FROM      YEAR
                                           NORMAL
...........................................................
TEMPERATURE (F)
 YESTERDAY
  MAXIMUM         15     53    2000  31    -16       17
  MINIMUM         -7    -15    1996   9    -16       -3
  AVERAGE          4                 20    -16        7

PRECIPITATION (IN)
  YESTERDAY        T      1.14 1985   0.09  -0.09     0.03
  MONTH TO DATE    0.10               0.37  -0.27     0.03
  SINCE MAR 1      0.10               0.37  -0.27     0.03
  SINCE JAN 1      3.02               4.92  -1.90     3.55

SNOWFALL (IN)
  YESTERDAY        T     21.1  1985   1.3   -1.3      0.4
  MONTH TO DATE    2.3                5.3   -3.0      0.4
  SINCE MAR 1      2.3                5.3   -3.0      0.4
  SINCE JUL 1    156.3              157.7   -1.4    129.9
  SNOW DEPTH      33

DEGREE DAYS
 HEATING
  YESTERDAY       61                 45     16       58
  MONTH TO DATE  206                182     24      260
  SINCE MAR 1    206                182     24      260
  SINCE JUL 1   7517               6806    711     7582

 COOLING
  YESTERDAY        0                  0      0        0
  MONTH TO DATE    0                  0      0        0
  SINCE MAR 1      0                  0      0        0
  SINCE JAN 1      0                  0      0        0
...........................................................


WIND (MPH)
  RESULTANT WIND SPEED  MM   RESULTANT WIND DIRECTION  MM
  HIGHEST WIND SPEED    MM   HIGHEST WIND DIRECTION    MM
  HIGHEST GUST SPEED    28   HIGHEST GUST DIRECTION     W (270)
  AVERAGE WIND SPEED    MM


SKY COVER
  POSSIBLE SUNSHINE  MM
  AVERAGE SKY COVER  MM


WEATHER CONDITIONS
 THE FOLLOWING WEATHER WAS RECORDED YESTERDAY.
  LIGHT SNOW
  BLOWING SNOW


RELATIVE HUMIDITY (PERCENT)
 HIGHEST    MM
 LOWEST     MM
 AVERAGE    MM

..........................................................


THE MARQUETTE MI CLIMATE NORMALS FOR TODAY
                         NORMAL    RECORD    YEAR
 MAXIMUM TEMPERATURE (F)   31        53      2000
 MINIMUM TEMPERATURE (F)    9       -17      2003


SUNRISE AND SUNSET
MARCH  5 2015.........SUNRISE   723 AM EST   SUNSET   642 PM EST
MARCH  6 2015.........SUNRISE   721 AM EST   SUNSET   643 PM EST


-  INDICATES NEGATIVE NUMBERS.
R  INDICATES RECORD WAS SET OR TIED.
MM INDICATES DATA IS MISSING.
T  INDICATES TRACE AMOUNT.

$$
