000
CDUS43 KMQT 200510
CLIMQT


CLIMATE REPORT
NATIONAL WEATHER SERVICE MARQUETTE MI
107 AM EDT MON OCT 20 2014


...................................

...THE MARQUETTE MI CLIMATE SUMMARY FOR OCTOBER 19 2014...

CLIMATE NORMAL PERIOD 1981 TO 2010
CLIMATE RECORD PERIOD 1961 TO 2014


WEATHER ITEM   OBSERVED RECORD YEAR NORMAL DEPARTURE LAST
                VALUE   VALUE       VALUE  FROM      YEAR
                                           NORMAL
...........................................................
TEMPERATURE (F)
 YESTERDAY
  MAXIMUM         45     73    1965  51     -6       50
  MINIMUM         27     20    1972  33     -6       30
  AVERAGE         36                 42     -6       40

PRECIPITATION (IN)
  YESTERDAY        0.03   0.54 1971   0.12  -0.09     0.02
  MONTH TO DATE    5.06               2.51   2.55     2.79
  SINCE SEP 1      9.16               6.23   2.93     4.81
  SINCE JAN 1     35.90              28.60   7.30    32.56

SNOWFALL (IN)
  YESTERDAY        0.0    0.6  1974   0.2   -0.2       T
  MONTH TO DATE    T                  2.6   -2.6       T
  SINCE SEP 1      T                  2.7   -2.7       T
  SINCE JUL 1      T                  2.7   -2.7       T
  SNOW DEPTH       0

DEGREE DAYS
 HEATING
  YESTERDAY       29                 23      6       25
  MONTH TO DATE  412                372     40      275
  SINCE SEP 1    692                669     23      526
  SINCE JUL 1    939                854     85      740

 COOLING
  YESTERDAY        0                  0      0        0
  MONTH TO DATE    0                  0      0        0
  SINCE SEP 1      5                 21    -16       10
  SINCE JAN 1    152                241    -89      280
...........................................................


WIND (MPH)
  RESULTANT WIND SPEED  MM   RESULTANT WIND DIRECTION  MM
  HIGHEST WIND SPEED    MM   HIGHEST WIND DIRECTION    MM
  HIGHEST GUST SPEED    24   HIGHEST GUST DIRECTION     S (180)
  AVERAGE WIND SPEED    MM


SKY COVER
  POSSIBLE SUNSHINE  MM
  AVERAGE SKY COVER  MM


WEATHER CONDITIONS
 THE FOLLOWING WEATHER WAS RECORDED YESTERDAY.
  LIGHT RAIN


RELATIVE HUMIDITY (PERCENT)
 HIGHEST    MM
 LOWEST     MM
 AVERAGE    MM

..........................................................


THE MARQUETTE MI CLIMATE NORMALS FOR TODAY
                         NORMAL    RECORD    YEAR
 MAXIMUM TEMPERATURE (F)   50        72      1986
 MINIMUM TEMPERATURE (F)   33        19      1976


SUNRISE AND SUNSET
OCTOBER 20 2014.......SUNRISE   815 AM EDT   SUNSET   655 PM EDT
OCTOBER 21 2014.......SUNRISE   816 AM EDT   SUNSET   653 PM EDT


-  INDICATES NEGATIVE NUMBERS.
R  INDICATES RECORD WAS SET OR TIED.
MM INDICATES DATA IS MISSING.
T  INDICATES TRACE AMOUNT.




$$
