000
CDUS43 KMQT 260602
CLIMQT


CLIMATE REPORT
NATIONAL WEATHER SERVICE MARQUETTE MI
101 AM EST SUN FEB 26 2017


...................................

...THE MARQUETTE MI CLIMATE SUMMARY FOR FEBRUARY 25 2017...

CLIMATE NORMAL PERIOD 1981 TO 2010
CLIMATE RECORD PERIOD 1961 TO 2017


WEATHER ITEM   OBSERVED RECORD YEAR NORMAL DEPARTURE LAST
                VALUE   VALUE       VALUE  FROM      YEAR
                                           NORMAL
...........................................................
TEMPERATURE (F)
 YESTERDAY
  MAXIMUM         20     49    1976  29     -9       26
  MINIMUM         12    -29    2003   7      5       19
  AVERAGE         16                 18     -2       23

PRECIPITATION (IN)
  YESTERDAY        0.23   0.90 1975   0.08   0.15      T
  MONTH TO DATE    2.72               1.88   0.84     2.03
  SINCE DEC 1      6.65               6.86  -0.21     8.86
  SINCE JAN 1      4.46               4.29   0.17     3.99

SNOWFALL (IN)
  YESTERDAY        6.2   10.1  1995   1.3    4.9      0.4
  MONTH TO DATE   33.8               32.0    1.8     30.0
  SINCE DEC 1    106.0              118.0  -12.0     86.4
  SINCE JUL 1    120.2              148.5  -28.3     94.3
  SNOW DEPTH      16

DEGREE DAYS
 HEATING
  YESTERDAY       49                 47      2       42
  MONTH TO DATE 1064               1247   -183     1183
  SINCE DEC 1   3928               4282   -354     3771
  SINCE JUL 1   5553               6484   -931     5603

 COOLING
  YESTERDAY        0                  0      0        0
  MONTH TO DATE    0                  0      0        0
  SINCE DEC 1      0                  0      0        0
  SINCE JAN 1      0                  0      0        0
...........................................................


WIND (MPH)
  RESULTANT WIND SPEED  MM   RESULTANT WIND DIRECTION  MM
  HIGHEST WIND SPEED    MM   HIGHEST WIND DIRECTION    MM
  HIGHEST GUST SPEED    35   HIGHEST GUST DIRECTION    NW (315)
  AVERAGE WIND SPEED    MM


SKY COVER
  POSSIBLE SUNSHINE  MM
  AVERAGE SKY COVER  MM


WEATHER CONDITIONS
 THE FOLLOWING WEATHER WAS RECORDED YESTERDAY.
  LIGHT SNOW
  BLOWING SNOW


RELATIVE HUMIDITY (PERCENT)
 HIGHEST    MM
 LOWEST     MM
 AVERAGE    MM

..........................................................


THE MARQUETTE MI CLIMATE NORMALS FOR TODAY
                         NORMAL    RECORD    YEAR
 MAXIMUM TEMPERATURE (F)   29        56      2000
 MINIMUM TEMPERATURE (F)    7       -26      1963


SUNRISE AND SUNSET
FEBRUARY 26 2017......SUNRISE   735 AM EST   SUNSET   632 PM EST
FEBRUARY 27 2017......SUNRISE   733 AM EST   SUNSET   634 PM EST


-  INDICATES NEGATIVE NUMBERS.
R  INDICATES RECORD WAS SET OR TIED.
MM INDICATES DATA IS MISSING.
T  INDICATES TRACE AMOUNT.




$$
