000
CDUS41 KLWX 270531
CLIMRB


CLIMATE REPORT
NATIONAL WEATHER SERVICE BALTIMORE MD/WASHINGTON DC
1230 AM EST SAT DEC 27 2014


...................................

...THE MARTINSBURG WV CLIMATE SUMMARY FOR DECEMBER 26 2014...

CLIMATE NORMAL PERIOD 1981 TO 2010
CLIMATE RECORD PERIOD 1926 TO 2014


WEATHER ITEM   OBSERVED TIME   RECORD YEAR NORMAL DEPARTURE LAST
                VALUE   (LST)  VALUE       VALUE  FROM      YEAR
                                                  NORMAL
..................................................................
TEMPERATURE (F)
 YESTERDAY
  MAXIMUM         53    317 PM  66    1971  40     13       44
  MINIMUM         25    735 AM  -2    1983  23      2       22
  AVERAGE         39                        32      7       33

PRECIPITATION (IN)
  YESTERDAY        0.00          1.24 2012   0.08  -0.08     0.00
  MONTH TO DATE    2.77                      2.37   0.40     3.73
  SINCE DEC 1      2.77                      2.37   0.40     3.73
  SINCE JAN 1     35.16                     38.36  -3.20    34.89

DEGREE DAYS
 HEATING
  YESTERDAY       26                        33     -7       32
  MONTH TO DATE  676                       788   -112      723
  SINCE DEC 1    676                       788   -112      723
  SINCE JUL 1   1635                      1858   -223     1814

 COOLING
  YESTERDAY        0                         0      0        0
  MONTH TO DATE    0                         0      0        0
  SINCE DEC 1      0                         0      0        0
  SINCE JAN 1    958                       895     63     1057
..................................................................


WIND (MPH)
  HIGHEST WIND SPEED     9   HIGHEST WIND DIRECTION     W (270)
  HIGHEST GUST SPEED    11   HIGHEST GUST DIRECTION     S (180)
  AVERAGE WIND SPEED     2.2


SKY COVER
  POSSIBLE SUNSHINE  MM
  AVERAGE SKY COVER 0.0


WEATHER CONDITIONS
 THE FOLLOWING WEATHER WAS RECORDED YESTERDAY.
  NO SIGNIFICANT WEATHER WAS OBSERVED.


RELATIVE HUMIDITY (PERCENT)
 HIGHEST    81           600 AM
 LOWEST     38           300 PM
 AVERAGE    60

..........................................................


THE MARTINSBURG WV CLIMATE NORMALS FOR TODAY
                         NORMAL    RECORD    YEAR
 MAXIMUM TEMPERATURE (F)   40        68      1971
 MINIMUM TEMPERATURE (F)   23         2      1948


SUNRISE AND SUNSET
DECEMBER 27 2014......SUNRISE   731 AM EST   SUNSET   455 PM EST
DECEMBER 28 2014......SUNRISE   731 AM EST   SUNSET   456 PM EST


-  INDICATES NEGATIVE NUMBERS.
R  INDICATES RECORD WAS SET OR TIED.
MM INDICATES DATA IS MISSING.
T  INDICATES TRACE AMOUNT.




$$
