000
CDUS41 KLWX 160539
CLIMRB


CLIMATE REPORT
NATIONAL WEATHER SERVICE BALTIMORE MD/WASHINGTON DC
138 AM EDT WED APR 16 2014


...................................

...THE MARTINSBURG WV CLIMATE SUMMARY FOR APRIL 15 2014...

CLIMATE NORMAL PERIOD 1981 TO 2010
CLIMATE RECORD PERIOD 1926 TO 2014


WEATHER ITEM   OBSERVED TIME   RECORD YEAR NORMAL DEPARTURE LAST
                VALUE   (LST)  VALUE       VALUE  FROM      YEAR
                                                  NORMAL
..................................................................
TEMPERATURE (F)
 YESTERDAY
  MAXIMUM         68   1217 AM  90    1941  64      4       65
  MINIMUM         34   1159 PM  25    1957  41     -7       53
  AVERAGE         51                        52     -1       59

PRECIPITATION (IN)
  YESTERDAY        0.59          1.40 2007   0.10   0.49      T
  MONTH TO DATE    1.23                      1.67  -0.44     0.67
  SINCE MAR 1      3.35                      5.19  -1.84     2.89
  SINCE JAN 1      7.10                      9.97  -2.87     7.71

DEGREE DAYS
 HEATING
  YESTERDAY       14                        13      1        6
  MONTH TO DATE  164                       226    -62      183
  SINCE MAR 1    999                       940     59      961
  SINCE JUL 1   5092                      4896    196     4596

 COOLING
  YESTERDAY        0                         0      0        0
  MONTH TO DATE    7                         0      7       28
  SINCE MAR 1      7                         1      6       28
  SINCE JAN 1      7                         1      6       28
..................................................................


WIND (MPH)
  HIGHEST WIND SPEED    28   HIGHEST WIND DIRECTION    NW (330)
  HIGHEST GUST SPEED    39   HIGHEST GUST DIRECTION    NW (330)
  AVERAGE WIND SPEED    12.7


SKY COVER
  POSSIBLE SUNSHINE  MM
  AVERAGE SKY COVER 1.0


WEATHER CONDITIONS
 THE FOLLOWING WEATHER WAS RECORDED YESTERDAY.
  RAIN
  LIGHT RAIN
  FOG
  HAZE


RELATIVE HUMIDITY (PERCENT)
 HIGHEST    93           500 AM
 LOWEST     47          1000 PM
 AVERAGE    70

..........................................................


THE MARTINSBURG WV CLIMATE NORMALS FOR TODAY
                         NORMAL    RECORD    YEAR
 MAXIMUM TEMPERATURE (F)   64        90      2002
                                             1976
 MINIMUM TEMPERATURE (F)   41        25      1943


SUNRISE AND SUNSET
APRIL 16 2014.........SUNRISE   633 AM EDT   SUNSET   751 PM EDT
APRIL 17 2014.........SUNRISE   632 AM EDT   SUNSET   752 PM EDT


-  INDICATES NEGATIVE NUMBERS.
R  INDICATES RECORD WAS SET OR TIED.
MM INDICATES DATA IS MISSING.
T  INDICATES TRACE AMOUNT.




$$
