000
CDUS41 KLWX 290522
CLIMRB


CLIMATE REPORT
NATIONAL WEATHER SERVICE BALTIMORE MD/WASHINGTON DC
120 AM EDT FRI AUG 29 2014


...................................

...THE MARTINSBURG WV CLIMATE SUMMARY FOR AUGUST 28 2014...

CLIMATE NORMAL PERIOD 1981 TO 2010
CLIMATE RECORD PERIOD 1926 TO 2014


WEATHER ITEM   OBSERVED TIME   RECORD YEAR NORMAL DEPARTURE LAST
                VALUE   (LST)  VALUE       VALUE  FROM      YEAR
                                                  NORMAL
..................................................................
TEMPERATURE (F)
 YESTERDAY
  MAXIMUM         84    340 PM  99    1993  83      1       76
  MINIMUM         60   1159 PM  45    1968  60      0       71
  AVERAGE         72                        71      1       74

PRECIPITATION (IN)
  YESTERDAY        0.00          1.29 2008   0.10  -0.10     0.15
  MONTH TO DATE    2.23                      2.79  -0.56     3.62
  SINCE JUN 1      9.60                     10.22  -0.62    10.76
  SINCE JAN 1     24.47                     25.95  -1.48    22.02

DEGREE DAYS
 HEATING
  YESTERDAY        0                         0      0        0
  MONTH TO DATE    0                         0      0        4
  SINCE JUN 1      5                        25    -20        6
  SINCE JUL 1      3                         1      2        4

 COOLING
  YESTERDAY        7                         7      0        9
  MONTH TO DATE  188                       230    -42      184
  SINCE JUN 1    725                       716      9      771
  SINCE JAN 1    806                       773     33      882
..................................................................


WIND (MPH)
  HIGHEST WIND SPEED    17   HIGHEST WIND DIRECTION    NW (330)
  HIGHEST GUST SPEED    29   HIGHEST GUST DIRECTION     N (340)
  AVERAGE WIND SPEED     8.2


SKY COVER
  POSSIBLE SUNSHINE  MM
  AVERAGE SKY COVER 0.0


WEATHER CONDITIONS
 THE FOLLOWING WEATHER WAS RECORDED YESTERDAY.
  NO SIGNIFICANT WEATHER WAS OBSERVED.


RELATIVE HUMIDITY (PERCENT)
 HIGHEST    73           400 AM
 LOWEST     28           400 PM
 AVERAGE    51

..........................................................


THE MARTINSBURG WV CLIMATE NORMALS FOR TODAY
                         NORMAL    RECORD    YEAR
 MAXIMUM TEMPERATURE (F)   82        99      1973
 MINIMUM TEMPERATURE (F)   60        40      1982


SUNRISE AND SUNSET
AUGUST 29 2014........SUNRISE   638 AM EDT   SUNSET   747 PM EDT
AUGUST 30 2014........SUNRISE   638 AM EDT   SUNSET   746 PM EDT


-  INDICATES NEGATIVE NUMBERS.
R  INDICATES RECORD WAS SET OR TIED.
MM INDICATES DATA IS MISSING.
T  INDICATES TRACE AMOUNT.




$$
