000
CDUS41 KLWX 170522
CLIMRB


CLIMATE REPORT
NATIONAL WEATHER SERVICE BALTIMORE MD/WASHINGTON DC
122 AM EDT WED SEP 17 2014


...................................

...THE MARTINSBURG WV CLIMATE SUMMARY FOR SEPTEMBER 16 2014...

CLIMATE NORMAL PERIOD 1981 TO 2010
CLIMATE RECORD PERIOD 1926 TO 2014


WEATHER ITEM   OBSERVED TIME   RECORD YEAR NORMAL DEPARTURE LAST
                VALUE   (LST)  VALUE       VALUE  FROM      YEAR
                                                  NORMAL
..................................................................
TEMPERATURE (F)
 YESTERDAY
  MAXIMUM         76    224 PM  98    1991  77     -1       71
  MINIMUM         52   1154 PM  39    2007  54     -2       54
                                      2001
                                      1984
  AVERAGE         64                        65     -1       63

PRECIPITATION (IN)
  YESTERDAY        0.01          2.26 1976   0.13  -0.12     0.14
  MONTH TO DATE    1.83                      1.88  -0.05     0.58
  SINCE SEP 1      1.83                      1.88  -0.05     0.58
  SINCE JAN 1     26.30                     28.12  -1.82    22.96

DEGREE DAYS
 HEATING
  YESTERDAY        1                         2     -1        2
  MONTH TO DATE   16                        22     -6       18
  SINCE SEP 1     16                        22     -6       18
  SINCE JUL 1     19                        29    -10       22

 COOLING
  YESTERDAY        0                         3     -3        0
  MONTH TO DATE  112                        69     43       98
  SINCE SEP 1    112                        69     43       98
  SINCE JAN 1    940                       861     79     1016
..................................................................


WIND (MPH)
  HIGHEST WIND SPEED    20   HIGHEST WIND DIRECTION    NW (320)
  HIGHEST GUST SPEED    25   HIGHEST GUST DIRECTION    NW (320)
  AVERAGE WIND SPEED     5.8


SKY COVER
  POSSIBLE SUNSHINE  MM
  AVERAGE SKY COVER 0.6


WEATHER CONDITIONS
 THE FOLLOWING WEATHER WAS RECORDED YESTERDAY.
  LIGHT RAIN
  FOG


RELATIVE HUMIDITY (PERCENT)
 HIGHEST    93           400 AM
 LOWEST     38           300 PM
 AVERAGE    66

..........................................................


THE MARTINSBURG WV CLIMATE NORMALS FOR TODAY
                         NORMAL    RECORD    YEAR
 MAXIMUM TEMPERATURE (F)   76        96      1991
 MINIMUM TEMPERATURE (F)   54        35      1984


SUNRISE AND SUNSET
SEPTEMBER 17 2014.....SUNRISE   655 AM EDT   SUNSET   717 PM EDT
SEPTEMBER 18 2014.....SUNRISE   656 AM EDT   SUNSET   715 PM EDT


-  INDICATES NEGATIVE NUMBERS.
R  INDICATES RECORD WAS SET OR TIED.
MM INDICATES DATA IS MISSING.
T  INDICATES TRACE AMOUNT.




$$
