000
CDUS41 KLWX 272121
CLIMRB


CLIMATE REPORT
NATIONAL WEATHER SERVICE BALTIMORE MD/WASHINGTON DC
521 PM EDT FRI MAR 27 2015


...................................

...THE MARTINSBURG WV CLIMATE SUMMARY FOR MARCH 27 2015...
VALID TODAY AS OF 0500 PM LOCAL TIME.

CLIMATE NORMAL PERIOD 1981 TO 2010
CLIMATE RECORD PERIOD 1926 TO 2015


WEATHER ITEM   OBSERVED TIME   RECORD YEAR NORMAL DEPARTURE LAST
                VALUE   (LST)  VALUE       VALUE  FROM      YEAR
                                                  NORMAL
..................................................................
TEMPERATURE (F)
 TODAY
  MAXIMUM         50    301 PM  86    1939  57     -7       50
  MINIMUM         42    837 AM  16    2014  35      7       16
  AVERAGE         46                        46      0       33

PRECIPITATION (IN)
  TODAY            0.12          1.14 1994   0.12   0.00     0.00
  MONTH TO DATE    2.28                      3.02  -0.74     0.79
  SINCE MAR 1      2.28                      3.02  -0.74     0.79
  SINCE JAN 1      4.57                      7.80  -3.23     4.54

DEGREE DAYS
 HEATING
  TODAY           19                        19      0       32
  MONTH TO DATE  650                       641      9      773
  SINCE MAR 1    650                       641      9      773
  SINCE JUL 1   4573                      4597    -24     4866

 COOLING
  TODAY            0                         0      0        0
  MONTH TO DATE    0                         0      0        0
  SINCE MAR 1      0                         0      0        0
  SINCE JAN 1      0                         0      0        0
..................................................................


WIND (MPH)
  HIGHEST WIND SPEED    16   HIGHEST WIND DIRECTION     N (340)
  HIGHEST GUST SPEED    21   HIGHEST GUST DIRECTION     N (10)
  AVERAGE WIND SPEED     9.0


SKY COVER
  POSSIBLE SUNSHINE  MM
  AVERAGE SKY COVER 0.9


WEATHER CONDITIONS
 THE FOLLOWING WEATHER WAS RECORDED TODAY.
  LIGHT RAIN


RELATIVE HUMIDITY (PERCENT)
 HIGHEST    83           300 AM
 LOWEST     39           300 PM
 AVERAGE    61

..........................................................


THE MARTINSBURG WV CLIMATE NORMALS FOR TOMORROW
                         NORMAL    RECORD    YEAR
 MAXIMUM TEMPERATURE (F)   57        86      1989
 MINIMUM TEMPERATURE (F)   35        20      1982


SUNRISE AND SUNSET
MARCH 27 2015.........SUNRISE   705 AM EDT   SUNSET   731 PM EDT
MARCH 28 2015.........SUNRISE   703 AM EDT   SUNSET   732 PM EDT


-  INDICATES NEGATIVE NUMBERS.
R  INDICATES RECORD WAS SET OR TIED.
MM INDICATES DATA IS MISSING.
T  INDICATES TRACE AMOUNT.




$$
