000
CDUS44 KHUN 290708
CLIMSL


CLIMATE REPORT
NATIONAL WEATHER SERVICE HUNTSVILLE AL
208 AM CDT TUE JUL 29 2014


...................................

...THE MUSCLE SHOALS CLIMATE SUMMARY FOR JULY 28 2014...

CLIMATE NORMAL PERIOD 1981 TO 2010
CLIMATE RECORD PERIOD 1893 TO 2014


WEATHER ITEM   OBSERVED TIME   RECORD YEAR NORMAL DEPARTURE LAST
                VALUE   (LST)  VALUE       VALUE  FROM      YEAR
                                                  NORMAL
..................................................................
TEMPERATURE (F)
 YESTERDAY
  MAXIMUM         88    214 PM 108    1930  91     -3       84
  MINIMUM         68   1155 PM  55    1937  70     -2       68
  AVERAGE         78                        81     -3       76

PRECIPITATION (IN)
  YESTERDAY        0.00          5.60 1972   0.12  -0.12     0.00
  MONTH TO DATE    5.02                      3.96   1.06     7.13
  SINCE JUN 1     12.49                      8.72   3.77    11.81
  SINCE JAN 1     29.28                     32.22  -2.94    36.72

SNOWFALL (IN)
  YESTERDAY        0.0
  MONTH TO DATE    0.0
  SINCE JUN 1      0.0
  SINCE JUL 1      0.0
  SNOW DEPTH       0

DEGREE DAYS
 HEATING
  YESTERDAY        0                         0      0        0
  MONTH TO DATE    0                         0      0        0
  SINCE JUN 1      0                         1     -1        0
  SINCE JUL 1      0                         0      0        0

 COOLING
  YESTERDAY       13                        16     -3       11
  MONTH TO DATE  347                       434    -87      383
  SINCE JUN 1    748                       796    -48      789
  SINCE JAN 1   1005                      1040    -35     1029
..................................................................


WIND (MPH)
  HIGHEST WIND SPEED    14   HIGHEST WIND DIRECTION    NW (310)
  HIGHEST GUST SPEED    21   HIGHEST GUST DIRECTION     W (290)
  AVERAGE WIND SPEED     6.6


SKY COVER
  POSSIBLE SUNSHINE  MM
  AVERAGE SKY COVER 0.1


WEATHER CONDITIONS
 THE FOLLOWING WEATHER WAS RECORDED YESTERDAY.
  NO SIGNIFICANT WEATHER WAS OBSERVED.


RELATIVE HUMIDITY (PERCENT)
 HIGHEST    91           300 AM
 LOWEST     40           200 PM
 AVERAGE    66

..........................................................


THE MUSCLE SHOALS CLIMATE NORMALS FOR TODAY
                         NORMAL    RECORD    YEAR
 MAXIMUM TEMPERATURE (F)   91       108      1930
 MINIMUM TEMPERATURE (F)   70        55      1937


SUNRISE AND SUNSET
JULY 29 2014..........SUNRISE   558 AM CDT   SUNSET   755 PM CDT
JULY 30 2014..........SUNRISE   559 AM CDT   SUNSET   754 PM CDT


-  INDICATES NEGATIVE NUMBERS.
R  INDICATES RECORD WAS SET OR TIED.
MM INDICATES DATA IS MISSING.
T  INDICATES TRACE AMOUNT.




$$
