000
CDUS44 KHUN 010706
CLIMSL


CLIMATE REPORT
NATIONAL WEATHER SERVICE HUNTSVILLE AL
205 AM CDT TUE SEP 1 2015


...................................

...THE MUSCLE SHOALS CLIMATE SUMMARY FOR AUGUST 31 2015...

CLIMATE NORMAL PERIOD 1981 TO 2010
CLIMATE RECORD PERIOD 1893 TO 2015


WEATHER ITEM   OBSERVED TIME   RECORD YEAR NORMAL DEPARTURE LAST
                VALUE   (LST)  VALUE       VALUE  FROM      YEAR
                                                  NORMAL
..................................................................
TEMPERATURE (F)
 YESTERDAY
  MAXIMUM         85    423 PM 105    1951  89     -4       83
  MINIMUM         63    541 AM  49    1915  67     -4       71
  AVERAGE         74                        78     -4       77

PRECIPITATION (IN)
  YESTERDAY        0.00          2.76 1950   0.10  -0.10     0.01
  MONTH TO DATE    4.71                      3.15   1.56     3.92
  SINCE JUN 1     11.80                     12.21  -0.41    16.41
  SINCE JAN 1     35.69                     35.71  -0.02    33.20

SNOWFALL (IN)
  YESTERDAY        0.0
  MONTH TO DATE    0.0
  SINCE JUN 1      0.0
  SINCE JUL 1      0.0
  SNOW DEPTH       0

DEGREE DAYS
 HEATING
  YESTERDAY        0                         0      0        0
  MONTH TO DATE    0                         0      0        0
  SINCE JUN 1      0                         1     -1        0
  SINCE JUL 1      0                         0      0        0

 COOLING
  YESTERDAY        9                        13     -4       12
  MONTH TO DATE  401                       460    -59      428
  SINCE JUN 1   1401                      1299    102     1196
  SINCE JAN 1   1655                      1543    112     1453
..................................................................


WIND (MPH)
  HIGHEST WIND SPEED     6   HIGHEST WIND DIRECTION    NE (30)
  HIGHEST GUST SPEED     9   HIGHEST GUST DIRECTION    NE (50)
  AVERAGE WIND SPEED     0.9


SKY COVER
  POSSIBLE SUNSHINE  MM
  AVERAGE SKY COVER 0.3


WEATHER CONDITIONS
 THE FOLLOWING WEATHER WAS RECORDED YESTERDAY.
  FOG
  FOG W/VISIBILITY <= 1/4 MILE


RELATIVE HUMIDITY (PERCENT)
 HIGHEST    93          1200 AM
 LOWEST     55           200 PM
 AVERAGE    74

..........................................................


THE MUSCLE SHOALS CLIMATE NORMALS FOR TODAY
                         NORMAL    RECORD    YEAR
 MAXIMUM TEMPERATURE (F)   89       101      1951
 MINIMUM TEMPERATURE (F)   67        50      1946


SUNRISE AND SUNSET
SEPTEMBER  1 2015.....SUNRISE   623 AM CDT   SUNSET   717 PM CDT
SEPTEMBER  2 2015.....SUNRISE   624 AM CDT   SUNSET   716 PM CDT


-  INDICATES NEGATIVE NUMBERS.
R  INDICATES RECORD WAS SET OR TIED.
MM INDICATES DATA IS MISSING.
T  INDICATES TRACE AMOUNT.




$$
