000
CDUS44 KHUN 140811
CLIMSL


CLIMATE REPORT
NATIONAL WEATHER SERVICE HUNTSVILLE AL
210 AM CST SUN FEB 14 2016


...................................

...THE MUSCLE SHOALS CLIMATE SUMMARY FOR FEBRUARY 13 2016...

CLIMATE NORMAL PERIOD 1981 TO 2010
CLIMATE RECORD PERIOD 1893 TO 2016


WEATHER ITEM   OBSERVED TIME   RECORD YEAR NORMAL DEPARTURE LAST
                VALUE   (LST)  VALUE       VALUE  FROM      YEAR
                                                  NORMAL
..................................................................
TEMPERATURE (F)
 YESTERDAY
  MAXIMUM         40    327 PM  83    1962  55    -15       41
  MINIMUM         25    659 AM -11    1899  35    -10       21
  AVERAGE         33                        45    -12       31

PRECIPITATION (IN)
  YESTERDAY        0.00          2.92 1950   0.17  -0.17     0.00
  MONTH TO DATE    0.93                      2.12  -1.19     0.41
  SINCE DEC 1     11.52                     12.41  -0.89     9.71
  SINCE JAN 1      4.58                      6.73  -2.15     4.58

SNOWFALL (IN)
  YESTERDAY        0.0
  MONTH TO DATE    T
  SINCE DEC 1      T
  SINCE JUL 1      T
  SNOW DEPTH       0

DEGREE DAYS
 HEATING
  YESTERDAY       32                        20     12       34
  MONTH TO DATE  299                       281     18      306
  SINCE DEC 1   1413                      1699   -286     1629
  SINCE JUL 1   1778                      2261   -483     2281

 COOLING
  YESTERDAY        0                         0      0        0
  MONTH TO DATE    0                         0      0        0
  SINCE DEC 1     22                         1     21        0
  SINCE JAN 1      0                         0      0        0
..................................................................


WIND (MPH)
  HIGHEST WIND SPEED    14   HIGHEST WIND DIRECTION     N (20)
  HIGHEST GUST SPEED    22   HIGHEST GUST DIRECTION     N (10)
  AVERAGE WIND SPEED     7.7


SKY COVER
  POSSIBLE SUNSHINE  MM
  AVERAGE SKY COVER 0.2


WEATHER CONDITIONS
 THE FOLLOWING WEATHER WAS RECORDED YESTERDAY.
  NO SIGNIFICANT WEATHER WAS OBSERVED.


RELATIVE HUMIDITY (PERCENT)
 HIGHEST    60           700 AM
 LOWEST     22           400 PM
 AVERAGE    41

..........................................................


THE MUSCLE SHOALS CLIMATE NORMALS FOR TODAY
                         NORMAL    RECORD    YEAR
 MAXIMUM TEMPERATURE (F)   55        76      1959
 MINIMUM TEMPERATURE (F)   35       -13      1905


SUNRISE AND SUNSET
FEBRUARY 14 2016......SUNRISE   638 AM CST   SUNSET   532 PM CST
FEBRUARY 15 2016......SUNRISE   637 AM CST   SUNSET   533 PM CST


-  INDICATES NEGATIVE NUMBERS.
R  INDICATES RECORD WAS SET OR TIED.
MM INDICATES DATA IS MISSING.
T  INDICATES TRACE AMOUNT.




$$
