000
CDUS44 KHUN 230717
CLIMSL


CLIMATE REPORT
NATIONAL WEATHER SERVICE HUNTSVILLE AL
217 AM CDT TUE SEP 23 2014


...................................

...THE MUSCLE SHOALS CLIMATE SUMMARY FOR SEPTEMBER 22 2014...

CLIMATE NORMAL PERIOD 1981 TO 2010
CLIMATE RECORD PERIOD 1893 TO 2014


WEATHER ITEM   OBSERVED TIME   RECORD YEAR NORMAL DEPARTURE LAST
                VALUE   (LST)  VALUE       VALUE  FROM      YEAR
                                                  NORMAL
..................................................................
TEMPERATURE (F)
 YESTERDAY
  MAXIMUM         79    309 PM  98    2010  83     -4       81
  MINIMUM         58   1155 PM  37    1913  59     -1       59
  AVERAGE         69                        71     -2       70

PRECIPITATION (IN)
  YESTERDAY        0.00          2.00 1907   0.13  -0.13     0.00
  MONTH TO DATE    2.72                      2.71   0.01     2.15
  SINCE SEP 1      2.72                      2.71   0.01     2.15
  SINCE JAN 1     35.92                     38.42  -2.50    45.04

SNOWFALL (IN)
  YESTERDAY        0.0
  MONTH TO DATE    0.0
  SINCE SEP 1      0.0
  SINCE JUL 1      0.0
  SNOW DEPTH       0

DEGREE DAYS
 HEATING
  YESTERDAY        0                         1     -1        0
  MONTH TO DATE    0                         4     -4        0
  SINCE SEP 1      0                         4     -4        0
  SINCE JUL 1      0                         4     -4        0

 COOLING
  YESTERDAY        4                         7     -3        5
  MONTH TO DATE  261                       218     43      264
  SINCE SEP 1    261                       218     43      264
  SINCE JAN 1   1714                      1761    -47     1745
..................................................................


WIND (MPH)
  HIGHEST WIND SPEED    12   HIGHEST WIND DIRECTION     N (10)
  HIGHEST GUST SPEED    17   HIGHEST GUST DIRECTION     N (360)
  AVERAGE WIND SPEED     5.7


SKY COVER
  POSSIBLE SUNSHINE  MM
  AVERAGE SKY COVER 0.1


WEATHER CONDITIONS
 THE FOLLOWING WEATHER WAS RECORDED YESTERDAY.
  NO SIGNIFICANT WEATHER WAS OBSERVED.


RELATIVE HUMIDITY (PERCENT)
 HIGHEST    72           600 AM
 LOWEST     32           200 PM
 AVERAGE    52

..........................................................


THE MUSCLE SHOALS CLIMATE NORMALS FOR TODAY
                         NORMAL    RECORD    YEAR
 MAXIMUM TEMPERATURE (F)   82        98      2010
                                             1931
 MINIMUM TEMPERATURE (F)   59        38      1918


SUNRISE AND SUNSET
SEPTEMBER 23 2014.....SUNRISE   639 AM CDT   SUNSET   646 PM CDT
SEPTEMBER 24 2014.....SUNRISE   640 AM CDT   SUNSET   644 PM CDT


-  INDICATES NEGATIVE NUMBERS.
R  INDICATES RECORD WAS SET OR TIED.
MM INDICATES DATA IS MISSING.
T  INDICATES TRACE AMOUNT.




$$
