000
CDUS44 KHUN 210802
CLIMSL


CLIMATE REPORT
NATIONAL WEATHER SERVICE HUNTSVILLE AL
202 AM CST SUN JAN 21 2018


...................................

...THE MUSCLE SHOALS CLIMATE SUMMARY FOR JANUARY 20 2018...

CLIMATE NORMAL PERIOD 1981 TO 2010
CLIMATE RECORD PERIOD 1893 TO 2018


WEATHER ITEM   OBSERVED TIME   RECORD YEAR NORMAL DEPARTURE LAST
                VALUE   (LST)  VALUE       VALUE  FROM      YEAR
                                                  NORMAL
..................................................................
TEMPERATURE (F)
 YESTERDAY
  MAXIMUM         67    232 PM  76    1935  51     16       72
  MINIMUM         43    613 AM  -8    1985  31     12       53
  AVERAGE         55                        41     14       63

PRECIPITATION (IN)
  YESTERDAY        0.00          2.37 1954   0.15  -0.15     0.00
  MONTH TO DATE    0.93                      2.92  -1.99     2.82
  SINCE DEC 1      6.29                      8.60  -2.31     8.16
  SINCE JAN 1      0.93                      2.92  -1.99     2.82

SNOWFALL (IN)
  YESTERDAY        0.0
  MONTH TO DATE    0.6
  SINCE DEC 1      0.6
  SINCE JUL 1      0.6
  SNOW DEPTH       0

DEGREE DAYS
 HEATING
  YESTERDAY       10                        24    -14        2
  MONTH TO DATE  625                       480    145      276
  SINCE DEC 1   1301                      1154    147      844
  SINCE JUL 1   1808                      1716     92     1172

 COOLING
  YESTERDAY        0                         0      0        0
  MONTH TO DATE    0                         0      0        4
  SINCE DEC 1      0                         1     -1        6
  SINCE JAN 1      0                         0      0        4
..................................................................


WIND (MPH)
  HIGHEST WIND SPEED    18   HIGHEST WIND DIRECTION    SW (240)
  HIGHEST GUST SPEED    22   HIGHEST GUST DIRECTION    SW (240)
  AVERAGE WIND SPEED     6.9


SKY COVER
  POSSIBLE SUNSHINE  MM
  AVERAGE SKY COVER 0.7


WEATHER CONDITIONS
 THE FOLLOWING WEATHER WAS RECORDED YESTERDAY.
  NO SIGNIFICANT WEATHER WAS OBSERVED.


RELATIVE HUMIDITY (PERCENT)
 HIGHEST    54           800 PM
 LOWEST     35          1000 AM
 AVERAGE    45

..........................................................


THE MUSCLE SHOALS CLIMATE NORMALS FOR TODAY
                         NORMAL    RECORD    YEAR
 MAXIMUM TEMPERATURE (F)   51        75      1937
 MINIMUM TEMPERATURE (F)   31       -11      1985


SUNRISE AND SUNSET
JANUARY 21 2018.......SUNRISE   655 AM CST   SUNSET   509 PM CST
JANUARY 22 2018.......SUNRISE   655 AM CST   SUNSET   510 PM CST


-  INDICATES NEGATIVE NUMBERS.
R  INDICATES RECORD WAS SET OR TIED.
MM INDICATES DATA IS MISSING.
T  INDICATES TRACE AMOUNT.




$$
