000
CDUS44 KHUN 020819
CLIMSL


CLIMATE REPORT
NATIONAL WEATHER SERVICE HUNTSVILLE AL
219 AM CST MON MAR 2 2015


...................................

...THE MUSCLE SHOALS CLIMATE SUMMARY FOR MARCH 1 2015...

CLIMATE NORMAL PERIOD 1981 TO 2010
CLIMATE RECORD PERIOD 1893 TO 2015


WEATHER ITEM   OBSERVED TIME   RECORD YEAR NORMAL DEPARTURE LAST
                VALUE   (LST)  VALUE       VALUE  FROM      YEAR
                                                  NORMAL
..................................................................
TEMPERATURE (F)
 YESTERDAY
  MAXIMUM         53    602 PM  82    1997  60     -7       65
                                      1918
  MINIMUM         46    109 AM  14    1920  39      7       44
  AVERAGE         50                        49      1       55

PRECIPITATION (IN)
  YESTERDAY       MM             2.62 1922   0.17  MM        0.00
  MONTH TO DATE   MM                         0.17  MM        0.00
  SINCE MAR 1     MM                         0.17  MM        0.00
  SINCE JAN 1      7.28                      9.44  -2.16     5.69

SNOWFALL (IN)
  YESTERDAY        0.0
  MONTH TO DATE    0.0
  SINCE MAR 1      0.0
  SINCE JUL 1      3.5
  SNOW DEPTH       0

DEGREE DAYS
 HEATING
  YESTERDAY       15                        16     -1       10
  MONTH TO DATE   15                        16     -1       10
  SINCE MAR 1     15                        16     -1       10
  SINCE JUL 1   2786                      2551    235     2781

 COOLING
  YESTERDAY        0                         0      0        0
  MONTH TO DATE    0                         0      0        0
  SINCE MAR 1      0                         0      0        0
  SINCE JAN 1      0                         1     -1        0
..................................................................


WIND (MPH)
  HIGHEST WIND SPEED    12   HIGHEST WIND DIRECTION     S (160)
  HIGHEST GUST SPEED    15   HIGHEST GUST DIRECTION     S (160)
  AVERAGE WIND SPEED     4.3


SKY COVER
  POSSIBLE SUNSHINE  MM
  AVERAGE SKY COVER 1.0


WEATHER CONDITIONS
 THE FOLLOWING WEATHER WAS RECORDED YESTERDAY.
  RAIN
  LIGHT RAIN
  FOG


RELATIVE HUMIDITY (PERCENT)
 HIGHEST    96           700 PM
 LOWEST     56          1200 AM
 AVERAGE    76

..........................................................


THE MUSCLE SHOALS CLIMATE NORMALS FOR TODAY
                         NORMAL    RECORD    YEAR
 MAXIMUM TEMPERATURE (F)   60        82      2012
                                             1932
 MINIMUM TEMPERATURE (F)   39        13      1980


SUNRISE AND SUNSET
MARCH  2 2015.........SUNRISE   619 AM CST   SUNSET   547 PM CST
MARCH  3 2015.........SUNRISE   617 AM CST   SUNSET   548 PM CST


-  INDICATES NEGATIVE NUMBERS.
R  INDICATES RECORD WAS SET OR TIED.
MM INDICATES DATA IS MISSING.
T  INDICATES TRACE AMOUNT.




$$
