000
CDUS44 KHUN 222122
CLIMSL


CLIMATE REPORT
NATIONAL WEATHER SERVICE HUNTSVILLE AL
421 PM CDT FRI MAY 22 2015


...................................

...THE MUSCLE SHOALS CLIMATE SUMMARY FOR MAY 22 2015...
VALID TODAY AS OF 0400 PM LOCAL TIME.

CLIMATE NORMAL PERIOD 1981 TO 2010
CLIMATE RECORD PERIOD 1893 TO 2015


WEATHER ITEM   OBSERVED TIME   RECORD YEAR NORMAL DEPARTURE LAST
                VALUE   (LST)  VALUE       VALUE  FROM      YEAR
                                                  NORMAL
..................................................................
TEMPERATURE (F)
 TODAY
  MAXIMUM         76    259 PM  95    1925  82     -6       87
  MINIMUM         49    508 AM  43    2002  60    -11       60
  AVERAGE         63                        71     -8       74

PRECIPITATION (IN)
  TODAY            0.00          3.17 1911   0.16  -0.16     0.00
  MONTH TO DATE    1.50                      3.63  -2.13     1.76
  SINCE MAR 1     13.10                     12.74   0.36    10.98
  SINCE JAN 1     20.38                     22.01  -1.63    16.67

SNOWFALL (IN)
  TODAY            0.0
  MONTH TO DATE    0.0
  SINCE MAR 1      0.7
  SINCE JUL 1      4.2
  SNOW DEPTH       0

DEGREE DAYS
 HEATING
  TODAY            2                         1      1        0
  MONTH TO DATE   19                        29    -10       42
  SINCE MAR 1    462                       567   -105      624
  SINCE JUL 1   3233                      3102    131     3395

 COOLING
  TODAY            0                         7     -7        9
  MONTH TO DATE  123                       108     15      109
  SINCE MAR 1    179                       172      7      154
  SINCE JAN 1    179                       173      6      154
..................................................................


WIND (MPH)
  HIGHEST WIND SPEED    12   HIGHEST WIND DIRECTION     E (90)
  HIGHEST GUST SPEED    18   HIGHEST GUST DIRECTION    NE (60)
  AVERAGE WIND SPEED     5.1


SKY COVER
  POSSIBLE SUNSHINE  MM
  AVERAGE SKY COVER 0.0


WEATHER CONDITIONS
 THE FOLLOWING WEATHER WAS RECORDED TODAY.
  NO SIGNIFICANT WEATHER WAS OBSERVED.


RELATIVE HUMIDITY (PERCENT)
 HIGHEST    86           500 AM
 LOWEST     35           200 PM
 AVERAGE    61

..........................................................


THE MUSCLE SHOALS CLIMATE NORMALS FOR TOMORROW
                         NORMAL    RECORD    YEAR
 MAXIMUM TEMPERATURE (F)   83        94      1925
 MINIMUM TEMPERATURE (F)   61        45      1931


SUNRISE AND SUNSET
MAY 22 2015...........SUNRISE   543 AM CDT   SUNSET   752 PM CDT
MAY 23 2015...........SUNRISE   542 AM CDT   SUNSET   752 PM CDT


-  INDICATES NEGATIVE NUMBERS.
R  INDICATES RECORD WAS SET OR TIED.
MM INDICATES DATA IS MISSING.
T  INDICATES TRACE AMOUNT.




$$
