000
CDUS44 KHUN 030808
CLIMSL


CLIMATE REPORT
NATIONAL WEATHER SERVICE HUNTSVILLE AL
208 AM CST SAT DEC 3 2016


...................................

...THE MUSCLE SHOALS CLIMATE SUMMARY FOR DECEMBER 2 2016...

CLIMATE NORMAL PERIOD 1981 TO 2010
CLIMATE RECORD PERIOD 1893 TO 2016


WEATHER ITEM   OBSERVED TIME   RECORD YEAR NORMAL DEPARTURE LAST
                VALUE   (LST)  VALUE       VALUE  FROM      YEAR
                                                  NORMAL
..................................................................
TEMPERATURE (F)
 YESTERDAY
  MAXIMUM         62    248 PM  74    2012  57      5       57
                                      1991
                                      1982
  MINIMUM         28    635 AM  18    1960  37     -9       38
  AVERAGE         45                        46     -1       48

PRECIPITATION (IN)
  YESTERDAY        0.00          3.12 1991   0.20  -0.20     0.00
  MONTH TO DATE    0.00                      0.40  -0.40     1.04
  SINCE DEC 1      0.00                      0.40  -0.40     1.04
  SINCE JAN 1     35.46                     47.92 -12.46    45.29

SNOWFALL (IN)
  YESTERDAY        0.0
  MONTH TO DATE    0.0
  SINCE DEC 1      0.0
  SINCE JUL 1      0.0
  SNOW DEPTH       0

DEGREE DAYS
 HEATING
  YESTERDAY       20                        19      1       17
  MONTH TO DATE   40                        37      3       23
  SINCE DEC 1     40                        37      3       23
  SINCE JUL 1    368                       599   -231      388

 COOLING
  YESTERDAY        0                         0      0        0
  MONTH TO DATE    0                         0      0        0
  SINCE DEC 1      0                         0      0        0
  SINCE JAN 1   2366                      1871    495     2008
..................................................................


WIND (MPH)
  HIGHEST WIND SPEED    12   HIGHEST WIND DIRECTION     W (290)
  HIGHEST GUST SPEED    16   HIGHEST GUST DIRECTION     W (270)
  AVERAGE WIND SPEED     1.7


SKY COVER
  POSSIBLE SUNSHINE  MM
  AVERAGE SKY COVER 0.0


WEATHER CONDITIONS
 THE FOLLOWING WEATHER WAS RECORDED YESTERDAY.
  NO SIGNIFICANT WEATHER WAS OBSERVED.


RELATIVE HUMIDITY (PERCENT)
 HIGHEST    92           300 AM
 LOWEST     32           100 PM
 AVERAGE    62

..........................................................


THE MUSCLE SHOALS CLIMATE NORMALS FOR TODAY
                         NORMAL    RECORD    YEAR
 MAXIMUM TEMPERATURE (F)   56        76      1978
 MINIMUM TEMPERATURE (F)   36         9      1929


SUNRISE AND SUNSET
DECEMBER  3 2016......SUNRISE   642 AM CST   SUNSET   439 PM CST
DECEMBER  4 2016......SUNRISE   642 AM CST   SUNSET   439 PM CST


-  INDICATES NEGATIVE NUMBERS.
R  INDICATES RECORD WAS SET OR TIED.
MM INDICATES DATA IS MISSING.
T  INDICATES TRACE AMOUNT.



$$
