000
CDUS44 KHUN 210807
CLIMSL


CLIMATE REPORT
NATIONAL WEATHER SERVICE HUNTSVILLE AL
207 AM CST SUN DEC 21 2014


...................................

...THE MUSCLE SHOALS CLIMATE SUMMARY FOR DECEMBER 20 2014...

CLIMATE NORMAL PERIOD 1981 TO 2010
CLIMATE RECORD PERIOD 1893 TO 2014


WEATHER ITEM   OBSERVED TIME   RECORD YEAR NORMAL DEPARTURE LAST
                VALUE   (LST)  VALUE       VALUE  FROM      YEAR
                                                  NORMAL
..................................................................
TEMPERATURE (F)
 YESTERDAY
  MAXIMUM         54    312 PM  72    1978  52      2       66
  MINIMUM         35    734 AM   1    1901  33      2       55
  AVERAGE         45                        42      3       61

PRECIPITATION (IN)
  YESTERDAY        T             4.81 1990   0.17  -0.17     0.13
  MONTH TO DATE    1.89                      3.93  -2.04     2.88
  SINCE DEC 1      1.89                      3.93  -2.04     2.88
  SINCE JAN 1     49.03                     51.45  -2.42    53.33

SNOWFALL (IN)
  YESTERDAY        0.0
  MONTH TO DATE    0.0
  SINCE DEC 1      0.0
  SINCE JUL 1      T
  SNOW DEPTH       0

DEGREE DAYS
 HEATING
  YESTERDAY       20                        23     -3        4
  MONTH TO DATE  350                       415    -65      397
  SINCE DEC 1    350                       415    -65      397
  SINCE JUL 1   1002                       977     25     1014

 COOLING
  YESTERDAY        0                         0      0        0
  MONTH TO DATE    0                         0      0        3
  SINCE DEC 1      0                         0      0        3
  SINCE JAN 1   1861                      1871    -10     1898
..................................................................


WIND (MPH)
  HIGHEST WIND SPEED     8   HIGHEST WIND DIRECTION    NE (50)
  HIGHEST GUST SPEED    12   HIGHEST GUST DIRECTION    NE (50)
  AVERAGE WIND SPEED     4.0


SKY COVER
  POSSIBLE SUNSHINE  MM
  AVERAGE SKY COVER 0.2


WEATHER CONDITIONS
 THE FOLLOWING WEATHER WAS RECORDED YESTERDAY.
  LIGHT RAIN
  HAZE


RELATIVE HUMIDITY (PERCENT)
 HIGHEST    82           500 AM
 LOWEST     41           300 PM
 AVERAGE    62

..........................................................


THE MUSCLE SHOALS CLIMATE NORMALS FOR TODAY
                         NORMAL    RECORD    YEAR
 MAXIMUM TEMPERATURE (F)   51        76      2013
 MINIMUM TEMPERATURE (F)   33         5      1989


SUNRISE AND SUNSET
DECEMBER 21 2014......SUNRISE   654 AM CST   SUNSET   443 PM CST
DECEMBER 22 2014......SUNRISE   654 AM CST   SUNSET   444 PM CST


-  INDICATES NEGATIVE NUMBERS.
R  INDICATES RECORD WAS SET OR TIED.
MM INDICATES DATA IS MISSING.
T  INDICATES TRACE AMOUNT.




$$
