000
CDUS43 KMKX 120700
CLIMSN


CLIMATE REPORT
NATIONAL WEATHER SERVICE IN MILWAUKEE
1259 AM CST TUE DEC 12 2017


...................................

...THE MADISON WI CLIMATE SUMMARY FOR DECEMBER 11 2017...

CLIMATE NORMAL PERIOD 1981 TO 2010
CLIMATE RECORD PERIOD 1871 TO 2017


WEATHER ITEM   OBSERVED TIME   RECORD YEAR NORMAL DEPARTURE LAST
                VALUE   (LST)  VALUE       VALUE  FROM      YEAR
                                                  NORMAL
..................................................................
TEMPERATURE (F)
 YESTERDAY
  MAXIMUM         32    517 PM  59    1949  31      1       28
  MINIMUM         20   1233 AM -17    1976  17      3       19
                                      1972
  AVERAGE         26                        24      2       24

PRECIPITATION (IN)
  YESTERDAY        0.03          1.11 1965   0.06  -0.03     0.29
  MONTH TO DATE    0.53                      0.76  -0.23     0.92
  SINCE DEC 1      0.53                      0.76  -0.23     0.92
  SINCE JAN 1     38.08                     33.50   4.58    44.45

SNOWFALL (IN)
  YESTERDAY        0.5           5.3  1904   0.5    0.0      4.2
  MONTH TO DATE    1.3                       4.7   -3.4     13.8
  SINCE DEC 1      1.3                       4.7   -3.4     13.8
  SINCE JUL 1      1.6                       8.8   -7.2     13.8
  SNOW DEPTH       1

DEGREE DAYS
 HEATING
  YESTERDAY       39                        41     -2       41
  MONTH TO DATE  376                       427    -51      416
  SINCE DEC 1    376                       427    -51      416
  SINCE JUL 1   1735                      2006   -271     1438

 COOLING
  YESTERDAY        0                         0      0        0
  MONTH TO DATE    0                         0      0        0
  SINCE DEC 1      0                         0      0        0
  SINCE JAN 1    580                       568     12      780
..................................................................


WIND (MPH)
  HIGHEST WIND SPEED    26   HIGHEST WIND DIRECTION     N (340)
  HIGHEST GUST SPEED    42   HIGHEST GUST DIRECTION     N (340)
  AVERAGE WIND SPEED     9.1


SKY COVER
  POSSIBLE SUNSHINE  MM
  AVERAGE SKY COVER 0.9


WEATHER CONDITIONS
 THE FOLLOWING WEATHER WAS RECORDED YESTERDAY.
  LIGHT SNOW
  FOG


RELATIVE HUMIDITY (PERCENT)
 HIGHEST    88           500 AM
 LOWEST     69           900 PM
 AVERAGE    79

..........................................................


THE MADISON WI CLIMATE NORMALS FOR TODAY
                         NORMAL    RECORD    YEAR
 MAXIMUM TEMPERATURE (F)   31        53      1991
                                             1968
                                             1965
 MINIMUM TEMPERATURE (F)   17       -10      1962


SUNRISE AND SUNSET
DECEMBER 12 2017......SUNRISE   720 AM CST   SUNSET   422 PM CST
DECEMBER 13 2017......SUNRISE   721 AM CST   SUNSET   423 PM CST


-  INDICATES NEGATIVE NUMBERS.
R  INDICATES RECORD WAS SET OR TIED.
MM INDICATES DATA IS MISSING.
T  INDICATES TRACE AMOUNT.




$$
