000
CDUS43 KMKX 250654
CLIMSN


CLIMATE REPORT
NATIONAL WEATHER SERVICE IN MILWAUKEE
1254 AM CST THU DEC 25 2014


...................................

...THE MADISON WI CLIMATE SUMMARY FOR DECEMBER 24 2014...

CLIMATE NORMAL PERIOD 1981 TO 2010
CLIMATE RECORD PERIOD 1871 TO 2014


WEATHER ITEM   OBSERVED TIME   RECORD YEAR NORMAL DEPARTURE LAST
                VALUE   (LST)  VALUE       VALUE  FROM      YEAR
                                                  NORMAL
..................................................................
TEMPERATURE (F)
 YESTERDAY
  MAXIMUM         37   1253 AM  60    1889  28      9       12
  MINIMUM         34   1159 PM -28    1872  13     21      -12
  AVERAGE         36                        21     15        0

PRECIPITATION (IN)
  YESTERDAY        T             1.01 1979   0.05  -0.05     0.07
  MONTH TO DATE    0.97                      1.44  -0.47     1.39
  SINCE DEC 1      0.97                      1.44  -0.47     1.39
  SINCE JAN 1     35.25                     34.18   1.07    45.15

SNOWFALL (IN)
  YESTERDAY        T             7.5  1918   0.5   -0.5      0.9
  MONTH TO DATE    0.1                      10.6  -10.5     17.5
  SINCE DEC 1      0.1                      10.6  -10.5     17.5
  SINCE JUL 1      8.6                      14.7   -6.1     21.0
  SNOW DEPTH       0

DEGREE DAYS
 HEATING
  YESTERDAY       29                        44    -15       65
  MONTH TO DATE  843                       985   -142     1115
  SINCE DEC 1    843                       985   -142     1115
  SINCE JUL 1   2527                      2564    -37     2634

 COOLING
  YESTERDAY        0                         0      0        0
  MONTH TO DATE    0                         0      0        0
  SINCE DEC 1      0                         0      0        0
  SINCE JAN 1    620                       568     52      709
..................................................................


WIND (MPH)
  HIGHEST WIND SPEED    12   HIGHEST WIND DIRECTION    NW (320)
  HIGHEST GUST SPEED    17   HIGHEST GUST DIRECTION     W (270)
  AVERAGE WIND SPEED     4.9


SKY COVER
  POSSIBLE SUNSHINE  MM
  AVERAGE SKY COVER 1.0


WEATHER CONDITIONS
 THE FOLLOWING WEATHER WAS RECORDED YESTERDAY.
  MIXED PRECIP
  RAIN
  LIGHT RAIN
  SNOW
  LIGHT SNOW
  SLEET
  FOG
  FOG W/VISIBILITY <= 1/4 MILE


RELATIVE HUMIDITY (PERCENT)
 HIGHEST   100           200 AM
 LOWEST     82           700 PM
 AVERAGE    91

..........................................................


THE MADISON WI CLIMATE NORMALS FOR TODAY
                         NORMAL    RECORD    YEAR
 MAXIMUM TEMPERATURE (F)   28        56      1982
 MINIMUM TEMPERATURE (F)   13       -21      2000


SUNRISE AND SUNSET
DECEMBER 25 2014......SUNRISE   728 AM CST   SUNSET   427 PM CST
DECEMBER 26 2014......SUNRISE   728 AM CST   SUNSET   428 PM CST


-  INDICATES NEGATIVE NUMBERS.
R  INDICATES RECORD WAS SET OR TIED.
MM INDICATES DATA IS MISSING.
T  INDICATES TRACE AMOUNT.




$$
