000
CDUS43 KMKX 160641
CLIMSN


CLIMATE REPORT
NATIONAL WEATHER SERVICE IN MILWAUKEE
1241 AM CST MON JAN 16 2017


...................................

...THE MADISON WI CLIMATE SUMMARY FOR JANUARY 15 2017...

CLIMATE NORMAL PERIOD 1981 TO 2010
CLIMATE RECORD PERIOD 1871 TO 2017


WEATHER ITEM   OBSERVED TIME   RECORD YEAR NORMAL DEPARTURE LAST
                VALUE   (LST)  VALUE       VALUE  FROM      YEAR
                                                  NORMAL
..................................................................
TEMPERATURE (F)
 YESTERDAY
  MAXIMUM         33    355 PM  54    1953  26      7       34
  MINIMUM          6    746 AM -30    1963  11     -5       28
  AVERAGE         20                        18      2       31

PRECIPITATION (IN)
  YESTERDAY        0.00          1.00 1906   0.04  -0.04      T
  MONTH TO DATE    0.75                      0.61   0.14     0.56
  SINCE DEC 1      2.78                      2.35   0.43     3.89
  SINCE JAN 1      0.75                      0.61   0.14     0.56

SNOWFALL (IN)
  YESTERDAY        0.0           3.8  1943   0.4   -0.4       T
  MONTH TO DATE    2.1                       6.2   -4.1      2.1
  SINCE DEC 1     24.8                      19.7    5.1      9.5
  SINCE JUL 1     24.8                      23.8    1.0     13.6
  SNOW DEPTH       1

DEGREE DAYS
 HEATING
  YESTERDAY       45                        47     -2       34
  MONTH TO DATE  731                       694     37      669
  SINCE DEC 1   2040                      1994     46     1590
  SINCE JUL 1   3062                      3573   -511     2781

 COOLING
  YESTERDAY        0                         0      0        0
  MONTH TO DATE    0                         0      0        0
  SINCE DEC 1      0                         0      0        0
  SINCE JAN 1      0                         0      0        0
..................................................................


WIND (MPH)
  HIGHEST WIND SPEED     7   HIGHEST WIND DIRECTION     S (170)
  HIGHEST GUST SPEED     9   HIGHEST GUST DIRECTION     S (170)
  AVERAGE WIND SPEED     1.6


SKY COVER
  POSSIBLE SUNSHINE  MM
  AVERAGE SKY COVER 0.6


WEATHER CONDITIONS
 THE FOLLOWING WEATHER WAS RECORDED YESTERDAY.
  FOG


RELATIVE HUMIDITY (PERCENT)
 HIGHEST    92           100 AM
 LOWEST     47           100 PM
 AVERAGE    70

..........................................................


THE MADISON WI CLIMATE NORMALS FOR TODAY
                         NORMAL    RECORD    YEAR
 MAXIMUM TEMPERATURE (F)   26        52      1933
 MINIMUM TEMPERATURE (F)   11       -28      1979


SUNRISE AND SUNSET
JANUARY 16 2017.......SUNRISE   725 AM CST   SUNSET   449 PM CST
JANUARY 17 2017.......SUNRISE   725 AM CST   SUNSET   451 PM CST


-  INDICATES NEGATIVE NUMBERS.
R  INDICATES RECORD WAS SET OR TIED.
MM INDICATES DATA IS MISSING.
T  INDICATES TRACE AMOUNT.




$$
