000
CDUS45 KMSO 310742
CLIMSO


CLIMATE REPORT
NATIONAL WEATHER SERVICE MISSOULA, MT
142 AM MDT TUE MAY 31 2016


...................................

...THE MISSOULA MT CLIMATE SUMMARY FOR MAY 30 2016...

CLIMATE NORMAL PERIOD 1981 TO 2010
CLIMATE RECORD PERIOD 1893 TO 2016


WEATHER ITEM   OBSERVED TIME   RECORD YEAR NORMAL DEPARTURE LAST
                VALUE   (LST)  VALUE       VALUE  FROM      YEAR
                                                  NORMAL
..................................................................
TEMPERATURE (F)
 YESTERDAY
  MAXIMUM         70    423 PM  95    1986  71     -1       71
                                      1936
  MINIMUM         44   1159 PM  28    1914  44      0       47
  AVERAGE         57                        57      0       59

PRECIPITATION (IN)
  YESTERDAY        0.00          1.60 1908   0.08  -0.08     0.31
  MONTH TO DATE    1.82                      1.92  -0.10     0.75
  SINCE OCT 1      8.49                      8.62  -0.13     9.22
  SINCE JAN 1      5.10                      5.69  -0.59     3.91

SNOWFALL (IN)
  YESTERDAY        0.0
  MONTH TO DATE    0.0
  SINCE JAN 1     13.1
  SINCE JUL 1     30.2
  SNOW DEPTH       0

DEGREE DAYS
 HEATING
  YESTERDAY        8                         8      0        6
  MONTH TO DATE  321                       351    -30      316
  SINCE MAR 1   1535                      1745   -210     1657
  SINCE JUL 1   6719                      7114   -395     6649

 COOLING
  YESTERDAY        0                         0      0        0
  MONTH TO DATE    0                         0      0        0
  SINCE MAR 1      0                         0      0        0
  SINCE JAN 1      0                         0      0        0
..................................................................


WIND (MPH)
  HIGHEST WIND SPEED    17   HIGHEST WIND DIRECTION     N (10)
  HIGHEST GUST SPEED    24   HIGHEST GUST DIRECTION     N (360)
  AVERAGE WIND SPEED     6.8


SKY COVER
  POSSIBLE SUNSHINE  MM
  AVERAGE SKY COVER 0.4


WEATHER CONDITIONS
 THE FOLLOWING WEATHER WAS RECORDED YESTERDAY.
  NO SIGNIFICANT WEATHER WAS OBSERVED.


RELATIVE HUMIDITY (PERCENT)
 HIGHEST    92           500 AM
 LOWEST     24           700 PM
 AVERAGE    58

..........................................................


THE MISSOULA MT CLIMATE NORMALS FOR TODAY
                         NORMAL    RECORD    YEAR
 MAXIMUM TEMPERATURE (F)   71        92      1986
                                             1956
 MINIMUM TEMPERATURE (F)   44        30      1965
                                             1950
                                             1920


SUNRISE AND SUNSET
MAY 31 2016...........SUNRISE   546 AM MDT   SUNSET   923 PM MDT
JUNE  1 2016..........SUNRISE   545 AM MDT   SUNSET   924 PM MDT


-  INDICATES NEGATIVE NUMBERS.
R  INDICATES RECORD WAS SET OR TIED.
MM INDICATES DATA IS MISSING.
T  INDICATES TRACE AMOUNT.




$$
