000
CDUS45 KMSO 010738
CLIMSO


CLIMATE REPORT
NATIONAL WEATHER SERVICE MISSOULA, MT
137 AM MDT MON SEP 1 2014


...................................

...THE MISSOULA MT CLIMATE SUMMARY FOR AUGUST 31 2014...

CLIMATE NORMAL PERIOD 1981 TO 2010
CLIMATE RECORD PERIOD 1893 TO 2014


WEATHER ITEM   OBSERVED TIME   RECORD YEAR NORMAL DEPARTURE LAST
                VALUE   (LST)  VALUE       VALUE  FROM      YEAR
                                                  NORMAL
..................................................................
TEMPERATURE (F)
 YESTERDAY
  MAXIMUM         71    321 PM  94    1991  80     -9       88
                                      1940
                                      1929
  MINIMUM         50   1141 PM  36    1993  47      3       47
                                      1924
  AVERAGE         61                        63     -2       68

PRECIPITATION (IN)
  YESTERDAY        0.03          1.11 1896   0.04  -0.01     0.00
  MONTH TO DATE    0.96                      1.19  -0.23     0.41
  SINCE OCT 1     11.75                     12.96  -1.21    11.10
  SINCE JAN 1     10.04                     10.03   0.01     6.31

SNOWFALL (IN)
  YESTERDAY        0.0
  MONTH TO DATE    0.0
  SINCE JAN 1     51.9
  SINCE JUL 1      0.0
  SNOW DEPTH       0

DEGREE DAYS
 HEATING
  YESTERDAY        4                         3      1        0
  MONTH TO DATE   36                        47    -11        8
  SINCE JUN 1    219                       244    -25      149
  SINCE JUL 1     42                        84    -42        8

 COOLING
  YESTERDAY        0                         2     -2        3
  MONTH TO DATE  138                       123     15      191
  SINCE JUN 1    378                       311     67      488
  SINCE JAN 1    378                       317     61      492
..................................................................


WIND (MPH)
  HIGHEST WIND SPEED    23   HIGHEST WIND DIRECTION     W (260)
  HIGHEST GUST SPEED    27   HIGHEST GUST DIRECTION     W (270)
  AVERAGE WIND SPEED     7.4


SKY COVER
  POSSIBLE SUNSHINE  MM
  AVERAGE SKY COVER 0.7


WEATHER CONDITIONS
 THE FOLLOWING WEATHER WAS RECORDED YESTERDAY.
  LIGHT RAIN
  FOG


RELATIVE HUMIDITY (PERCENT)
 HIGHEST    93           600 AM
 LOWEST     33           300 PM
 AVERAGE    63

..........................................................


THE MISSOULA MT CLIMATE NORMALS FOR TODAY
                         NORMAL    RECORD    YEAR
 MAXIMUM TEMPERATURE (F)   80        99      1967
 MINIMUM TEMPERATURE (F)   47        33      2006


SUNRISE AND SUNSET
SEPTEMBER  1 2014.....SUNRISE   656 AM MDT   SUNSET   816 PM MDT
SEPTEMBER  2 2014.....SUNRISE   657 AM MDT   SUNSET   814 PM MDT


-  INDICATES NEGATIVE NUMBERS.
R  INDICATES RECORD WAS SET OR TIED.
MM INDICATES DATA IS MISSING.
T  INDICATES TRACE AMOUNT.




$$
