000
CDUS45 KMSO 262332
CLIMSO


CLIMATE REPORT
NATIONAL WEATHER SERVICE MISSOULA, MT
431 PM MST MON JAN 26 2015


...................................

...THE MISSOULA MT CLIMATE SUMMARY FOR JANUARY 26 2015...
VALID TODAY AS OF 0400 PM LOCAL TIME.

CLIMATE NORMAL PERIOD 1981 TO 2010
CLIMATE RECORD PERIOD 1893 TO 2015


WEATHER ITEM   OBSERVED TIME   RECORD YEAR NORMAL DEPARTURE LAST
                VALUE   (LST)  VALUE       VALUE  FROM      YEAR
                                                  NORMAL
..................................................................
TEMPERATURE (F)
 TODAY
  MAXIMUM         42    259 PM  48    2003  35      7       34
                                      1934
  MINIMUM         24    809 AM -33    1957  20      4       15
  AVERAGE         33                        27      6       25

PRECIPITATION (IN)
  TODAY            0.00          0.39 1894   0.03  -0.03     0.00
  MONTH TO DATE    1.22                      0.73   0.49     0.39
  SINCE OCT 1      6.53                      3.66   2.87     2.10
  SINCE JAN 1      1.22                      0.73   0.49     0.39

SNOWFALL (IN)
  TODAY            0.0
  MONTH TO DATE    9.4
  SINCE JAN 1      9.4
  SINCE JUL 1     30.0
  SNOW DEPTH       2

DEGREE DAYS
 HEATING
  TODAY           32                        38     -6       40
  MONTH TO DATE 1025                      1028     -3      903
  SINCE DEC 1   2214                      2304    -90     2205
  SINCE JUL 1   3970                      4200   -230     4060

 COOLING
  TODAY            0                         0      0        0
  MONTH TO DATE    0                         0      0        0
  SINCE DEC 1      0                         0      0        0
  SINCE JAN 1      0                         0      0        0
..................................................................


WIND (MPH)
  HIGHEST WIND SPEED     6   HIGHEST WIND DIRECTION    NW (300)
  HIGHEST GUST SPEED     6   HIGHEST GUST DIRECTION    NW (300)
  AVERAGE WIND SPEED     1.7


SKY COVER
  POSSIBLE SUNSHINE  MM
  AVERAGE SKY COVER 0.0


WEATHER CONDITIONS
 THE FOLLOWING WEATHER WAS RECORDED TODAY.
  FOG
  HAZE


RELATIVE HUMIDITY (PERCENT)
 HIGHEST   100           800 AM
 LOWEST     67           300 PM
 AVERAGE    84

..........................................................


THE MISSOULA MT CLIMATE NORMALS FOR TOMORROW
                         NORMAL    RECORD    YEAR
 MAXIMUM TEMPERATURE (F)   35        54      1934
 MINIMUM TEMPERATURE (F)   20       -31      1957


SUNRISE AND SUNSET
JANUARY 26 2015.......SUNRISE   808 AM MST   SUNSET   530 PM MST
JANUARY 27 2015.......SUNRISE   807 AM MST   SUNSET   532 PM MST


-  INDICATES NEGATIVE NUMBERS.
R  INDICATES RECORD WAS SET OR TIED.
MM INDICATES DATA IS MISSING.
T  INDICATES TRACE AMOUNT.




$$
