000
CDUS45 KMSO 312232
CLIMSO


CLIMATE REPORT
NATIONAL WEATHER SERVICE MISSOULA, MT
431 PM MDT MON AUG 31 2015


...................................

...THE MISSOULA MT CLIMATE SUMMARY FOR AUGUST 31 2015...
VALID TODAY AS OF 0400 PM LOCAL TIME.

CLIMATE NORMAL PERIOD 1981 TO 2010
CLIMATE RECORD PERIOD 1893 TO 2015


WEATHER ITEM   OBSERVED TIME   RECORD YEAR NORMAL DEPARTURE LAST
                VALUE   (LST)  VALUE       VALUE  FROM      YEAR
                                                  NORMAL
..................................................................
TEMPERATURE (F)
 TODAY
  MAXIMUM         72    258 PM  94    1991  80     -8       71
                                      1940
                                      1929
  MINIMUM         41    109 AM  36    1993  47     -6       50
                                      1924
  AVERAGE         57                        63     -6       61

PRECIPITATION (IN)
  TODAY            0.00          1.11 1896   0.04  -0.04     0.03
  MONTH TO DATE    0.20                      1.19  -0.99     0.94
  SINCE OCT 1     11.46                     12.96  -1.50    11.73
  SINCE JAN 1      6.15                     10.03  -3.88    10.02

SNOWFALL (IN)
  TODAY            0.0
  MONTH TO DATE    0.0
  SINCE JAN 1     13.3
  SINCE JUL 1      0.0
  SNOW DEPTH       0

DEGREE DAYS
 HEATING
  TODAY            8                         3      5        4
  MONTH TO DATE   39                        47     -8       36
  SINCE JUN 1    107                       244   -137      219
  SINCE JUL 1     60                        84    -24       42

 COOLING
  TODAY            0                         2     -2        0
  MONTH TO DATE  117                       123     -6      138
  SINCE JUN 1    400                       311     89      378
  SINCE JAN 1    400                       317     83      378
..................................................................


WIND (MPH)
  HIGHEST WIND SPEED    13   HIGHEST WIND DIRECTION    NE (30)
  HIGHEST GUST SPEED    16   HIGHEST GUST DIRECTION     N (20)
  AVERAGE WIND SPEED     2.2


SKY COVER
  POSSIBLE SUNSHINE  MM
  AVERAGE SKY COVER 0.5


WEATHER CONDITIONS
 THE FOLLOWING WEATHER WAS RECORDED TODAY.
  NO SIGNIFICANT WEATHER WAS OBSERVED.


RELATIVE HUMIDITY (PERCENT)
 HIGHEST   100           500 AM
 LOWEST     33           200 PM
 AVERAGE    67

..........................................................


THE MISSOULA MT CLIMATE NORMALS FOR TOMORROW
                         NORMAL    RECORD    YEAR
 MAXIMUM TEMPERATURE (F)   80        99      1967
 MINIMUM TEMPERATURE (F)   47        33      2006


SUNRISE AND SUNSET
AUGUST 31 2015........SUNRISE   654 AM MDT   SUNSET   818 PM MDT
SEPTEMBER  1 2015.....SUNRISE   656 AM MDT   SUNSET   816 PM MDT


-  INDICATES NEGATIVE NUMBERS.
R  INDICATES RECORD WAS SET OR TIED.
MM INDICATES DATA IS MISSING.
T  INDICATES TRACE AMOUNT.




$$
