000
CDUS45 KMSO 140738
CLIMSO


CLIMATE REPORT
NATIONAL WEATHER SERVICE MISSOULA, MT
137 AM MDT MON JUL 14 2014


...................................

...THE MISSOULA MT CLIMATE SUMMARY FOR JULY 13 2014...

CLIMATE NORMAL PERIOD 1981 TO 2010
CLIMATE RECORD PERIOD 1893 TO 2014


WEATHER ITEM   OBSERVED TIME   RECORD YEAR NORMAL DEPARTURE LAST
                VALUE   (LST)  VALUE       VALUE  FROM      YEAR
                                                  NORMAL
..................................................................
TEMPERATURE (F)
 YESTERDAY
  MAXIMUM         97    351 PM 104    2002  86     11       84
  MINIMUM         54    507 AM  39    1993  51      3       56
                                      1969
                                      1894
  AVERAGE         76                        68      8       70

PRECIPITATION (IN)
  YESTERDAY        0.00          0.53 1995   0.04  -0.04     0.00
  MONTH TO DATE    T                         0.49  -0.49     0.09
  SINCE OCT 1     10.55                     11.27  -0.72    10.69
  SINCE JAN 1      8.84                      8.34   0.50     5.90

SNOWFALL (IN)
  YESTERDAY        0.0
  MONTH TO DATE    0.0
  SINCE JAN 1     51.9
  SINCE JUL 1      0.0
  SNOW DEPTH       0

DEGREE DAYS
 HEATING
  YESTERDAY        0                         1     -1        0
  MONTH TO DATE    0                        24    -24        0
  SINCE JUN 1    177                       184     -7      141
  SINCE JUL 1      0                        24    -24        0

 COOLING
  YESTERDAY       11                         5      6        5
  MONTH TO DATE  106                        49     57      101
  SINCE JUN 1    114                        86     28      144
  SINCE JAN 1    114                        92     22      148
..................................................................


WIND (MPH)
  HIGHEST WIND SPEED    18   HIGHEST WIND DIRECTION     N (10)
  HIGHEST GUST SPEED    24   HIGHEST GUST DIRECTION     N (360)
  AVERAGE WIND SPEED     5.0


SKY COVER
  POSSIBLE SUNSHINE  MM
  AVERAGE SKY COVER 0.0


WEATHER CONDITIONS
 THE FOLLOWING WEATHER WAS RECORDED YESTERDAY.
  NO SIGNIFICANT WEATHER WAS OBSERVED.


RELATIVE HUMIDITY (PERCENT)
 HIGHEST    62           600 AM
 LOWEST     15           200 PM
 AVERAGE    39

..........................................................


THE MISSOULA MT CLIMATE NORMALS FOR TODAY
                         NORMAL    RECORD    YEAR
 MAXIMUM TEMPERATURE (F)   86       103      2007
 MINIMUM TEMPERATURE (F)   52        30      1901


SUNRISE AND SUNSET
JULY 14 2014..........SUNRISE   556 AM MDT   SUNSET   928 PM MDT
JULY 15 2014..........SUNRISE   557 AM MDT   SUNSET   927 PM MDT


-  INDICATES NEGATIVE NUMBERS.
R  INDICATES RECORD WAS SET OR TIED.
MM INDICATES DATA IS MISSING.
T  INDICATES TRACE AMOUNT.




$$
