246
CDUS45 KMSO 170839
CLIMSO


CLIMATE REPORT
NATIONAL WEATHER SERVICE MISSOULA, MT
138 AM MST TUE JAN 17 2017


...................................

...THE MISSOULA MT CLIMATE SUMMARY FOR JANUARY 16 2017...

CLIMATE NORMAL PERIOD 1981 TO 2010
CLIMATE RECORD PERIOD 1893 TO 2017


WEATHER ITEM   OBSERVED TIME   RECORD YEAR NORMAL DEPARTURE LAST
                VALUE   (LST)  VALUE       VALUE  FROM      YEAR
                                                  NORMAL
..................................................................
TEMPERATURE (F)
 YESTERDAY
  MAXIMUM         12    307 PM  58    1894  33    -21       27
  MINIMUM        -12    811 AM -18    1916  19    -31       16
  AVERAGE          0                        26    -26       22

PRECIPITATION (IN)
  YESTERDAY        0.00          0.65 1896   0.03  -0.03     0.15
  MONTH TO DATE    0.80                      0.47   0.33     0.27
  SINCE OCT 1      5.46                      3.40   2.06     3.66
  SINCE JAN 1      0.80                      0.47   0.33     0.27

SNOWFALL (IN)
  YESTERDAY        0.0
  MONTH TO DATE   10.8
  SINCE JAN 1     10.8
  SINCE JUL 1     39.9
  SNOW DEPTH      14

DEGREE DAYS
 HEATING
  YESTERDAY       65                        39     26       43
  MONTH TO DATE  948                       644    304      733
  SINCE DEC 1   2366                      1920    446     1956
  SINCE JUL 1   4120                      3816    304     3809

 COOLING
  YESTERDAY        0                         0      0        0
  MONTH TO DATE    0                         0      0        0
  SINCE DEC 1      0                         0      0        0
  SINCE JAN 1      0                         0      0        0
..................................................................


WIND (MPH)
  HIGHEST WIND SPEED     9   HIGHEST WIND DIRECTION    SE (120)
  HIGHEST GUST SPEED    13   HIGHEST GUST DIRECTION    SE (130)
  AVERAGE WIND SPEED     0.9


SKY COVER
  POSSIBLE SUNSHINE  MM
  AVERAGE SKY COVER 0.0


WEATHER CONDITIONS
 THE FOLLOWING WEATHER WAS RECORDED YESTERDAY.
  FOG
  HAZE


RELATIVE HUMIDITY (PERCENT)
 HIGHEST   100          1000 AM
 LOWEST     66           300 PM
 AVERAGE    83

..........................................................


THE MISSOULA MT CLIMATE NORMALS FOR TODAY
                         NORMAL    RECORD    YEAR
 MAXIMUM TEMPERATURE (F)   33        48      1919
 MINIMUM TEMPERATURE (F)   19       -22      1950
                                             1930
                                             1916


SUNRISE AND SUNSET
JANUARY 17 2017.......SUNRISE   816 AM MST   SUNSET   518 PM MST
JANUARY 18 2017.......SUNRISE   815 AM MST   SUNSET   519 PM MST


-  INDICATES NEGATIVE NUMBERS.
R  INDICATES RECORD WAS SET OR TIED.
MM INDICATES DATA IS MISSING.
T  INDICATES TRACE AMOUNT.




$$
