000
CDUS45 KMSO 292231
CLIMSO


CLIMATE REPORT
NATIONAL WEATHER SERVICE MISSOULA, MT
430 PM MDT THU SEP 29 2016


...................................

...THE MISSOULA MT CLIMATE SUMMARY FOR SEPTEMBER 29 2016...
VALID TODAY AS OF 0400 PM LOCAL TIME.

CLIMATE NORMAL PERIOD 1981 TO 2010
CLIMATE RECORD PERIOD 1893 TO 2016


WEATHER ITEM   OBSERVED TIME   RECORD YEAR NORMAL DEPARTURE LAST
                VALUE   (LST)  VALUE       VALUE  FROM      YEAR
                                                  NORMAL
..................................................................
TEMPERATURE (F)
 TODAY
  MAXIMUM         78    259 PM  87    1938  67     11       77
  MINIMUM         45    615 AM  20    1985  37      8       31
  AVERAGE         62                        52     10       54

PRECIPITATION (IN)
  TODAY            0.00          0.36 1909   0.04  -0.04     0.00
  MONTH TO DATE    1.13                      1.14  -0.01     0.52
  SINCE OCT 1     12.72                     14.10  -1.38    11.98
  SINCE JAN 1      9.33                     11.17  -1.84     6.67

SNOWFALL (IN)
  TODAY            0.0
  MONTH TO DATE    0.0
  SINCE JAN 1     13.1
  SINCE JUL 1      0.0
  SNOW DEPTH       0

DEGREE DAYS
 HEATING
  TODAY            3                        13    -10       11
  MONTH TO DATE  261                       229     32      228
  SINCE SEP 1    261                       229     32      228
  SINCE JUL 1    359                       313     46      288

 COOLING
  TODAY            0                         0      0        0
  MONTH TO DATE    5                        13     -8        1
  SINCE SEP 1      5                        13     -8        1
  SINCE JAN 1    287                       330    -43      401
..................................................................


WIND (MPH)
  HIGHEST WIND SPEED    10   HIGHEST WIND DIRECTION     W (270)
  HIGHEST GUST SPEED    13   HIGHEST GUST DIRECTION     W (270)
  AVERAGE WIND SPEED     2.7


SKY COVER
  POSSIBLE SUNSHINE  MM
  AVERAGE SKY COVER 0.0


WEATHER CONDITIONS
 THE FOLLOWING WEATHER WAS RECORDED TODAY.
  NO SIGNIFICANT WEATHER WAS OBSERVED.


RELATIVE HUMIDITY (PERCENT)
 HIGHEST    93           400 AM
 LOWEST     30           300 PM
 AVERAGE    62

..........................................................


THE MISSOULA MT CLIMATE NORMALS FOR TOMORROW
                         NORMAL    RECORD    YEAR
 MAXIMUM TEMPERATURE (F)   66        85      1963
 MINIMUM TEMPERATURE (F)   37        20      1985


SUNRISE AND SUNSET
SEPTEMBER 29 2016.....SUNRISE   733 AM MDT   SUNSET   719 PM MDT
SEPTEMBER 30 2016.....SUNRISE   734 AM MDT   SUNSET   717 PM MDT


-  INDICATES NEGATIVE NUMBERS.
R  INDICATES RECORD WAS SET OR TIED.
MM INDICATES DATA IS MISSING.
T  INDICATES TRACE AMOUNT.




$$
