000
CDUS45 KMSO 232244
CLIMSO


CLIMATE REPORT
NATIONAL WEATHER SERVICE MISSOULA, MT
443 PM MDT FRI JUN 23 2017


...................................

...THE MISSOULA MT CLIMATE SUMMARY FOR JUNE 23 2017...
VALID TODAY AS OF 0400 PM LOCAL TIME.

CLIMATE NORMAL PERIOD 1981 TO 2010
CLIMATE RECORD PERIOD 1893 TO 2017


WEATHER ITEM   OBSERVED TIME   RECORD YEAR NORMAL DEPARTURE LAST
                VALUE   (LST)  VALUE       VALUE  FROM      YEAR
                                                  NORMAL
..................................................................
TEMPERATURE (F)
 TODAY
  MAXIMUM         76    259 PM  96    1970  78     -2       85
  MINIMUM         40    454 AM  32    1963  48     -8       46
  AVERAGE         58                        63     -5       66

PRECIPITATION (IN)
  TODAY            0.00          1.02 1907   0.06  -0.06     0.00
  MONTH TO DATE    1.99                      1.71   0.28     0.58
  SINCE OCT 1     14.68                     10.42   4.26     9.07
  SINCE JAN 1     10.02                      7.49   2.53     5.68

SNOWFALL (IN)
  TODAY            0.0
  MONTH TO DATE    T
  SINCE JAN 1     38.2
  SINCE JUL 1     67.3
  SNOW DEPTH       0

DEGREE DAYS
 HEATING
  TODAY            7                         4      3        0
  MONTH TO DATE  116                       137    -21      102
  SINCE JUN 1    116                       137    -21      102
  SINCE JUL 1   7594                      7261    333     6831

 COOLING
  TODAY            0                         2     -2        1
  MONTH TO DATE   21                        26     -5       35
  SINCE JUN 1     21                        26     -5       35
  SINCE JAN 1     30                        32     -2       35
..................................................................


WIND (MPH)
  HIGHEST WIND SPEED     9   HIGHEST WIND DIRECTION    SE (140)
  HIGHEST GUST SPEED    20   HIGHEST GUST DIRECTION     N (10)
  AVERAGE WIND SPEED     1.8


SKY COVER
  POSSIBLE SUNSHINE  MM
  AVERAGE SKY COVER 0.0


WEATHER CONDITIONS
 THE FOLLOWING WEATHER WAS RECORDED TODAY.
  NO SIGNIFICANT WEATHER WAS OBSERVED.


RELATIVE HUMIDITY (PERCENT)
 HIGHEST    85           500 AM
 LOWEST     23           200 PM
 AVERAGE    54

..........................................................


THE MISSOULA MT CLIMATE NORMALS FOR TOMORROW
                         NORMAL    RECORD    YEAR
 MAXIMUM TEMPERATURE (F)   78        97      1912
 MINIMUM TEMPERATURE (F)   48        31      1901


SUNRISE AND SUNSET
JUNE 23 2017..........SUNRISE   542 AM MDT   SUNSET   935 PM MDT
JUNE 24 2017..........SUNRISE   543 AM MDT   SUNSET   935 PM MDT


-  INDICATES NEGATIVE NUMBERS.
R  INDICATES RECORD WAS SET OR TIED.
MM INDICATES DATA IS MISSING.
T  INDICATES TRACE AMOUNT.




$$
