000
CDUS43 KMPX 030858
CLIMSP


CLIMATE REPORT
NATIONAL WEATHER SERVICE CHANHASSEN MN
257 AM CST SAT DEC 3 2016


...................................

...THE TWIN CITIES MN CLIMATE SUMMARY FOR DECEMBER 2 2016...

CLIMATE NORMAL PERIOD 1981 TO 2010
CLIMATE RECORD PERIOD 1871 TO 2016


WEATHER ITEM   OBSERVED TIME   RECORD YEAR NORMAL DEPARTURE LAST
                VALUE   (LST)  VALUE       VALUE  FROM      YEAR
                                                  NORMAL
..................................................................
TEMPERATURE (F)
 YESTERDAY
  MAXIMUM         33    320 PM  63    1982  32      1       36
  MINIMUM         30   1159 PM -17    1886  17     13       28
  AVERAGE         32                        25      7       32

PRECIPITATION (IN)
  YESTERDAY        T             0.30 1933   0.05  -0.05      T
  MONTH TO DATE    T                         0.09  -0.09     0.09
  SINCE DEC 1      T                         0.09  -0.09     0.09
  SINCE JAN 1     38.18                     29.54   8.64    33.91

SNOWFALL (IN)
  YESTERDAY        T             2.7  1978   0.4   -0.4       T
  MONTH TO DATE    T                         0.8   -0.8      0.1
  SINCE DEC 1      T                         0.8   -0.8      0.1
  SINCE JUL 1      2.3                      10.7   -8.4      5.2
  SNOW DEPTH       0

DEGREE DAYS
 HEATING
  YESTERDAY       33                        40     -7       33
  MONTH TO DATE   62                        80    -18       68
  SINCE DEC 1     62                        80    -18       68
  SINCE JUL 1   1106                      1699   -593     1243

 COOLING
  YESTERDAY        0                         0      0        0
  MONTH TO DATE    0                         0      0        0
  SINCE DEC 1      0                         0      0        0
  SINCE JAN 1    964                       753    211      809
..................................................................


WIND (MPH)
  HIGHEST WIND SPEED    15   HIGHEST WIND DIRECTION    NW (330)
  HIGHEST GUST SPEED    18   HIGHEST GUST DIRECTION     N (350)
  AVERAGE WIND SPEED     8.2


SKY COVER
  POSSIBLE SUNSHINE  MM
  AVERAGE SKY COVER 1.0


WEATHER CONDITIONS
 THE FOLLOWING WEATHER WAS RECORDED YESTERDAY.
  LIGHT SNOW
  HAZE


RELATIVE HUMIDITY (PERCENT)
 HIGHEST    72           700 PM
 LOWEST     61           200 PM
 AVERAGE    67

..........................................................


THE TWIN CITIES MN CLIMATE NORMALS FOR TODAY
                         NORMAL    RECORD    YEAR
 MAXIMUM TEMPERATURE (F)   31        62      1962
 MINIMUM TEMPERATURE (F)   17       -19      1940


SUNRISE AND SUNSET
DECEMBER  3 2016......SUNRISE   733 AM CST   SUNSET   432 PM CST
DECEMBER  4 2016......SUNRISE   734 AM CST   SUNSET   432 PM CST


-  INDICATES NEGATIVE NUMBERS.
R  INDICATES RECORD WAS SET OR TIED.
MM INDICATES DATA IS MISSING.
T  INDICATES TRACE AMOUNT.




$$
