000
CDUS43 KMPX 080023
CLIMSP


CLIMATE REPORT
NATIONAL WEATHER SERVICE CHANHASSEN MN
723 PM CDT TUE JUL 7 2015


...................................

...THE TWIN CITIES MN CLIMATE SUMMARY FOR JULY 7 2015...
VALID TODAY AS OF 0700 PM LOCAL TIME.

CLIMATE NORMAL PERIOD 1981 TO 2010
CLIMATE RECORD PERIOD 1871 TO 2015


WEATHER ITEM   OBSERVED TIME   RECORD YEAR NORMAL DEPARTURE LAST
                VALUE   (LST)  VALUE       VALUE  FROM      YEAR
                                                  NORMAL
..................................................................
TEMPERATURE (F)
 TODAY
  MAXIMUM         72    503 PM 101    1936  84    -12       87
  MINIMUM         54    522 AM  44    1891  64    -10       65
  AVERAGE         63                        74    -11       76

PRECIPITATION (IN)
  TODAY            0.00          3.00 1955   0.13  -0.13     0.37
  MONTH TO DATE    2.87                      0.89   1.98     0.66
  SINCE JUN 1      7.27                      5.14   2.13    12.02
  SINCE JAN 1     14.60                     14.72  -0.12    26.49

SNOWFALL (IN)
  TODAY            0.0           0.0    MM   0.0    0.0      0.0
  MONTH TO DATE    0.0                       0.0    0.0      0.0
  SINCE JUN 1      0.0                       0.0    0.0      0.0
  SINCE JUL 1      0.0                       0.0    0.0      0.0
  SNOW DEPTH       0

DEGREE DAYS
 HEATING
  TODAY            2                         0      2        0
  MONTH TO DATE    2                         0      2        1
  SINCE JUN 1      9                        44    -35       22
  SINCE JUL 1      2                         0      2        1

 COOLING
  TODAY            0                         9     -9       11
  MONTH TO DATE   32                        61    -29       43
  SINCE JUN 1    188                       219    -31      205
  SINCE JAN 1    215                       261    -46      257
..................................................................


WIND (MPH)
  HIGHEST WIND SPEED    17   HIGHEST WIND DIRECTION    NE (40)
  HIGHEST GUST SPEED    29   HIGHEST GUST DIRECTION     N (20)
  AVERAGE WIND SPEED     9.8


SKY COVER
  POSSIBLE SUNSHINE  MM
  AVERAGE SKY COVER 0.3


WEATHER CONDITIONS
 THE FOLLOWING WEATHER WAS RECORDED TODAY.
  NO SIGNIFICANT WEATHER WAS OBSERVED.


RELATIVE HUMIDITY (PERCENT)
 HIGHEST    77           200 AM
 LOWEST     41           500 PM
 AVERAGE    59

..........................................................


THE TWIN CITIES MN CLIMATE NORMALS FOR TOMORROW
                         NORMAL    RECORD    YEAR
 MAXIMUM TEMPERATURE (F)   84       101      1974
                                             1936
 MINIMUM TEMPERATURE (F)   64        51      1958


SUNRISE AND SUNSET
JULY  7 2015..........SUNRISE   534 AM CDT   SUNSET   901 PM CDT
JULY  8 2015..........SUNRISE   535 AM CDT   SUNSET   901 PM CDT


-  INDICATES NEGATIVE NUMBERS.
R  INDICATES RECORD WAS SET OR TIED.
MM INDICATES DATA IS MISSING.
T  INDICATES TRACE AMOUNT.




$$
