000
CDUS43 KMPX 220712
CLIMSP


CLIMATE REPORT
NATIONAL WEATHER SERVICE CHANHASSEN MN
211 AM CDT MON SEP 22 2014


...................................

...THE TWIN CITIES MN CLIMATE SUMMARY FOR SEPTEMBER 21 2014...

CLIMATE NORMAL PERIOD 1981 TO 2010
CLIMATE RECORD PERIOD 1871 TO 2014


WEATHER ITEM   OBSERVED TIME   RECORD YEAR NORMAL DEPARTURE LAST
                VALUE   (LST)  VALUE       VALUE  FROM      YEAR
                                                  NORMAL
..................................................................
TEMPERATURE (F)
 YESTERDAY
  MAXIMUM         67    430 PM  94    1937  70     -3       64
  MINIMUM         50   1159 PM  32    1974  50      0       47
  AVERAGE         59                        60     -1       56

PRECIPITATION (IN)
  YESTERDAY        0.00          2.07 1986   0.10  -0.10     0.00
  MONTH TO DATE    0.81                      2.18  -1.37     1.21
  SINCE SEP 1      0.81                      2.18  -1.37     1.21
  SINCE JAN 1     31.81                     24.35   7.46    27.65

SNOWFALL (IN)
  YESTERDAY        0.0           T    2010   0.0    0.0      0.0
                                      1995
  MONTH TO DATE    0.0                       0.0    0.0      0.0
  SINCE SEP 1      0.0                       0.0    0.0      0.0
  SINCE JUL 1      0.0                       0.0    0.0       T
  SNOW DEPTH       0

DEGREE DAYS
 HEATING
  YESTERDAY        6                         7     -1        9
  MONTH TO DATE   91                        79     12       48
  SINCE SEP 1     91                        79     12       48
  SINCE JUL 1     98                        98      0       56

 COOLING
  YESTERDAY        0                         1     -1        0
  MONTH TO DATE   41                        58    -17      113
  SINCE SEP 1     41                        58    -17      113
  SINCE JAN 1    737                       739     -2      962
..................................................................


WIND (MPH)
  HIGHEST WIND SPEED    23   HIGHEST WIND DIRECTION    NW (320)
  HIGHEST GUST SPEED    35   HIGHEST GUST DIRECTION    NW (310)
  AVERAGE WIND SPEED    12.4


SKY COVER
  POSSIBLE SUNSHINE  MM
  AVERAGE SKY COVER 0.4


WEATHER CONDITIONS
 THE FOLLOWING WEATHER WAS RECORDED YESTERDAY.
  NO SIGNIFICANT WEATHER WAS OBSERVED.


RELATIVE HUMIDITY (PERCENT)
 HIGHEST    83           100 AM
 LOWEST     45           300 PM
 AVERAGE    64

..........................................................


THE TWIN CITIES MN CLIMATE NORMALS FOR TODAY
                         NORMAL    RECORD    YEAR
 MAXIMUM TEMPERATURE (F)   69        95      1936
 MINIMUM TEMPERATURE (F)   49        26      1974


SUNRISE AND SUNSET
SEPTEMBER 22 2014.....SUNRISE   700 AM CDT   SUNSET   710 PM CDT
SEPTEMBER 23 2014.....SUNRISE   701 AM CDT   SUNSET   708 PM CDT


-  INDICATES NEGATIVE NUMBERS.
R  INDICATES RECORD WAS SET OR TIED.
MM INDICATES DATA IS MISSING.
T  INDICATES TRACE AMOUNT.




$$
