000
CDUS43 KMPX 010633
CLIMSP


CLIMATE REPORT
NATIONAL WEATHER SERVICE CHANHASSEN MN
1230 AM CST SUN FEB 1 2015


...................................

...THE TWIN CITIES MN CLIMATE SUMMARY FOR JANUARY 31 2015...

CLIMATE NORMAL PERIOD 1981 TO 2010
CLIMATE RECORD PERIOD 1871 TO 2015


WEATHER ITEM   OBSERVED TIME   RECORD YEAR NORMAL DEPARTURE LAST
                VALUE   (LST)  VALUE       VALUE  FROM      YEAR
                                                  NORMAL
..................................................................
TEMPERATURE (F)
 YESTERDAY
  MAXIMUM         28    431 PM  46    2009  25      3        9
                                      1995
  MINIMUM         19    653 AM -27    1887   8     11       -9
  AVERAGE         24                        17      7        0

PRECIPITATION (IN)
  YESTERDAY        0.00          1.16 1881   0.03  -0.03     0.00
  MONTH TO DATE    0.34                      0.90  -0.56     1.42
  SINCE DEC 1      1.20                      2.06  -0.86     2.88
  SINCE JAN 1      0.34                      0.90  -0.56     1.42

SNOWFALL (IN)
  YESTERDAY        0.0           6.2  1908   0.3   -0.3      0.0
  MONTH TO DATE    5.4                      12.2   -6.8     22.7
  SINCE DEC 1     11.0                      24.1  -13.1     38.6
  SINCE JUL 1     20.4                      34.0  -13.6     39.7
  SNOW DEPTH       T

DEGREE DAYS
 HEATING
  YESTERDAY       41                        48     -7       65
  MONTH TO DATE 1418                      1534   -116     1762
  SINCE DEC 1   2671                      2935   -264     3384
  SINCE JUL 1   4464                      4554    -90     4885

 COOLING
  YESTERDAY        0                         0      0        0
  MONTH TO DATE    0                         0      0        0
  SINCE DEC 1      0                         0      0        0
  SINCE JAN 1      0                         0      0        0
..................................................................


WIND (MPH)
  HIGHEST WIND SPEED    21   HIGHEST WIND DIRECTION    NE (50)
  HIGHEST GUST SPEED    30   HIGHEST GUST DIRECTION    NE (30)
  AVERAGE WIND SPEED     8.2


SKY COVER
  POSSIBLE SUNSHINE  MM
  AVERAGE SKY COVER 0.8


WEATHER CONDITIONS
 THE FOLLOWING WEATHER WAS RECORDED YESTERDAY.
  NO SIGNIFICANT WEATHER WAS OBSERVED.


RELATIVE HUMIDITY (PERCENT)
 HIGHEST    92           400 AM
 LOWEST     55           800 PM
 AVERAGE    74

..........................................................


THE TWIN CITIES MN CLIMATE NORMALS FOR TODAY
                         NORMAL    RECORD    YEAR
 MAXIMUM TEMPERATURE (F)   25        54      1931
 MINIMUM TEMPERATURE (F)    9       -28      1951


SUNRISE AND SUNSET
FEBRUARY  1 2015......SUNRISE   733 AM CST   SUNSET   521 PM CST
FEBRUARY  2 2015......SUNRISE   731 AM CST   SUNSET   522 PM CST


-  INDICATES NEGATIVE NUMBERS.
R  INDICATES RECORD WAS SET OR TIED.
MM INDICATES DATA IS MISSING.
T  INDICATES TRACE AMOUNT.




$$
